{"id":269544,"date":"2026-05-12T00:51:48","date_gmt":"2026-05-12T06:51:48","guid":{"rendered":"https:\/\/compuviper.mx\/tienda\/producto\/asus-oem-vg27wq3b-monitor-gamer-asus-tuf-27-2560x1440-0-5ms-180hz-2x-hdmi-dp-vesa-altavoces-freesync-curvo\/"},"modified":"2026-05-12T00:51:48","modified_gmt":"2026-05-12T06:51:48","slug":"asus-oem-vg27wq3b-monitor-gamer-asus-tuf-27-2560x1440-0-5ms-180hz-2x-hdmi-dp-vesa-altavoces-freesync-curvo","status":"publish","type":"product","link":"https:\/\/compuviper.mx\/tienda\/producto\/asus-oem-vg27wq3b-monitor-gamer-asus-tuf-27-2560x1440-0-5ms-180hz-2x-hdmi-dp-vesa-altavoces-freesync-curvo\/","title":{"rendered":"Asus Oem Vg27wq3b Monitor Gamer Asus Tuf  \/27 \/2560&#215;1440 \/0.5ms \/180hz \/2x Hdmi \/dp \/vesa \/altavoces \/freesync \/curvo"},"content":{"rendered":"<table class=\"descripcion\">\n<tr>\n<td>Tuf gaming vg27wq3b<\/td>\n<\/tr>\n<tr>\n<td>Monitor<\/td>\n<\/tr>\n<tr>\n<td>Tama\u00f1o del panel (pulgadas):27<\/td>\n<\/tr>\n<tr>\n<td>Relaci\u00f3n de aspecto:16:09<\/td>\n<\/tr>\n<tr>\n<td>\u00e1rea de visualizaci\u00f3n de la pantalla (h x v):596.736 x 335.664 mm<\/td>\n<\/tr>\n<tr>\n<td>Superficie de visualizaci\u00f3n:anti-glare<\/td>\n<\/tr>\n<tr>\n<td>Tipo de luz de fondo:led<\/td>\n<\/tr>\n<tr>\n<td>Tipo de panel:fast va<\/td>\n<\/tr>\n<tr>\n<td>\u00e1ngulo de visi\u00f3n (cr  and #8807; 10, h \/ v):178\u00b0\/178\u00b0<\/td>\n<\/tr>\n<tr>\n<td>Curvatura:1500r<\/td>\n<\/tr>\n<tr>\n<td>Tama\u00f1o de p\u00edxel :0.233mm<\/td>\n<\/tr>\n<tr>\n<td>Resoluci\u00f3n :2560&#215;1440<\/td>\n<\/tr>\n<tr>\n<td>Color space (srgb) : 125 %<\/td>\n<\/tr>\n<tr>\n<td>Color space (dci-p3) : 90%<\/td>\n<\/tr>\n<tr>\n<td>Brillo (t\u00edpico):350 cd\/ and #13217;<\/td>\n<\/tr>\n<tr>\n<td>Relaci\u00f3n de contraste (t\u00edpico):5000:1<\/td>\n<\/tr>\n<tr>\n<td>Colores de pantalla:16.7m<\/td>\n<\/tr>\n<tr>\n<td>Tiempo de respuesta :1ms(gtg), 0.5ms(min.)<\/td>\n<\/tr>\n<tr>\n<td>Frecuencia de actualizaci\u00f3n (m\u00e1x.):m\u00e1x. 180 hz<\/td>\n<\/tr>\n<tr>\n<td>Compatibilidad con hdr (alto rango din\u00e1mico):hdr10<\/td>\n<\/tr>\n<tr>\n<td>Vidrio de protecci\u00f3n:no<\/td>\n<\/tr>\n<tr>\n<td>Sin destellos :s\u00ed<\/td>\n<\/tr>\n<tr>\n<td>Caracter\u00edstica de video<\/td>\n<\/tr>\n<tr>\n<td>Tecnolog\u00eda trace free:yes<\/td>\n<\/tr>\n<tr>\n<td>Tecnologia splendid:s\u00ed<\/td>\n<\/tr>\n<tr>\n<td>Gamevisual :yes<\/td>\n<\/tr>\n<tr>\n<td>Temperatura de color. selecci\u00f3n:yes(4 modes)<\/td>\n<\/tr>\n<tr>\n<td>Gameplus : s\u00ed<\/td>\n<\/tr>\n<tr>\n<td>Hdcp : yes<\/td>\n<\/tr>\n<tr>\n<td>Desenfoque de movimiento extremadamente bajo:s\u00ed<\/td>\n<\/tr>\n<tr>\n<td>Tecnolog\u00eda vrr:yes (adaptive-sync)<\/td>\n<\/tr>\n<tr>\n<td>Tecnolog\u00eda gamefast input:s\u00ed<\/td>\n<\/tr>\n<tr>\n<td>Impulso oscuro:s\u00ed<\/td>\n<\/tr>\n<tr>\n<td>Refuerzo de sombras:s\u00ed<\/td>\n<\/tr>\n<tr>\n<td>Widget de visualizaci\u00f3n:yes, displaywidget center<\/td>\n<\/tr>\n<tr>\n<td>Luz azul baja:s\u00ed<\/td>\n<\/tr>\n<tr>\n<td>Multiple hdr mode : yes<\/td>\n<\/tr>\n<tr>\n<td>Caracter\u00edstica de audio<\/td>\n<\/tr>\n<tr>\n<td>Altavoz:s\u00ed (1,2 w x 2)<\/td>\n<\/tr>\n<tr>\n<td>Puertos i\/o<\/td>\n<\/tr>\n<tr>\n<td>Displayport 1.4 x 1 (hbr2)<\/td>\n<\/tr>\n<tr>\n<td>Hdmi(v2.0) x 2<\/td>\n<\/tr>\n<tr>\n<td>Enchufe de aud\u00edfonos :s\u00ed<\/td>\n<\/tr>\n<tr>\n<td>Frecuencia de la se\u00f1al<\/td>\n<\/tr>\n<tr>\n<td>Frecuencia de se\u00f1al digital:displayport: 267~267 khz(h) \/ 48~180 hz (v)<\/td>\n<\/tr>\n<tr>\n<td>Hdmi: 30~225 khz (h) \/ 48~144 hz (v)<\/td>\n<\/tr>\n<tr>\n<td>El consumo de energ\u00eda<\/td>\n<\/tr>\n<tr>\n<td>El consumo de energ\u00eda : 23w*<\/td>\n<\/tr>\n<tr>\n<td>Modo de ahorro de energ\u00eda : 0.5w<\/td>\n<\/tr>\n<tr>\n<td>Modo apagado: 0.5w<\/td>\n<\/tr>\n<tr>\n<td>Voltaje :100-240v, 50\/60hz<\/td>\n<\/tr>\n<tr>\n<td>Dise\u00f1o mecanico<\/td>\n<\/tr>\n<tr>\n<td>Inclinaci\u00f3n:yes (+23\u00b0 ~ -5\u00b0)<\/td>\n<\/tr>\n<tr>\n<td>Ajuste de altura :no<\/td>\n<\/tr>\n<tr>\n<td>Montaje en pared vesa:100 x 100 mm<\/td>\n<\/tr>\n<tr>\n<td>Cerradura kensington :s\u00ed<\/td>\n<\/tr>\n<tr>\n<td>Dimensiones (esti.)<\/td>\n<\/tr>\n<tr>\n<td>Dimensi\u00f3n f\u00edsica (an x al x pr):61.0 x 45.6 x 19.3 cm (24.02 x 17.95 x 7.60)<\/td>\n<\/tr>\n<tr>\n<td>Phys. dimension without stand (w x h x d) : 61.0 x 36.7 x 8.0 cm (24.02 x 14.45 x 3.15)<\/td>\n<\/tr>\n<tr>\n<td>Dimensiones de la caja (an x al x pr):68.0 x 52.0 x 15.0 cm (26.77 x 20.47 x 5.91)<\/td>\n<\/tr>\n<tr>\n<td>Peso (esti.)<\/td>\n<\/tr>\n<tr>\n<td>Peso neto :4.9 kg (10.80 lbs)<\/td>\n<\/tr>\n<tr>\n<td>Net weight without stand : 4.2 kg (9.26 lbs)<\/td>\n<\/tr>\n<tr>\n<td>Peso bruto :6.9 kg (15.21 lbs)<\/td>\n<\/tr>\n<\/table>\n","protected":false},"excerpt":{"rendered":"<p>Tuf gaming vg27wq3b gaming monitor. Monitor curvo gaming qhd 1500r de 27 pulgadas &#8211; 68,58 cm con frecuencia de actualizaci\u00f3n ultrarr\u00e1pida de 180 hz, dise\u00f1ado para jugadores profesionales y una experiencia de juego inmersiva. -permite un tiempo de respuesta de 0,5 ms (m\u00edn.) para disfrutar de im\u00e1genes de juego n\u00edtidas con altas velocidades de cuadro. -la tecnolog\u00eda asus extreme low motion blur (elmb) elimina las im\u00e1genes fantasma y los cortes de imagen para ofrecer una experiencia de juego n\u00edtida. -shadow boost mejora los detalles de la imagen en \u00e1reas oscuras, iluminando las escenas sin sobreexponer las \u00e1reas brillantes<\/p>\n","protected":false},"featured_media":269545,"comment_status":"open","ping_status":"open","template":"","meta":[],"product_cat":[1740,1741],"product_tag":[2096],"acf":[],"yoast_head":"<!-- This site is optimized with the Yoast SEO plugin v21.7 - https:\/\/yoast.com\/wordpress\/plugins\/seo\/ -->\n<title>[ Asus Oem ] &#129351; Vg27wq3b Monitor Gamer Asus Tuf \/27 \/2560x1440 \/0.5ms \/180hz \/2x Hdmi \/dp \/vesa \/altavoces \/freesync \/curvo<\/title>\n<meta name=\"description\" content=\"Compra Vg27wq3b Monitor Gamer Asus Tuf \/27 \/2560x1440 \/0.5ms \/180hz \/2x Hdmi \/dp \/vesa \/altavoces \/freesync \/curvo + Env\u00edo a domicilio + Pago seguro + Garant\u00eda\" \/>\n<meta name=\"robots\" content=\"index, follow, max-snippet:-1, max-image-preview:large, max-video-preview:-1\" \/>\n<link rel=\"canonical\" href=\"https:\/\/compuviper.mx\/tienda\/producto\/asus-oem-vg27wq3b-monitor-gamer-asus-tuf-27-2560x1440-0-5ms-180hz-2x-hdmi-dp-vesa-altavoces-freesync-curvo\/\" \/>\n<meta property=\"og:locale\" content=\"es_MX\" \/>\n<meta property=\"og:type\" content=\"article\" \/>\n<meta property=\"og:title\" content=\"[ Asus Oem ] &#129351; Vg27wq3b Monitor Gamer Asus Tuf \/27 \/2560x1440 \/0.5ms \/180hz \/2x Hdmi \/dp \/vesa \/altavoces \/freesync \/curvo\" \/>\n<meta property=\"og:description\" content=\"Compra Vg27wq3b Monitor Gamer Asus Tuf \/27 \/2560x1440 \/0.5ms \/180hz \/2x Hdmi \/dp \/vesa \/altavoces \/freesync \/curvo + Env\u00edo a domicilio + Pago seguro + Garant\u00eda\" \/>\n<meta property=\"og:url\" content=\"https:\/\/compuviper.mx\/tienda\/producto\/asus-oem-vg27wq3b-monitor-gamer-asus-tuf-27-2560x1440-0-5ms-180hz-2x-hdmi-dp-vesa-altavoces-freesync-curvo\/\" \/>\n<meta property=\"og:site_name\" content=\"Compuviper\" \/>\n<meta property=\"article:publisher\" content=\"https:\/\/www.facebook.com\/compuviper\" \/>\n<meta property=\"og:image\" content=\"https:\/\/compuviper.mx\/tienda\/wp-content\/uploads\/2026\/05\/Monitor-gamer-asus-tuf-vg27wq3b-27-2560x1440-0.5ms-180hz-2x-hdmi-dp-vesa-altavoces-freesync-curvo.jpg\" \/>\n\t<meta property=\"og:image:width\" content=\"200\" \/>\n\t<meta property=\"og:image:height\" content=\"200\" \/>\n\t<meta property=\"og:image:type\" content=\"image\/jpeg\" \/>\n<meta name=\"twitter:card\" content=\"summary_large_image\" \/>\n<meta name=\"twitter:label1\" content=\"Precio\" \/>\n\t<meta name=\"twitter:data1\" content=\"&#36;3,175 con IVA\" \/>\n\t<meta name=\"twitter:label2\" content=\"Availability\" \/>\n\t<meta name=\"twitter:data2\" content=\"Out of stock\" \/>\n<script type=\"application\/ld+json\" class=\"yoast-schema-graph\">{\"@context\":\"https:\/\/schema.org\",\"@graph\":[{\"@type\":\"WebPage\",\"@id\":\"https:\/\/compuviper.mx\/tienda\/producto\/asus-oem-vg27wq3b-monitor-gamer-asus-tuf-27-2560x1440-0-5ms-180hz-2x-hdmi-dp-vesa-altavoces-freesync-curvo\/\",\"url\":\"https:\/\/compuviper.mx\/tienda\/producto\/asus-oem-vg27wq3b-monitor-gamer-asus-tuf-27-2560x1440-0-5ms-180hz-2x-hdmi-dp-vesa-altavoces-freesync-curvo\/\",\"name\":\"[ Asus Oem ] &#129351; Vg27wq3b Monitor Gamer Asus Tuf \/27 \/2560x1440 \/0.5ms \/180hz \/2x Hdmi \/dp \/vesa \/altavoces \/freesync \/curvo\",\"isPartOf\":{\"@id\":\"https:\/\/compuviper.mx\/tienda\/#website\"},\"datePublished\":\"2026-05-12T06:51:48+00:00\",\"dateModified\":\"2026-05-12T06:51:48+00:00\",\"description\":\"Compra Vg27wq3b Monitor Gamer Asus Tuf \/27 \/2560x1440 \/0.5ms \/180hz \/2x Hdmi \/dp \/vesa \/altavoces \/freesync \/curvo + Env\u00edo a domicilio + Pago seguro + Garant\u00eda\",\"breadcrumb\":{\"@id\":\"https:\/\/compuviper.mx\/tienda\/producto\/asus-oem-vg27wq3b-monitor-gamer-asus-tuf-27-2560x1440-0-5ms-180hz-2x-hdmi-dp-vesa-altavoces-freesync-curvo\/#breadcrumb\"},\"inLanguage\":\"es-MX\",\"potentialAction\":[{\"@type\":\"ReadAction\",\"target\":[\"https:\/\/compuviper.mx\/tienda\/producto\/asus-oem-vg27wq3b-monitor-gamer-asus-tuf-27-2560x1440-0-5ms-180hz-2x-hdmi-dp-vesa-altavoces-freesync-curvo\/\"]}]},{\"@type\":\"BreadcrumbList\",\"@id\":\"https:\/\/compuviper.mx\/tienda\/producto\/asus-oem-vg27wq3b-monitor-gamer-asus-tuf-27-2560x1440-0-5ms-180hz-2x-hdmi-dp-vesa-altavoces-freesync-curvo\/#breadcrumb\",\"itemListElement\":[{\"@type\":\"ListItem\",\"position\":1,\"name\":\"Inicio\",\"item\":\"https:\/\/compuviper.mx\/tienda\/\"},{\"@type\":\"ListItem\",\"position\":2,\"name\":\"Productos\",\"item\":\"https:\/\/compuviper.mx\/tienda\/productos\/\"},{\"@type\":\"ListItem\",\"position\":3,\"name\":\"Monitores\",\"item\":\"https:\/\/compuviper.mx\/tienda\/categoria-producto\/monitores\/\"},{\"@type\":\"ListItem\",\"position\":4,\"name\":\"Led\",\"item\":\"https:\/\/compuviper.mx\/tienda\/categoria-producto\/monitores\/led\/\"},{\"@type\":\"ListItem\",\"position\":5,\"name\":\"Asus Oem Vg27wq3b Monitor Gamer Asus Tuf \/27 \/2560&#215;1440 \/0.5ms \/180hz \/2x Hdmi \/dp \/vesa \/altavoces \/freesync \/curvo\"}]},{\"@type\":\"WebSite\",\"@id\":\"https:\/\/compuviper.mx\/tienda\/#website\",\"url\":\"https:\/\/compuviper.mx\/tienda\/\",\"name\":\"Compuviper\",\"description\":\"Proveedor de Computadoras, Laptops, Servidores, Monitores, Puntos de Venta, Teclados,   Impresoras, T\u00f3ner, C\u00e1maras de Seguridad y m\u00e1s en tu tienda en l\u00ednea\",\"publisher\":{\"@id\":\"https:\/\/compuviper.mx\/tienda\/#organization\"},\"potentialAction\":[{\"@type\":\"SearchAction\",\"target\":{\"@type\":\"EntryPoint\",\"urlTemplate\":\"https:\/\/compuviper.mx\/tienda\/?s={search_term_string}\"},\"query-input\":\"required name=search_term_string\"}],\"inLanguage\":\"es-MX\"},{\"@type\":\"Organization\",\"@id\":\"https:\/\/compuviper.mx\/tienda\/#organization\",\"name\":\"Compuviper\",\"url\":\"https:\/\/compuviper.mx\/tienda\/\",\"logo\":{\"@type\":\"ImageObject\",\"inLanguage\":\"es-MX\",\"@id\":\"https:\/\/compuviper.mx\/tienda\/#\/schema\/logo\/image\/\",\"url\":\"https:\/\/compuviper.mx\/tienda\/wp-content\/uploads\/2021\/08\/Logo-Compuviper-10.png\",\"contentUrl\":\"https:\/\/compuviper.mx\/tienda\/wp-content\/uploads\/2021\/08\/Logo-Compuviper-10.png\",\"width\":1000,\"height\":500,\"caption\":\"Compuviper\"},\"image\":{\"@id\":\"https:\/\/compuviper.mx\/tienda\/#\/schema\/logo\/image\/\"},\"sameAs\":[\"https:\/\/www.facebook.com\/compuviper\",\"https:\/\/www.youtube.com\/channel\/UCf73dERp9Y3cfOq7q8BhLjA?view_as=subscriber\"]}]}<\/script>\n<meta property=\"product:brand\" content=\"Asus Oem\" \/>\n<meta property=\"product:price:amount\" content=\"3175\" \/>\n<meta property=\"product:price:currency\" content=\"MXN\" \/>\n<meta property=\"og:availability\" content=\"out of stock\" \/>\n<meta property=\"product:availability\" content=\"out of stock\" \/>\n<meta property=\"product:retailer_item_id\" content=\"VG27WQ3B\" \/>\n<meta property=\"product:condition\" content=\"new\" \/>\n<!-- \/ Yoast SEO plugin. -->","yoast_head_json":{"title":"[ Asus Oem ] &#129351; Vg27wq3b Monitor Gamer Asus Tuf \/27 \/2560x1440 \/0.5ms \/180hz \/2x Hdmi \/dp \/vesa \/altavoces \/freesync \/curvo","description":"Compra Vg27wq3b Monitor Gamer Asus Tuf \/27 \/2560x1440 \/0.5ms \/180hz \/2x Hdmi \/dp \/vesa \/altavoces \/freesync \/curvo + Env\u00edo a domicilio + Pago seguro + Garant\u00eda","robots":{"index":"index","follow":"follow","max-snippet":"max-snippet:-1","max-image-preview":"max-image-preview:large","max-video-preview":"max-video-preview:-1"},"canonical":"https:\/\/compuviper.mx\/tienda\/producto\/asus-oem-vg27wq3b-monitor-gamer-asus-tuf-27-2560x1440-0-5ms-180hz-2x-hdmi-dp-vesa-altavoces-freesync-curvo\/","og_locale":"es_MX","og_type":"article","og_title":"[ Asus Oem ] &#129351; Vg27wq3b Monitor Gamer Asus Tuf \/27 \/2560x1440 \/0.5ms \/180hz \/2x Hdmi \/dp \/vesa \/altavoces \/freesync \/curvo","og_description":"Compra Vg27wq3b Monitor Gamer Asus Tuf \/27 \/2560x1440 \/0.5ms \/180hz \/2x Hdmi \/dp \/vesa \/altavoces \/freesync \/curvo + Env\u00edo a domicilio + Pago seguro + Garant\u00eda","og_url":"https:\/\/compuviper.mx\/tienda\/producto\/asus-oem-vg27wq3b-monitor-gamer-asus-tuf-27-2560x1440-0-5ms-180hz-2x-hdmi-dp-vesa-altavoces-freesync-curvo\/","og_site_name":"Compuviper","article_publisher":"https:\/\/www.facebook.com\/compuviper","og_image":[{"width":200,"height":200,"url":"https:\/\/compuviper.mx\/tienda\/wp-content\/uploads\/2026\/05\/Monitor-gamer-asus-tuf-vg27wq3b-27-2560x1440-0.5ms-180hz-2x-hdmi-dp-vesa-altavoces-freesync-curvo.jpg","type":"image\/jpeg"}],"twitter_card":"summary_large_image","twitter_misc":{"Precio":"&#36;3,175 con IVA","Availability":"Out of stock"},"schema":{"@context":"https:\/\/schema.org","@graph":[{"@type":"WebPage","@id":"https:\/\/compuviper.mx\/tienda\/producto\/asus-oem-vg27wq3b-monitor-gamer-asus-tuf-27-2560x1440-0-5ms-180hz-2x-hdmi-dp-vesa-altavoces-freesync-curvo\/","url":"https:\/\/compuviper.mx\/tienda\/producto\/asus-oem-vg27wq3b-monitor-gamer-asus-tuf-27-2560x1440-0-5ms-180hz-2x-hdmi-dp-vesa-altavoces-freesync-curvo\/","name":"[ Asus Oem ] &#129351; Vg27wq3b Monitor Gamer Asus Tuf \/27 \/2560x1440 \/0.5ms \/180hz \/2x Hdmi \/dp \/vesa \/altavoces \/freesync \/curvo","isPartOf":{"@id":"https:\/\/compuviper.mx\/tienda\/#website"},"datePublished":"2026-05-12T06:51:48+00:00","dateModified":"2026-05-12T06:51:48+00:00","description":"Compra Vg27wq3b Monitor Gamer Asus Tuf \/27 \/2560x1440 \/0.5ms \/180hz \/2x Hdmi \/dp \/vesa \/altavoces \/freesync \/curvo + Env\u00edo a domicilio + Pago seguro + Garant\u00eda","breadcrumb":{"@id":"https:\/\/compuviper.mx\/tienda\/producto\/asus-oem-vg27wq3b-monitor-gamer-asus-tuf-27-2560x1440-0-5ms-180hz-2x-hdmi-dp-vesa-altavoces-freesync-curvo\/#breadcrumb"},"inLanguage":"es-MX","potentialAction":[{"@type":"ReadAction","target":["https:\/\/compuviper.mx\/tienda\/producto\/asus-oem-vg27wq3b-monitor-gamer-asus-tuf-27-2560x1440-0-5ms-180hz-2x-hdmi-dp-vesa-altavoces-freesync-curvo\/"]}]},{"@type":"BreadcrumbList","@id":"https:\/\/compuviper.mx\/tienda\/producto\/asus-oem-vg27wq3b-monitor-gamer-asus-tuf-27-2560x1440-0-5ms-180hz-2x-hdmi-dp-vesa-altavoces-freesync-curvo\/#breadcrumb","itemListElement":[{"@type":"ListItem","position":1,"name":"Inicio","item":"https:\/\/compuviper.mx\/tienda\/"},{"@type":"ListItem","position":2,"name":"Productos","item":"https:\/\/compuviper.mx\/tienda\/productos\/"},{"@type":"ListItem","position":3,"name":"Monitores","item":"https:\/\/compuviper.mx\/tienda\/categoria-producto\/monitores\/"},{"@type":"ListItem","position":4,"name":"Led","item":"https:\/\/compuviper.mx\/tienda\/categoria-producto\/monitores\/led\/"},{"@type":"ListItem","position":5,"name":"Asus Oem Vg27wq3b Monitor Gamer Asus Tuf \/27 \/2560&#215;1440 \/0.5ms \/180hz \/2x Hdmi \/dp \/vesa \/altavoces \/freesync \/curvo"}]},{"@type":"WebSite","@id":"https:\/\/compuviper.mx\/tienda\/#website","url":"https:\/\/compuviper.mx\/tienda\/","name":"Compuviper","description":"Proveedor de Computadoras, Laptops, Servidores, Monitores, Puntos de Venta, Teclados,   Impresoras, T\u00f3ner, C\u00e1maras de Seguridad y m\u00e1s en tu tienda en l\u00ednea","publisher":{"@id":"https:\/\/compuviper.mx\/tienda\/#organization"},"potentialAction":[{"@type":"SearchAction","target":{"@type":"EntryPoint","urlTemplate":"https:\/\/compuviper.mx\/tienda\/?s={search_term_string}"},"query-input":"required name=search_term_string"}],"inLanguage":"es-MX"},{"@type":"Organization","@id":"https:\/\/compuviper.mx\/tienda\/#organization","name":"Compuviper","url":"https:\/\/compuviper.mx\/tienda\/","logo":{"@type":"ImageObject","inLanguage":"es-MX","@id":"https:\/\/compuviper.mx\/tienda\/#\/schema\/logo\/image\/","url":"https:\/\/compuviper.mx\/tienda\/wp-content\/uploads\/2021\/08\/Logo-Compuviper-10.png","contentUrl":"https:\/\/compuviper.mx\/tienda\/wp-content\/uploads\/2021\/08\/Logo-Compuviper-10.png","width":1000,"height":500,"caption":"Compuviper"},"image":{"@id":"https:\/\/compuviper.mx\/tienda\/#\/schema\/logo\/image\/"},"sameAs":["https:\/\/www.facebook.com\/compuviper","https:\/\/www.youtube.com\/channel\/UCf73dERp9Y3cfOq7q8BhLjA?view_as=subscriber"]}]},"product_brand":"Asus Oem","product_price_amount":"3175","product_price_currency":"MXN","og_availability":"out of stock","product_availability":"out of stock","product_retailer_item_id":"VG27WQ3B","product_condition":"new"},"_links":{"self":[{"href":"https:\/\/compuviper.mx\/tienda\/wp-json\/wp\/v2\/product\/269544"}],"collection":[{"href":"https:\/\/compuviper.mx\/tienda\/wp-json\/wp\/v2\/product"}],"about":[{"href":"https:\/\/compuviper.mx\/tienda\/wp-json\/wp\/v2\/types\/product"}],"replies":[{"embeddable":true,"href":"https:\/\/compuviper.mx\/tienda\/wp-json\/wp\/v2\/comments?post=269544"}],"wp:featuredmedia":[{"embeddable":true,"href":"https:\/\/compuviper.mx\/tienda\/wp-json\/wp\/v2\/media\/269545"}],"wp:attachment":[{"href":"https:\/\/compuviper.mx\/tienda\/wp-json\/wp\/v2\/media?parent=269544"}],"wp:term":[{"taxonomy":"product_cat","embeddable":true,"href":"https:\/\/compuviper.mx\/tienda\/wp-json\/wp\/v2\/product_cat?post=269544"},{"taxonomy":"product_tag","embeddable":true,"href":"https:\/\/compuviper.mx\/tienda\/wp-json\/wp\/v2\/product_tag?post=269544"}],"curies":[{"name":"wp","href":"https:\/\/api.w.org\/{rel}","templated":true}]}}