{"id":269272,"date":"2026-05-08T23:47:15","date_gmt":"2026-05-09T05:47:15","guid":{"rendered":"https:\/\/compuviper.mx\/tienda\/producto\/manhattan-356145-cableshdmi-cable-ptico-activo-hdmi-de-ultra-alta-velocidad-8k-a-60-hz-7-5-m\/"},"modified":"2026-05-08T23:47:15","modified_gmt":"2026-05-09T05:47:15","slug":"manhattan-356145-cableshdmi-cable-ptico-activo-hdmi-de-ultra-alta-velocidad-8k-a-60-hz-7-5-m","status":"publish","type":"product","link":"https:\/\/compuviper.mx\/tienda\/producto\/manhattan-356145-cableshdmi-cable-ptico-activo-hdmi-de-ultra-alta-velocidad-8k-a-60-hz-7-5-m\/","title":{"rendered":"Manhattan 356145 Cableshdmi\/\/\/cable ?ptico Activo Hdmi De Ultra Alta Velocidad 8k A 60 Hz, 7.5 M"},"content":{"rendered":"<table class=\"descripcion\">\n<tr>\n<td>Cable hdmi de ultra alta velocidad con caracter\u00edsticas de \u00faltima generaci\u00f3n y preparado para el futuro, para aplicaciones audiovisuales y de juegos de alta gama.<\/td>\n<\/tr>\n<tr>\n<td>Extiende una se\u00f1al hdmi a largas distancias sin necesidad de un repetidor externo, p\u00e9rdida de se\u00f1al o interferencias<\/td>\n<\/tr>\n<tr>\n<td>H\u00edbrido de fibra y cable de cobre para un cable m\u00e1s fino, ideal para instalaciones en la pared y espacios estrechos<\/td>\n<\/tr>\n<tr>\n<td>Inmune a emi (interferencias electromagn\u00e9ticas) y rfi (interferencias de radiofrecuencia)<\/td>\n<\/tr>\n<tr>\n<td>Clasificado cmp\/cpr (plenum)<\/td>\n<\/tr>\n<tr>\n<td>Admite resoluciones 8k@60hz, 4k@120hz, 1440p@144hz (uwqhd), 1440p@165hz (wqhd) y 1080p@240hz<\/td>\n<\/tr>\n<tr>\n<td>Hdr din\u00e1mico para un contraste superior y colores brillantes<\/td>\n<\/tr>\n<tr>\n<td>Compatible con dolby vision\u0099 y dolby atmos\u00ae<\/td>\n<\/tr>\n<tr>\n<td>Contactos chapados para conexiones libres de corrosi\u00f3n<\/td>\n<\/tr>\n<tr>\n<td>Ancho de banda de hasta 48 gbps<\/td>\n<\/tr>\n<tr>\n<td>Compatible con deep color (color profundo) de 36 bits (12 bits por canal), submuestreo de croma 4:4:4<\/td>\n<\/tr>\n<tr>\n<td>Canal de retorno de audio mejorado (earc) para permitir que el audio de la pantalla se transmita a trav\u00e9s del sistema de audio sin un cable de audio independiente<\/td>\n<\/tr>\n<tr>\n<td>Earc que admite los formatos de audio m\u00e1s avanzados y la m\u00e1s alta calidad de audio (compatibilidad total solo con productos hdmi 2.1)<\/td>\n<\/tr>\n<tr>\n<td>Canal ethernet hdmi (hec) para a\u00f1adir conectividad de red a un enlace hdmi sin necesidad de un cable ethernet independiente<\/td>\n<\/tr>\n<tr>\n<td>Las caracter\u00edsticas mejoradas incluyen frecuencia de actualizaci\u00f3n variable (vrr), cambio r\u00e1pido de medios (qms), transporte r\u00e1pido de cuadros (qft) y modo autom\u00e1tico de baja latencia (allm)<\/td>\n<\/tr>\n<tr>\n<td>Compatible con todos los dispositivos hdmi: televisores, proyectores, monitores, laptops, pc, receptores av, cajas de transmisi\u00f3n, consolas de juegos, playstation\u00ae (ps4\/ps5), xbox\u00ae (one\/series s\/series x), reproductores de blu-ray y mucho m\u00e1s<\/td>\n<\/tr>\n<tr>\n<td>Compatible con hdcp 2.3<\/td>\n<\/tr>\n<tr>\n<td>Audio de 32 canales sin comprimir<\/td>\n<\/tr>\n<tr>\n<td>Plug and play; no requiere alimentaci\u00f3n externa<\/td>\n<\/tr>\n<tr>\n<td>Circuito amplificador activo incorporado<\/td>\n<\/tr>\n<tr>\n<td>Tres a\u00f1os de garant\u00eda* (*consulta el tiempo de garant\u00eda en tu pa\u00eds o ciudad)<\/td>\n<\/tr>\n<\/table>\n","protected":false},"excerpt":{"rendered":"<p>Cable \u00f3ptico activo hdmi (aoc) &#8211; certificado de ultra alta velocidad hdmi aoc con 8k60, preparado para el futuro para la gama alta 2.1 av y aplicaciones de juegos. El est\u00e1ndar hdmi de ultra alta velocidad superior de este cable hdmi de manhattan lo prepara para la pr\u00f3xima generaci\u00f3n de desaf\u00edos gr\u00e1ficos en audio\/video, juegos, se\u00f1alizaci\u00f3n digital y otras aplicaciones de alta gama. Tecnolog\u00eda \u00f3ptica activa para no tener interferencias y distancias extra largas. La tecnolog\u00eda aoc ofrece varias ventajas sobre los cables hdmi est\u00e1ndar. Its smaller cable diameter ensures greater flexibility and maneuverability during installation into tight spaces. Plus, its construction from fiber strands eliminates the risk of electromagnetic\/radio frequency interference to give the best performance, stability and reliability. The aoc is an excellent choice for high-interference environments such as data centers, surgical theaters, dj events or manufacturing facilities where high resolution and consistent display are critical. Es plug and play, y obtiene su energ\u00eda del dispositivo fuente hdmi, por lo que no se requiere una fuente de alimentaci\u00f3n externa. Colores y contraste brillantes con dynamic hdr y dolby vision\u0099. Este cable tiene licencia oficial y est\u00e1 certificado para ofrecer im\u00e1genes en 8k (7680 x 4320) brillantes a 60 hz r\u00e1pidos o 4k uhd a 120 hz fulminantes con dynamic hdr y dolby vision\u0099 para un contraste y unos colores perfectos. Sonido n\u00edtido con dolby atmos. Tanto dolby atmos como la compatibilidad con earc trabajan juntos para ofrecer un audio con una claridad y profundidad inigualables a trav\u00e9s de hasta 32 canales. Contactos chapados en oro y canal ethernet. Los contactos chapados en oro proporcionan la m\u00e1xima integridad de la se\u00f1al, as\u00ed como transmisiones de se\u00f1al n\u00edtidas y claras. Thanks to the integrated hdmi ethernet channel (hec), the cable includes internet connectivity for home entertainment devices. Use it with every hdmi device &#8211; tvs, projectors, monitors, notebooks, pcs, av receivers, streaming boxes, game consoles, playstation\u00ae (ps4\/ps5), xbox\u00ae (one\/one x\/series s\/series x), blu-ray players and more.<\/p>\n","protected":false},"featured_media":0,"comment_status":"open","ping_status":"open","template":"","meta":[],"product_cat":[1549,1550],"product_tag":[1487],"acf":[],"yoast_head":"<!-- This site is optimized with the Yoast SEO plugin v21.7 - https:\/\/yoast.com\/wordpress\/plugins\/seo\/ -->\n<title>[ Manhattan ] &#129351; 356145 Cableshdmi\/\/\/cable \u00f3ptico Activo Hdmi De Ultra Alta Velocidad 8k A 60 Hz, 7.5 M<\/title>\n<meta name=\"description\" content=\"Compra 356145 Cableshdmi\/\/\/cable \u00f3ptico Activo Hdmi De Ultra Alta Velocidad 8k A 60 Hz, 7.5 M + Env\u00edo a domicilio + Pago seguro + Garant\u00eda\" \/>\n<meta name=\"robots\" content=\"index, follow, max-snippet:-1, max-image-preview:large, max-video-preview:-1\" \/>\n<link rel=\"canonical\" href=\"https:\/\/compuviper.mx\/tienda\/producto\/manhattan-356145-cableshdmi-cable-ptico-activo-hdmi-de-ultra-alta-velocidad-8k-a-60-hz-7-5-m\/\" \/>\n<meta property=\"og:locale\" content=\"es_MX\" \/>\n<meta property=\"og:type\" content=\"article\" \/>\n<meta property=\"og:title\" content=\"[ Manhattan ] &#129351; 356145 Cableshdmi\/\/\/cable \u00f3ptico Activo Hdmi De Ultra Alta Velocidad 8k A 60 Hz, 7.5 M\" \/>\n<meta property=\"og:description\" content=\"Compra 356145 Cableshdmi\/\/\/cable \u00f3ptico Activo Hdmi De Ultra Alta Velocidad 8k A 60 Hz, 7.5 M + Env\u00edo a domicilio + Pago seguro + Garant\u00eda\" \/>\n<meta property=\"og:url\" content=\"https:\/\/compuviper.mx\/tienda\/producto\/manhattan-356145-cableshdmi-cable-ptico-activo-hdmi-de-ultra-alta-velocidad-8k-a-60-hz-7-5-m\/\" \/>\n<meta property=\"og:site_name\" content=\"Compuviper\" \/>\n<meta property=\"article:publisher\" content=\"https:\/\/www.facebook.com\/compuviper\" \/>\n<meta name=\"twitter:card\" content=\"summary_large_image\" \/>\n<meta name=\"twitter:label1\" content=\"Precio\" \/>\n\t<meta name=\"twitter:data1\" content=\"&#36;2,047 con IVA\" \/>\n\t<meta name=\"twitter:label2\" content=\"Availability\" \/>\n\t<meta name=\"twitter:data2\" content=\"Out of stock\" \/>\n<script type=\"application\/ld+json\" class=\"yoast-schema-graph\">{\"@context\":\"https:\/\/schema.org\",\"@graph\":[{\"@type\":\"WebPage\",\"@id\":\"https:\/\/compuviper.mx\/tienda\/producto\/manhattan-356145-cableshdmi-cable-ptico-activo-hdmi-de-ultra-alta-velocidad-8k-a-60-hz-7-5-m\/\",\"url\":\"https:\/\/compuviper.mx\/tienda\/producto\/manhattan-356145-cableshdmi-cable-ptico-activo-hdmi-de-ultra-alta-velocidad-8k-a-60-hz-7-5-m\/\",\"name\":\"[ Manhattan ] &#129351; 356145 Cableshdmi\/\/\/cable \u00f3ptico Activo Hdmi De Ultra Alta Velocidad 8k A 60 Hz, 7.5 M\",\"isPartOf\":{\"@id\":\"https:\/\/compuviper.mx\/tienda\/#website\"},\"datePublished\":\"2026-05-09T05:47:15+00:00\",\"dateModified\":\"2026-05-09T05:47:15+00:00\",\"description\":\"Compra 356145 Cableshdmi\/\/\/cable \u00f3ptico Activo Hdmi De Ultra Alta Velocidad 8k A 60 Hz, 7.5 M + Env\u00edo a domicilio + Pago seguro + Garant\u00eda\",\"breadcrumb\":{\"@id\":\"https:\/\/compuviper.mx\/tienda\/producto\/manhattan-356145-cableshdmi-cable-ptico-activo-hdmi-de-ultra-alta-velocidad-8k-a-60-hz-7-5-m\/#breadcrumb\"},\"inLanguage\":\"es-MX\",\"potentialAction\":[{\"@type\":\"ReadAction\",\"target\":[\"https:\/\/compuviper.mx\/tienda\/producto\/manhattan-356145-cableshdmi-cable-ptico-activo-hdmi-de-ultra-alta-velocidad-8k-a-60-hz-7-5-m\/\"]}]},{\"@type\":\"BreadcrumbList\",\"@id\":\"https:\/\/compuviper.mx\/tienda\/producto\/manhattan-356145-cableshdmi-cable-ptico-activo-hdmi-de-ultra-alta-velocidad-8k-a-60-hz-7-5-m\/#breadcrumb\",\"itemListElement\":[{\"@type\":\"ListItem\",\"position\":1,\"name\":\"Inicio\",\"item\":\"https:\/\/compuviper.mx\/tienda\/\"},{\"@type\":\"ListItem\",\"position\":2,\"name\":\"Productos\",\"item\":\"https:\/\/compuviper.mx\/tienda\/productos\/\"},{\"@type\":\"ListItem\",\"position\":3,\"name\":\"Cables\",\"item\":\"https:\/\/compuviper.mx\/tienda\/categoria-producto\/cables\/\"},{\"@type\":\"ListItem\",\"position\":4,\"name\":\"Cable De Video\",\"item\":\"https:\/\/compuviper.mx\/tienda\/categoria-producto\/cables\/cable-de-video\/\"},{\"@type\":\"ListItem\",\"position\":5,\"name\":\"Manhattan 356145 Cableshdmi\/\/\/cable ?ptico Activo Hdmi De Ultra Alta Velocidad 8k A 60 Hz, 7.5 M\"}]},{\"@type\":\"WebSite\",\"@id\":\"https:\/\/compuviper.mx\/tienda\/#website\",\"url\":\"https:\/\/compuviper.mx\/tienda\/\",\"name\":\"Compuviper\",\"description\":\"Proveedor de Computadoras, Laptops, Servidores, Monitores, Puntos de Venta, Teclados,   Impresoras, T\u00f3ner, C\u00e1maras de Seguridad y m\u00e1s en tu tienda en l\u00ednea\",\"publisher\":{\"@id\":\"https:\/\/compuviper.mx\/tienda\/#organization\"},\"potentialAction\":[{\"@type\":\"SearchAction\",\"target\":{\"@type\":\"EntryPoint\",\"urlTemplate\":\"https:\/\/compuviper.mx\/tienda\/?s={search_term_string}\"},\"query-input\":\"required name=search_term_string\"}],\"inLanguage\":\"es-MX\"},{\"@type\":\"Organization\",\"@id\":\"https:\/\/compuviper.mx\/tienda\/#organization\",\"name\":\"Compuviper\",\"url\":\"https:\/\/compuviper.mx\/tienda\/\",\"logo\":{\"@type\":\"ImageObject\",\"inLanguage\":\"es-MX\",\"@id\":\"https:\/\/compuviper.mx\/tienda\/#\/schema\/logo\/image\/\",\"url\":\"https:\/\/compuviper.mx\/tienda\/wp-content\/uploads\/2021\/08\/Logo-Compuviper-10.png\",\"contentUrl\":\"https:\/\/compuviper.mx\/tienda\/wp-content\/uploads\/2021\/08\/Logo-Compuviper-10.png\",\"width\":1000,\"height\":500,\"caption\":\"Compuviper\"},\"image\":{\"@id\":\"https:\/\/compuviper.mx\/tienda\/#\/schema\/logo\/image\/\"},\"sameAs\":[\"https:\/\/www.facebook.com\/compuviper\",\"https:\/\/www.youtube.com\/channel\/UCf73dERp9Y3cfOq7q8BhLjA?view_as=subscriber\"]}]}<\/script>\n<meta property=\"product:brand\" content=\"MANHATTAN\" \/>\n<meta property=\"product:price:amount\" content=\"2047\" \/>\n<meta property=\"product:price:currency\" content=\"MXN\" \/>\n<meta property=\"og:availability\" content=\"out of stock\" \/>\n<meta property=\"product:availability\" content=\"out of stock\" \/>\n<meta property=\"product:retailer_item_id\" content=\"356145\" \/>\n<meta property=\"product:condition\" content=\"new\" \/>\n<!-- \/ Yoast SEO plugin. -->","yoast_head_json":{"title":"[ Manhattan ] &#129351; 356145 Cableshdmi\/\/\/cable \u00f3ptico Activo Hdmi De Ultra Alta Velocidad 8k A 60 Hz, 7.5 M","description":"Compra 356145 Cableshdmi\/\/\/cable \u00f3ptico Activo Hdmi De Ultra Alta Velocidad 8k A 60 Hz, 7.5 M + Env\u00edo a domicilio + Pago seguro + Garant\u00eda","robots":{"index":"index","follow":"follow","max-snippet":"max-snippet:-1","max-image-preview":"max-image-preview:large","max-video-preview":"max-video-preview:-1"},"canonical":"https:\/\/compuviper.mx\/tienda\/producto\/manhattan-356145-cableshdmi-cable-ptico-activo-hdmi-de-ultra-alta-velocidad-8k-a-60-hz-7-5-m\/","og_locale":"es_MX","og_type":"article","og_title":"[ Manhattan ] &#129351; 356145 Cableshdmi\/\/\/cable \u00f3ptico Activo Hdmi De Ultra Alta Velocidad 8k A 60 Hz, 7.5 M","og_description":"Compra 356145 Cableshdmi\/\/\/cable \u00f3ptico Activo Hdmi De Ultra Alta Velocidad 8k A 60 Hz, 7.5 M + Env\u00edo a domicilio + Pago seguro + Garant\u00eda","og_url":"https:\/\/compuviper.mx\/tienda\/producto\/manhattan-356145-cableshdmi-cable-ptico-activo-hdmi-de-ultra-alta-velocidad-8k-a-60-hz-7-5-m\/","og_site_name":"Compuviper","article_publisher":"https:\/\/www.facebook.com\/compuviper","twitter_card":"summary_large_image","twitter_misc":{"Precio":"&#36;2,047 con IVA","Availability":"Out of stock"},"schema":{"@context":"https:\/\/schema.org","@graph":[{"@type":"WebPage","@id":"https:\/\/compuviper.mx\/tienda\/producto\/manhattan-356145-cableshdmi-cable-ptico-activo-hdmi-de-ultra-alta-velocidad-8k-a-60-hz-7-5-m\/","url":"https:\/\/compuviper.mx\/tienda\/producto\/manhattan-356145-cableshdmi-cable-ptico-activo-hdmi-de-ultra-alta-velocidad-8k-a-60-hz-7-5-m\/","name":"[ Manhattan ] &#129351; 356145 Cableshdmi\/\/\/cable \u00f3ptico Activo Hdmi De Ultra Alta Velocidad 8k A 60 Hz, 7.5 M","isPartOf":{"@id":"https:\/\/compuviper.mx\/tienda\/#website"},"datePublished":"2026-05-09T05:47:15+00:00","dateModified":"2026-05-09T05:47:15+00:00","description":"Compra 356145 Cableshdmi\/\/\/cable \u00f3ptico Activo Hdmi De Ultra Alta Velocidad 8k A 60 Hz, 7.5 M + Env\u00edo a domicilio + Pago seguro + Garant\u00eda","breadcrumb":{"@id":"https:\/\/compuviper.mx\/tienda\/producto\/manhattan-356145-cableshdmi-cable-ptico-activo-hdmi-de-ultra-alta-velocidad-8k-a-60-hz-7-5-m\/#breadcrumb"},"inLanguage":"es-MX","potentialAction":[{"@type":"ReadAction","target":["https:\/\/compuviper.mx\/tienda\/producto\/manhattan-356145-cableshdmi-cable-ptico-activo-hdmi-de-ultra-alta-velocidad-8k-a-60-hz-7-5-m\/"]}]},{"@type":"BreadcrumbList","@id":"https:\/\/compuviper.mx\/tienda\/producto\/manhattan-356145-cableshdmi-cable-ptico-activo-hdmi-de-ultra-alta-velocidad-8k-a-60-hz-7-5-m\/#breadcrumb","itemListElement":[{"@type":"ListItem","position":1,"name":"Inicio","item":"https:\/\/compuviper.mx\/tienda\/"},{"@type":"ListItem","position":2,"name":"Productos","item":"https:\/\/compuviper.mx\/tienda\/productos\/"},{"@type":"ListItem","position":3,"name":"Cables","item":"https:\/\/compuviper.mx\/tienda\/categoria-producto\/cables\/"},{"@type":"ListItem","position":4,"name":"Cable De Video","item":"https:\/\/compuviper.mx\/tienda\/categoria-producto\/cables\/cable-de-video\/"},{"@type":"ListItem","position":5,"name":"Manhattan 356145 Cableshdmi\/\/\/cable ?ptico Activo Hdmi De Ultra Alta Velocidad 8k A 60 Hz, 7.5 M"}]},{"@type":"WebSite","@id":"https:\/\/compuviper.mx\/tienda\/#website","url":"https:\/\/compuviper.mx\/tienda\/","name":"Compuviper","description":"Proveedor de Computadoras, Laptops, Servidores, Monitores, Puntos de Venta, Teclados,   Impresoras, T\u00f3ner, C\u00e1maras de Seguridad y m\u00e1s en tu tienda en l\u00ednea","publisher":{"@id":"https:\/\/compuviper.mx\/tienda\/#organization"},"potentialAction":[{"@type":"SearchAction","target":{"@type":"EntryPoint","urlTemplate":"https:\/\/compuviper.mx\/tienda\/?s={search_term_string}"},"query-input":"required name=search_term_string"}],"inLanguage":"es-MX"},{"@type":"Organization","@id":"https:\/\/compuviper.mx\/tienda\/#organization","name":"Compuviper","url":"https:\/\/compuviper.mx\/tienda\/","logo":{"@type":"ImageObject","inLanguage":"es-MX","@id":"https:\/\/compuviper.mx\/tienda\/#\/schema\/logo\/image\/","url":"https:\/\/compuviper.mx\/tienda\/wp-content\/uploads\/2021\/08\/Logo-Compuviper-10.png","contentUrl":"https:\/\/compuviper.mx\/tienda\/wp-content\/uploads\/2021\/08\/Logo-Compuviper-10.png","width":1000,"height":500,"caption":"Compuviper"},"image":{"@id":"https:\/\/compuviper.mx\/tienda\/#\/schema\/logo\/image\/"},"sameAs":["https:\/\/www.facebook.com\/compuviper","https:\/\/www.youtube.com\/channel\/UCf73dERp9Y3cfOq7q8BhLjA?view_as=subscriber"]}]},"product_brand":"MANHATTAN","product_price_amount":"2047","product_price_currency":"MXN","og_availability":"out of stock","product_availability":"out of stock","product_retailer_item_id":"356145","product_condition":"new"},"_links":{"self":[{"href":"https:\/\/compuviper.mx\/tienda\/wp-json\/wp\/v2\/product\/269272"}],"collection":[{"href":"https:\/\/compuviper.mx\/tienda\/wp-json\/wp\/v2\/product"}],"about":[{"href":"https:\/\/compuviper.mx\/tienda\/wp-json\/wp\/v2\/types\/product"}],"replies":[{"embeddable":true,"href":"https:\/\/compuviper.mx\/tienda\/wp-json\/wp\/v2\/comments?post=269272"}],"wp:attachment":[{"href":"https:\/\/compuviper.mx\/tienda\/wp-json\/wp\/v2\/media?parent=269272"}],"wp:term":[{"taxonomy":"product_cat","embeddable":true,"href":"https:\/\/compuviper.mx\/tienda\/wp-json\/wp\/v2\/product_cat?post=269272"},{"taxonomy":"product_tag","embeddable":true,"href":"https:\/\/compuviper.mx\/tienda\/wp-json\/wp\/v2\/product_tag?post=269272"}],"curies":[{"name":"wp","href":"https:\/\/api.w.org\/{rel}","templated":true}]}}