{"id":269103,"date":"2026-04-25T23:18:50","date_gmt":"2026-04-26T05:18:50","guid":{"rendered":"https:\/\/compuviper.mx\/tienda\/producto\/asus-oem-prime-b760m-k-d4-mb-asus-b760-intel-s-1700-14a-gen-2x-ddr4-3200-hdmi-vga-2x-m-2-4x-usb-3-2-micro-atx-gama-media\/"},"modified":"2026-04-26T00:00:44","modified_gmt":"2026-04-26T06:00:44","slug":"asus-oem-prime-b760m-k-d4-mb-asus-b760-intel-s-1700-14a-gen-2x-ddr4-3200-hdmi-vga-2x-m-2-4x-usb-3-2-micro-atx-gama-media","status":"publish","type":"product","link":"https:\/\/compuviper.mx\/tienda\/producto\/asus-oem-prime-b760m-k-d4-mb-asus-b760-intel-s-1700-14a-gen-2x-ddr4-3200-hdmi-vga-2x-m-2-4x-usb-3-2-micro-atx-gama-media\/","title":{"rendered":"Asus Oem Prime B760m-k D4 Mb Asus B760 Intel S-1700 14a Gen \/2x Ddr4 3200 \/hdmi \/vga \/2x M.2 \/4x Usb 3.2 \/micro Atx \/gama Media"},"content":{"rendered":"<table class=\"descripcion\">\n<tr>\n<td>Model<\/td>\n<\/tr>\n<tr>\n<td>Prime b760m-k d4<\/td>\n<\/tr>\n<tr>\n<td>Cpu<\/td>\n<\/tr>\n<tr>\n<td>Intel socket lga1700 for 13th gen intel core processors  12th gen intel core, pentium\u00ae gold and celeron processors<\/td>\n<\/tr>\n<tr>\n<td>Supports intel turbo boost technology 2.0 and intel turbo boost max technology 3.0<\/td>\n<\/tr>\n<tr>\n<td>Refer to www.asus.com for cpu support list.<\/td>\n<\/tr>\n<tr>\n<td>Intel turbo boost max technology 3.0 support depends on the cpu types.<\/td>\n<\/tr>\n<tr>\n<td>Chipset<\/td>\n<\/tr>\n<tr>\n<td>Intel b760 chipset<\/td>\n<\/tr>\n<tr>\n<td>Memory<\/td>\n<\/tr>\n<tr>\n<td>2 x dimm, max. 64gb, ddr4<\/td>\n<\/tr>\n<tr>\n<td>5333(oc)\/5066(oc)\/5000(oc)\/4800(oc)\/4600(oc)\/4400(oc)\/4266(oc)\/4000(oc)\/3733(oc)\/3600(oc)\/3466(oc)\/3400(oc)\/3333(oc)\/3200\/3000\/2933\/2800\/2666\/2400\/2133 non-ecc, un-buffered memory*<\/td>\n<\/tr>\n<tr>\n<td>Dual channel memory architecture<\/td>\n<\/tr>\n<tr>\n<td>Supports intel extreme memory profile (xmp)<\/td>\n<\/tr>\n<tr>\n<td>Supported memory types, data rate (speed), and number of dram modules vary depending on the cpu and memory configuration, for more information please refer to cpu\/memory support list under the support tab of product information site or visit<\/td>\n<\/tr>\n<tr>\n<td>Graphics<\/td>\n<\/tr>\n<tr>\n<td>1 x vga port<\/td>\n<\/tr>\n<tr>\n<td>1 x hdmi port<\/td>\n<\/tr>\n<tr>\n<td>Graphics specifications may vary between cpu types. please refer to www.intel.com for any updates.<\/td>\n<\/tr>\n<tr>\n<td>Supports 4k 60hz as specified in hdmi 2.1.<\/td>\n<\/tr>\n<tr>\n<td>Expansion slots<\/td>\n<\/tr>\n<tr>\n<td>Intel 13th  and  12th gen processors<\/td>\n<\/tr>\n<tr>\n<td>1 x pcie 4.0 x16 slot<\/td>\n<\/tr>\n<tr>\n<td>Intel b760 chipset<\/td>\n<\/tr>\n<tr>\n<td>2 x pcie 4.0 x1 slots<\/td>\n<\/tr>\n<tr>\n<td>Note: to ensure compatibility of the device installed, please refer to https:\/\/www.asus.com\/support\/ for the list of supported peripherals.<\/td>\n<\/tr>\n<tr>\n<td>Storage<\/td>\n<\/tr>\n<tr>\n<td>Total supports 2 x m.2 slots and 4 x sata 6gb\/s ports<\/td>\n<\/tr>\n<tr>\n<td>Intel 13th  12th gen processors<\/td>\n<\/tr>\n<tr>\n<td>M.2_1 slot (key m), type 2242\/2260\/2280 (supports pcie 4.0 x4 mode)<\/td>\n<\/tr>\n<tr>\n<td>Intel b760 chipset<\/td>\n<\/tr>\n<tr>\n<td>M.2_2 slot (key m), type 2242\/2260\/2280 (supports pcie 4.0 x4 mode)<\/td>\n<\/tr>\n<tr>\n<td>4 x sata 6gb\/s ports<\/td>\n<\/tr>\n<tr>\n<td>Intel rapid storage technology supports sata raid 0\/1\/5\/10.<\/td>\n<\/tr>\n<tr>\n<td>Ethernet<\/td>\n<\/tr>\n<tr>\n<td>1 x realtek 2.5gb ethernet<\/td>\n<\/tr>\n<tr>\n<td>Usb<\/td>\n<\/tr>\n<tr>\n<td>Rear usb (total 6 ports)<\/td>\n<\/tr>\n<tr>\n<td>4 x usb 3.2 gen 1 ports (4 x type-a)<\/td>\n<\/tr>\n<tr>\n<td>2 x usb 2.0 ports (2 x type-a and #65289;<\/td>\n<\/tr>\n<tr>\n<td>Front usb (total 5 ports)<\/td>\n<\/tr>\n<tr>\n<td>1 x usb 3.2 gen 1 header supports 2 additional usb 3.2 gen 1 ports<\/td>\n<\/tr>\n<tr>\n<td>2 x usb 2.0 headers support 3 additional usb 2.0 ports<\/td>\n<\/tr>\n<tr>\n<td>Audio<\/td>\n<\/tr>\n<tr>\n<td>Realtek 7.1 surround sound high definition audio codec<\/td>\n<\/tr>\n<tr>\n<td>&#8211; supports: jack-detection, multi-streaming, front panel jack-retasking<\/td>\n<\/tr>\n<tr>\n<td>&#8211; supports up to 24-bit\/192 khz playback<\/td>\n<\/tr>\n<tr>\n<td>Audio features<\/td>\n<\/tr>\n<tr>\n<td>&#8211; audio shielding<\/td>\n<\/tr>\n<tr>\n<td>&#8211; premium audio capacitors<\/td>\n<\/tr>\n<tr>\n<td>&#8211; dedicated audio pcb layers<\/td>\n<\/tr>\n<tr>\n<td>A chassis with an hd audio module in the front panel is required to support 7.1 surround sound audio output.<\/td>\n<\/tr>\n<tr>\n<td>Back panel i\/o ports<\/td>\n<\/tr>\n<tr>\n<td>4 x usb 3.2 gen 1 ports (4 x type-a)<\/td>\n<\/tr>\n<tr>\n<td>2 x usb 2.0 ports (2 x type-a)<\/td>\n<\/tr>\n<tr>\n<td>1 x vga port<\/td>\n<\/tr>\n<tr>\n<td>1 x hdmi port<\/td>\n<\/tr>\n<tr>\n<td>1 x realtek 2.5gb ethernet port<\/td>\n<\/tr>\n<tr>\n<td>3 x audio jacks<\/td>\n<\/tr>\n<tr>\n<td>1 x ps\/2 keyboard\/mouse combo port<\/td>\n<\/tr>\n<tr>\n<td>Internal i\/o connectors<\/td>\n<\/tr>\n<tr>\n<td>Fan and cooling related<\/td>\n<\/tr>\n<tr>\n<td>1 x 4-pin cpu fan header<\/td>\n<\/tr>\n<tr>\n<td>1 x 4-pin chassis fan header<\/td>\n<\/tr>\n<tr>\n<td>Power related<\/td>\n<\/tr>\n<tr>\n<td>1 x 24-pin main power connector<\/td>\n<\/tr>\n<tr>\n<td>1 x 8-pin +12v power connector<\/td>\n<\/tr>\n<tr>\n<td>Storage related<\/td>\n<\/tr>\n<tr>\n<td>2 x m.2 slots (key m)<\/td>\n<\/tr>\n<tr>\n<td>4 x sata 6gb\/s ports<\/td>\n<\/tr>\n<tr>\n<td>Usb<\/td>\n<\/tr>\n<tr>\n<td>1 x usb 3.2 gen 1 header supports 2 additional usb 3.2 gen 1 ports<\/td>\n<\/tr>\n<tr>\n<td>2 x usb 2.0 headers support 3 additional usb 2.0 ports<\/td>\n<\/tr>\n<tr>\n<td>Miscellaneous<\/td>\n<\/tr>\n<tr>\n<td>2 x addressable gen 2 headers<\/td>\n<\/tr>\n<tr>\n<td>1 x aura rgb header<\/td>\n<\/tr>\n<tr>\n<td>1 x clear cmos header<\/td>\n<\/tr>\n<tr>\n<td>1 x com port header<\/td>\n<\/tr>\n<tr>\n<td>1 x front panel audio header (aafp)<\/td>\n<\/tr>\n<tr>\n<td>1 x s\/pdif out header<\/td>\n<\/tr>\n<tr>\n<td>1 x speaker header<\/td>\n<\/tr>\n<tr>\n<td>1 x spi tpm header (14-1pin)<\/td>\n<\/tr>\n<tr>\n<td>1 x 10-1 pin system panel header<\/td>\n<\/tr>\n<tr>\n<td>Special features<\/td>\n<\/tr>\n<tr>\n<td>Asus 5x protection iii<\/td>\n<\/tr>\n<tr>\n<td>&#8211; digi+ vrm<\/td>\n<\/tr>\n<tr>\n<td>&#8211; languard<\/td>\n<\/tr>\n<tr>\n<td>&#8211; overvoltage protection<\/td>\n<\/tr>\n<tr>\n<td>&#8211; safeslot core<\/td>\n<\/tr>\n<tr>\n<td>&#8211; stainless-steel back i\/o<\/td>\n<\/tr>\n<tr>\n<td>Asus q-design<\/td>\n<\/tr>\n<tr>\n<td>&#8211; q-dimm<\/td>\n<\/tr>\n<tr>\n<td>&#8211; q-led core<\/td>\n<\/tr>\n<tr>\n<td>&#8211; q-slot<\/td>\n<\/tr>\n<tr>\n<td>Asus ez diy<\/td>\n<\/tr>\n<tr>\n<td>&#8211; procool<\/td>\n<\/tr>\n<tr>\n<td>Asus thermal solution<\/td>\n<\/tr>\n<tr>\n<td>&#8211; vrm heatsink design<\/td>\n<\/tr>\n<tr>\n<td>Aura sync<\/td>\n<\/tr>\n<tr>\n<td>&#8211; aura rgb header<\/td>\n<\/tr>\n<tr>\n<td>&#8211; addressable gen 2 headers<\/td>\n<\/tr>\n<tr>\n<td>Software features<\/td>\n<\/tr>\n<tr>\n<td>Asus exclusive software<\/td>\n<\/tr>\n<tr>\n<td>Armoury crate<\/td>\n<\/tr>\n<tr>\n<td>&#8211; aura sync<\/td>\n<\/tr>\n<tr>\n<td>&#8211; fan xpert<\/td>\n<\/tr>\n<tr>\n<td>&#8211; power saving<\/td>\n<\/tr>\n<tr>\n<td>Ai suite 3<\/td>\n<\/tr>\n<tr>\n<td>&#8211; digi+ vrm<\/td>\n<\/tr>\n<tr>\n<td>&#8211; pc cleaner<\/td>\n<\/tr>\n<tr>\n<td>Asus cpu-z<\/td>\n<\/tr>\n<tr>\n<td>Norton 360 deluxe (60 days free trial)<\/td>\n<\/tr>\n<tr>\n<td>Winrar<\/td>\n<\/tr>\n<tr>\n<td>Uefi bios<\/td>\n<\/tr>\n<tr>\n<td>Asus ez diy<\/td>\n<\/tr>\n<tr>\n<td>&#8211; asus crashfree bios 3<\/td>\n<\/tr>\n<tr>\n<td>&#8211; asus ez flash 3<\/td>\n<\/tr>\n<tr>\n<td>&#8211; asus uefi bios ez mode<\/td>\n<\/tr>\n<tr>\n<td>Bios<\/td>\n<\/tr>\n<tr>\n<td>128 mb flash rom, uefi ami bios<\/td>\n<\/tr>\n<tr>\n<td>Manageability<\/td>\n<\/tr>\n<tr>\n<td>Wol by pme, pxe<\/td>\n<\/tr>\n<tr>\n<td>Accessories<\/td>\n<\/tr>\n<tr>\n<td>Cables<\/td>\n<\/tr>\n<tr>\n<td>2 x sata 6gb\/s cables<\/td>\n<\/tr>\n<tr>\n<td>Miscellaneous<\/td>\n<\/tr>\n<tr>\n<td>1 x i\/o shield<\/td>\n<\/tr>\n<tr>\n<td>2 x m.2 anchors<\/td>\n<\/tr>\n<tr>\n<td>Documentation<\/td>\n<\/tr>\n<tr>\n<td>1 x user guide<\/td>\n<\/tr>\n<tr>\n<td>Operating system<\/td>\n<\/tr>\n<tr>\n<td>Windows 11, windows 10 64-bit<\/td>\n<\/tr>\n<tr>\n<td>Form factor<\/td>\n<\/tr>\n<tr>\n<td>Matx form factor<\/td>\n<\/tr>\n<tr>\n<td>9.6 inch x 8.3 inch (24.4cm x 21.1cm)<\/td>\n<\/tr>\n<\/table>\n","protected":false},"excerpt":{"rendered":"<p>Asus prime b760m-k d4, una motherboard intel b760 lga 1700 matx con pcie 4.0, dos puertos pcie 4.0 m.2, ddr4, realtek 2.5gb ethernet, vga, hdmi, sata 6 gbps, usb 3.2 gen 1 frontal, aura sync. Socket intel lga 1700: listo para procesadores intel de 13a y 12a generacion. Conectividad ultrarrapida: pcie 4.0, dos puertos pcie 4.0 m.2, realtek 2.5gb ethernet y con usb 3.2 gen 1 frontal. Enfriamiento completo: disipador de calor vrm, disipador de calor pch, encabezados de ventilador h\u00edbrido y fan xpert. Iluminacion aura sync rgb: puertos gen 2 direccionables integrados y puerto aura rgb para tiras de led rgb, sincronizados facilmente con hardware compatible con aura sync.<\/p>\n","protected":false},"featured_media":269104,"comment_status":"open","ping_status":"open","template":"","meta":[],"product_cat":[2239,1727],"product_tag":[2096],"acf":[],"yoast_head":"<!-- This site is optimized with the Yoast SEO plugin v21.7 - https:\/\/yoast.com\/wordpress\/plugins\/seo\/ -->\n<title>[ Asus Oem ] &#129351; Prime B760m-k D4 Mb Asus B760 Intel S-1700 14a Gen \/2x Ddr4 3200 \/hdmi \/vga \/2x M.2 \/4x Usb 3.2 \/micro Atx \/gama Media<\/title>\n<meta name=\"description\" content=\"Compra Prime B760m-k D4 Mb Asus B760 Intel S-1700 14a Gen \/2x Ddr4 3200 \/hdmi \/vga \/2x M.2 \/4x Usb 3.2 \/micro Atx \/gama Media + Env\u00edo a domicilio + Pago seguro + Garant\u00eda\" \/>\n<meta name=\"robots\" content=\"index, follow, max-snippet:-1, max-image-preview:large, max-video-preview:-1\" \/>\n<link rel=\"canonical\" href=\"https:\/\/compuviper.mx\/tienda\/producto\/asus-oem-prime-b760m-k-d4-mb-asus-b760-intel-s-1700-14a-gen-2x-ddr4-3200-hdmi-vga-2x-m-2-4x-usb-3-2-micro-atx-gama-media\/\" \/>\n<meta property=\"og:locale\" content=\"es_MX\" \/>\n<meta property=\"og:type\" content=\"article\" \/>\n<meta property=\"og:title\" content=\"[ Asus Oem ] &#129351; Prime B760m-k D4 Mb Asus B760 Intel S-1700 14a Gen \/2x Ddr4 3200 \/hdmi \/vga \/2x M.2 \/4x Usb 3.2 \/micro Atx \/gama Media\" \/>\n<meta property=\"og:description\" content=\"Compra Prime B760m-k D4 Mb Asus B760 Intel S-1700 14a Gen \/2x Ddr4 3200 \/hdmi \/vga \/2x M.2 \/4x Usb 3.2 \/micro Atx \/gama Media + Env\u00edo a domicilio + Pago seguro + Garant\u00eda\" \/>\n<meta property=\"og:url\" content=\"https:\/\/compuviper.mx\/tienda\/producto\/asus-oem-prime-b760m-k-d4-mb-asus-b760-intel-s-1700-14a-gen-2x-ddr4-3200-hdmi-vga-2x-m-2-4x-usb-3-2-micro-atx-gama-media\/\" \/>\n<meta property=\"og:site_name\" content=\"Compuviper\" \/>\n<meta property=\"article:publisher\" content=\"https:\/\/www.facebook.com\/compuviper\" \/>\n<meta property=\"article:modified_time\" content=\"2026-04-26T06:00:44+00:00\" \/>\n<meta property=\"og:image\" content=\"https:\/\/compuviper.mx\/tienda\/wp-content\/uploads\/2026\/04\/Mb-asus-b760-intel-s-1700-14a-gen-2x-ddr4-3200-hdmi-vga-2x-m.2-4x-usb-3.2-micro-atx-gama-media.jpg\" \/>\n\t<meta property=\"og:image:width\" content=\"200\" \/>\n\t<meta property=\"og:image:height\" content=\"200\" \/>\n\t<meta property=\"og:image:type\" content=\"image\/jpeg\" \/>\n<meta name=\"twitter:card\" content=\"summary_large_image\" \/>\n<meta name=\"twitter:label1\" content=\"Precio\" \/>\n\t<meta name=\"twitter:data1\" content=\"&#36;1,301 con IVA\" \/>\n\t<meta name=\"twitter:label2\" content=\"Availability\" \/>\n\t<meta name=\"twitter:data2\" content=\"In stock\" \/>\n<script type=\"application\/ld+json\" class=\"yoast-schema-graph\">{\"@context\":\"https:\/\/schema.org\",\"@graph\":[{\"@type\":\"WebPage\",\"@id\":\"https:\/\/compuviper.mx\/tienda\/producto\/asus-oem-prime-b760m-k-d4-mb-asus-b760-intel-s-1700-14a-gen-2x-ddr4-3200-hdmi-vga-2x-m-2-4x-usb-3-2-micro-atx-gama-media\/\",\"url\":\"https:\/\/compuviper.mx\/tienda\/producto\/asus-oem-prime-b760m-k-d4-mb-asus-b760-intel-s-1700-14a-gen-2x-ddr4-3200-hdmi-vga-2x-m-2-4x-usb-3-2-micro-atx-gama-media\/\",\"name\":\"[ Asus Oem ] &#129351; Prime B760m-k D4 Mb Asus B760 Intel S-1700 14a Gen \/2x Ddr4 3200 \/hdmi \/vga \/2x M.2 \/4x Usb 3.2 \/micro Atx \/gama Media\",\"isPartOf\":{\"@id\":\"https:\/\/compuviper.mx\/tienda\/#website\"},\"datePublished\":\"2026-04-26T05:18:50+00:00\",\"dateModified\":\"2026-04-26T06:00:44+00:00\",\"description\":\"Compra Prime B760m-k D4 Mb Asus B760 Intel S-1700 14a Gen \/2x Ddr4 3200 \/hdmi \/vga \/2x M.2 \/4x Usb 3.2 \/micro Atx \/gama Media + Env\u00edo a domicilio + Pago seguro + Garant\u00eda\",\"breadcrumb\":{\"@id\":\"https:\/\/compuviper.mx\/tienda\/producto\/asus-oem-prime-b760m-k-d4-mb-asus-b760-intel-s-1700-14a-gen-2x-ddr4-3200-hdmi-vga-2x-m-2-4x-usb-3-2-micro-atx-gama-media\/#breadcrumb\"},\"inLanguage\":\"es-MX\",\"potentialAction\":[{\"@type\":\"ReadAction\",\"target\":[\"https:\/\/compuviper.mx\/tienda\/producto\/asus-oem-prime-b760m-k-d4-mb-asus-b760-intel-s-1700-14a-gen-2x-ddr4-3200-hdmi-vga-2x-m-2-4x-usb-3-2-micro-atx-gama-media\/\"]}]},{\"@type\":\"BreadcrumbList\",\"@id\":\"https:\/\/compuviper.mx\/tienda\/producto\/asus-oem-prime-b760m-k-d4-mb-asus-b760-intel-s-1700-14a-gen-2x-ddr4-3200-hdmi-vga-2x-m-2-4x-usb-3-2-micro-atx-gama-media\/#breadcrumb\",\"itemListElement\":[{\"@type\":\"ListItem\",\"position\":1,\"name\":\"Inicio\",\"item\":\"https:\/\/compuviper.mx\/tienda\/\"},{\"@type\":\"ListItem\",\"position\":2,\"name\":\"Productos\",\"item\":\"https:\/\/compuviper.mx\/tienda\/productos\/\"},{\"@type\":\"ListItem\",\"position\":3,\"name\":\"Tarjeta Madre\",\"item\":\"https:\/\/compuviper.mx\/tienda\/categoria-producto\/tarjeta-madre\/\"},{\"@type\":\"ListItem\",\"position\":4,\"name\":\"Socket 1700\",\"item\":\"https:\/\/compuviper.mx\/tienda\/categoria-producto\/tarjeta-madre\/socket-1700\/\"},{\"@type\":\"ListItem\",\"position\":5,\"name\":\"Asus Oem Prime B760m-k D4 Mb Asus B760 Intel S-1700 14a Gen \/2x Ddr4 3200 \/hdmi \/vga \/2x M.2 \/4x Usb 3.2 \/micro Atx \/gama Media\"}]},{\"@type\":\"WebSite\",\"@id\":\"https:\/\/compuviper.mx\/tienda\/#website\",\"url\":\"https:\/\/compuviper.mx\/tienda\/\",\"name\":\"Compuviper\",\"description\":\"Proveedor de Computadoras, Laptops, Servidores, Monitores, Puntos de Venta, Teclados,   Impresoras, T\u00f3ner, C\u00e1maras de Seguridad y m\u00e1s en tu tienda en l\u00ednea\",\"publisher\":{\"@id\":\"https:\/\/compuviper.mx\/tienda\/#organization\"},\"potentialAction\":[{\"@type\":\"SearchAction\",\"target\":{\"@type\":\"EntryPoint\",\"urlTemplate\":\"https:\/\/compuviper.mx\/tienda\/?s={search_term_string}\"},\"query-input\":\"required name=search_term_string\"}],\"inLanguage\":\"es-MX\"},{\"@type\":\"Organization\",\"@id\":\"https:\/\/compuviper.mx\/tienda\/#organization\",\"name\":\"Compuviper\",\"url\":\"https:\/\/compuviper.mx\/tienda\/\",\"logo\":{\"@type\":\"ImageObject\",\"inLanguage\":\"es-MX\",\"@id\":\"https:\/\/compuviper.mx\/tienda\/#\/schema\/logo\/image\/\",\"url\":\"https:\/\/compuviper.mx\/tienda\/wp-content\/uploads\/2021\/08\/Logo-Compuviper-10.png\",\"contentUrl\":\"https:\/\/compuviper.mx\/tienda\/wp-content\/uploads\/2021\/08\/Logo-Compuviper-10.png\",\"width\":1000,\"height\":500,\"caption\":\"Compuviper\"},\"image\":{\"@id\":\"https:\/\/compuviper.mx\/tienda\/#\/schema\/logo\/image\/\"},\"sameAs\":[\"https:\/\/www.facebook.com\/compuviper\",\"https:\/\/www.youtube.com\/channel\/UCf73dERp9Y3cfOq7q8BhLjA?view_as=subscriber\"]}]}<\/script>\n<meta property=\"product:brand\" content=\"Asus Oem\" \/>\n<meta property=\"product:price:amount\" content=\"1301\" \/>\n<meta property=\"product:price:currency\" content=\"MXN\" \/>\n<meta property=\"og:availability\" content=\"instock\" \/>\n<meta property=\"product:availability\" content=\"instock\" \/>\n<meta property=\"product:retailer_item_id\" content=\"PRIME B760M-K D4\" \/>\n<meta property=\"product:condition\" content=\"new\" \/>\n<!-- \/ Yoast SEO plugin. -->","yoast_head_json":{"title":"[ Asus Oem ] &#129351; Prime B760m-k D4 Mb Asus B760 Intel S-1700 14a Gen \/2x Ddr4 3200 \/hdmi \/vga \/2x M.2 \/4x Usb 3.2 \/micro Atx \/gama Media","description":"Compra Prime B760m-k D4 Mb Asus B760 Intel S-1700 14a Gen \/2x Ddr4 3200 \/hdmi \/vga \/2x M.2 \/4x Usb 3.2 \/micro Atx \/gama Media + Env\u00edo a domicilio + Pago seguro + Garant\u00eda","robots":{"index":"index","follow":"follow","max-snippet":"max-snippet:-1","max-image-preview":"max-image-preview:large","max-video-preview":"max-video-preview:-1"},"canonical":"https:\/\/compuviper.mx\/tienda\/producto\/asus-oem-prime-b760m-k-d4-mb-asus-b760-intel-s-1700-14a-gen-2x-ddr4-3200-hdmi-vga-2x-m-2-4x-usb-3-2-micro-atx-gama-media\/","og_locale":"es_MX","og_type":"article","og_title":"[ Asus Oem ] &#129351; Prime B760m-k D4 Mb Asus B760 Intel S-1700 14a Gen \/2x Ddr4 3200 \/hdmi \/vga \/2x M.2 \/4x Usb 3.2 \/micro Atx \/gama Media","og_description":"Compra Prime B760m-k D4 Mb Asus B760 Intel S-1700 14a Gen \/2x Ddr4 3200 \/hdmi \/vga \/2x M.2 \/4x Usb 3.2 \/micro Atx \/gama Media + Env\u00edo a domicilio + Pago seguro + Garant\u00eda","og_url":"https:\/\/compuviper.mx\/tienda\/producto\/asus-oem-prime-b760m-k-d4-mb-asus-b760-intel-s-1700-14a-gen-2x-ddr4-3200-hdmi-vga-2x-m-2-4x-usb-3-2-micro-atx-gama-media\/","og_site_name":"Compuviper","article_publisher":"https:\/\/www.facebook.com\/compuviper","article_modified_time":"2026-04-26T06:00:44+00:00","og_image":[{"width":200,"height":200,"url":"https:\/\/compuviper.mx\/tienda\/wp-content\/uploads\/2026\/04\/Mb-asus-b760-intel-s-1700-14a-gen-2x-ddr4-3200-hdmi-vga-2x-m.2-4x-usb-3.2-micro-atx-gama-media.jpg","type":"image\/jpeg"}],"twitter_card":"summary_large_image","twitter_misc":{"Precio":"&#36;1,301 con IVA","Availability":"In stock"},"schema":{"@context":"https:\/\/schema.org","@graph":[{"@type":"WebPage","@id":"https:\/\/compuviper.mx\/tienda\/producto\/asus-oem-prime-b760m-k-d4-mb-asus-b760-intel-s-1700-14a-gen-2x-ddr4-3200-hdmi-vga-2x-m-2-4x-usb-3-2-micro-atx-gama-media\/","url":"https:\/\/compuviper.mx\/tienda\/producto\/asus-oem-prime-b760m-k-d4-mb-asus-b760-intel-s-1700-14a-gen-2x-ddr4-3200-hdmi-vga-2x-m-2-4x-usb-3-2-micro-atx-gama-media\/","name":"[ Asus Oem ] &#129351; Prime B760m-k D4 Mb Asus B760 Intel S-1700 14a Gen \/2x Ddr4 3200 \/hdmi \/vga \/2x M.2 \/4x Usb 3.2 \/micro Atx \/gama Media","isPartOf":{"@id":"https:\/\/compuviper.mx\/tienda\/#website"},"datePublished":"2026-04-26T05:18:50+00:00","dateModified":"2026-04-26T06:00:44+00:00","description":"Compra Prime B760m-k D4 Mb Asus B760 Intel S-1700 14a Gen \/2x Ddr4 3200 \/hdmi \/vga \/2x M.2 \/4x Usb 3.2 \/micro Atx \/gama Media + Env\u00edo a domicilio + Pago seguro + Garant\u00eda","breadcrumb":{"@id":"https:\/\/compuviper.mx\/tienda\/producto\/asus-oem-prime-b760m-k-d4-mb-asus-b760-intel-s-1700-14a-gen-2x-ddr4-3200-hdmi-vga-2x-m-2-4x-usb-3-2-micro-atx-gama-media\/#breadcrumb"},"inLanguage":"es-MX","potentialAction":[{"@type":"ReadAction","target":["https:\/\/compuviper.mx\/tienda\/producto\/asus-oem-prime-b760m-k-d4-mb-asus-b760-intel-s-1700-14a-gen-2x-ddr4-3200-hdmi-vga-2x-m-2-4x-usb-3-2-micro-atx-gama-media\/"]}]},{"@type":"BreadcrumbList","@id":"https:\/\/compuviper.mx\/tienda\/producto\/asus-oem-prime-b760m-k-d4-mb-asus-b760-intel-s-1700-14a-gen-2x-ddr4-3200-hdmi-vga-2x-m-2-4x-usb-3-2-micro-atx-gama-media\/#breadcrumb","itemListElement":[{"@type":"ListItem","position":1,"name":"Inicio","item":"https:\/\/compuviper.mx\/tienda\/"},{"@type":"ListItem","position":2,"name":"Productos","item":"https:\/\/compuviper.mx\/tienda\/productos\/"},{"@type":"ListItem","position":3,"name":"Tarjeta Madre","item":"https:\/\/compuviper.mx\/tienda\/categoria-producto\/tarjeta-madre\/"},{"@type":"ListItem","position":4,"name":"Socket 1700","item":"https:\/\/compuviper.mx\/tienda\/categoria-producto\/tarjeta-madre\/socket-1700\/"},{"@type":"ListItem","position":5,"name":"Asus Oem Prime B760m-k D4 Mb Asus B760 Intel S-1700 14a Gen \/2x Ddr4 3200 \/hdmi \/vga \/2x M.2 \/4x Usb 3.2 \/micro Atx \/gama Media"}]},{"@type":"WebSite","@id":"https:\/\/compuviper.mx\/tienda\/#website","url":"https:\/\/compuviper.mx\/tienda\/","name":"Compuviper","description":"Proveedor de Computadoras, Laptops, Servidores, Monitores, Puntos de Venta, Teclados,   Impresoras, T\u00f3ner, C\u00e1maras de Seguridad y m\u00e1s en tu tienda en l\u00ednea","publisher":{"@id":"https:\/\/compuviper.mx\/tienda\/#organization"},"potentialAction":[{"@type":"SearchAction","target":{"@type":"EntryPoint","urlTemplate":"https:\/\/compuviper.mx\/tienda\/?s={search_term_string}"},"query-input":"required name=search_term_string"}],"inLanguage":"es-MX"},{"@type":"Organization","@id":"https:\/\/compuviper.mx\/tienda\/#organization","name":"Compuviper","url":"https:\/\/compuviper.mx\/tienda\/","logo":{"@type":"ImageObject","inLanguage":"es-MX","@id":"https:\/\/compuviper.mx\/tienda\/#\/schema\/logo\/image\/","url":"https:\/\/compuviper.mx\/tienda\/wp-content\/uploads\/2021\/08\/Logo-Compuviper-10.png","contentUrl":"https:\/\/compuviper.mx\/tienda\/wp-content\/uploads\/2021\/08\/Logo-Compuviper-10.png","width":1000,"height":500,"caption":"Compuviper"},"image":{"@id":"https:\/\/compuviper.mx\/tienda\/#\/schema\/logo\/image\/"},"sameAs":["https:\/\/www.facebook.com\/compuviper","https:\/\/www.youtube.com\/channel\/UCf73dERp9Y3cfOq7q8BhLjA?view_as=subscriber"]}]},"product_brand":"Asus Oem","product_price_amount":"1301","product_price_currency":"MXN","og_availability":"instock","product_availability":"instock","product_retailer_item_id":"PRIME B760M-K D4","product_condition":"new"},"_links":{"self":[{"href":"https:\/\/compuviper.mx\/tienda\/wp-json\/wp\/v2\/product\/269103"}],"collection":[{"href":"https:\/\/compuviper.mx\/tienda\/wp-json\/wp\/v2\/product"}],"about":[{"href":"https:\/\/compuviper.mx\/tienda\/wp-json\/wp\/v2\/types\/product"}],"replies":[{"embeddable":true,"href":"https:\/\/compuviper.mx\/tienda\/wp-json\/wp\/v2\/comments?post=269103"}],"wp:featuredmedia":[{"embeddable":true,"href":"https:\/\/compuviper.mx\/tienda\/wp-json\/wp\/v2\/media\/269104"}],"wp:attachment":[{"href":"https:\/\/compuviper.mx\/tienda\/wp-json\/wp\/v2\/media?parent=269103"}],"wp:term":[{"taxonomy":"product_cat","embeddable":true,"href":"https:\/\/compuviper.mx\/tienda\/wp-json\/wp\/v2\/product_cat?post=269103"},{"taxonomy":"product_tag","embeddable":true,"href":"https:\/\/compuviper.mx\/tienda\/wp-json\/wp\/v2\/product_tag?post=269103"}],"curies":[{"name":"wp","href":"https:\/\/api.w.org\/{rel}","templated":true}]}}