{"id":268863,"date":"2026-05-09T01:06:47","date_gmt":"2026-05-09T07:06:47","guid":{"rendered":"https:\/\/compuviper.mx\/tienda\/producto\/imou-hr340-imou-router-hr340-ipv6-802-11b-g-n-2-4ghz-300mbps-1x-100mbps-wan-3x-100mbps-lan-4x-5dbi-antenas-dc12v0-5a\/"},"modified":"2026-05-09T01:06:47","modified_gmt":"2026-05-09T07:06:47","slug":"imou-hr340-imou-router-hr340-ipv6-802-11b-g-n-2-4ghz-300mbps-1x-100mbps-wan-3x-100mbps-lan-4x-5dbi-antenas-dc12v0-5a","status":"publish","type":"product","link":"https:\/\/compuviper.mx\/tienda\/producto\/imou-hr340-imou-router-hr340-ipv6-802-11b-g-n-2-4ghz-300mbps-1x-100mbps-wan-3x-100mbps-lan-4x-5dbi-antenas-dc12v0-5a\/","title":{"rendered":"Imou Hr340-imou Router \/  \/ Hr340 \/ Ipv6, 802.11b\/g\/n 2.4ghz 300mbps \/ 1x 100mbps Wan 3x 100mbps Lan \/ 4x 5dbi Antenas \/ Dc12v0.5a"},"content":{"rendered":"<table class=\"descripcion\">\n<tr>\n<td>Key features<\/td>\n<\/tr>\n<tr>\n<td> and #61599; wi-fi speed and #65306;300mbps, 2.4ghz<\/td>\n<\/tr>\n<tr>\n<td> and #61599; 4x 5dbi external antennas<\/td>\n<\/tr>\n<tr>\n<td> and #61599; 1x 100mbps wan, 3x 100mbps lan<\/td>\n<\/tr>\n<tr>\n<td> and #61599; support imou camera wi-fi auto-sync<\/td>\n<\/tr>\n<tr>\n<td> and #61599; support imou camera stream accelerate<\/td>\n<\/tr>\n<tr>\n<td> and #61599; support parental control<\/td>\n<\/tr>\n<tr>\n<td> and #61599; support guest network<\/td>\n<\/tr>\n<tr>\n<td> and #61599; support ipv6<\/td>\n<\/tr>\n<tr>\n<td> and #61599; support imoulife app<\/td>\n<\/tr>\n<tr>\n<td>Specification<\/td>\n<\/tr>\n<tr>\n<td>Hardware<\/td>\n<\/tr>\n<tr>\n<td>Network port 1x 100mbps wan + 3x 100mbps lan<\/td>\n<\/tr>\n<tr>\n<td>Button 1x wps, 1x reset<\/td>\n<\/tr>\n<tr>\n<td>Led indicator two-color light (red and green)<\/td>\n<\/tr>\n<tr>\n<td>Software<\/td>\n<\/tr>\n<tr>\n<td>Wan connection type pppoe\/dynamic ip\/static ip<\/td>\n<\/tr>\n<tr>\n<td>Ipv4\/ipv6  and #8730;<\/td>\n<\/tr>\n<tr>\n<td>Vpn pp2p and #65292;l2tp<\/td>\n<\/tr>\n<tr>\n<td>Qos  and #8730;<\/td>\n<\/tr>\n<tr>\n<td>Management pc web config page, mobile web config page, app<\/td>\n<\/tr>\n<tr>\n<td>Ddns  and #8730;<\/td>\n<\/tr>\n<tr>\n<td>Dmz  and #8730;<\/td>\n<\/tr>\n<tr>\n<td>Port fword  and #8730;<\/td>\n<\/tr>\n<tr>\n<td>Upnp  and #8730;<\/td>\n<\/tr>\n<tr>\n<td>Wi-fi<\/td>\n<\/tr>\n<tr>\n<td>Frequency 2.4ghz<\/td>\n<\/tr>\n<tr>\n<td>Protocol 2.4ghz and #65306;ieee 802.11b\/g\/n<\/td>\n<\/tr>\n<tr>\n<td>Wi-fi speed 2.4ghz and #65306;300mbps<\/td>\n<\/tr>\n<tr>\n<td>Wi-fi antennas 4 external 5dbi antennas<\/td>\n<\/tr>\n<tr>\n<td>Wireless security support wpa-psk\/wpa2-psk encription<\/td>\n<\/tr>\n<tr>\n<td>Support hidden ssid<\/td>\n<\/tr>\n<tr>\n<td>Other wireless features wi-fi schedule<\/td>\n<\/tr>\n<tr>\n<td>Others<\/td>\n<\/tr>\n<tr>\n<td>Power adapter dc12v0.5a<\/td>\n<\/tr>\n<tr>\n<td>Dimention<\/td>\n<\/tr>\n<tr>\n<td>Environmental parameters<\/td>\n<\/tr>\n<\/table>\n","protected":false},"excerpt":{"rendered":"<p>Hr340. Router inal\u00e1mbrico de 4 antenas a 300 mbps. Wi-fi de 300 mbps | 4 antenas externas | sincronizaci\u00f3n autom\u00e1tica de c\u00e1mara imou | aceleraci\u00f3n de transmisi\u00f3n<\/p>\n","protected":false},"featured_media":0,"comment_status":"open","ping_status":"open","template":"","meta":[],"product_cat":[1563,1753],"product_tag":[2118],"acf":[],"yoast_head":"<!-- This site is optimized with the Yoast SEO plugin v21.7 - https:\/\/yoast.com\/wordpress\/plugins\/seo\/ -->\n<title>[ Imou ] &#129351; Hr340-imou Router \/ \/ Hr340 \/ Ipv6, 802.11b\/g\/n 2.4ghz 300mbps \/ 1x 100mbps Wan 3x 100mbps Lan \/ 4x 5dbi Antenas \/ Dc12v0.5a<\/title>\n<meta name=\"description\" content=\"Compra Hr340-imou Router \/ \/ Hr340 \/ Ipv6, 802.11b\/g\/n 2.4ghz 300mbps \/ 1x 100mbps Wan 3x 100mbps Lan \/ 4x 5dbi Antenas \/ Dc12v0.5a + Env\u00edo a domicilio + Pago seguro + Garant\u00eda\" \/>\n<meta name=\"robots\" content=\"index, follow, max-snippet:-1, max-image-preview:large, max-video-preview:-1\" \/>\n<link rel=\"canonical\" href=\"https:\/\/compuviper.mx\/tienda\/producto\/imou-hr340-imou-router-hr340-ipv6-802-11b-g-n-2-4ghz-300mbps-1x-100mbps-wan-3x-100mbps-lan-4x-5dbi-antenas-dc12v0-5a\/\" \/>\n<meta property=\"og:locale\" content=\"es_MX\" \/>\n<meta property=\"og:type\" content=\"article\" \/>\n<meta property=\"og:title\" content=\"[ Imou ] &#129351; Hr340-imou Router \/ \/ Hr340 \/ Ipv6, 802.11b\/g\/n 2.4ghz 300mbps \/ 1x 100mbps Wan 3x 100mbps Lan \/ 4x 5dbi Antenas \/ Dc12v0.5a\" \/>\n<meta property=\"og:description\" content=\"Compra Hr340-imou Router \/ \/ Hr340 \/ Ipv6, 802.11b\/g\/n 2.4ghz 300mbps \/ 1x 100mbps Wan 3x 100mbps Lan \/ 4x 5dbi Antenas \/ Dc12v0.5a + Env\u00edo a domicilio + Pago seguro + Garant\u00eda\" \/>\n<meta property=\"og:url\" content=\"https:\/\/compuviper.mx\/tienda\/producto\/imou-hr340-imou-router-hr340-ipv6-802-11b-g-n-2-4ghz-300mbps-1x-100mbps-wan-3x-100mbps-lan-4x-5dbi-antenas-dc12v0-5a\/\" \/>\n<meta property=\"og:site_name\" content=\"Compuviper\" \/>\n<meta property=\"article:publisher\" content=\"https:\/\/www.facebook.com\/compuviper\" \/>\n<meta name=\"twitter:card\" content=\"summary_large_image\" \/>\n<meta name=\"twitter:label1\" content=\"Precio\" \/>\n\t<meta name=\"twitter:data1\" content=\"&#36;195 con IVA\" \/>\n\t<meta name=\"twitter:label2\" content=\"Availability\" \/>\n\t<meta name=\"twitter:data2\" content=\"Out of stock\" \/>\n<script type=\"application\/ld+json\" class=\"yoast-schema-graph\">{\"@context\":\"https:\/\/schema.org\",\"@graph\":[{\"@type\":\"WebPage\",\"@id\":\"https:\/\/compuviper.mx\/tienda\/producto\/imou-hr340-imou-router-hr340-ipv6-802-11b-g-n-2-4ghz-300mbps-1x-100mbps-wan-3x-100mbps-lan-4x-5dbi-antenas-dc12v0-5a\/\",\"url\":\"https:\/\/compuviper.mx\/tienda\/producto\/imou-hr340-imou-router-hr340-ipv6-802-11b-g-n-2-4ghz-300mbps-1x-100mbps-wan-3x-100mbps-lan-4x-5dbi-antenas-dc12v0-5a\/\",\"name\":\"[ Imou ] &#129351; Hr340-imou Router \/ \/ Hr340 \/ Ipv6, 802.11b\/g\/n 2.4ghz 300mbps \/ 1x 100mbps Wan 3x 100mbps Lan \/ 4x 5dbi Antenas \/ Dc12v0.5a\",\"isPartOf\":{\"@id\":\"https:\/\/compuviper.mx\/tienda\/#website\"},\"datePublished\":\"2026-05-09T07:06:47+00:00\",\"dateModified\":\"2026-05-09T07:06:47+00:00\",\"description\":\"Compra Hr340-imou Router \/ \/ Hr340 \/ Ipv6, 802.11b\/g\/n 2.4ghz 300mbps \/ 1x 100mbps Wan 3x 100mbps Lan \/ 4x 5dbi Antenas \/ Dc12v0.5a + Env\u00edo a domicilio + Pago seguro + Garant\u00eda\",\"breadcrumb\":{\"@id\":\"https:\/\/compuviper.mx\/tienda\/producto\/imou-hr340-imou-router-hr340-ipv6-802-11b-g-n-2-4ghz-300mbps-1x-100mbps-wan-3x-100mbps-lan-4x-5dbi-antenas-dc12v0-5a\/#breadcrumb\"},\"inLanguage\":\"es-MX\",\"potentialAction\":[{\"@type\":\"ReadAction\",\"target\":[\"https:\/\/compuviper.mx\/tienda\/producto\/imou-hr340-imou-router-hr340-ipv6-802-11b-g-n-2-4ghz-300mbps-1x-100mbps-wan-3x-100mbps-lan-4x-5dbi-antenas-dc12v0-5a\/\"]}]},{\"@type\":\"BreadcrumbList\",\"@id\":\"https:\/\/compuviper.mx\/tienda\/producto\/imou-hr340-imou-router-hr340-ipv6-802-11b-g-n-2-4ghz-300mbps-1x-100mbps-wan-3x-100mbps-lan-4x-5dbi-antenas-dc12v0-5a\/#breadcrumb\",\"itemListElement\":[{\"@type\":\"ListItem\",\"position\":1,\"name\":\"Inicio\",\"item\":\"https:\/\/compuviper.mx\/tienda\/\"},{\"@type\":\"ListItem\",\"position\":2,\"name\":\"Productos\",\"item\":\"https:\/\/compuviper.mx\/tienda\/productos\/\"},{\"@type\":\"ListItem\",\"position\":3,\"name\":\"Redes\",\"item\":\"https:\/\/compuviper.mx\/tienda\/categoria-producto\/redes\/\"},{\"@type\":\"ListItem\",\"position\":4,\"name\":\"Router\",\"item\":\"https:\/\/compuviper.mx\/tienda\/categoria-producto\/redes\/router\/\"},{\"@type\":\"ListItem\",\"position\":5,\"name\":\"Imou Hr340-imou Router \/ \/ Hr340 \/ Ipv6, 802.11b\/g\/n 2.4ghz 300mbps \/ 1x 100mbps Wan 3x 100mbps Lan \/ 4x 5dbi Antenas \/ Dc12v0.5a\"}]},{\"@type\":\"WebSite\",\"@id\":\"https:\/\/compuviper.mx\/tienda\/#website\",\"url\":\"https:\/\/compuviper.mx\/tienda\/\",\"name\":\"Compuviper\",\"description\":\"Proveedor de Computadoras, Laptops, Servidores, Monitores, Puntos de Venta, Teclados,   Impresoras, T\u00f3ner, C\u00e1maras de Seguridad y m\u00e1s en tu tienda en l\u00ednea\",\"publisher\":{\"@id\":\"https:\/\/compuviper.mx\/tienda\/#organization\"},\"potentialAction\":[{\"@type\":\"SearchAction\",\"target\":{\"@type\":\"EntryPoint\",\"urlTemplate\":\"https:\/\/compuviper.mx\/tienda\/?s={search_term_string}\"},\"query-input\":\"required name=search_term_string\"}],\"inLanguage\":\"es-MX\"},{\"@type\":\"Organization\",\"@id\":\"https:\/\/compuviper.mx\/tienda\/#organization\",\"name\":\"Compuviper\",\"url\":\"https:\/\/compuviper.mx\/tienda\/\",\"logo\":{\"@type\":\"ImageObject\",\"inLanguage\":\"es-MX\",\"@id\":\"https:\/\/compuviper.mx\/tienda\/#\/schema\/logo\/image\/\",\"url\":\"https:\/\/compuviper.mx\/tienda\/wp-content\/uploads\/2021\/08\/Logo-Compuviper-10.png\",\"contentUrl\":\"https:\/\/compuviper.mx\/tienda\/wp-content\/uploads\/2021\/08\/Logo-Compuviper-10.png\",\"width\":1000,\"height\":500,\"caption\":\"Compuviper\"},\"image\":{\"@id\":\"https:\/\/compuviper.mx\/tienda\/#\/schema\/logo\/image\/\"},\"sameAs\":[\"https:\/\/www.facebook.com\/compuviper\",\"https:\/\/www.youtube.com\/channel\/UCf73dERp9Y3cfOq7q8BhLjA?view_as=subscriber\"]}]}<\/script>\n<meta property=\"product:brand\" content=\"Imou\" \/>\n<meta property=\"product:price:amount\" content=\"195\" \/>\n<meta property=\"product:price:currency\" content=\"MXN\" \/>\n<meta property=\"og:availability\" content=\"out of stock\" \/>\n<meta property=\"product:availability\" content=\"out of stock\" \/>\n<meta property=\"product:retailer_item_id\" content=\"HR340-IMOU\" \/>\n<meta property=\"product:condition\" content=\"new\" \/>\n<!-- \/ Yoast SEO plugin. -->","yoast_head_json":{"title":"[ Imou ] &#129351; Hr340-imou Router \/ \/ Hr340 \/ Ipv6, 802.11b\/g\/n 2.4ghz 300mbps \/ 1x 100mbps Wan 3x 100mbps Lan \/ 4x 5dbi Antenas \/ Dc12v0.5a","description":"Compra Hr340-imou Router \/ \/ Hr340 \/ Ipv6, 802.11b\/g\/n 2.4ghz 300mbps \/ 1x 100mbps Wan 3x 100mbps Lan \/ 4x 5dbi Antenas \/ Dc12v0.5a + Env\u00edo a domicilio + Pago seguro + Garant\u00eda","robots":{"index":"index","follow":"follow","max-snippet":"max-snippet:-1","max-image-preview":"max-image-preview:large","max-video-preview":"max-video-preview:-1"},"canonical":"https:\/\/compuviper.mx\/tienda\/producto\/imou-hr340-imou-router-hr340-ipv6-802-11b-g-n-2-4ghz-300mbps-1x-100mbps-wan-3x-100mbps-lan-4x-5dbi-antenas-dc12v0-5a\/","og_locale":"es_MX","og_type":"article","og_title":"[ Imou ] &#129351; Hr340-imou Router \/ \/ Hr340 \/ Ipv6, 802.11b\/g\/n 2.4ghz 300mbps \/ 1x 100mbps Wan 3x 100mbps Lan \/ 4x 5dbi Antenas \/ Dc12v0.5a","og_description":"Compra Hr340-imou Router \/ \/ Hr340 \/ Ipv6, 802.11b\/g\/n 2.4ghz 300mbps \/ 1x 100mbps Wan 3x 100mbps Lan \/ 4x 5dbi Antenas \/ Dc12v0.5a + Env\u00edo a domicilio + Pago seguro + Garant\u00eda","og_url":"https:\/\/compuviper.mx\/tienda\/producto\/imou-hr340-imou-router-hr340-ipv6-802-11b-g-n-2-4ghz-300mbps-1x-100mbps-wan-3x-100mbps-lan-4x-5dbi-antenas-dc12v0-5a\/","og_site_name":"Compuviper","article_publisher":"https:\/\/www.facebook.com\/compuviper","twitter_card":"summary_large_image","twitter_misc":{"Precio":"&#36;195 con IVA","Availability":"Out of stock"},"schema":{"@context":"https:\/\/schema.org","@graph":[{"@type":"WebPage","@id":"https:\/\/compuviper.mx\/tienda\/producto\/imou-hr340-imou-router-hr340-ipv6-802-11b-g-n-2-4ghz-300mbps-1x-100mbps-wan-3x-100mbps-lan-4x-5dbi-antenas-dc12v0-5a\/","url":"https:\/\/compuviper.mx\/tienda\/producto\/imou-hr340-imou-router-hr340-ipv6-802-11b-g-n-2-4ghz-300mbps-1x-100mbps-wan-3x-100mbps-lan-4x-5dbi-antenas-dc12v0-5a\/","name":"[ Imou ] &#129351; Hr340-imou Router \/ \/ Hr340 \/ Ipv6, 802.11b\/g\/n 2.4ghz 300mbps \/ 1x 100mbps Wan 3x 100mbps Lan \/ 4x 5dbi Antenas \/ Dc12v0.5a","isPartOf":{"@id":"https:\/\/compuviper.mx\/tienda\/#website"},"datePublished":"2026-05-09T07:06:47+00:00","dateModified":"2026-05-09T07:06:47+00:00","description":"Compra Hr340-imou Router \/ \/ Hr340 \/ Ipv6, 802.11b\/g\/n 2.4ghz 300mbps \/ 1x 100mbps Wan 3x 100mbps Lan \/ 4x 5dbi Antenas \/ Dc12v0.5a + Env\u00edo a domicilio + Pago seguro + Garant\u00eda","breadcrumb":{"@id":"https:\/\/compuviper.mx\/tienda\/producto\/imou-hr340-imou-router-hr340-ipv6-802-11b-g-n-2-4ghz-300mbps-1x-100mbps-wan-3x-100mbps-lan-4x-5dbi-antenas-dc12v0-5a\/#breadcrumb"},"inLanguage":"es-MX","potentialAction":[{"@type":"ReadAction","target":["https:\/\/compuviper.mx\/tienda\/producto\/imou-hr340-imou-router-hr340-ipv6-802-11b-g-n-2-4ghz-300mbps-1x-100mbps-wan-3x-100mbps-lan-4x-5dbi-antenas-dc12v0-5a\/"]}]},{"@type":"BreadcrumbList","@id":"https:\/\/compuviper.mx\/tienda\/producto\/imou-hr340-imou-router-hr340-ipv6-802-11b-g-n-2-4ghz-300mbps-1x-100mbps-wan-3x-100mbps-lan-4x-5dbi-antenas-dc12v0-5a\/#breadcrumb","itemListElement":[{"@type":"ListItem","position":1,"name":"Inicio","item":"https:\/\/compuviper.mx\/tienda\/"},{"@type":"ListItem","position":2,"name":"Productos","item":"https:\/\/compuviper.mx\/tienda\/productos\/"},{"@type":"ListItem","position":3,"name":"Redes","item":"https:\/\/compuviper.mx\/tienda\/categoria-producto\/redes\/"},{"@type":"ListItem","position":4,"name":"Router","item":"https:\/\/compuviper.mx\/tienda\/categoria-producto\/redes\/router\/"},{"@type":"ListItem","position":5,"name":"Imou Hr340-imou Router \/ \/ Hr340 \/ Ipv6, 802.11b\/g\/n 2.4ghz 300mbps \/ 1x 100mbps Wan 3x 100mbps Lan \/ 4x 5dbi Antenas \/ Dc12v0.5a"}]},{"@type":"WebSite","@id":"https:\/\/compuviper.mx\/tienda\/#website","url":"https:\/\/compuviper.mx\/tienda\/","name":"Compuviper","description":"Proveedor de Computadoras, Laptops, Servidores, Monitores, Puntos de Venta, Teclados,   Impresoras, T\u00f3ner, C\u00e1maras de Seguridad y m\u00e1s en tu tienda en l\u00ednea","publisher":{"@id":"https:\/\/compuviper.mx\/tienda\/#organization"},"potentialAction":[{"@type":"SearchAction","target":{"@type":"EntryPoint","urlTemplate":"https:\/\/compuviper.mx\/tienda\/?s={search_term_string}"},"query-input":"required name=search_term_string"}],"inLanguage":"es-MX"},{"@type":"Organization","@id":"https:\/\/compuviper.mx\/tienda\/#organization","name":"Compuviper","url":"https:\/\/compuviper.mx\/tienda\/","logo":{"@type":"ImageObject","inLanguage":"es-MX","@id":"https:\/\/compuviper.mx\/tienda\/#\/schema\/logo\/image\/","url":"https:\/\/compuviper.mx\/tienda\/wp-content\/uploads\/2021\/08\/Logo-Compuviper-10.png","contentUrl":"https:\/\/compuviper.mx\/tienda\/wp-content\/uploads\/2021\/08\/Logo-Compuviper-10.png","width":1000,"height":500,"caption":"Compuviper"},"image":{"@id":"https:\/\/compuviper.mx\/tienda\/#\/schema\/logo\/image\/"},"sameAs":["https:\/\/www.facebook.com\/compuviper","https:\/\/www.youtube.com\/channel\/UCf73dERp9Y3cfOq7q8BhLjA?view_as=subscriber"]}]},"product_brand":"Imou","product_price_amount":"195","product_price_currency":"MXN","og_availability":"out of stock","product_availability":"out of stock","product_retailer_item_id":"HR340-IMOU","product_condition":"new"},"_links":{"self":[{"href":"https:\/\/compuviper.mx\/tienda\/wp-json\/wp\/v2\/product\/268863"}],"collection":[{"href":"https:\/\/compuviper.mx\/tienda\/wp-json\/wp\/v2\/product"}],"about":[{"href":"https:\/\/compuviper.mx\/tienda\/wp-json\/wp\/v2\/types\/product"}],"replies":[{"embeddable":true,"href":"https:\/\/compuviper.mx\/tienda\/wp-json\/wp\/v2\/comments?post=268863"}],"wp:attachment":[{"href":"https:\/\/compuviper.mx\/tienda\/wp-json\/wp\/v2\/media?parent=268863"}],"wp:term":[{"taxonomy":"product_cat","embeddable":true,"href":"https:\/\/compuviper.mx\/tienda\/wp-json\/wp\/v2\/product_cat?post=268863"},{"taxonomy":"product_tag","embeddable":true,"href":"https:\/\/compuviper.mx\/tienda\/wp-json\/wp\/v2\/product_tag?post=268863"}],"curies":[{"name":"wp","href":"https:\/\/api.w.org\/{rel}","templated":true}]}}