{"id":268815,"date":"2026-04-25T00:40:12","date_gmt":"2026-04-25T06:40:12","guid":{"rendered":"https:\/\/compuviper.mx\/tienda\/producto\/asus-oem-prime-b550m-a-ac192876837535-mb-asus-b550-amd-s-am4-5a-gen-4x-ddr4-2666-hdmi-dvi-d-sub-m-2-6x-usb-3-2-wifi-bluetooth-micro-atx-gama-media-rgb\/"},"modified":"2026-04-26T00:00:19","modified_gmt":"2026-04-26T06:00:19","slug":"asus-oem-prime-b550m-a-ac192876837535-mb-asus-b550-amd-s-am4-5a-gen-4x-ddr4-2666-hdmi-dvi-d-sub-m-2-6x-usb-3-2-wifi-bluetooth-micro-atx-gama-media-rgb","status":"publish","type":"product","link":"https:\/\/compuviper.mx\/tienda\/producto\/asus-oem-prime-b550m-a-ac192876837535-mb-asus-b550-amd-s-am4-5a-gen-4x-ddr4-2666-hdmi-dvi-d-sub-m-2-6x-usb-3-2-wifi-bluetooth-micro-atx-gama-media-rgb\/","title":{"rendered":"Asus Oem Prime B550m-a Ac,192876837535 Mb Asus B550 Amd S-am4 5a Gen\/4x Ddr4 2666\/hdmi\/dvi\/d-sub\/m.2\/6x Usb 3.2\/wifi\/bluetooth\/micro Atx\/gama Media\/rgb"},"content":{"rendered":"<table class=\"descripcion\">\n<tr>\n<td>Cpu<\/td>\n<\/tr>\n<tr>\n<td>Integrado en el zcalo amd am4 para amd ryzen \u0099 de tercera generacin y amd ryzen \u0099 de tercera generacin con procesadores de grficos radeon \u0099<\/td>\n<\/tr>\n<tr>\n<td> consulte www.asus.com para ver la lista de soporte de cpu<\/td>\n<\/tr>\n<tr>\n<td>Chipset<\/td>\n<\/tr>\n<tr>\n<td>Amd b550<\/td>\n<\/tr>\n<tr>\n<td>Memoria<\/td>\n<\/tr>\n<tr>\n<td>Procesadores amd ryzen \u0099 de 3.\u00aa generacin<\/td>\n<\/tr>\n<tr>\n<td>4 x dimm, mx. 128 gb, ddr4 4600 oc \/ 4400 oc \/ 4266 oc \/ 4133 oc \/ 4000 oc \/ 3866 oc \/ 3733 oc \/ 3600 oc \/ 3466 oc \/ 3333  oc \/ 3200\/3000\/2800\/2666\/2400\/2133 mhz memoria sin bfer<\/td>\n<\/tr>\n<tr>\n<td>Amd ryzen \u0099 de tercera generacin con procesadores grficos radeon \u0099<\/td>\n<\/tr>\n<tr>\n<td>4 x dimm, mx. 128 gb, ddr4 4800 oc \/ 4600 oc \/ 4466 oc \/ 4400 oc \/ 4266 oc \/ 4133 oc \/ 4000 oc \/ 3866 oc \/ 3733 oc \/ 3600  oc \/ 3466 oc \/ 3333 oc \/ 3200\/3000\/2800\/2666\/2400\/2133 mhz<\/td>\n<\/tr>\n<tr>\n<td>Memoria sin bfer<\/td>\n<\/tr>\n<tr>\n<td>Arquitectura de memoria de doble canal<\/td>\n<\/tr>\n<tr>\n<td>La compatibilidad con la memoria ecc modo ecc vara segn la cpu.<\/td>\n<\/tr>\n<tr>\n<td> consulte www.asus.com para obtener la memoria qvl listas de proveedores calificados.<\/td>\n<\/tr>\n<tr>\n<td>Grfico<\/td>\n<\/tr>\n<tr>\n<td>1 x d-sub<\/td>\n<\/tr>\n<tr>\n<td>1 x dvi-d<\/td>\n<\/tr>\n<tr>\n<td>1 x hdmi 2.1 4k a 60 hz<\/td>\n<\/tr>\n<tr>\n<td>Ranuras de expansin<\/td>\n<\/tr>\n<tr>\n<td>Procesadores amd ryzen \u0099 de 3.\u00aa generacin<\/td>\n<\/tr>\n<tr>\n<td>1 x pcie 4.0 x16 modo x16<\/td>\n<\/tr>\n<tr>\n<td>Amd ryzen \u0099 de tercera generacin con procesadores grficos radeon \u0099<\/td>\n<\/tr>\n<tr>\n<td>1 x pcie 3.0 x16 modo x16<\/td>\n<\/tr>\n<tr>\n<td>Conjunto de chips amd b550<\/td>\n<\/tr>\n<tr>\n<td>2 x pcie 3.0 x1<\/td>\n<\/tr>\n<tr>\n<td>Almacenamiento<\/td>\n<\/tr>\n<tr>\n<td>Total admite 2 ranuras m.2 y 4 puertos sata 6gb \/ s<\/td>\n<\/tr>\n<tr>\n<td>Procesadores amd ryzen \u0099 de tercera generacin:<\/td>\n<\/tr>\n<tr>\n<td>1 x m.2_1 socket 3, con m key, soporte para dispositivos de almacenamiento tipo 2242\/2260\/2280\/22110 pcie 4.0 x4 y modos sata<\/td>\n<\/tr>\n<tr>\n<td>Amd ryzen \u0099 de tercera generacin con procesadores grficos radeon \u0099:<\/td>\n<\/tr>\n<tr>\n<td>Soporte para dispositivos de almacenamiento 1 x m.2_1 socket 3, con clave m, tipo 2242\/2260\/2280\/22110 modos pcie 3.0 x4 y sata<\/td>\n<\/tr>\n<tr>\n<td>Conjunto de chips amd b550:<\/td>\n<\/tr>\n<tr>\n<td>1 x m.2_2 socket 3, con m key, tipo 2242\/2260\/2280 modos pcie 3.0 x4 y sata compatible con dispositivos de almacenamiento<\/td>\n<\/tr>\n<tr>\n<td>4 x puerto s sata 6gb \/ s,<\/td>\n<\/tr>\n<tr>\n<td>Soporte raid 0, 1, 10<\/td>\n<\/tr>\n<tr>\n<td>Lan<\/td>\n<\/tr>\n<tr>\n<td>Realtek rtl8111h ethernet de 1 gb<\/td>\n<\/tr>\n<tr>\n<td>Red de datos inalmbrica<\/td>\n<\/tr>\n<tr>\n<td>Wi-fi 802.11 a \/ b \/ g \/ n \/ ac<\/td>\n<\/tr>\n<tr>\n<td>Admite frecuencia de doble banda de 2,4 \/ 5 ghz<\/td>\n<\/tr>\n<tr>\n<td>Admite interfaz pcie<\/td>\n<\/tr>\n<tr>\n<td>Bluetooth<\/td>\n<\/tr>\n<tr>\n<td>Bluetooth\u00ae 5.0<\/td>\n<\/tr>\n<tr>\n<td>Audio<\/td>\n<\/tr>\n<tr>\n<td>Realtek alc887 sonido envolvente 7.1 codec de audio de alta definicin<\/td>\n<\/tr>\n<tr>\n<td>&#8211; admite: deteccin de jack, transmisin mltiple, reasignacin de jack del panel frontal, reproduccin de hasta 24 bits \/ 192 khz<\/td>\n<\/tr>\n<tr>\n<td>Caracterstica de audio:<\/td>\n<\/tr>\n<tr>\n<td>&#8211; diseo con iluminacin led<\/td>\n<\/tr>\n<tr>\n<td>&#8211; blindaje de audio<\/td>\n<\/tr>\n<tr>\n<td>&#8211; capas de pcb de audio dedicadas<\/td>\n<\/tr>\n<tr>\n<td>&#8211; condensadores de audio japoneses premium<\/td>\n<\/tr>\n<tr>\n<td> elija el chasis con mdulo de audio hd en el panel frontal para admitir salida de audio de 8 canales.<\/td>\n<\/tr>\n<tr>\n<td>Puertos usb<\/td>\n<\/tr>\n<tr>\n<td>Puerto usb trasero 6 en total<\/td>\n<\/tr>\n<tr>\n<td>2 x puerto s usb 3.2 gen 2 2 x tipo-a<\/td>\n<\/tr>\n<tr>\n<td>4 x puerto s usb 3.2 gen 1 4 x tipo-a<\/td>\n<\/tr>\n<tr>\n<td>Puerto usb frontal 6 en total<\/td>\n<\/tr>\n<tr>\n<td>2 x puerto s usb 3.2 gen 1 2 x tipo-a<\/td>\n<\/tr>\n<tr>\n<td>4 x puerto s usb 2.0 4 x tipo a<\/td>\n<\/tr>\n<tr>\n<td>Funciones de software<\/td>\n<\/tr>\n<tr>\n<td>Software exclusivo de asus<\/td>\n<\/tr>\n<tr>\n<td>Caja de armera<\/td>\n<\/tr>\n<tr>\n<td>&#8211; creador de aura<\/td>\n<\/tr>\n<tr>\n<td>&#8211; aura sync<\/td>\n<\/tr>\n<tr>\n<td>Ai suite 3<\/td>\n<\/tr>\n<tr>\n<td>&#8211; utilidad de ahorro de energa y rendimiento<\/td>\n<\/tr>\n<tr>\n<td>Turbov evo<\/td>\n<\/tr>\n<tr>\n<td>Epu<\/td>\n<\/tr>\n<tr>\n<td>Digi  vrm<\/td>\n<\/tr>\n<tr>\n<td>Fan xpert 2<\/td>\n<\/tr>\n<tr>\n<td>&#8211; actualizacin ez<\/td>\n<\/tr>\n<tr>\n<td>Asus cpu-z<\/td>\n<\/tr>\n<tr>\n<td>Cargador ai<\/td>\n<\/tr>\n<tr>\n<td>Daemon tools<\/td>\n<\/tr>\n<tr>\n<td>Software norton anti-virus prueba gratuita durante 60 das<\/td>\n<\/tr>\n<tr>\n<td>Winrar<\/td>\n<\/tr>\n<tr>\n<td>Uefi bios<\/td>\n<\/tr>\n<tr>\n<td>Asus ez diy<\/td>\n<\/tr>\n<tr>\n<td>&#8211; bios 3 de asus crashfree<\/td>\n<\/tr>\n<tr>\n<td>&#8211; asus ez flash 3<\/td>\n<\/tr>\n<tr>\n<td>&#8211; modo asus uefi bios ez<\/td>\n<\/tr>\n<tr>\n<td>Funciones especiales de asus<\/td>\n<\/tr>\n<tr>\n<td>Proteccin asus 5x iii<\/td>\n<\/tr>\n<tr>\n<td>&#8211; asus digi  vrm<\/td>\n<\/tr>\n<tr>\n<td>&#8211; asus languard<\/td>\n<\/tr>\n<tr>\n<td>&#8211; proteccin contra sobretensin de asus<\/td>\n<\/tr>\n<tr>\n<td>&#8211; asus safeslot core<\/td>\n<\/tr>\n<tr>\n<td>&#8211; e \/ s traseras de acero inoxidable asus<\/td>\n<\/tr>\n<tr>\n<td>Asus q-design<\/td>\n<\/tr>\n<tr>\n<td>&#8211; asus q-dimm<\/td>\n<\/tr>\n<tr>\n<td>&#8211; ranura q de asus<\/td>\n<\/tr>\n<tr>\n<td>Solucin trmica asus<\/td>\n<\/tr>\n<tr>\n<td>&#8211; diseo de disipador de calor de aluminio<\/td>\n<\/tr>\n<tr>\n<td>Sincronizacin aura<\/td>\n<\/tr>\n<tr>\n<td>&#8211; encabezados rgb estndar<\/td>\n<\/tr>\n<tr>\n<td>&#8211; cabecera rgb direccionable gen 2<\/td>\n<\/tr>\n<tr>\n<td>Control de iluminacin asus<\/td>\n<\/tr>\n<tr>\n<td>Puertos de e \/ s posteriores<\/td>\n<\/tr>\n<tr>\n<td>1 x puerto s combinado de teclado \/ mouse ps \/ 2<\/td>\n<\/tr>\n<tr>\n<td>1 x dvi-d<\/td>\n<\/tr>\n<tr>\n<td>1 x d-sub<\/td>\n<\/tr>\n<tr>\n<td>1 x hdmi<\/td>\n<\/tr>\n<tr>\n<td>1 x puerto s lan rj45<\/td>\n<\/tr>\n<tr>\n<td>2 x usb 3.2 gen 2 azul verdoso 2 x tipo a<\/td>\n<\/tr>\n<tr>\n<td>4 x usb 3.2 gen 1 azul tipo a<\/td>\n<\/tr>\n<tr>\n<td>3 x conector s de audio<\/td>\n<\/tr>\n<tr>\n<td>1 x mdulo wi-fi asus<\/td>\n<\/tr>\n<tr>\n<td>Puertos de e \/ s internos<\/td>\n<\/tr>\n<tr>\n<td>1 x conector es del ventilador de la cpu<\/td>\n<\/tr>\n<tr>\n<td>1 x conector es de ventilador opt de cpu<\/td>\n<\/tr>\n<tr>\n<td>2 x conector es del ventilador del chasis<\/td>\n<\/tr>\n<tr>\n<td>2 x encabezados de tira rgb aura<\/td>\n<\/tr>\n<tr>\n<td>1 x encabezado s gen 2 direccionables<\/td>\n<\/tr>\n<tr>\n<td>1 x conector s usb 3.2 gen 1 hasta 5 gbps compatible s con 2 puertos usb 3.2 gen 1 adicionales<\/td>\n<\/tr>\n<tr>\n<td>2 x conector s usb 2.0 compatible s 4 puerto s usb 2.0 adicionales<\/td>\n<\/tr>\n<tr>\n<td>1 x m.2 socket 3 con tecla m, soporte para dispositivos de almacenamiento tipo 2242\/2260\/2280\/22110 modo sata y pcie 4.0 x4<\/td>\n<\/tr>\n<tr>\n<td>1 x m.2 socket 3 con tecla m, soporte para dispositivos de almacenamiento tipo 2242\/2260\/2280 modo sata y pcie 3.0 x 4<\/td>\n<\/tr>\n<tr>\n<td>1 x encabezado spi tpm<\/td>\n<\/tr>\n<tr>\n<td>4 x conector es sata 6gb \/ s<\/td>\n<\/tr>\n<tr>\n<td>1 x encabezado s de salida s \/ pdif<\/td>\n<\/tr>\n<tr>\n<td>1 x conector es de alimentacin eatx de 24 pines<\/td>\n<\/tr>\n<tr>\n<td>1 x conectores de alimentacin eatx 12v de 8 pines<\/td>\n<\/tr>\n<tr>\n<td>1 x conector es de audio del panel frontal aafp<\/td>\n<\/tr>\n<tr>\n<td>1 x puente s clear cmos<\/td>\n<\/tr>\n<tr>\n<td>1 x conector del panel del sistema<\/td>\n<\/tr>\n<tr>\n<td>1 x encabezado de puerto com<\/td>\n<\/tr>\n<tr>\n<td>1 x conector de altavoz<\/td>\n<\/tr>\n<tr>\n<td>Accesorios<\/td>\n<\/tr>\n<tr>\n<td>Escudo de e \/ s<\/td>\n<\/tr>\n<tr>\n<td>2 x cable s sata 6gb \/ s<\/td>\n<\/tr>\n<tr>\n<td>1 x dvd de apoyo<\/td>\n<\/tr>\n<tr>\n<td>Manual de usuario<\/td>\n<\/tr>\n<tr>\n<td>1 x antena mvil wi-fi<\/td>\n<\/tr>\n<tr>\n<td>1 paquete s de tornillos ssd m.2<\/td>\n<\/tr>\n<tr>\n<td>Bios<\/td>\n<\/tr>\n<tr>\n<td>Flash rom de 256 mb, bios uefi ami<\/td>\n<\/tr>\n<tr>\n<td>Manejabilidad<\/td>\n<\/tr>\n<tr>\n<td>Wol por pxe<\/td>\n<\/tr>\n<tr>\n<td>Sistema operativo<\/td>\n<\/tr>\n<tr>\n<td>Windows\u00ae 10 de 64 bits<\/td>\n<\/tr>\n<tr>\n<td>Factor de forma<\/td>\n<\/tr>\n<tr>\n<td>Factor de forma matx<\/td>\n<\/tr>\n<tr>\n<td>9,6 pulgadas x 9,6 pulgadas 24,4 cm x 24,4 cm<\/td>\n<\/tr>\n<tr>\n<td>Nota<\/td>\n<\/tr>\n<tr>\n<td> se requiere un chasis con un mdulo de audio hd en el panel frontal para admitir la salida de audio de 7.1 canales.<\/td>\n<\/tr>\n<\/table>\n","protected":false},"excerpt":{"rendered":"<p>Placa base amd am4 matx con pcie 4.0, dual m.2, wifi, hdmi, d-sub, dvi, sata 6 gbps, puertos usb 3.2 gen 2, iluminacin aura sync rgb. Zcalo amd am4: listo para amd ryzen \u0099 de tercera generacin y amd ryzen \u0099 de tercera generacin con procesadores grficos radeon ?. Refrigeracin completa: disipador de calor vrm, disipador de calor pch, fan xpert 2. Conectividad ultrarrpida: dual m.2, pcie 4.0, wi-fi 802.11ac, usb 3.2 gen 2 type-a. Aura sync rgb: efectos led sincronizables en una amplia gama de equipos de pc compatibles, incluidas tiras rgb direccionables<\/p>\n","protected":false},"featured_media":268816,"comment_status":"open","ping_status":"open","template":"","meta":[],"product_cat":[1727,1734],"product_tag":[2096],"acf":[],"yoast_head":"<!-- This site is optimized with the Yoast SEO plugin v21.7 - https:\/\/yoast.com\/wordpress\/plugins\/seo\/ -->\n<title>[ Asus Oem ] &#129351; Prime B550m-a Ac,192876837535 Mb Asus B550 Amd S-am4 5a Gen\/4x Ddr4 2666\/hdmi\/dvi\/d-sub\/m.2\/6x Usb 3.2\/wifi\/bluetooth\/micro Atx\/gama Media\/rgb<\/title>\n<meta name=\"description\" content=\"Compra Prime B550m-a Ac,192876837535 Mb Asus B550 Amd S-am4 5a Gen\/4x Ddr4 2666\/hdmi\/dvi\/d-sub\/m.2\/6x Usb 3.2\/wifi\/bluetooth\/micro Atx\/gama Media\/rgb + Env\u00edo a domicilio + Pago seguro + Garant\u00eda\" \/>\n<meta name=\"robots\" content=\"index, follow, max-snippet:-1, max-image-preview:large, max-video-preview:-1\" \/>\n<link rel=\"canonical\" href=\"https:\/\/compuviper.mx\/tienda\/producto\/asus-oem-prime-b550m-a-ac192876837535-mb-asus-b550-amd-s-am4-5a-gen-4x-ddr4-2666-hdmi-dvi-d-sub-m-2-6x-usb-3-2-wifi-bluetooth-micro-atx-gama-media-rgb\/\" \/>\n<meta property=\"og:locale\" content=\"es_MX\" \/>\n<meta property=\"og:type\" content=\"article\" \/>\n<meta property=\"og:title\" content=\"[ Asus Oem ] &#129351; Prime B550m-a Ac,192876837535 Mb Asus B550 Amd S-am4 5a Gen\/4x Ddr4 2666\/hdmi\/dvi\/d-sub\/m.2\/6x Usb 3.2\/wifi\/bluetooth\/micro Atx\/gama Media\/rgb\" \/>\n<meta property=\"og:description\" content=\"Compra Prime B550m-a Ac,192876837535 Mb Asus B550 Amd S-am4 5a Gen\/4x Ddr4 2666\/hdmi\/dvi\/d-sub\/m.2\/6x Usb 3.2\/wifi\/bluetooth\/micro Atx\/gama Media\/rgb + Env\u00edo a domicilio + Pago seguro + Garant\u00eda\" \/>\n<meta property=\"og:url\" content=\"https:\/\/compuviper.mx\/tienda\/producto\/asus-oem-prime-b550m-a-ac192876837535-mb-asus-b550-amd-s-am4-5a-gen-4x-ddr4-2666-hdmi-dvi-d-sub-m-2-6x-usb-3-2-wifi-bluetooth-micro-atx-gama-media-rgb\/\" \/>\n<meta property=\"og:site_name\" content=\"Compuviper\" \/>\n<meta property=\"article:publisher\" content=\"https:\/\/www.facebook.com\/compuviper\" \/>\n<meta property=\"article:modified_time\" content=\"2026-04-26T06:00:19+00:00\" \/>\n<meta property=\"og:image\" content=\"https:\/\/compuviper.mx\/tienda\/wp-content\/uploads\/2026\/04\/Mb-asus-b550-amd-s-am4-5a-gen4x-ddr4-2666hdmidvid-subm.26x-usb-3.2wifibluetoothmicro-atxgama-mediargb.jpg\" \/>\n\t<meta property=\"og:image:width\" content=\"200\" \/>\n\t<meta property=\"og:image:height\" content=\"200\" \/>\n\t<meta property=\"og:image:type\" content=\"image\/jpeg\" \/>\n<meta name=\"twitter:card\" content=\"summary_large_image\" \/>\n<meta name=\"twitter:label1\" content=\"Precio\" \/>\n\t<meta name=\"twitter:data1\" content=\"&#36;1,458 con IVA\" \/>\n\t<meta name=\"twitter:label2\" content=\"Availability\" \/>\n\t<meta name=\"twitter:data2\" content=\"In stock\" \/>\n<script type=\"application\/ld+json\" class=\"yoast-schema-graph\">{\"@context\":\"https:\/\/schema.org\",\"@graph\":[{\"@type\":\"WebPage\",\"@id\":\"https:\/\/compuviper.mx\/tienda\/producto\/asus-oem-prime-b550m-a-ac192876837535-mb-asus-b550-amd-s-am4-5a-gen-4x-ddr4-2666-hdmi-dvi-d-sub-m-2-6x-usb-3-2-wifi-bluetooth-micro-atx-gama-media-rgb\/\",\"url\":\"https:\/\/compuviper.mx\/tienda\/producto\/asus-oem-prime-b550m-a-ac192876837535-mb-asus-b550-amd-s-am4-5a-gen-4x-ddr4-2666-hdmi-dvi-d-sub-m-2-6x-usb-3-2-wifi-bluetooth-micro-atx-gama-media-rgb\/\",\"name\":\"[ Asus Oem ] &#129351; Prime B550m-a Ac,192876837535 Mb Asus B550 Amd S-am4 5a Gen\/4x Ddr4 2666\/hdmi\/dvi\/d-sub\/m.2\/6x Usb 3.2\/wifi\/bluetooth\/micro Atx\/gama Media\/rgb\",\"isPartOf\":{\"@id\":\"https:\/\/compuviper.mx\/tienda\/#website\"},\"datePublished\":\"2026-04-25T06:40:12+00:00\",\"dateModified\":\"2026-04-26T06:00:19+00:00\",\"description\":\"Compra Prime B550m-a Ac,192876837535 Mb Asus B550 Amd S-am4 5a Gen\/4x Ddr4 2666\/hdmi\/dvi\/d-sub\/m.2\/6x Usb 3.2\/wifi\/bluetooth\/micro Atx\/gama Media\/rgb + Env\u00edo a domicilio + Pago seguro + Garant\u00eda\",\"breadcrumb\":{\"@id\":\"https:\/\/compuviper.mx\/tienda\/producto\/asus-oem-prime-b550m-a-ac192876837535-mb-asus-b550-amd-s-am4-5a-gen-4x-ddr4-2666-hdmi-dvi-d-sub-m-2-6x-usb-3-2-wifi-bluetooth-micro-atx-gama-media-rgb\/#breadcrumb\"},\"inLanguage\":\"es-MX\",\"potentialAction\":[{\"@type\":\"ReadAction\",\"target\":[\"https:\/\/compuviper.mx\/tienda\/producto\/asus-oem-prime-b550m-a-ac192876837535-mb-asus-b550-amd-s-am4-5a-gen-4x-ddr4-2666-hdmi-dvi-d-sub-m-2-6x-usb-3-2-wifi-bluetooth-micro-atx-gama-media-rgb\/\"]}]},{\"@type\":\"BreadcrumbList\",\"@id\":\"https:\/\/compuviper.mx\/tienda\/producto\/asus-oem-prime-b550m-a-ac192876837535-mb-asus-b550-amd-s-am4-5a-gen-4x-ddr4-2666-hdmi-dvi-d-sub-m-2-6x-usb-3-2-wifi-bluetooth-micro-atx-gama-media-rgb\/#breadcrumb\",\"itemListElement\":[{\"@type\":\"ListItem\",\"position\":1,\"name\":\"Inicio\",\"item\":\"https:\/\/compuviper.mx\/tienda\/\"},{\"@type\":\"ListItem\",\"position\":2,\"name\":\"Productos\",\"item\":\"https:\/\/compuviper.mx\/tienda\/productos\/\"},{\"@type\":\"ListItem\",\"position\":3,\"name\":\"Tarjeta Madre\",\"item\":\"https:\/\/compuviper.mx\/tienda\/categoria-producto\/tarjeta-madre\/\"},{\"@type\":\"ListItem\",\"position\":4,\"name\":\"Socket Am4\",\"item\":\"https:\/\/compuviper.mx\/tienda\/categoria-producto\/tarjeta-madre\/socket-am4\/\"},{\"@type\":\"ListItem\",\"position\":5,\"name\":\"Asus Oem Prime B550m-a Ac,192876837535 Mb Asus B550 Amd S-am4 5a Gen\/4x Ddr4 2666\/hdmi\/dvi\/d-sub\/m.2\/6x Usb 3.2\/wifi\/bluetooth\/micro Atx\/gama Media\/rgb\"}]},{\"@type\":\"WebSite\",\"@id\":\"https:\/\/compuviper.mx\/tienda\/#website\",\"url\":\"https:\/\/compuviper.mx\/tienda\/\",\"name\":\"Compuviper\",\"description\":\"Proveedor de Computadoras, Laptops, Servidores, Monitores, Puntos de Venta, Teclados,   Impresoras, T\u00f3ner, C\u00e1maras de Seguridad y m\u00e1s en tu tienda en l\u00ednea\",\"publisher\":{\"@id\":\"https:\/\/compuviper.mx\/tienda\/#organization\"},\"potentialAction\":[{\"@type\":\"SearchAction\",\"target\":{\"@type\":\"EntryPoint\",\"urlTemplate\":\"https:\/\/compuviper.mx\/tienda\/?s={search_term_string}\"},\"query-input\":\"required name=search_term_string\"}],\"inLanguage\":\"es-MX\"},{\"@type\":\"Organization\",\"@id\":\"https:\/\/compuviper.mx\/tienda\/#organization\",\"name\":\"Compuviper\",\"url\":\"https:\/\/compuviper.mx\/tienda\/\",\"logo\":{\"@type\":\"ImageObject\",\"inLanguage\":\"es-MX\",\"@id\":\"https:\/\/compuviper.mx\/tienda\/#\/schema\/logo\/image\/\",\"url\":\"https:\/\/compuviper.mx\/tienda\/wp-content\/uploads\/2021\/08\/Logo-Compuviper-10.png\",\"contentUrl\":\"https:\/\/compuviper.mx\/tienda\/wp-content\/uploads\/2021\/08\/Logo-Compuviper-10.png\",\"width\":1000,\"height\":500,\"caption\":\"Compuviper\"},\"image\":{\"@id\":\"https:\/\/compuviper.mx\/tienda\/#\/schema\/logo\/image\/\"},\"sameAs\":[\"https:\/\/www.facebook.com\/compuviper\",\"https:\/\/www.youtube.com\/channel\/UCf73dERp9Y3cfOq7q8BhLjA?view_as=subscriber\"]}]}<\/script>\n<meta property=\"product:brand\" content=\"Asus Oem\" \/>\n<meta property=\"product:price:amount\" content=\"1458\" \/>\n<meta property=\"product:price:currency\" content=\"MXN\" \/>\n<meta property=\"og:availability\" content=\"instock\" \/>\n<meta property=\"product:availability\" content=\"instock\" \/>\n<meta property=\"product:retailer_item_id\" content=\"PRIME B550M-A AC,192876837535\" \/>\n<meta property=\"product:condition\" content=\"new\" \/>\n<!-- \/ Yoast SEO plugin. -->","yoast_head_json":{"title":"[ Asus Oem ] &#129351; Prime B550m-a Ac,192876837535 Mb Asus B550 Amd S-am4 5a Gen\/4x Ddr4 2666\/hdmi\/dvi\/d-sub\/m.2\/6x Usb 3.2\/wifi\/bluetooth\/micro Atx\/gama Media\/rgb","description":"Compra Prime B550m-a Ac,192876837535 Mb Asus B550 Amd S-am4 5a Gen\/4x Ddr4 2666\/hdmi\/dvi\/d-sub\/m.2\/6x Usb 3.2\/wifi\/bluetooth\/micro Atx\/gama Media\/rgb + Env\u00edo a domicilio + Pago seguro + Garant\u00eda","robots":{"index":"index","follow":"follow","max-snippet":"max-snippet:-1","max-image-preview":"max-image-preview:large","max-video-preview":"max-video-preview:-1"},"canonical":"https:\/\/compuviper.mx\/tienda\/producto\/asus-oem-prime-b550m-a-ac192876837535-mb-asus-b550-amd-s-am4-5a-gen-4x-ddr4-2666-hdmi-dvi-d-sub-m-2-6x-usb-3-2-wifi-bluetooth-micro-atx-gama-media-rgb\/","og_locale":"es_MX","og_type":"article","og_title":"[ Asus Oem ] &#129351; Prime B550m-a Ac,192876837535 Mb Asus B550 Amd S-am4 5a Gen\/4x Ddr4 2666\/hdmi\/dvi\/d-sub\/m.2\/6x Usb 3.2\/wifi\/bluetooth\/micro Atx\/gama Media\/rgb","og_description":"Compra Prime B550m-a Ac,192876837535 Mb Asus B550 Amd S-am4 5a Gen\/4x Ddr4 2666\/hdmi\/dvi\/d-sub\/m.2\/6x Usb 3.2\/wifi\/bluetooth\/micro Atx\/gama Media\/rgb + Env\u00edo a domicilio + Pago seguro + Garant\u00eda","og_url":"https:\/\/compuviper.mx\/tienda\/producto\/asus-oem-prime-b550m-a-ac192876837535-mb-asus-b550-amd-s-am4-5a-gen-4x-ddr4-2666-hdmi-dvi-d-sub-m-2-6x-usb-3-2-wifi-bluetooth-micro-atx-gama-media-rgb\/","og_site_name":"Compuviper","article_publisher":"https:\/\/www.facebook.com\/compuviper","article_modified_time":"2026-04-26T06:00:19+00:00","og_image":[{"width":200,"height":200,"url":"https:\/\/compuviper.mx\/tienda\/wp-content\/uploads\/2026\/04\/Mb-asus-b550-amd-s-am4-5a-gen4x-ddr4-2666hdmidvid-subm.26x-usb-3.2wifibluetoothmicro-atxgama-mediargb.jpg","type":"image\/jpeg"}],"twitter_card":"summary_large_image","twitter_misc":{"Precio":"&#36;1,458 con IVA","Availability":"In stock"},"schema":{"@context":"https:\/\/schema.org","@graph":[{"@type":"WebPage","@id":"https:\/\/compuviper.mx\/tienda\/producto\/asus-oem-prime-b550m-a-ac192876837535-mb-asus-b550-amd-s-am4-5a-gen-4x-ddr4-2666-hdmi-dvi-d-sub-m-2-6x-usb-3-2-wifi-bluetooth-micro-atx-gama-media-rgb\/","url":"https:\/\/compuviper.mx\/tienda\/producto\/asus-oem-prime-b550m-a-ac192876837535-mb-asus-b550-amd-s-am4-5a-gen-4x-ddr4-2666-hdmi-dvi-d-sub-m-2-6x-usb-3-2-wifi-bluetooth-micro-atx-gama-media-rgb\/","name":"[ Asus Oem ] &#129351; Prime B550m-a Ac,192876837535 Mb Asus B550 Amd S-am4 5a Gen\/4x Ddr4 2666\/hdmi\/dvi\/d-sub\/m.2\/6x Usb 3.2\/wifi\/bluetooth\/micro Atx\/gama Media\/rgb","isPartOf":{"@id":"https:\/\/compuviper.mx\/tienda\/#website"},"datePublished":"2026-04-25T06:40:12+00:00","dateModified":"2026-04-26T06:00:19+00:00","description":"Compra Prime B550m-a Ac,192876837535 Mb Asus B550 Amd S-am4 5a Gen\/4x Ddr4 2666\/hdmi\/dvi\/d-sub\/m.2\/6x Usb 3.2\/wifi\/bluetooth\/micro Atx\/gama Media\/rgb + Env\u00edo a domicilio + Pago seguro + Garant\u00eda","breadcrumb":{"@id":"https:\/\/compuviper.mx\/tienda\/producto\/asus-oem-prime-b550m-a-ac192876837535-mb-asus-b550-amd-s-am4-5a-gen-4x-ddr4-2666-hdmi-dvi-d-sub-m-2-6x-usb-3-2-wifi-bluetooth-micro-atx-gama-media-rgb\/#breadcrumb"},"inLanguage":"es-MX","potentialAction":[{"@type":"ReadAction","target":["https:\/\/compuviper.mx\/tienda\/producto\/asus-oem-prime-b550m-a-ac192876837535-mb-asus-b550-amd-s-am4-5a-gen-4x-ddr4-2666-hdmi-dvi-d-sub-m-2-6x-usb-3-2-wifi-bluetooth-micro-atx-gama-media-rgb\/"]}]},{"@type":"BreadcrumbList","@id":"https:\/\/compuviper.mx\/tienda\/producto\/asus-oem-prime-b550m-a-ac192876837535-mb-asus-b550-amd-s-am4-5a-gen-4x-ddr4-2666-hdmi-dvi-d-sub-m-2-6x-usb-3-2-wifi-bluetooth-micro-atx-gama-media-rgb\/#breadcrumb","itemListElement":[{"@type":"ListItem","position":1,"name":"Inicio","item":"https:\/\/compuviper.mx\/tienda\/"},{"@type":"ListItem","position":2,"name":"Productos","item":"https:\/\/compuviper.mx\/tienda\/productos\/"},{"@type":"ListItem","position":3,"name":"Tarjeta Madre","item":"https:\/\/compuviper.mx\/tienda\/categoria-producto\/tarjeta-madre\/"},{"@type":"ListItem","position":4,"name":"Socket Am4","item":"https:\/\/compuviper.mx\/tienda\/categoria-producto\/tarjeta-madre\/socket-am4\/"},{"@type":"ListItem","position":5,"name":"Asus Oem Prime B550m-a Ac,192876837535 Mb Asus B550 Amd S-am4 5a Gen\/4x Ddr4 2666\/hdmi\/dvi\/d-sub\/m.2\/6x Usb 3.2\/wifi\/bluetooth\/micro Atx\/gama Media\/rgb"}]},{"@type":"WebSite","@id":"https:\/\/compuviper.mx\/tienda\/#website","url":"https:\/\/compuviper.mx\/tienda\/","name":"Compuviper","description":"Proveedor de Computadoras, Laptops, Servidores, Monitores, Puntos de Venta, Teclados,   Impresoras, T\u00f3ner, C\u00e1maras de Seguridad y m\u00e1s en tu tienda en l\u00ednea","publisher":{"@id":"https:\/\/compuviper.mx\/tienda\/#organization"},"potentialAction":[{"@type":"SearchAction","target":{"@type":"EntryPoint","urlTemplate":"https:\/\/compuviper.mx\/tienda\/?s={search_term_string}"},"query-input":"required name=search_term_string"}],"inLanguage":"es-MX"},{"@type":"Organization","@id":"https:\/\/compuviper.mx\/tienda\/#organization","name":"Compuviper","url":"https:\/\/compuviper.mx\/tienda\/","logo":{"@type":"ImageObject","inLanguage":"es-MX","@id":"https:\/\/compuviper.mx\/tienda\/#\/schema\/logo\/image\/","url":"https:\/\/compuviper.mx\/tienda\/wp-content\/uploads\/2021\/08\/Logo-Compuviper-10.png","contentUrl":"https:\/\/compuviper.mx\/tienda\/wp-content\/uploads\/2021\/08\/Logo-Compuviper-10.png","width":1000,"height":500,"caption":"Compuviper"},"image":{"@id":"https:\/\/compuviper.mx\/tienda\/#\/schema\/logo\/image\/"},"sameAs":["https:\/\/www.facebook.com\/compuviper","https:\/\/www.youtube.com\/channel\/UCf73dERp9Y3cfOq7q8BhLjA?view_as=subscriber"]}]},"product_brand":"Asus Oem","product_price_amount":"1458","product_price_currency":"MXN","og_availability":"instock","product_availability":"instock","product_retailer_item_id":"PRIME B550M-A AC,192876837535","product_condition":"new"},"_links":{"self":[{"href":"https:\/\/compuviper.mx\/tienda\/wp-json\/wp\/v2\/product\/268815"}],"collection":[{"href":"https:\/\/compuviper.mx\/tienda\/wp-json\/wp\/v2\/product"}],"about":[{"href":"https:\/\/compuviper.mx\/tienda\/wp-json\/wp\/v2\/types\/product"}],"replies":[{"embeddable":true,"href":"https:\/\/compuviper.mx\/tienda\/wp-json\/wp\/v2\/comments?post=268815"}],"wp:featuredmedia":[{"embeddable":true,"href":"https:\/\/compuviper.mx\/tienda\/wp-json\/wp\/v2\/media\/268816"}],"wp:attachment":[{"href":"https:\/\/compuviper.mx\/tienda\/wp-json\/wp\/v2\/media?parent=268815"}],"wp:term":[{"taxonomy":"product_cat","embeddable":true,"href":"https:\/\/compuviper.mx\/tienda\/wp-json\/wp\/v2\/product_cat?post=268815"},{"taxonomy":"product_tag","embeddable":true,"href":"https:\/\/compuviper.mx\/tienda\/wp-json\/wp\/v2\/product_tag?post=268815"}],"curies":[{"name":"wp","href":"https:\/\/api.w.org\/{rel}","templated":true}]}}