{"id":268811,"date":"2026-04-16T00:41:53","date_gmt":"2026-04-16T06:41:53","guid":{"rendered":"https:\/\/compuviper.mx\/tienda\/producto\/msi-oem-forge-gk100-combo-ls-kit-de-teclado-y-mouse-forge-gk100-rgb-usb-2-0-espaol\/"},"modified":"2026-04-16T00:41:53","modified_gmt":"2026-04-16T06:41:53","slug":"msi-oem-forge-gk100-combo-ls-kit-de-teclado-y-mouse-forge-gk100-rgb-usb-2-0-espaol","status":"publish","type":"product","link":"https:\/\/compuviper.mx\/tienda\/producto\/msi-oem-forge-gk100-combo-ls-kit-de-teclado-y-mouse-forge-gk100-rgb-usb-2-0-espaol\/","title":{"rendered":"Msi Oem Forge Gk100 Combo Ls Kit De Teclado Y Mouse Forge Gk100 Rgb Usb 2.0 Espa?ol"},"content":{"rendered":"<table class=\"descripcion\">\n<tr>\n<td>Nombre del modelo<\/td>\n<\/tr>\n<tr>\n<td>Combo forja gk100<\/td>\n<\/tr>\n<tr>\n<td>Retroiluminaci\u00f3n del teclado<\/td>\n<\/tr>\n<tr>\n<td>Rgb<\/td>\n<\/tr>\n<tr>\n<td>Tipo de interruptor de teclado<\/td>\n<\/tr>\n<tr>\n<td>Membrana<\/td>\n<\/tr>\n<tr>\n<td>Duraci\u00f3n de las pulsaciones de tecla del teclado<\/td>\n<\/tr>\n<tr>\n<td>10 millones<\/td>\n<\/tr>\n<tr>\n<td>Teclas normales del teclado<\/td>\n<\/tr>\n<tr>\n<td>104 \/ 105 \/ 108 teclas (diferentes seg\u00fan el idioma)<\/td>\n<\/tr>\n<tr>\n<td>Teclado anti-fantasma<\/td>\n<\/tr>\n<tr>\n<td>19 llaves<\/td>\n<\/tr>\n<tr>\n<td>Dimensiones del teclado<\/td>\n<\/tr>\n<tr>\n<td>454 x 186 x 40 mm<\/td>\n<\/tr>\n<tr>\n<td>Sensor de rat\u00f3n<\/td>\n<\/tr>\n<tr>\n<td>\u00f3ptico<\/td>\n<\/tr>\n<tr>\n<td>Luz led para rat\u00f3n<\/td>\n<\/tr>\n<tr>\n<td>Rgb de 6 modos<\/td>\n<\/tr>\n<tr>\n<td>Dpi conmutables con preajustes del rat\u00f3n<\/td>\n<\/tr>\n<tr>\n<td>1000 \/ 1600 \/ 3200 \/ 6400<\/td>\n<\/tr>\n<tr>\n<td>Tipo de interruptor de rat\u00f3n<\/td>\n<\/tr>\n<tr>\n<td>Microinterruptor<\/td>\n<\/tr>\n<tr>\n<td>Durabilidad del interruptor del rat\u00f3n<\/td>\n<\/tr>\n<tr>\n<td>10 millones de clics<\/td>\n<\/tr>\n<tr>\n<td>N\u00famero de botones del mouse<\/td>\n<\/tr>\n<tr>\n<td>7<\/td>\n<\/tr>\n<tr>\n<td>Dimensiones del rat\u00f3n<\/td>\n<\/tr>\n<tr>\n<td>120 x 60 x 40 mm<\/td>\n<\/tr>\n<tr>\n<td>Sistema operativo<\/td>\n<\/tr>\n<tr>\n<td>Windows 10 (y superior)<\/td>\n<\/tr>\n<tr>\n<td>Longitud del cable (teclado\/mouse)<\/td>\n<\/tr>\n<tr>\n<td>1,5 m\/1,5 m<\/td>\n<\/tr>\n<tr>\n<td>Peso (producto\/paquete)<\/td>\n<\/tr>\n<tr>\n<td>864g\/1108g<\/td>\n<\/tr>\n<\/table>\n","protected":false},"excerpt":{"rendered":"<p>La serie forge combina juegos y actividades creativas, ofreciendo a los usuarios una plataforma para crear experiencias personalizadas. Impulsada por msi gear, la serie forge no solo alimenta la creatividad, sino que tambi\u00e9n mejora la jugabilidad, permitiendo a los usuarios dar vida a sus visiones, ya sea en el juego o en el trabajo.A\u00f1os de juego. C\u00f3moda experiencia de tecleo y clic con interruptores duraderos con m\u00e1s de 10 millones de accionamientos.Teclas de acceso r\u00e1pido para un control r\u00e1pido. Toma el control con c\u00f3modas teclas de acceso r\u00e1pido que te permiten cambiar los efectos de iluminaci\u00f3n, los controles multimedia y acceder a los widgets con facilidad.<\/p>\n","protected":false},"featured_media":268812,"comment_status":"open","ping_status":"open","template":"","meta":[],"product_cat":[1712,1711],"product_tag":[2322],"acf":[],"yoast_head":"<!-- This site is optimized with the Yoast SEO plugin v21.7 - https:\/\/yoast.com\/wordpress\/plugins\/seo\/ -->\n<title>[ Msi Oem ] &#129351; Forge Gk100 Combo Ls Kit De Teclado Y Mouse Forge Gk100 Rgb Usb 2.0 Espa\u00f1ol<\/title>\n<meta name=\"description\" content=\"Compra Forge Gk100 Combo Ls Kit De Teclado Y Mouse Forge Gk100 Rgb Usb 2.0 Espa\u00f1ol + Env\u00edo a domicilio + Pago seguro + Garant\u00eda\" \/>\n<meta name=\"robots\" content=\"index, follow, max-snippet:-1, max-image-preview:large, max-video-preview:-1\" \/>\n<link rel=\"canonical\" href=\"https:\/\/compuviper.mx\/tienda\/producto\/msi-oem-forge-gk100-combo-ls-kit-de-teclado-y-mouse-forge-gk100-rgb-usb-2-0-espaol\/\" \/>\n<meta property=\"og:locale\" content=\"es_MX\" \/>\n<meta property=\"og:type\" content=\"article\" \/>\n<meta property=\"og:title\" content=\"[ Msi Oem ] &#129351; Forge Gk100 Combo Ls Kit De Teclado Y Mouse Forge Gk100 Rgb Usb 2.0 Espa\u00f1ol\" \/>\n<meta property=\"og:description\" content=\"Compra Forge Gk100 Combo Ls Kit De Teclado Y Mouse Forge Gk100 Rgb Usb 2.0 Espa\u00f1ol + Env\u00edo a domicilio + Pago seguro + Garant\u00eda\" \/>\n<meta property=\"og:url\" content=\"https:\/\/compuviper.mx\/tienda\/producto\/msi-oem-forge-gk100-combo-ls-kit-de-teclado-y-mouse-forge-gk100-rgb-usb-2-0-espaol\/\" \/>\n<meta property=\"og:site_name\" content=\"Compuviper\" \/>\n<meta property=\"article:publisher\" content=\"https:\/\/www.facebook.com\/compuviper\" \/>\n<meta property=\"og:image\" content=\"https:\/\/compuviper.mx\/tienda\/wp-content\/uploads\/2026\/04\/Kit-de-teclado-y-mouse-forge-gk100-rgb-usb-2.0-espanol.jpg\" \/>\n\t<meta property=\"og:image:width\" content=\"200\" \/>\n\t<meta property=\"og:image:height\" content=\"200\" \/>\n\t<meta property=\"og:image:type\" content=\"image\/jpeg\" \/>\n<meta name=\"twitter:card\" content=\"summary_large_image\" \/>\n<meta name=\"twitter:label1\" content=\"Precio\" \/>\n\t<meta name=\"twitter:data1\" content=\"&#36;303 con IVA\" \/>\n\t<meta name=\"twitter:label2\" content=\"Availability\" \/>\n\t<meta name=\"twitter:data2\" content=\"Out of stock\" \/>\n<script type=\"application\/ld+json\" class=\"yoast-schema-graph\">{\"@context\":\"https:\/\/schema.org\",\"@graph\":[{\"@type\":\"WebPage\",\"@id\":\"https:\/\/compuviper.mx\/tienda\/producto\/msi-oem-forge-gk100-combo-ls-kit-de-teclado-y-mouse-forge-gk100-rgb-usb-2-0-espaol\/\",\"url\":\"https:\/\/compuviper.mx\/tienda\/producto\/msi-oem-forge-gk100-combo-ls-kit-de-teclado-y-mouse-forge-gk100-rgb-usb-2-0-espaol\/\",\"name\":\"[ Msi Oem ] &#129351; Forge Gk100 Combo Ls Kit De Teclado Y Mouse Forge Gk100 Rgb Usb 2.0 Espa\u00f1ol\",\"isPartOf\":{\"@id\":\"https:\/\/compuviper.mx\/tienda\/#website\"},\"datePublished\":\"2026-04-16T06:41:53+00:00\",\"dateModified\":\"2026-04-16T06:41:53+00:00\",\"description\":\"Compra Forge Gk100 Combo Ls Kit De Teclado Y Mouse Forge Gk100 Rgb Usb 2.0 Espa\u00f1ol + Env\u00edo a domicilio + Pago seguro + Garant\u00eda\",\"breadcrumb\":{\"@id\":\"https:\/\/compuviper.mx\/tienda\/producto\/msi-oem-forge-gk100-combo-ls-kit-de-teclado-y-mouse-forge-gk100-rgb-usb-2-0-espaol\/#breadcrumb\"},\"inLanguage\":\"es-MX\",\"potentialAction\":[{\"@type\":\"ReadAction\",\"target\":[\"https:\/\/compuviper.mx\/tienda\/producto\/msi-oem-forge-gk100-combo-ls-kit-de-teclado-y-mouse-forge-gk100-rgb-usb-2-0-espaol\/\"]}]},{\"@type\":\"BreadcrumbList\",\"@id\":\"https:\/\/compuviper.mx\/tienda\/producto\/msi-oem-forge-gk100-combo-ls-kit-de-teclado-y-mouse-forge-gk100-rgb-usb-2-0-espaol\/#breadcrumb\",\"itemListElement\":[{\"@type\":\"ListItem\",\"position\":1,\"name\":\"Inicio\",\"item\":\"https:\/\/compuviper.mx\/tienda\/\"},{\"@type\":\"ListItem\",\"position\":2,\"name\":\"Productos\",\"item\":\"https:\/\/compuviper.mx\/tienda\/productos\/\"},{\"@type\":\"ListItem\",\"position\":3,\"name\":\"Msi Oem Forge Gk100 Combo Ls Kit De Teclado Y Mouse Forge Gk100 Rgb Usb 2.0 Espa?ol\"}]},{\"@type\":\"WebSite\",\"@id\":\"https:\/\/compuviper.mx\/tienda\/#website\",\"url\":\"https:\/\/compuviper.mx\/tienda\/\",\"name\":\"Compuviper\",\"description\":\"Proveedor de Computadoras, Laptops, Servidores, Monitores, Puntos de Venta, Teclados,   Impresoras, T\u00f3ner, C\u00e1maras de Seguridad y m\u00e1s en tu tienda en l\u00ednea\",\"publisher\":{\"@id\":\"https:\/\/compuviper.mx\/tienda\/#organization\"},\"potentialAction\":[{\"@type\":\"SearchAction\",\"target\":{\"@type\":\"EntryPoint\",\"urlTemplate\":\"https:\/\/compuviper.mx\/tienda\/?s={search_term_string}\"},\"query-input\":\"required name=search_term_string\"}],\"inLanguage\":\"es-MX\"},{\"@type\":\"Organization\",\"@id\":\"https:\/\/compuviper.mx\/tienda\/#organization\",\"name\":\"Compuviper\",\"url\":\"https:\/\/compuviper.mx\/tienda\/\",\"logo\":{\"@type\":\"ImageObject\",\"inLanguage\":\"es-MX\",\"@id\":\"https:\/\/compuviper.mx\/tienda\/#\/schema\/logo\/image\/\",\"url\":\"https:\/\/compuviper.mx\/tienda\/wp-content\/uploads\/2021\/08\/Logo-Compuviper-10.png\",\"contentUrl\":\"https:\/\/compuviper.mx\/tienda\/wp-content\/uploads\/2021\/08\/Logo-Compuviper-10.png\",\"width\":1000,\"height\":500,\"caption\":\"Compuviper\"},\"image\":{\"@id\":\"https:\/\/compuviper.mx\/tienda\/#\/schema\/logo\/image\/\"},\"sameAs\":[\"https:\/\/www.facebook.com\/compuviper\",\"https:\/\/www.youtube.com\/channel\/UCf73dERp9Y3cfOq7q8BhLjA?view_as=subscriber\"]}]}<\/script>\n<meta property=\"product:brand\" content=\"Msi Oem\" \/>\n<meta property=\"product:price:amount\" content=\"303\" \/>\n<meta property=\"product:price:currency\" content=\"MXN\" \/>\n<meta property=\"og:availability\" content=\"out of stock\" \/>\n<meta property=\"product:availability\" content=\"out of stock\" \/>\n<meta property=\"product:retailer_item_id\" content=\"FORGE GK100 COMBO LS\" \/>\n<meta property=\"product:condition\" content=\"new\" \/>\n<!-- \/ Yoast SEO plugin. -->","yoast_head_json":{"title":"[ Msi Oem ] &#129351; Forge Gk100 Combo Ls Kit De Teclado Y Mouse Forge Gk100 Rgb Usb 2.0 Espa\u00f1ol","description":"Compra Forge Gk100 Combo Ls Kit De Teclado Y Mouse Forge Gk100 Rgb Usb 2.0 Espa\u00f1ol + Env\u00edo a domicilio + Pago seguro + Garant\u00eda","robots":{"index":"index","follow":"follow","max-snippet":"max-snippet:-1","max-image-preview":"max-image-preview:large","max-video-preview":"max-video-preview:-1"},"canonical":"https:\/\/compuviper.mx\/tienda\/producto\/msi-oem-forge-gk100-combo-ls-kit-de-teclado-y-mouse-forge-gk100-rgb-usb-2-0-espaol\/","og_locale":"es_MX","og_type":"article","og_title":"[ Msi Oem ] &#129351; Forge Gk100 Combo Ls Kit De Teclado Y Mouse Forge Gk100 Rgb Usb 2.0 Espa\u00f1ol","og_description":"Compra Forge Gk100 Combo Ls Kit De Teclado Y Mouse Forge Gk100 Rgb Usb 2.0 Espa\u00f1ol + Env\u00edo a domicilio + Pago seguro + Garant\u00eda","og_url":"https:\/\/compuviper.mx\/tienda\/producto\/msi-oem-forge-gk100-combo-ls-kit-de-teclado-y-mouse-forge-gk100-rgb-usb-2-0-espaol\/","og_site_name":"Compuviper","article_publisher":"https:\/\/www.facebook.com\/compuviper","og_image":[{"width":200,"height":200,"url":"https:\/\/compuviper.mx\/tienda\/wp-content\/uploads\/2026\/04\/Kit-de-teclado-y-mouse-forge-gk100-rgb-usb-2.0-espanol.jpg","type":"image\/jpeg"}],"twitter_card":"summary_large_image","twitter_misc":{"Precio":"&#36;303 con IVA","Availability":"Out of stock"},"schema":{"@context":"https:\/\/schema.org","@graph":[{"@type":"WebPage","@id":"https:\/\/compuviper.mx\/tienda\/producto\/msi-oem-forge-gk100-combo-ls-kit-de-teclado-y-mouse-forge-gk100-rgb-usb-2-0-espaol\/","url":"https:\/\/compuviper.mx\/tienda\/producto\/msi-oem-forge-gk100-combo-ls-kit-de-teclado-y-mouse-forge-gk100-rgb-usb-2-0-espaol\/","name":"[ Msi Oem ] &#129351; Forge Gk100 Combo Ls Kit De Teclado Y Mouse Forge Gk100 Rgb Usb 2.0 Espa\u00f1ol","isPartOf":{"@id":"https:\/\/compuviper.mx\/tienda\/#website"},"datePublished":"2026-04-16T06:41:53+00:00","dateModified":"2026-04-16T06:41:53+00:00","description":"Compra Forge Gk100 Combo Ls Kit De Teclado Y Mouse Forge Gk100 Rgb Usb 2.0 Espa\u00f1ol + Env\u00edo a domicilio + Pago seguro + Garant\u00eda","breadcrumb":{"@id":"https:\/\/compuviper.mx\/tienda\/producto\/msi-oem-forge-gk100-combo-ls-kit-de-teclado-y-mouse-forge-gk100-rgb-usb-2-0-espaol\/#breadcrumb"},"inLanguage":"es-MX","potentialAction":[{"@type":"ReadAction","target":["https:\/\/compuviper.mx\/tienda\/producto\/msi-oem-forge-gk100-combo-ls-kit-de-teclado-y-mouse-forge-gk100-rgb-usb-2-0-espaol\/"]}]},{"@type":"BreadcrumbList","@id":"https:\/\/compuviper.mx\/tienda\/producto\/msi-oem-forge-gk100-combo-ls-kit-de-teclado-y-mouse-forge-gk100-rgb-usb-2-0-espaol\/#breadcrumb","itemListElement":[{"@type":"ListItem","position":1,"name":"Inicio","item":"https:\/\/compuviper.mx\/tienda\/"},{"@type":"ListItem","position":2,"name":"Productos","item":"https:\/\/compuviper.mx\/tienda\/productos\/"},{"@type":"ListItem","position":3,"name":"Msi Oem Forge Gk100 Combo Ls Kit De Teclado Y Mouse Forge Gk100 Rgb Usb 2.0 Espa?ol"}]},{"@type":"WebSite","@id":"https:\/\/compuviper.mx\/tienda\/#website","url":"https:\/\/compuviper.mx\/tienda\/","name":"Compuviper","description":"Proveedor de Computadoras, Laptops, Servidores, Monitores, Puntos de Venta, Teclados,   Impresoras, T\u00f3ner, C\u00e1maras de Seguridad y m\u00e1s en tu tienda en l\u00ednea","publisher":{"@id":"https:\/\/compuviper.mx\/tienda\/#organization"},"potentialAction":[{"@type":"SearchAction","target":{"@type":"EntryPoint","urlTemplate":"https:\/\/compuviper.mx\/tienda\/?s={search_term_string}"},"query-input":"required name=search_term_string"}],"inLanguage":"es-MX"},{"@type":"Organization","@id":"https:\/\/compuviper.mx\/tienda\/#organization","name":"Compuviper","url":"https:\/\/compuviper.mx\/tienda\/","logo":{"@type":"ImageObject","inLanguage":"es-MX","@id":"https:\/\/compuviper.mx\/tienda\/#\/schema\/logo\/image\/","url":"https:\/\/compuviper.mx\/tienda\/wp-content\/uploads\/2021\/08\/Logo-Compuviper-10.png","contentUrl":"https:\/\/compuviper.mx\/tienda\/wp-content\/uploads\/2021\/08\/Logo-Compuviper-10.png","width":1000,"height":500,"caption":"Compuviper"},"image":{"@id":"https:\/\/compuviper.mx\/tienda\/#\/schema\/logo\/image\/"},"sameAs":["https:\/\/www.facebook.com\/compuviper","https:\/\/www.youtube.com\/channel\/UCf73dERp9Y3cfOq7q8BhLjA?view_as=subscriber"]}]},"product_brand":"Msi Oem","product_price_amount":"303","product_price_currency":"MXN","og_availability":"out of stock","product_availability":"out of stock","product_retailer_item_id":"FORGE GK100 COMBO LS","product_condition":"new"},"_links":{"self":[{"href":"https:\/\/compuviper.mx\/tienda\/wp-json\/wp\/v2\/product\/268811"}],"collection":[{"href":"https:\/\/compuviper.mx\/tienda\/wp-json\/wp\/v2\/product"}],"about":[{"href":"https:\/\/compuviper.mx\/tienda\/wp-json\/wp\/v2\/types\/product"}],"replies":[{"embeddable":true,"href":"https:\/\/compuviper.mx\/tienda\/wp-json\/wp\/v2\/comments?post=268811"}],"wp:featuredmedia":[{"embeddable":true,"href":"https:\/\/compuviper.mx\/tienda\/wp-json\/wp\/v2\/media\/268812"}],"wp:attachment":[{"href":"https:\/\/compuviper.mx\/tienda\/wp-json\/wp\/v2\/media?parent=268811"}],"wp:term":[{"taxonomy":"product_cat","embeddable":true,"href":"https:\/\/compuviper.mx\/tienda\/wp-json\/wp\/v2\/product_cat?post=268811"},{"taxonomy":"product_tag","embeddable":true,"href":"https:\/\/compuviper.mx\/tienda\/wp-json\/wp\/v2\/product_tag?post=268811"}],"curies":[{"name":"wp","href":"https:\/\/api.w.org\/{rel}","templated":true}]}}