{"id":268788,"date":"2026-04-18T00:41:24","date_gmt":"2026-04-18T06:41:24","guid":{"rendered":"https:\/\/compuviper.mx\/tienda\/producto\/adata-agammixs70b-1t-cs-unidad-de-estado-solido-ssd-interno-xpg-gammix-s70-blade-1tb-m-2-2280-nvme-pcie-gen-4x4-lect-7400-escrit-6100-mbs-3dnand-pc-laptop-minipc-con-disipador-gamer\/"},"modified":"2026-04-19T00:00:11","modified_gmt":"2026-04-19T06:00:11","slug":"adata-agammixs70b-1t-cs-unidad-de-estado-solido-ssd-interno-xpg-gammix-s70-blade-1tb-m-2-2280-nvme-pcie-gen-4x4-lect-7400-escrit-6100-mbs-3dnand-pc-laptop-minipc-con-disipador-gamer","status":"publish","type":"product","link":"https:\/\/compuviper.mx\/tienda\/producto\/adata-agammixs70b-1t-cs-unidad-de-estado-solido-ssd-interno-xpg-gammix-s70-blade-1tb-m-2-2280-nvme-pcie-gen-4x4-lect-7400-escrit-6100-mbs-3dnand-pc-laptop-minipc-con-disipador-gamer\/","title":{"rendered":"Adata Agammixs70b-1t-cs Unidad De Estado Solido Ssd Interno Xpg Gammix S70 Blade 1tb M.2 2280 Nvme Pcie Gen 4&#215;4 Lect.7400 Escrit. 6100 Mbs 3dnand Pc Laptop Minipc Con Disipador Gamer ()"},"content":{"rendered":"<table class=\"descripcion\">\n<tr>\n<td>Capacidad:1tb<\/td>\n<\/tr>\n<tr>\n<td>Factor de forma: m.2 2280<\/td>\n<\/tr>\n<tr>\n<td>Flash nand: 3d nand<\/td>\n<\/tr>\n<tr>\n<td>Controlador innogrit ig5236<\/td>\n<\/tr>\n<tr>\n<td>Dimensiones (la x an x al): 80 x 22 x 4,3 mm\/3,15 x 0,87 x 0,17 pulgadas (con disipador de calor),<\/td>\n<\/tr>\n<tr>\n<td> 80 x 22 x 3,3 mm\/3,15 x 0,87 x 0,12 pulgadas (sin disipador de calor)<\/td>\n<\/tr>\n<tr>\n<td>Peso: 10 g\/0,35 oz (con disipador de calor),<\/td>\n<\/tr>\n<tr>\n<td>            7 g\/0,24 oz (sin disipador de calor)<\/td>\n<\/tr>\n<tr>\n<td>Interfaz: pcie gen4x4<\/td>\n<\/tr>\n<tr>\n<td>Lectura secuencial (m\u00e1x*): hasta 7400 mb \/ s (pc \/ computador port\u00e1til),<\/td>\n<\/tr>\n<tr>\n<td> hasta 6100 mb \/ s (ps5)<\/td>\n<\/tr>\n<tr>\n<td>Escritura secuencial (m\u00e1x*): hasta 6800mb\/s<\/td>\n<\/tr>\n<tr>\n<td>4 kb de iops de lectura aleatoria (m\u00e1x.*): hasta 750k<\/td>\n<\/tr>\n<tr>\n<td>4 kb de iops de escritura aleatoria (m\u00e1x.*): hasta 750k<\/td>\n<\/tr>\n<tr>\n<td>Temperatura de operaci\u00f3n 0\u00b0c a 70\u00b0c<\/td>\n<\/tr>\n<tr>\n<td>Temperatura de almacenamiento -40\u00b0c a 85\u00b0c<\/td>\n<\/tr>\n<tr>\n<td>Resistencia a golpes 1500g\/0,5ms<\/td>\n<\/tr>\n<tr>\n<td>Mtbf: 2.000.000 horas<\/td>\n<\/tr>\n<tr>\n<td>Terabytes escritos (tbw) (capacidad m\u00e1xima*) 1480tb<\/td>\n<\/tr>\n<tr>\n<td>Garant\u00eda : 5 a\u00f1os<\/td>\n<\/tr>\n<tr>\n<td>Nota<\/td>\n<\/tr>\n<tr>\n<td>1. este producto es compatible con las plataformas intel y amd m\u00e1s recientes y debe utilizarse con una placa base que admita pcie 4.0 para lograr un rendimiento \u00f3ptimo. el rendimiento actual puede variar en funci\u00f3n del hardware y las configuraciones de software.<\/td>\n<\/tr>\n<tr>\n<td>2. este producto es compatible con la versi\u00f3n anterior pcie 3.0. si se utiliza una placa base pcie de tercera generaci\u00f3n, este producto podr\u00e1 alcanzar velocidades de lectura y escritura secuenciales de 3400\/3000 mb por segundo.<\/td>\n<\/tr>\n<tr>\n<td>3. configuraci\u00f3n del sistema de prueba: placa base motherboard asrock x570 taichi, cpu amd ryzen 7 5800x, crystaldiskmark 7.0.0<\/td>\n<\/tr>\n<tr>\n<td>4. la unidad de estado s\u00f3lido se basa en el per\u00edodo de garant\u00eda o tbw.<\/td>\n<\/tr>\n<tr>\n<td>Visite www.adata.com\/es\/support\/xpg?tab=warranty and warranty=warrantyservice para m\u00e1s detalles.<\/td>\n<\/tr>\n<\/table>\n","protected":false},"excerpt":{"rendered":"<p>Unidad de estado s\u00f3lido xpg gammix s70 blade con la interfaz pcie gen4 m\u00e1s reciente, gammix s70 le ayudar\u00e1 a dominar la competencia con un rendimiento de lectura\/escritura secuencial de hasta 7400\/6800 mb por segundo. Compatible con las versiones anteriores, como pcie 3.0 con un factor de forma m.2 2280 es perfecto para equipos port\u00e1tiles y dispositivos m\u00e1s delgados, ya que ofrece el rendimiento que necesita independientemente de las limitaciones de espacio. Con un robusto disipador de calor de aluminio resistente a altas temperaturas, la unidad gammix s70 blade elimina el calor de manera eficiente. S70 admite la tecnolog\u00eda de c\u00f3digo de correcci\u00f3n de errores ldpc para detectar y corregir una amplia gama de errores de datos para conseguir transmisiones de datos precisas.<\/p>\n","protected":false},"featured_media":268789,"comment_status":"open","ping_status":"open","template":"","meta":[],"product_cat":[1703,1708],"product_tag":[1539],"acf":[],"yoast_head":"<!-- This site is optimized with the Yoast SEO plugin v21.7 - https:\/\/yoast.com\/wordpress\/plugins\/seo\/ -->\n<title>[ Adata ] &#129351; Agammixs70b-1t-cs Unidad De Estado Solido Ssd Interno Xpg Gammix S70 Blade 1tb M.2 2280 Nvme Pcie Gen 4x4 Lect.7400 Escrit. 6100 Mbs 3dnand Pc Laptop Minipc Con Disipador Gamer ()<\/title>\n<meta name=\"description\" content=\"Compra Agammixs70b-1t-cs Unidad De Estado Solido Ssd Interno Xpg Gammix S70 Blade 1tb M.2 2280 Nvme Pcie Gen 4x4 Lect.7400 Escrit. 6100 Mbs 3dnand Pc Laptop Minipc Con Disipador Gamer () + Env\u00edo a domicilio + Pago seguro + Garant\u00eda\" \/>\n<meta name=\"robots\" content=\"index, follow, max-snippet:-1, max-image-preview:large, max-video-preview:-1\" \/>\n<link rel=\"canonical\" href=\"https:\/\/compuviper.mx\/tienda\/producto\/adata-agammixs70b-1t-cs-unidad-de-estado-solido-ssd-interno-xpg-gammix-s70-blade-1tb-m-2-2280-nvme-pcie-gen-4x4-lect-7400-escrit-6100-mbs-3dnand-pc-laptop-minipc-con-disipador-gamer\/\" \/>\n<meta property=\"og:locale\" content=\"es_MX\" \/>\n<meta property=\"og:type\" content=\"article\" \/>\n<meta property=\"og:title\" content=\"[ Adata ] &#129351; Agammixs70b-1t-cs Unidad De Estado Solido Ssd Interno Xpg Gammix S70 Blade 1tb M.2 2280 Nvme Pcie Gen 4x4 Lect.7400 Escrit. 6100 Mbs 3dnand Pc Laptop Minipc Con Disipador Gamer ()\" \/>\n<meta property=\"og:description\" content=\"Compra Agammixs70b-1t-cs Unidad De Estado Solido Ssd Interno Xpg Gammix S70 Blade 1tb M.2 2280 Nvme Pcie Gen 4x4 Lect.7400 Escrit. 6100 Mbs 3dnand Pc Laptop Minipc Con Disipador Gamer () + Env\u00edo a domicilio + Pago seguro + Garant\u00eda\" \/>\n<meta property=\"og:url\" content=\"https:\/\/compuviper.mx\/tienda\/producto\/adata-agammixs70b-1t-cs-unidad-de-estado-solido-ssd-interno-xpg-gammix-s70-blade-1tb-m-2-2280-nvme-pcie-gen-4x4-lect-7400-escrit-6100-mbs-3dnand-pc-laptop-minipc-con-disipador-gamer\/\" \/>\n<meta property=\"og:site_name\" content=\"Compuviper\" \/>\n<meta property=\"article:publisher\" content=\"https:\/\/www.facebook.com\/compuviper\" \/>\n<meta property=\"article:modified_time\" content=\"2026-04-19T06:00:11+00:00\" \/>\n<meta property=\"og:image\" content=\"https:\/\/compuviper.mx\/tienda\/wp-content\/uploads\/2026\/04\/Unidad-de-estado-solido-ssd-interno-xpg-gammix-s70-blade-1tb-m.2-2280-nvme-pcie-gen-4x4-lect.7400-escrit.-6100-mbs-3dnand-pc-laptop-minipc-con-disipador-gamer-agammixs70b-1t-cs.jpg\" \/>\n\t<meta property=\"og:image:width\" content=\"200\" \/>\n\t<meta property=\"og:image:height\" content=\"200\" \/>\n\t<meta property=\"og:image:type\" content=\"image\/jpeg\" \/>\n<meta name=\"twitter:card\" content=\"summary_large_image\" \/>\n<meta name=\"twitter:label1\" content=\"Precio\" \/>\n\t<meta name=\"twitter:data1\" content=\"&#36;3,303 con IVA\" \/>\n\t<meta name=\"twitter:label2\" content=\"Availability\" \/>\n\t<meta name=\"twitter:data2\" content=\"Out of stock\" \/>\n<script type=\"application\/ld+json\" class=\"yoast-schema-graph\">{\"@context\":\"https:\/\/schema.org\",\"@graph\":[{\"@type\":\"WebPage\",\"@id\":\"https:\/\/compuviper.mx\/tienda\/producto\/adata-agammixs70b-1t-cs-unidad-de-estado-solido-ssd-interno-xpg-gammix-s70-blade-1tb-m-2-2280-nvme-pcie-gen-4x4-lect-7400-escrit-6100-mbs-3dnand-pc-laptop-minipc-con-disipador-gamer\/\",\"url\":\"https:\/\/compuviper.mx\/tienda\/producto\/adata-agammixs70b-1t-cs-unidad-de-estado-solido-ssd-interno-xpg-gammix-s70-blade-1tb-m-2-2280-nvme-pcie-gen-4x4-lect-7400-escrit-6100-mbs-3dnand-pc-laptop-minipc-con-disipador-gamer\/\",\"name\":\"[ Adata ] &#129351; Agammixs70b-1t-cs Unidad De Estado Solido Ssd Interno Xpg Gammix S70 Blade 1tb M.2 2280 Nvme Pcie Gen 4x4 Lect.7400 Escrit. 6100 Mbs 3dnand Pc Laptop Minipc Con Disipador Gamer ()\",\"isPartOf\":{\"@id\":\"https:\/\/compuviper.mx\/tienda\/#website\"},\"datePublished\":\"2026-04-18T06:41:24+00:00\",\"dateModified\":\"2026-04-19T06:00:11+00:00\",\"description\":\"Compra Agammixs70b-1t-cs Unidad De Estado Solido Ssd Interno Xpg Gammix S70 Blade 1tb M.2 2280 Nvme Pcie Gen 4x4 Lect.7400 Escrit. 6100 Mbs 3dnand Pc Laptop Minipc Con Disipador Gamer () + Env\u00edo a domicilio + Pago seguro + Garant\u00eda\",\"breadcrumb\":{\"@id\":\"https:\/\/compuviper.mx\/tienda\/producto\/adata-agammixs70b-1t-cs-unidad-de-estado-solido-ssd-interno-xpg-gammix-s70-blade-1tb-m-2-2280-nvme-pcie-gen-4x4-lect-7400-escrit-6100-mbs-3dnand-pc-laptop-minipc-con-disipador-gamer\/#breadcrumb\"},\"inLanguage\":\"es-MX\",\"potentialAction\":[{\"@type\":\"ReadAction\",\"target\":[\"https:\/\/compuviper.mx\/tienda\/producto\/adata-agammixs70b-1t-cs-unidad-de-estado-solido-ssd-interno-xpg-gammix-s70-blade-1tb-m-2-2280-nvme-pcie-gen-4x4-lect-7400-escrit-6100-mbs-3dnand-pc-laptop-minipc-con-disipador-gamer\/\"]}]},{\"@type\":\"BreadcrumbList\",\"@id\":\"https:\/\/compuviper.mx\/tienda\/producto\/adata-agammixs70b-1t-cs-unidad-de-estado-solido-ssd-interno-xpg-gammix-s70-blade-1tb-m-2-2280-nvme-pcie-gen-4x4-lect-7400-escrit-6100-mbs-3dnand-pc-laptop-minipc-con-disipador-gamer\/#breadcrumb\",\"itemListElement\":[{\"@type\":\"ListItem\",\"position\":1,\"name\":\"Inicio\",\"item\":\"https:\/\/compuviper.mx\/tienda\/\"},{\"@type\":\"ListItem\",\"position\":2,\"name\":\"Productos\",\"item\":\"https:\/\/compuviper.mx\/tienda\/productos\/\"},{\"@type\":\"ListItem\",\"position\":3,\"name\":\"Discos Duros\",\"item\":\"https:\/\/compuviper.mx\/tienda\/categoria-producto\/discos-duros\/\"},{\"@type\":\"ListItem\",\"position\":4,\"name\":\"Unidad De Estado Solido\",\"item\":\"https:\/\/compuviper.mx\/tienda\/categoria-producto\/discos-duros\/unidad-de-estado-solido\/\"},{\"@type\":\"ListItem\",\"position\":5,\"name\":\"Adata Agammixs70b-1t-cs Unidad De Estado Solido Ssd Interno Xpg Gammix S70 Blade 1tb M.2 2280 Nvme Pcie Gen 4&#215;4 Lect.7400 Escrit. 6100 Mbs 3dnand Pc Laptop Minipc Con Disipador Gamer ()\"}]},{\"@type\":\"WebSite\",\"@id\":\"https:\/\/compuviper.mx\/tienda\/#website\",\"url\":\"https:\/\/compuviper.mx\/tienda\/\",\"name\":\"Compuviper\",\"description\":\"Proveedor de Computadoras, Laptops, Servidores, Monitores, Puntos de Venta, Teclados,   Impresoras, T\u00f3ner, C\u00e1maras de Seguridad y m\u00e1s en tu tienda en l\u00ednea\",\"publisher\":{\"@id\":\"https:\/\/compuviper.mx\/tienda\/#organization\"},\"potentialAction\":[{\"@type\":\"SearchAction\",\"target\":{\"@type\":\"EntryPoint\",\"urlTemplate\":\"https:\/\/compuviper.mx\/tienda\/?s={search_term_string}\"},\"query-input\":\"required name=search_term_string\"}],\"inLanguage\":\"es-MX\"},{\"@type\":\"Organization\",\"@id\":\"https:\/\/compuviper.mx\/tienda\/#organization\",\"name\":\"Compuviper\",\"url\":\"https:\/\/compuviper.mx\/tienda\/\",\"logo\":{\"@type\":\"ImageObject\",\"inLanguage\":\"es-MX\",\"@id\":\"https:\/\/compuviper.mx\/tienda\/#\/schema\/logo\/image\/\",\"url\":\"https:\/\/compuviper.mx\/tienda\/wp-content\/uploads\/2021\/08\/Logo-Compuviper-10.png\",\"contentUrl\":\"https:\/\/compuviper.mx\/tienda\/wp-content\/uploads\/2021\/08\/Logo-Compuviper-10.png\",\"width\":1000,\"height\":500,\"caption\":\"Compuviper\"},\"image\":{\"@id\":\"https:\/\/compuviper.mx\/tienda\/#\/schema\/logo\/image\/\"},\"sameAs\":[\"https:\/\/www.facebook.com\/compuviper\",\"https:\/\/www.youtube.com\/channel\/UCf73dERp9Y3cfOq7q8BhLjA?view_as=subscriber\"]}]}<\/script>\n<meta property=\"product:brand\" content=\"ADATA\" \/>\n<meta property=\"product:price:amount\" content=\"3303\" \/>\n<meta property=\"product:price:currency\" content=\"MXN\" \/>\n<meta property=\"og:availability\" content=\"out of stock\" \/>\n<meta property=\"product:availability\" content=\"out of stock\" \/>\n<meta property=\"product:retailer_item_id\" content=\"AGAMMIXS70B-1T-CS\" \/>\n<meta property=\"product:condition\" content=\"new\" \/>\n<!-- \/ Yoast SEO plugin. -->","yoast_head_json":{"title":"[ Adata ] &#129351; Agammixs70b-1t-cs Unidad De Estado Solido Ssd Interno Xpg Gammix S70 Blade 1tb M.2 2280 Nvme Pcie Gen 4x4 Lect.7400 Escrit. 6100 Mbs 3dnand Pc Laptop Minipc Con Disipador Gamer ()","description":"Compra Agammixs70b-1t-cs Unidad De Estado Solido Ssd Interno Xpg Gammix S70 Blade 1tb M.2 2280 Nvme Pcie Gen 4x4 Lect.7400 Escrit. 6100 Mbs 3dnand Pc Laptop Minipc Con Disipador Gamer () + Env\u00edo a domicilio + Pago seguro + Garant\u00eda","robots":{"index":"index","follow":"follow","max-snippet":"max-snippet:-1","max-image-preview":"max-image-preview:large","max-video-preview":"max-video-preview:-1"},"canonical":"https:\/\/compuviper.mx\/tienda\/producto\/adata-agammixs70b-1t-cs-unidad-de-estado-solido-ssd-interno-xpg-gammix-s70-blade-1tb-m-2-2280-nvme-pcie-gen-4x4-lect-7400-escrit-6100-mbs-3dnand-pc-laptop-minipc-con-disipador-gamer\/","og_locale":"es_MX","og_type":"article","og_title":"[ Adata ] &#129351; Agammixs70b-1t-cs Unidad De Estado Solido Ssd Interno Xpg Gammix S70 Blade 1tb M.2 2280 Nvme Pcie Gen 4x4 Lect.7400 Escrit. 6100 Mbs 3dnand Pc Laptop Minipc Con Disipador Gamer ()","og_description":"Compra Agammixs70b-1t-cs Unidad De Estado Solido Ssd Interno Xpg Gammix S70 Blade 1tb M.2 2280 Nvme Pcie Gen 4x4 Lect.7400 Escrit. 6100 Mbs 3dnand Pc Laptop Minipc Con Disipador Gamer () + Env\u00edo a domicilio + Pago seguro + Garant\u00eda","og_url":"https:\/\/compuviper.mx\/tienda\/producto\/adata-agammixs70b-1t-cs-unidad-de-estado-solido-ssd-interno-xpg-gammix-s70-blade-1tb-m-2-2280-nvme-pcie-gen-4x4-lect-7400-escrit-6100-mbs-3dnand-pc-laptop-minipc-con-disipador-gamer\/","og_site_name":"Compuviper","article_publisher":"https:\/\/www.facebook.com\/compuviper","article_modified_time":"2026-04-19T06:00:11+00:00","og_image":[{"width":200,"height":200,"url":"https:\/\/compuviper.mx\/tienda\/wp-content\/uploads\/2026\/04\/Unidad-de-estado-solido-ssd-interno-xpg-gammix-s70-blade-1tb-m.2-2280-nvme-pcie-gen-4x4-lect.7400-escrit.-6100-mbs-3dnand-pc-laptop-minipc-con-disipador-gamer-agammixs70b-1t-cs.jpg","type":"image\/jpeg"}],"twitter_card":"summary_large_image","twitter_misc":{"Precio":"&#36;3,303 con IVA","Availability":"Out of stock"},"schema":{"@context":"https:\/\/schema.org","@graph":[{"@type":"WebPage","@id":"https:\/\/compuviper.mx\/tienda\/producto\/adata-agammixs70b-1t-cs-unidad-de-estado-solido-ssd-interno-xpg-gammix-s70-blade-1tb-m-2-2280-nvme-pcie-gen-4x4-lect-7400-escrit-6100-mbs-3dnand-pc-laptop-minipc-con-disipador-gamer\/","url":"https:\/\/compuviper.mx\/tienda\/producto\/adata-agammixs70b-1t-cs-unidad-de-estado-solido-ssd-interno-xpg-gammix-s70-blade-1tb-m-2-2280-nvme-pcie-gen-4x4-lect-7400-escrit-6100-mbs-3dnand-pc-laptop-minipc-con-disipador-gamer\/","name":"[ Adata ] &#129351; Agammixs70b-1t-cs Unidad De Estado Solido Ssd Interno Xpg Gammix S70 Blade 1tb M.2 2280 Nvme Pcie Gen 4x4 Lect.7400 Escrit. 6100 Mbs 3dnand Pc Laptop Minipc Con Disipador Gamer ()","isPartOf":{"@id":"https:\/\/compuviper.mx\/tienda\/#website"},"datePublished":"2026-04-18T06:41:24+00:00","dateModified":"2026-04-19T06:00:11+00:00","description":"Compra Agammixs70b-1t-cs Unidad De Estado Solido Ssd Interno Xpg Gammix S70 Blade 1tb M.2 2280 Nvme Pcie Gen 4x4 Lect.7400 Escrit. 6100 Mbs 3dnand Pc Laptop Minipc Con Disipador Gamer () + Env\u00edo a domicilio + Pago seguro + Garant\u00eda","breadcrumb":{"@id":"https:\/\/compuviper.mx\/tienda\/producto\/adata-agammixs70b-1t-cs-unidad-de-estado-solido-ssd-interno-xpg-gammix-s70-blade-1tb-m-2-2280-nvme-pcie-gen-4x4-lect-7400-escrit-6100-mbs-3dnand-pc-laptop-minipc-con-disipador-gamer\/#breadcrumb"},"inLanguage":"es-MX","potentialAction":[{"@type":"ReadAction","target":["https:\/\/compuviper.mx\/tienda\/producto\/adata-agammixs70b-1t-cs-unidad-de-estado-solido-ssd-interno-xpg-gammix-s70-blade-1tb-m-2-2280-nvme-pcie-gen-4x4-lect-7400-escrit-6100-mbs-3dnand-pc-laptop-minipc-con-disipador-gamer\/"]}]},{"@type":"BreadcrumbList","@id":"https:\/\/compuviper.mx\/tienda\/producto\/adata-agammixs70b-1t-cs-unidad-de-estado-solido-ssd-interno-xpg-gammix-s70-blade-1tb-m-2-2280-nvme-pcie-gen-4x4-lect-7400-escrit-6100-mbs-3dnand-pc-laptop-minipc-con-disipador-gamer\/#breadcrumb","itemListElement":[{"@type":"ListItem","position":1,"name":"Inicio","item":"https:\/\/compuviper.mx\/tienda\/"},{"@type":"ListItem","position":2,"name":"Productos","item":"https:\/\/compuviper.mx\/tienda\/productos\/"},{"@type":"ListItem","position":3,"name":"Discos Duros","item":"https:\/\/compuviper.mx\/tienda\/categoria-producto\/discos-duros\/"},{"@type":"ListItem","position":4,"name":"Unidad De Estado Solido","item":"https:\/\/compuviper.mx\/tienda\/categoria-producto\/discos-duros\/unidad-de-estado-solido\/"},{"@type":"ListItem","position":5,"name":"Adata Agammixs70b-1t-cs Unidad De Estado Solido Ssd Interno Xpg Gammix S70 Blade 1tb M.2 2280 Nvme Pcie Gen 4&#215;4 Lect.7400 Escrit. 6100 Mbs 3dnand Pc Laptop Minipc Con Disipador Gamer ()"}]},{"@type":"WebSite","@id":"https:\/\/compuviper.mx\/tienda\/#website","url":"https:\/\/compuviper.mx\/tienda\/","name":"Compuviper","description":"Proveedor de Computadoras, Laptops, Servidores, Monitores, Puntos de Venta, Teclados,   Impresoras, T\u00f3ner, C\u00e1maras de Seguridad y m\u00e1s en tu tienda en l\u00ednea","publisher":{"@id":"https:\/\/compuviper.mx\/tienda\/#organization"},"potentialAction":[{"@type":"SearchAction","target":{"@type":"EntryPoint","urlTemplate":"https:\/\/compuviper.mx\/tienda\/?s={search_term_string}"},"query-input":"required name=search_term_string"}],"inLanguage":"es-MX"},{"@type":"Organization","@id":"https:\/\/compuviper.mx\/tienda\/#organization","name":"Compuviper","url":"https:\/\/compuviper.mx\/tienda\/","logo":{"@type":"ImageObject","inLanguage":"es-MX","@id":"https:\/\/compuviper.mx\/tienda\/#\/schema\/logo\/image\/","url":"https:\/\/compuviper.mx\/tienda\/wp-content\/uploads\/2021\/08\/Logo-Compuviper-10.png","contentUrl":"https:\/\/compuviper.mx\/tienda\/wp-content\/uploads\/2021\/08\/Logo-Compuviper-10.png","width":1000,"height":500,"caption":"Compuviper"},"image":{"@id":"https:\/\/compuviper.mx\/tienda\/#\/schema\/logo\/image\/"},"sameAs":["https:\/\/www.facebook.com\/compuviper","https:\/\/www.youtube.com\/channel\/UCf73dERp9Y3cfOq7q8BhLjA?view_as=subscriber"]}]},"product_brand":"ADATA","product_price_amount":"3303","product_price_currency":"MXN","og_availability":"out of stock","product_availability":"out of stock","product_retailer_item_id":"AGAMMIXS70B-1T-CS","product_condition":"new"},"_links":{"self":[{"href":"https:\/\/compuviper.mx\/tienda\/wp-json\/wp\/v2\/product\/268788"}],"collection":[{"href":"https:\/\/compuviper.mx\/tienda\/wp-json\/wp\/v2\/product"}],"about":[{"href":"https:\/\/compuviper.mx\/tienda\/wp-json\/wp\/v2\/types\/product"}],"replies":[{"embeddable":true,"href":"https:\/\/compuviper.mx\/tienda\/wp-json\/wp\/v2\/comments?post=268788"}],"wp:featuredmedia":[{"embeddable":true,"href":"https:\/\/compuviper.mx\/tienda\/wp-json\/wp\/v2\/media\/268789"}],"wp:attachment":[{"href":"https:\/\/compuviper.mx\/tienda\/wp-json\/wp\/v2\/media?parent=268788"}],"wp:term":[{"taxonomy":"product_cat","embeddable":true,"href":"https:\/\/compuviper.mx\/tienda\/wp-json\/wp\/v2\/product_cat?post=268788"},{"taxonomy":"product_tag","embeddable":true,"href":"https:\/\/compuviper.mx\/tienda\/wp-json\/wp\/v2\/product_tag?post=268788"}],"curies":[{"name":"wp","href":"https:\/\/api.w.org\/{rel}","templated":true}]}}