{"id":268753,"date":"2026-04-21T01:25:23","date_gmt":"2026-04-21T07:25:23","guid":{"rendered":"https:\/\/compuviper.mx\/tienda\/producto\/bob-esponja-bobt1-tableta-10-1-con-case-azul-a333-pentacore-4gb-ram-64gb-doble-camara-wifi-bluetooth-6000mah-android-15\/"},"modified":"2026-04-21T01:25:23","modified_gmt":"2026-04-21T07:25:23","slug":"bob-esponja-bobt1-tableta-10-1-con-case-azul-a333-pentacore-4gb-ram-64gb-doble-camara-wifi-bluetooth-6000mah-android-15","status":"publish","type":"product","link":"https:\/\/compuviper.mx\/tienda\/producto\/bob-esponja-bobt1-tableta-10-1-con-case-azul-a333-pentacore-4gb-ram-64gb-doble-camara-wifi-bluetooth-6000mah-android-15\/","title":{"rendered":"Bob Esponja Bobt1 Tableta  10.1 Con Case Azul \/ A333 Pentacore\/ 4gb Ram\/ 64gb \/ Doble Camara\/ Wifi\/ Bluetooth\/6000mah \/ Android 15"},"content":{"rendered":"<table class=\"descripcion\">\n<tr>\n<td>Tableta de bob esponja<\/td>\n<\/tr>\n<tr>\n<td>Procesador pentacore a333 1.8ghz<\/td>\n<\/tr>\n<tr>\n<td>Pantalla 10.1 pulgadas ips<\/td>\n<\/tr>\n<tr>\n<td>Con protector de silicon<\/td>\n<\/tr>\n<tr>\n<td>Multitouch<\/td>\n<\/tr>\n<tr>\n<td>Resolucin 800&#215;1280<\/td>\n<\/tr>\n<tr>\n<td>Memoria ram 4gb<\/td>\n<\/tr>\n<tr>\n<td>Memoria almacenamiento 64gb<\/td>\n<\/tr>\n<tr>\n<td>Slot de memoria tf hasta 256gb<\/td>\n<\/tr>\n<tr>\n<td>C\u00e1mara frontal 2mp<\/td>\n<\/tr>\n<tr>\n<td>C\u00e1mara trasera 5mp<\/td>\n<\/tr>\n<tr>\n<td>Flash<\/td>\n<\/tr>\n<tr>\n<td>1 audio jack 3.5mm<\/td>\n<\/tr>\n<tr>\n<td>Batera de 6000mah<\/td>\n<\/tr>\n<tr>\n<td>Bluetooth 5.0<\/td>\n<\/tr>\n<tr>\n<td>Wi-fi 802.11 b\/g\/n<\/td>\n<\/tr>\n<tr>\n<td>Android 15<\/td>\n<\/tr>\n<\/table>\n","protected":false},"excerpt":{"rendered":"<p>Tableta de bob esponja Procesador pentacore a333 1.8ghz Pantalla 10.1 pulgadas ips Con protector de silicon Multitouch Resolucin 800&#215;1280 Memoria ram 4gb Memoria almacenamiento 64gb Slot de memoria tf hasta 256gb C\u00e1mara frontal 2mp C\u00e1mara trasera 5mp Flash 1 audio jack 3.5mm Batera de 6000mah Bluetooth 5.0 Wi-fi 802.11 b\/g\/n Android 15<\/p>\n","protected":false},"featured_media":0,"comment_status":"open","ping_status":"open","template":"","meta":[],"product_cat":[1763,1758],"product_tag":[2327],"acf":[],"yoast_head":"<!-- This site is optimized with the Yoast SEO plugin v21.7 - https:\/\/yoast.com\/wordpress\/plugins\/seo\/ -->\n<title>[ Bob Esponja ] &#129351; Bobt1 Tableta 10.1 Con Case Azul \/ A333 Pentacore\/ 4gb Ram\/ 64gb \/ Doble Camara\/ Wifi\/ Bluetooth\/6000mah \/ Android 15<\/title>\n<meta name=\"description\" content=\"Compra Bobt1 Tableta 10.1 Con Case Azul \/ A333 Pentacore\/ 4gb Ram\/ 64gb \/ Doble Camara\/ Wifi\/ Bluetooth\/6000mah \/ Android 15 + Env\u00edo a domicilio + Pago seguro + Garant\u00eda\" \/>\n<meta name=\"robots\" content=\"index, follow, max-snippet:-1, max-image-preview:large, max-video-preview:-1\" \/>\n<link rel=\"canonical\" href=\"https:\/\/compuviper.mx\/tienda\/producto\/bob-esponja-bobt1-tableta-10-1-con-case-azul-a333-pentacore-4gb-ram-64gb-doble-camara-wifi-bluetooth-6000mah-android-15\/\" \/>\n<meta property=\"og:locale\" content=\"es_MX\" \/>\n<meta property=\"og:type\" content=\"article\" \/>\n<meta property=\"og:title\" content=\"[ Bob Esponja ] &#129351; Bobt1 Tableta 10.1 Con Case Azul \/ A333 Pentacore\/ 4gb Ram\/ 64gb \/ Doble Camara\/ Wifi\/ Bluetooth\/6000mah \/ Android 15\" \/>\n<meta property=\"og:description\" content=\"Compra Bobt1 Tableta 10.1 Con Case Azul \/ A333 Pentacore\/ 4gb Ram\/ 64gb \/ Doble Camara\/ Wifi\/ Bluetooth\/6000mah \/ Android 15 + Env\u00edo a domicilio + Pago seguro + Garant\u00eda\" \/>\n<meta property=\"og:url\" content=\"https:\/\/compuviper.mx\/tienda\/producto\/bob-esponja-bobt1-tableta-10-1-con-case-azul-a333-pentacore-4gb-ram-64gb-doble-camara-wifi-bluetooth-6000mah-android-15\/\" \/>\n<meta property=\"og:site_name\" content=\"Compuviper\" \/>\n<meta property=\"article:publisher\" content=\"https:\/\/www.facebook.com\/compuviper\" \/>\n<meta name=\"twitter:card\" content=\"summary_large_image\" \/>\n<meta name=\"twitter:label1\" content=\"Precio\" \/>\n\t<meta name=\"twitter:data1\" content=\"&#36;1,499 con IVA\" \/>\n\t<meta name=\"twitter:label2\" content=\"Availability\" \/>\n\t<meta name=\"twitter:data2\" content=\"In stock\" \/>\n<script type=\"application\/ld+json\" class=\"yoast-schema-graph\">{\"@context\":\"https:\/\/schema.org\",\"@graph\":[{\"@type\":\"WebPage\",\"@id\":\"https:\/\/compuviper.mx\/tienda\/producto\/bob-esponja-bobt1-tableta-10-1-con-case-azul-a333-pentacore-4gb-ram-64gb-doble-camara-wifi-bluetooth-6000mah-android-15\/\",\"url\":\"https:\/\/compuviper.mx\/tienda\/producto\/bob-esponja-bobt1-tableta-10-1-con-case-azul-a333-pentacore-4gb-ram-64gb-doble-camara-wifi-bluetooth-6000mah-android-15\/\",\"name\":\"[ Bob Esponja ] &#129351; Bobt1 Tableta 10.1 Con Case Azul \/ A333 Pentacore\/ 4gb Ram\/ 64gb \/ Doble Camara\/ Wifi\/ Bluetooth\/6000mah \/ Android 15\",\"isPartOf\":{\"@id\":\"https:\/\/compuviper.mx\/tienda\/#website\"},\"datePublished\":\"2026-04-21T07:25:23+00:00\",\"dateModified\":\"2026-04-21T07:25:23+00:00\",\"description\":\"Compra Bobt1 Tableta 10.1 Con Case Azul \/ A333 Pentacore\/ 4gb Ram\/ 64gb \/ Doble Camara\/ Wifi\/ Bluetooth\/6000mah \/ Android 15 + Env\u00edo a domicilio + Pago seguro + Garant\u00eda\",\"breadcrumb\":{\"@id\":\"https:\/\/compuviper.mx\/tienda\/producto\/bob-esponja-bobt1-tableta-10-1-con-case-azul-a333-pentacore-4gb-ram-64gb-doble-camara-wifi-bluetooth-6000mah-android-15\/#breadcrumb\"},\"inLanguage\":\"es-MX\",\"potentialAction\":[{\"@type\":\"ReadAction\",\"target\":[\"https:\/\/compuviper.mx\/tienda\/producto\/bob-esponja-bobt1-tableta-10-1-con-case-azul-a333-pentacore-4gb-ram-64gb-doble-camara-wifi-bluetooth-6000mah-android-15\/\"]}]},{\"@type\":\"BreadcrumbList\",\"@id\":\"https:\/\/compuviper.mx\/tienda\/producto\/bob-esponja-bobt1-tableta-10-1-con-case-azul-a333-pentacore-4gb-ram-64gb-doble-camara-wifi-bluetooth-6000mah-android-15\/#breadcrumb\",\"itemListElement\":[{\"@type\":\"ListItem\",\"position\":1,\"name\":\"Inicio\",\"item\":\"https:\/\/compuviper.mx\/tienda\/\"},{\"@type\":\"ListItem\",\"position\":2,\"name\":\"Productos\",\"item\":\"https:\/\/compuviper.mx\/tienda\/productos\/\"},{\"@type\":\"ListItem\",\"position\":3,\"name\":\"Tabletas\",\"item\":\"https:\/\/compuviper.mx\/tienda\/categoria-producto\/tabletas\/\"},{\"@type\":\"ListItem\",\"position\":4,\"name\":\"Sin Categor\u00eda\",\"item\":\"https:\/\/compuviper.mx\/tienda\/categoria-producto\/tabletas\/sin-categoria-tabletas\/\"},{\"@type\":\"ListItem\",\"position\":5,\"name\":\"Bob Esponja Bobt1 Tableta 10.1 Con Case Azul \/ A333 Pentacore\/ 4gb Ram\/ 64gb \/ Doble Camara\/ Wifi\/ Bluetooth\/6000mah \/ Android 15\"}]},{\"@type\":\"WebSite\",\"@id\":\"https:\/\/compuviper.mx\/tienda\/#website\",\"url\":\"https:\/\/compuviper.mx\/tienda\/\",\"name\":\"Compuviper\",\"description\":\"Proveedor de Computadoras, Laptops, Servidores, Monitores, Puntos de Venta, Teclados,   Impresoras, T\u00f3ner, C\u00e1maras de Seguridad y m\u00e1s en tu tienda en l\u00ednea\",\"publisher\":{\"@id\":\"https:\/\/compuviper.mx\/tienda\/#organization\"},\"potentialAction\":[{\"@type\":\"SearchAction\",\"target\":{\"@type\":\"EntryPoint\",\"urlTemplate\":\"https:\/\/compuviper.mx\/tienda\/?s={search_term_string}\"},\"query-input\":\"required name=search_term_string\"}],\"inLanguage\":\"es-MX\"},{\"@type\":\"Organization\",\"@id\":\"https:\/\/compuviper.mx\/tienda\/#organization\",\"name\":\"Compuviper\",\"url\":\"https:\/\/compuviper.mx\/tienda\/\",\"logo\":{\"@type\":\"ImageObject\",\"inLanguage\":\"es-MX\",\"@id\":\"https:\/\/compuviper.mx\/tienda\/#\/schema\/logo\/image\/\",\"url\":\"https:\/\/compuviper.mx\/tienda\/wp-content\/uploads\/2021\/08\/Logo-Compuviper-10.png\",\"contentUrl\":\"https:\/\/compuviper.mx\/tienda\/wp-content\/uploads\/2021\/08\/Logo-Compuviper-10.png\",\"width\":1000,\"height\":500,\"caption\":\"Compuviper\"},\"image\":{\"@id\":\"https:\/\/compuviper.mx\/tienda\/#\/schema\/logo\/image\/\"},\"sameAs\":[\"https:\/\/www.facebook.com\/compuviper\",\"https:\/\/www.youtube.com\/channel\/UCf73dERp9Y3cfOq7q8BhLjA?view_as=subscriber\"]}]}<\/script>\n<meta property=\"product:brand\" content=\"Bob Esponja\" \/>\n<meta property=\"product:price:amount\" content=\"1499\" \/>\n<meta property=\"product:price:currency\" content=\"MXN\" \/>\n<meta property=\"og:availability\" content=\"instock\" \/>\n<meta property=\"product:availability\" content=\"instock\" \/>\n<meta property=\"product:retailer_item_id\" content=\"BOBT1\" \/>\n<meta property=\"product:condition\" content=\"new\" \/>\n<!-- \/ Yoast SEO plugin. -->","yoast_head_json":{"title":"[ Bob Esponja ] &#129351; Bobt1 Tableta 10.1 Con Case Azul \/ A333 Pentacore\/ 4gb Ram\/ 64gb \/ Doble Camara\/ Wifi\/ Bluetooth\/6000mah \/ Android 15","description":"Compra Bobt1 Tableta 10.1 Con Case Azul \/ A333 Pentacore\/ 4gb Ram\/ 64gb \/ Doble Camara\/ Wifi\/ Bluetooth\/6000mah \/ Android 15 + Env\u00edo a domicilio + Pago seguro + Garant\u00eda","robots":{"index":"index","follow":"follow","max-snippet":"max-snippet:-1","max-image-preview":"max-image-preview:large","max-video-preview":"max-video-preview:-1"},"canonical":"https:\/\/compuviper.mx\/tienda\/producto\/bob-esponja-bobt1-tableta-10-1-con-case-azul-a333-pentacore-4gb-ram-64gb-doble-camara-wifi-bluetooth-6000mah-android-15\/","og_locale":"es_MX","og_type":"article","og_title":"[ Bob Esponja ] &#129351; Bobt1 Tableta 10.1 Con Case Azul \/ A333 Pentacore\/ 4gb Ram\/ 64gb \/ Doble Camara\/ Wifi\/ Bluetooth\/6000mah \/ Android 15","og_description":"Compra Bobt1 Tableta 10.1 Con Case Azul \/ A333 Pentacore\/ 4gb Ram\/ 64gb \/ Doble Camara\/ Wifi\/ Bluetooth\/6000mah \/ Android 15 + Env\u00edo a domicilio + Pago seguro + Garant\u00eda","og_url":"https:\/\/compuviper.mx\/tienda\/producto\/bob-esponja-bobt1-tableta-10-1-con-case-azul-a333-pentacore-4gb-ram-64gb-doble-camara-wifi-bluetooth-6000mah-android-15\/","og_site_name":"Compuviper","article_publisher":"https:\/\/www.facebook.com\/compuviper","twitter_card":"summary_large_image","twitter_misc":{"Precio":"&#36;1,499 con IVA","Availability":"In stock"},"schema":{"@context":"https:\/\/schema.org","@graph":[{"@type":"WebPage","@id":"https:\/\/compuviper.mx\/tienda\/producto\/bob-esponja-bobt1-tableta-10-1-con-case-azul-a333-pentacore-4gb-ram-64gb-doble-camara-wifi-bluetooth-6000mah-android-15\/","url":"https:\/\/compuviper.mx\/tienda\/producto\/bob-esponja-bobt1-tableta-10-1-con-case-azul-a333-pentacore-4gb-ram-64gb-doble-camara-wifi-bluetooth-6000mah-android-15\/","name":"[ Bob Esponja ] &#129351; Bobt1 Tableta 10.1 Con Case Azul \/ A333 Pentacore\/ 4gb Ram\/ 64gb \/ Doble Camara\/ Wifi\/ Bluetooth\/6000mah \/ Android 15","isPartOf":{"@id":"https:\/\/compuviper.mx\/tienda\/#website"},"datePublished":"2026-04-21T07:25:23+00:00","dateModified":"2026-04-21T07:25:23+00:00","description":"Compra Bobt1 Tableta 10.1 Con Case Azul \/ A333 Pentacore\/ 4gb Ram\/ 64gb \/ Doble Camara\/ Wifi\/ Bluetooth\/6000mah \/ Android 15 + Env\u00edo a domicilio + Pago seguro + Garant\u00eda","breadcrumb":{"@id":"https:\/\/compuviper.mx\/tienda\/producto\/bob-esponja-bobt1-tableta-10-1-con-case-azul-a333-pentacore-4gb-ram-64gb-doble-camara-wifi-bluetooth-6000mah-android-15\/#breadcrumb"},"inLanguage":"es-MX","potentialAction":[{"@type":"ReadAction","target":["https:\/\/compuviper.mx\/tienda\/producto\/bob-esponja-bobt1-tableta-10-1-con-case-azul-a333-pentacore-4gb-ram-64gb-doble-camara-wifi-bluetooth-6000mah-android-15\/"]}]},{"@type":"BreadcrumbList","@id":"https:\/\/compuviper.mx\/tienda\/producto\/bob-esponja-bobt1-tableta-10-1-con-case-azul-a333-pentacore-4gb-ram-64gb-doble-camara-wifi-bluetooth-6000mah-android-15\/#breadcrumb","itemListElement":[{"@type":"ListItem","position":1,"name":"Inicio","item":"https:\/\/compuviper.mx\/tienda\/"},{"@type":"ListItem","position":2,"name":"Productos","item":"https:\/\/compuviper.mx\/tienda\/productos\/"},{"@type":"ListItem","position":3,"name":"Tabletas","item":"https:\/\/compuviper.mx\/tienda\/categoria-producto\/tabletas\/"},{"@type":"ListItem","position":4,"name":"Sin Categor\u00eda","item":"https:\/\/compuviper.mx\/tienda\/categoria-producto\/tabletas\/sin-categoria-tabletas\/"},{"@type":"ListItem","position":5,"name":"Bob Esponja Bobt1 Tableta 10.1 Con Case Azul \/ A333 Pentacore\/ 4gb Ram\/ 64gb \/ Doble Camara\/ Wifi\/ Bluetooth\/6000mah \/ Android 15"}]},{"@type":"WebSite","@id":"https:\/\/compuviper.mx\/tienda\/#website","url":"https:\/\/compuviper.mx\/tienda\/","name":"Compuviper","description":"Proveedor de Computadoras, Laptops, Servidores, Monitores, Puntos de Venta, Teclados,   Impresoras, T\u00f3ner, C\u00e1maras de Seguridad y m\u00e1s en tu tienda en l\u00ednea","publisher":{"@id":"https:\/\/compuviper.mx\/tienda\/#organization"},"potentialAction":[{"@type":"SearchAction","target":{"@type":"EntryPoint","urlTemplate":"https:\/\/compuviper.mx\/tienda\/?s={search_term_string}"},"query-input":"required name=search_term_string"}],"inLanguage":"es-MX"},{"@type":"Organization","@id":"https:\/\/compuviper.mx\/tienda\/#organization","name":"Compuviper","url":"https:\/\/compuviper.mx\/tienda\/","logo":{"@type":"ImageObject","inLanguage":"es-MX","@id":"https:\/\/compuviper.mx\/tienda\/#\/schema\/logo\/image\/","url":"https:\/\/compuviper.mx\/tienda\/wp-content\/uploads\/2021\/08\/Logo-Compuviper-10.png","contentUrl":"https:\/\/compuviper.mx\/tienda\/wp-content\/uploads\/2021\/08\/Logo-Compuviper-10.png","width":1000,"height":500,"caption":"Compuviper"},"image":{"@id":"https:\/\/compuviper.mx\/tienda\/#\/schema\/logo\/image\/"},"sameAs":["https:\/\/www.facebook.com\/compuviper","https:\/\/www.youtube.com\/channel\/UCf73dERp9Y3cfOq7q8BhLjA?view_as=subscriber"]}]},"product_brand":"Bob Esponja","product_price_amount":"1499","product_price_currency":"MXN","og_availability":"instock","product_availability":"instock","product_retailer_item_id":"BOBT1","product_condition":"new"},"_links":{"self":[{"href":"https:\/\/compuviper.mx\/tienda\/wp-json\/wp\/v2\/product\/268753"}],"collection":[{"href":"https:\/\/compuviper.mx\/tienda\/wp-json\/wp\/v2\/product"}],"about":[{"href":"https:\/\/compuviper.mx\/tienda\/wp-json\/wp\/v2\/types\/product"}],"replies":[{"embeddable":true,"href":"https:\/\/compuviper.mx\/tienda\/wp-json\/wp\/v2\/comments?post=268753"}],"wp:attachment":[{"href":"https:\/\/compuviper.mx\/tienda\/wp-json\/wp\/v2\/media?parent=268753"}],"wp:term":[{"taxonomy":"product_cat","embeddable":true,"href":"https:\/\/compuviper.mx\/tienda\/wp-json\/wp\/v2\/product_cat?post=268753"},{"taxonomy":"product_tag","embeddable":true,"href":"https:\/\/compuviper.mx\/tienda\/wp-json\/wp\/v2\/product_tag?post=268753"}],"curies":[{"name":"wp","href":"https:\/\/api.w.org\/{rel}","templated":true}]}}