{"id":268752,"date":"2026-04-16T00:59:55","date_gmt":"2026-04-16T06:59:55","guid":{"rendered":"https:\/\/compuviper.mx\/tienda\/producto\/msi-oem-versa-pro-w-mouse-msi-optico-inalambrico-usb-2-0-bluetooth-5-3-rgb-gamer\/"},"modified":"2026-04-16T00:59:55","modified_gmt":"2026-04-16T06:59:55","slug":"msi-oem-versa-pro-w-mouse-msi-optico-inalambrico-usb-2-0-bluetooth-5-3-rgb-gamer","status":"publish","type":"product","link":"https:\/\/compuviper.mx\/tienda\/producto\/msi-oem-versa-pro-w-mouse-msi-optico-inalambrico-usb-2-0-bluetooth-5-3-rgb-gamer\/","title":{"rendered":"Msi Oem Versa Pro W Mouse Msi Optico Inalambrico  \/usb 2.0 \/ Bluetooth 5.3 \/rgb\/gamer"},"content":{"rendered":"<table class=\"descripcion\">\n<tr>\n<td>Duraci\u00f3n de la bater\u00eda<\/td>\n<\/tr>\n<tr>\n<td>Interfaz usb 2.0<\/td>\n<\/tr>\n<tr>\n<td>Interruptor dpi<\/td>\n<\/tr>\n<tr>\n<td>Luz led<\/td>\n<\/tr>\n<tr>\n<td>Tiempo de respuesta<\/td>\n<\/tr>\n<tr>\n<td>Tama\u00f1o de la bater\u00eda<\/td>\n<\/tr>\n<tr>\n<td>Tipo de interruptor<\/td>\n<\/tr>\n<tr>\n<td>Botones<\/td>\n<\/tr>\n<tr>\n<td>Dimensiones del producto<\/td>\n<\/tr>\n<tr>\n<td>So soportado<\/td>\n<\/tr>\n<tr>\n<td>Dpi m\u00e1ximo<\/td>\n<\/tr>\n<tr>\n<td>Durabilidad del bot\u00f3n<\/td>\n<\/tr>\n<tr>\n<td>Cable longitudinal<\/td>\n<\/tr>\n<tr>\n<td>Hasta 80 horas<\/td>\n<\/tr>\n<tr>\n<td>Conexi\u00f3n inal\u00e1mbrica de 2,4 ghz (msi swiftspeed) \/ bluetooth 5.3 \/ usb 2.0<\/td>\n<\/tr>\n<tr>\n<td>400 \/ 800 \/ 1600 \/ 3200 \/ 6400<\/td>\n<\/tr>\n<tr>\n<td>Rgb<\/td>\n<\/tr>\n<tr>\n<td>1000 hz \/ 1 ms<\/td>\n<\/tr>\n<tr>\n<td>Bater\u00eda de iones de litio de 450 mah<\/td>\n<\/tr>\n<tr>\n<td>Microinterruptor \u00f3ptico omron<\/td>\n<\/tr>\n<tr>\n<td>15 (13 programables)<\/td>\n<\/tr>\n<tr>\n<td>129 x 80 x 44 mm<\/td>\n<\/tr>\n<tr>\n<td>Windows 10 (y versiones posteriores)<\/td>\n<\/tr>\n<tr>\n<td>26000 (a trav\u00e9s del centro msi)<\/td>\n<\/tr>\n<tr>\n<td>70 millones de clics<\/td>\n<\/tr>\n<tr>\n<td>Cable frixionfree de 2 m (usb-c a a)<\/td>\n<\/tr>\n<\/table>\n","protected":false},"excerpt":{"rendered":"<p>Versa pro inal\u00e1mbrico. Dise\u00f1ado para ofrecer comodidad y precisi\u00f3n, versa pro wireless tiene una forma ergon\u00f3mica para diestros, empu\u00f1aduras con textura y 13 botones programables. Se adapta a tu estilo de juego para ofrecerte el m\u00e1ximo control. Equipado con un sensor \u00f3ptico pixart paw-3395 e interruptores \u00f3pticos omron, ofrece un rendimiento preciso, sensible y satisfactorio. Disfruta de una conectividad vers\u00e1til con 2,4 ghz inal\u00e1mbrico, bluetooth y usb, hasta 80 horas de duraci\u00f3n de la bater\u00eda y uso continuo mientras se carga. Con forma ergon\u00f3mica y confortable. El versa pro wireless presenta una c\u00f3moda forma para diestros con reposapulgares, que ofrece un soporte \u00f3ptimo y reduce la tensi\u00f3n de la mu\u00f1eca. Sus contornos esculpidos y sus empu\u00f1aduras laterales texturizadas proporcionan un ajuste seguro y ergon\u00f3mico, garantizando la comodidad y el control durante sesiones prolongadas, ya sean de juego o de trabajo. Forma de mano ergon\u00f3mica y de apoyo. Botones programables. Ponga la precisi\u00f3n al alcance de su mano con 13 botones totalmente personalizables. El bot\u00f3n sniper reduce al instante los ppp para una precisi\u00f3n milim\u00e9trica en los juegos fps. El bot\u00f3n profile cycling permite cambiar los preajustes de juego sobre la marcha, mientras que el bot\u00f3n rgb personaliza el brillo de la configuraci\u00f3n. Ejecutando macros o ajustando los controles, este rat\u00f3n se adapta a su estilo de juego, d\u00e1ndole ventaja en todas las partidas. Botones programables. Rueda de 4 direcciones. Precisi\u00f3n perfecta. Impulsado por el avanzado sensor \u00f3ptico pixart paw-3395, este mouse ofrece una precisi\u00f3n milim\u00e9trica con un dpi m\u00e1ximo de 26,000 para movimientos responsivos y precisos. Tambi\u00e9n cuenta con niveles de dpi preestablecidos de 400 \/ 800 \/ 1600 \/ 3200 \/ 6400, lo que permite realizar ajustes r\u00e1pidos seg\u00fan el escenario. Precisi\u00f3n perfecta. Interruptores \u00f3pticos crisp. Equipado con microinterruptores \u00f3pticos omron, este rat\u00f3n ofrece tiempos de respuesta rapid\u00edsimos y una durabilidad sin igual. A diferencia de los interruptores mec\u00e1nicos tradicionales, los interruptores \u00f3pticos eliminan el riesgo de dobles clics accidentales a medida que se desgastan, garantizando una entrada consistente y precisa con cada clic. Con una vida \u00fatil de al menos 70 millones de clics, estos interruptores ofrecen un rendimiento duradero y fiable. Interruptores \u00f3pticos n\u00edtidos. Desplazamiento en 4 direcciones, control total. Dispone de una rueda de desplazamiento de 4 direcciones que le ofrece una navegaci\u00f3n horizontal y vertical suave para un control definitivo. \u00bfnecesita precisi\u00f3n o un desplazamiento r\u00e1pido? un bot\u00f3n de cambio de modo espec\u00edfico le permite alternar entre el desplazamiento clic a clic para una mayor precisi\u00f3n y el modo de giro libre para una navegaci\u00f3n r\u00e1pida y sin esfuerzo. Tanto si cambia de arma como si navega por hojas de c\u00e1lculo o hace zoom en p\u00e1ginas largas, este volante se adapta a todos sus movimientos. Desplazamiento en 4 direcciones, control total. Msi &#8211; tipo de agarre diamante. El tipo de agarre ofrece una superficie antideslizante con patr\u00f3n de diamante para un agarre seguro y c\u00f3modo, al tiempo que muestran una iluminaci\u00f3n rgb totalmente personalizable a trav\u00e9s de msi mystic light. Personaliza tu configuraci\u00f3n con efectos de iluminaci\u00f3n din\u00e1micos y direccionables a trav\u00e9s de msi center, creando una atm\u00f3sfera vibrante y envolvente que se adapta perfectamente a tu estilo. Icono rgb. Msi diamond lightgrips. Conectividad vers\u00e1til. Este producto ofrece una conectividad multimodo sin fisuras con msi swiftspeed 2.4g wireless, bluetooth 5.3 y usb 2.0. Permite a los usuarios cambiar f\u00e1cilmente entre modos para adaptarse a sus necesidades de juego o uso diario. Potencia sin interrupciones. Con una bater\u00eda de 450 mah, el mouse ofrece hasta 80 horas de uso. \u00bfnecesitas una recarga r\u00e1pida? solo toma 1.5 horas mediante cable, y puedes seguir jugando mientras se carga\u0097sin pausas, solo acci\u00f3n ininterrumpida. Energ\u00eda ininterrumpida. Base para rat\u00f3n pro. Para una experiencia mejorada, el versa pro wireless tambi\u00e9n est\u00e1 disponible con el mouse dock pro. Este dock de carga con certificaci\u00f3n qi sostiene magn\u00e9ticamente el mouse durante la carga, asegurando que siempre est\u00e9 listo para la acci\u00f3n. Con mystic light rgb, a\u00f1ade un brillo personalizable a tu configuraci\u00f3n. Adem\u00e1s, el dock incluye un puerto usb para almacenar el dongle inal\u00e1mbrico, ahorrando un valioso puerto usb en tu computadora. Descubre m\u00e1s en la p\u00e1gina del producto. Base para rat\u00f3n pro rgb. Base para rat\u00f3n pro. Base de carga para rat\u00f3n pro usb. Base para rat\u00f3n pro rgb. Mascarilla. Base para rat\u00f3n pro. Analizador reflex de nvidia. Analizador de reflejos nvidia. Nvidia reflex analyzer ofrece la m\u00e1xima ventaja competitiva, al capturar la latencia total del sistema y proporcionar una medici\u00f3n precisa del rendimiento de tu pc. Entra en batalla con confianza sabiendo que tu pc est\u00e1 rindiendo al m\u00e1ximo con versa pro wireless, oculux nxg253r y las gpu nvidia geforce rtx\u0099. Esta imagen es solo para fines ilustrativos. Rat\u00f3n de la serie versa. Versa 300 elite inal\u00e1mbrico. Sensor \u00f3ptico pixart paw3395dm. M\u00e1ximo 26000 dpi. 2,4 ghz \/ bluetooth 5.3 \/ usb 2.0. Empu\u00f1adura ligera de diamante. De 80 a 200 horas de bater\u00eda. 65 gramos. Versa pro inal\u00e1mbrico. Versa pro inal\u00e1mbrico. Sensor \u00f3ptico pixart paw-3395. M\u00e1ximo 26000 dpi. 2,4 ghz \/ bluetooth 5.3 \/ usb 2.0. Empu\u00f1adura ligera de diamante. Hasta 80hrs de bater\u00eda. 98 gramos. Versa pro wireless + base de carga. Versa pro wireless + base de carga. Sensor \u00f3ptico pixart paw-3395. M\u00e1ximo 26000 dpi. 2,4 ghz \/ bluetooth 5.3 \/ usb 2.0. Empu\u00f1adura ligera de diamante. Hasta 80hrs de bater\u00eda. 98 gramos. Centro msi. Centro msi. M\u00e1s inteligente, m\u00e1s r\u00e1pido, m\u00e1s personal. El software exclusivo msi center de msi te ayuda a sacar el m\u00e1ximo partido de tus perif\u00e9ricos msi. Habilita tu experiencia en tiempo real con solo unos clics.. Versa pro inal\u00e1mbrico. Dise\u00f1o ergon\u00f3mico \u0096 cuenta con una forma contorneada con reposapulgar para mayor comodidad y control, reduciendo la fatiga durante largas sesiones de juego o trabajo. Botones programables \u0096 incorpora 13 botones programables, incluyendo un bot\u00f3n sniper para apuntar con precisi\u00f3n, un interruptor de perfil para cambiar entre configuraciones al instante y un bot\u00f3n rgb para ajustar la iluminaci\u00f3n. Precisi\u00f3n perfecta \u0096 dise\u00f1ado para dominar el juego, el sensor \u00f3ptico pixart paw-3395 ofrece hasta 26,000 dpi y una tasa de sondeo de 1000hz, convirti\u00e9ndolo en una herramienta poderosa en manos expertas. Switches \u00f3pticos n\u00edtidos \u0096 switches \u00f3pticos omron n\u00edtidos y confiables con una durabilidad de m\u00e1s de 70 millones de clics. Desplazamiento en 4 direcciones, control total \u0096 ofrece navegaci\u00f3n fluida tanto horizontal como vertical. Cambia entre precisi\u00f3n clic a clic y desplazamiento libre para un control total. Conectividad vers\u00e1til \u0096 elige entre modo inal\u00e1mbrico msi swiftspeed 2.4g, bluetooth o conexi\u00f3n por cable para un rendimiento de juego estable y con baja latencia. Hasta 80 horas de juego intenso \u0096 disfruta hasta 80 horas de juego con una sola carga y sigue jugando mientras se recarga. Agarres laterales con patr\u00f3n de diamante \u0096 superficie antideslizante que permite a los jugadores mantener un agarre firme para maniobras precisas.<\/p>\n","protected":false},"featured_media":0,"comment_status":"open","ping_status":"open","template":"","meta":[],"product_cat":[1748,2032],"product_tag":[2322],"acf":[],"yoast_head":"<!-- This site is optimized with the Yoast SEO plugin v21.7 - https:\/\/yoast.com\/wordpress\/plugins\/seo\/ -->\n<title>[ Msi Oem ] &#129351; Versa Pro W Mouse Msi Optico Inalambrico \/usb 2.0 \/ Bluetooth 5.3 \/rgb\/gamer<\/title>\n<meta name=\"description\" content=\"Compra Versa Pro W Mouse Msi Optico Inalambrico \/usb 2.0 \/ Bluetooth 5.3 \/rgb\/gamer + Env\u00edo a domicilio + Pago seguro + Garant\u00eda\" \/>\n<meta name=\"robots\" content=\"index, follow, max-snippet:-1, max-image-preview:large, max-video-preview:-1\" \/>\n<link rel=\"canonical\" href=\"https:\/\/compuviper.mx\/tienda\/producto\/msi-oem-versa-pro-w-mouse-msi-optico-inalambrico-usb-2-0-bluetooth-5-3-rgb-gamer\/\" \/>\n<meta property=\"og:locale\" content=\"es_MX\" \/>\n<meta property=\"og:type\" content=\"article\" \/>\n<meta property=\"og:title\" content=\"[ Msi Oem ] &#129351; Versa Pro W Mouse Msi Optico Inalambrico \/usb 2.0 \/ Bluetooth 5.3 \/rgb\/gamer\" \/>\n<meta property=\"og:description\" content=\"Compra Versa Pro W Mouse Msi Optico Inalambrico \/usb 2.0 \/ Bluetooth 5.3 \/rgb\/gamer + Env\u00edo a domicilio + Pago seguro + Garant\u00eda\" \/>\n<meta property=\"og:url\" content=\"https:\/\/compuviper.mx\/tienda\/producto\/msi-oem-versa-pro-w-mouse-msi-optico-inalambrico-usb-2-0-bluetooth-5-3-rgb-gamer\/\" \/>\n<meta property=\"og:site_name\" content=\"Compuviper\" \/>\n<meta property=\"article:publisher\" content=\"https:\/\/www.facebook.com\/compuviper\" \/>\n<meta name=\"twitter:card\" content=\"summary_large_image\" \/>\n<meta name=\"twitter:label1\" content=\"Precio\" \/>\n\t<meta name=\"twitter:data1\" content=\"&#36;1,082 con IVA\" \/>\n\t<meta name=\"twitter:label2\" content=\"Availability\" \/>\n\t<meta name=\"twitter:data2\" content=\"In stock\" \/>\n<script type=\"application\/ld+json\" class=\"yoast-schema-graph\">{\"@context\":\"https:\/\/schema.org\",\"@graph\":[{\"@type\":\"WebPage\",\"@id\":\"https:\/\/compuviper.mx\/tienda\/producto\/msi-oem-versa-pro-w-mouse-msi-optico-inalambrico-usb-2-0-bluetooth-5-3-rgb-gamer\/\",\"url\":\"https:\/\/compuviper.mx\/tienda\/producto\/msi-oem-versa-pro-w-mouse-msi-optico-inalambrico-usb-2-0-bluetooth-5-3-rgb-gamer\/\",\"name\":\"[ Msi Oem ] &#129351; Versa Pro W Mouse Msi Optico Inalambrico \/usb 2.0 \/ Bluetooth 5.3 \/rgb\/gamer\",\"isPartOf\":{\"@id\":\"https:\/\/compuviper.mx\/tienda\/#website\"},\"datePublished\":\"2026-04-16T06:59:55+00:00\",\"dateModified\":\"2026-04-16T06:59:55+00:00\",\"description\":\"Compra Versa Pro W Mouse Msi Optico Inalambrico \/usb 2.0 \/ Bluetooth 5.3 \/rgb\/gamer + Env\u00edo a domicilio + Pago seguro + Garant\u00eda\",\"breadcrumb\":{\"@id\":\"https:\/\/compuviper.mx\/tienda\/producto\/msi-oem-versa-pro-w-mouse-msi-optico-inalambrico-usb-2-0-bluetooth-5-3-rgb-gamer\/#breadcrumb\"},\"inLanguage\":\"es-MX\",\"potentialAction\":[{\"@type\":\"ReadAction\",\"target\":[\"https:\/\/compuviper.mx\/tienda\/producto\/msi-oem-versa-pro-w-mouse-msi-optico-inalambrico-usb-2-0-bluetooth-5-3-rgb-gamer\/\"]}]},{\"@type\":\"BreadcrumbList\",\"@id\":\"https:\/\/compuviper.mx\/tienda\/producto\/msi-oem-versa-pro-w-mouse-msi-optico-inalambrico-usb-2-0-bluetooth-5-3-rgb-gamer\/#breadcrumb\",\"itemListElement\":[{\"@type\":\"ListItem\",\"position\":1,\"name\":\"Inicio\",\"item\":\"https:\/\/compuviper.mx\/tienda\/\"},{\"@type\":\"ListItem\",\"position\":2,\"name\":\"Productos\",\"item\":\"https:\/\/compuviper.mx\/tienda\/productos\/\"},{\"@type\":\"ListItem\",\"position\":3,\"name\":\"Mouse\",\"item\":\"https:\/\/compuviper.mx\/tienda\/categoria-producto\/mouse\/\"},{\"@type\":\"ListItem\",\"position\":4,\"name\":\"Sin Categor\u00eda\",\"item\":\"https:\/\/compuviper.mx\/tienda\/categoria-producto\/mouse\/sin-categoria-mouse\/\"},{\"@type\":\"ListItem\",\"position\":5,\"name\":\"Msi Oem Versa Pro W Mouse Msi Optico Inalambrico \/usb 2.0 \/ Bluetooth 5.3 \/rgb\/gamer\"}]},{\"@type\":\"WebSite\",\"@id\":\"https:\/\/compuviper.mx\/tienda\/#website\",\"url\":\"https:\/\/compuviper.mx\/tienda\/\",\"name\":\"Compuviper\",\"description\":\"Proveedor de Computadoras, Laptops, Servidores, Monitores, Puntos de Venta, Teclados,   Impresoras, T\u00f3ner, C\u00e1maras de Seguridad y m\u00e1s en tu tienda en l\u00ednea\",\"publisher\":{\"@id\":\"https:\/\/compuviper.mx\/tienda\/#organization\"},\"potentialAction\":[{\"@type\":\"SearchAction\",\"target\":{\"@type\":\"EntryPoint\",\"urlTemplate\":\"https:\/\/compuviper.mx\/tienda\/?s={search_term_string}\"},\"query-input\":\"required name=search_term_string\"}],\"inLanguage\":\"es-MX\"},{\"@type\":\"Organization\",\"@id\":\"https:\/\/compuviper.mx\/tienda\/#organization\",\"name\":\"Compuviper\",\"url\":\"https:\/\/compuviper.mx\/tienda\/\",\"logo\":{\"@type\":\"ImageObject\",\"inLanguage\":\"es-MX\",\"@id\":\"https:\/\/compuviper.mx\/tienda\/#\/schema\/logo\/image\/\",\"url\":\"https:\/\/compuviper.mx\/tienda\/wp-content\/uploads\/2021\/08\/Logo-Compuviper-10.png\",\"contentUrl\":\"https:\/\/compuviper.mx\/tienda\/wp-content\/uploads\/2021\/08\/Logo-Compuviper-10.png\",\"width\":1000,\"height\":500,\"caption\":\"Compuviper\"},\"image\":{\"@id\":\"https:\/\/compuviper.mx\/tienda\/#\/schema\/logo\/image\/\"},\"sameAs\":[\"https:\/\/www.facebook.com\/compuviper\",\"https:\/\/www.youtube.com\/channel\/UCf73dERp9Y3cfOq7q8BhLjA?view_as=subscriber\"]}]}<\/script>\n<meta property=\"product:brand\" content=\"Msi Oem\" \/>\n<meta property=\"product:price:amount\" content=\"1082\" \/>\n<meta property=\"product:price:currency\" content=\"MXN\" \/>\n<meta property=\"og:availability\" content=\"instock\" \/>\n<meta property=\"product:availability\" content=\"instock\" \/>\n<meta property=\"product:retailer_item_id\" content=\"VERSA PRO W\" \/>\n<meta property=\"product:condition\" content=\"new\" \/>\n<!-- \/ Yoast SEO plugin. -->","yoast_head_json":{"title":"[ Msi Oem ] &#129351; Versa Pro W Mouse Msi Optico Inalambrico \/usb 2.0 \/ Bluetooth 5.3 \/rgb\/gamer","description":"Compra Versa Pro W Mouse Msi Optico Inalambrico \/usb 2.0 \/ Bluetooth 5.3 \/rgb\/gamer + Env\u00edo a domicilio + Pago seguro + Garant\u00eda","robots":{"index":"index","follow":"follow","max-snippet":"max-snippet:-1","max-image-preview":"max-image-preview:large","max-video-preview":"max-video-preview:-1"},"canonical":"https:\/\/compuviper.mx\/tienda\/producto\/msi-oem-versa-pro-w-mouse-msi-optico-inalambrico-usb-2-0-bluetooth-5-3-rgb-gamer\/","og_locale":"es_MX","og_type":"article","og_title":"[ Msi Oem ] &#129351; Versa Pro W Mouse Msi Optico Inalambrico \/usb 2.0 \/ Bluetooth 5.3 \/rgb\/gamer","og_description":"Compra Versa Pro W Mouse Msi Optico Inalambrico \/usb 2.0 \/ Bluetooth 5.3 \/rgb\/gamer + Env\u00edo a domicilio + Pago seguro + Garant\u00eda","og_url":"https:\/\/compuviper.mx\/tienda\/producto\/msi-oem-versa-pro-w-mouse-msi-optico-inalambrico-usb-2-0-bluetooth-5-3-rgb-gamer\/","og_site_name":"Compuviper","article_publisher":"https:\/\/www.facebook.com\/compuviper","twitter_card":"summary_large_image","twitter_misc":{"Precio":"&#36;1,082 con IVA","Availability":"In stock"},"schema":{"@context":"https:\/\/schema.org","@graph":[{"@type":"WebPage","@id":"https:\/\/compuviper.mx\/tienda\/producto\/msi-oem-versa-pro-w-mouse-msi-optico-inalambrico-usb-2-0-bluetooth-5-3-rgb-gamer\/","url":"https:\/\/compuviper.mx\/tienda\/producto\/msi-oem-versa-pro-w-mouse-msi-optico-inalambrico-usb-2-0-bluetooth-5-3-rgb-gamer\/","name":"[ Msi Oem ] &#129351; Versa Pro W Mouse Msi Optico Inalambrico \/usb 2.0 \/ Bluetooth 5.3 \/rgb\/gamer","isPartOf":{"@id":"https:\/\/compuviper.mx\/tienda\/#website"},"datePublished":"2026-04-16T06:59:55+00:00","dateModified":"2026-04-16T06:59:55+00:00","description":"Compra Versa Pro W Mouse Msi Optico Inalambrico \/usb 2.0 \/ Bluetooth 5.3 \/rgb\/gamer + Env\u00edo a domicilio + Pago seguro + Garant\u00eda","breadcrumb":{"@id":"https:\/\/compuviper.mx\/tienda\/producto\/msi-oem-versa-pro-w-mouse-msi-optico-inalambrico-usb-2-0-bluetooth-5-3-rgb-gamer\/#breadcrumb"},"inLanguage":"es-MX","potentialAction":[{"@type":"ReadAction","target":["https:\/\/compuviper.mx\/tienda\/producto\/msi-oem-versa-pro-w-mouse-msi-optico-inalambrico-usb-2-0-bluetooth-5-3-rgb-gamer\/"]}]},{"@type":"BreadcrumbList","@id":"https:\/\/compuviper.mx\/tienda\/producto\/msi-oem-versa-pro-w-mouse-msi-optico-inalambrico-usb-2-0-bluetooth-5-3-rgb-gamer\/#breadcrumb","itemListElement":[{"@type":"ListItem","position":1,"name":"Inicio","item":"https:\/\/compuviper.mx\/tienda\/"},{"@type":"ListItem","position":2,"name":"Productos","item":"https:\/\/compuviper.mx\/tienda\/productos\/"},{"@type":"ListItem","position":3,"name":"Mouse","item":"https:\/\/compuviper.mx\/tienda\/categoria-producto\/mouse\/"},{"@type":"ListItem","position":4,"name":"Sin Categor\u00eda","item":"https:\/\/compuviper.mx\/tienda\/categoria-producto\/mouse\/sin-categoria-mouse\/"},{"@type":"ListItem","position":5,"name":"Msi Oem Versa Pro W Mouse Msi Optico Inalambrico \/usb 2.0 \/ Bluetooth 5.3 \/rgb\/gamer"}]},{"@type":"WebSite","@id":"https:\/\/compuviper.mx\/tienda\/#website","url":"https:\/\/compuviper.mx\/tienda\/","name":"Compuviper","description":"Proveedor de Computadoras, Laptops, Servidores, Monitores, Puntos de Venta, Teclados,   Impresoras, T\u00f3ner, C\u00e1maras de Seguridad y m\u00e1s en tu tienda en l\u00ednea","publisher":{"@id":"https:\/\/compuviper.mx\/tienda\/#organization"},"potentialAction":[{"@type":"SearchAction","target":{"@type":"EntryPoint","urlTemplate":"https:\/\/compuviper.mx\/tienda\/?s={search_term_string}"},"query-input":"required name=search_term_string"}],"inLanguage":"es-MX"},{"@type":"Organization","@id":"https:\/\/compuviper.mx\/tienda\/#organization","name":"Compuviper","url":"https:\/\/compuviper.mx\/tienda\/","logo":{"@type":"ImageObject","inLanguage":"es-MX","@id":"https:\/\/compuviper.mx\/tienda\/#\/schema\/logo\/image\/","url":"https:\/\/compuviper.mx\/tienda\/wp-content\/uploads\/2021\/08\/Logo-Compuviper-10.png","contentUrl":"https:\/\/compuviper.mx\/tienda\/wp-content\/uploads\/2021\/08\/Logo-Compuviper-10.png","width":1000,"height":500,"caption":"Compuviper"},"image":{"@id":"https:\/\/compuviper.mx\/tienda\/#\/schema\/logo\/image\/"},"sameAs":["https:\/\/www.facebook.com\/compuviper","https:\/\/www.youtube.com\/channel\/UCf73dERp9Y3cfOq7q8BhLjA?view_as=subscriber"]}]},"product_brand":"Msi Oem","product_price_amount":"1082","product_price_currency":"MXN","og_availability":"instock","product_availability":"instock","product_retailer_item_id":"VERSA PRO W","product_condition":"new"},"_links":{"self":[{"href":"https:\/\/compuviper.mx\/tienda\/wp-json\/wp\/v2\/product\/268752"}],"collection":[{"href":"https:\/\/compuviper.mx\/tienda\/wp-json\/wp\/v2\/product"}],"about":[{"href":"https:\/\/compuviper.mx\/tienda\/wp-json\/wp\/v2\/types\/product"}],"replies":[{"embeddable":true,"href":"https:\/\/compuviper.mx\/tienda\/wp-json\/wp\/v2\/comments?post=268752"}],"wp:attachment":[{"href":"https:\/\/compuviper.mx\/tienda\/wp-json\/wp\/v2\/media?parent=268752"}],"wp:term":[{"taxonomy":"product_cat","embeddable":true,"href":"https:\/\/compuviper.mx\/tienda\/wp-json\/wp\/v2\/product_cat?post=268752"},{"taxonomy":"product_tag","embeddable":true,"href":"https:\/\/compuviper.mx\/tienda\/wp-json\/wp\/v2\/product_tag?post=268752"}],"curies":[{"name":"wp","href":"https:\/\/api.w.org\/{rel}","templated":true}]}}