{"id":268469,"date":"2026-04-07T00:44:58","date_gmt":"2026-04-07T06:44:58","guid":{"rendered":"https:\/\/compuviper.mx\/tienda\/producto\/asus-oem-prime-b840m-a-mb-asus-b840-amd-s-am5-9a-gen-4x-ddr5-7600-hdmi-2x-dp-2x-usb-3-2-micro-atx-gama-media\/"},"modified":"2026-04-07T00:44:58","modified_gmt":"2026-04-07T06:44:58","slug":"asus-oem-prime-b840m-a-mb-asus-b840-amd-s-am5-9a-gen-4x-ddr5-7600-hdmi-2x-dp-2x-usb-3-2-micro-atx-gama-media","status":"publish","type":"product","link":"https:\/\/compuviper.mx\/tienda\/producto\/asus-oem-prime-b840m-a-mb-asus-b840-amd-s-am5-9a-gen-4x-ddr5-7600-hdmi-2x-dp-2x-usb-3-2-micro-atx-gama-media\/","title":{"rendered":"Asus Oem Prime B840m-a Mb Asus B840 Amd S-am5 9a Gen \/4x Ddr5 7600 \/hdmi \/2x Dp \/2x Usb 3.2 \/micro Atx \/gama Media"},"content":{"rendered":"<table class=\"descripcion\">\n<tr>\n<td>Prime b840m-a<\/td>\n<\/tr>\n<tr>\n<td>Cpu  amd socket am5 for amd ryzen\u0099 9000  and  8000  and  7000 series desktop processors<\/td>\n<\/tr>\n<tr>\n<td>Chipset  amd b840 chipset<\/td>\n<\/tr>\n<tr>\n<td>Memory  4 x dimm slots, max. 256gb, ddr5 &#8211; supports up to 7600+mt\/s (oc) with ryzen\u0099 9000  and  8000  and  7000 graphics  2 x displayport; 1 x hdmi\u0099 port<\/td>\n<\/tr>\n<tr>\n<td>Expansion slots:<\/td>\n<\/tr>\n<tr>\n<td>Amd ryzen\u0099 9000  and  7000 series desktop processors*<\/td>\n<\/tr>\n<tr>\n<td>1 x pcie 4.0 x16 slot (supports x16 mode)<\/td>\n<\/tr>\n<tr>\n<td>Amd ryzen\u0099 8000 series desktop processors<\/td>\n<\/tr>\n<tr>\n<td>1 x pcie 4.0 x16 slot (supports x8\/x4 mode)**<\/td>\n<\/tr>\n<tr>\n<td>Amd b840 chipset<\/td>\n<\/tr>\n<tr>\n<td>2 x pcie 3.0 x16 slots (support x1 mode)<\/td>\n<\/tr>\n<tr>\n<td>Storage:<\/td>\n<\/tr>\n<tr>\n<td>Total supports 3 x m.2 slots and 4 x sata 6gb\/s ports<\/td>\n<\/tr>\n<tr>\n<td>Amd ryzen\u0099 9000  and  7000 series desktop processors<\/td>\n<\/tr>\n<tr>\n<td>M.2_1 slot (key m), type 2280 (supports pcie 4.0 x4 mode)<\/td>\n<\/tr>\n<tr>\n<td>M.2_2 slot (key m), type 2242\/2260\/2280 (supports pcie 4.0 x4 mode)<\/td>\n<\/tr>\n<tr>\n<td>Amd ryzen\u0099  8000 series desktop processors<\/td>\n<\/tr>\n<tr>\n<td>M.2_1 slot (key m), type 2280 (supports pcie 4.0 x4 mode)<\/td>\n<\/tr>\n<tr>\n<td>M.2_2 slot (key m), type 2242\/2260\/2280 (supports pcie 4.0 x4\/x2 mode)*<\/td>\n<\/tr>\n<tr>\n<td>Amd b840 chipset<\/td>\n<\/tr>\n<tr>\n<td>M.2_3 slot (key m), type 2280 (supports pcie 3.0 x4 mode)<\/td>\n<\/tr>\n<tr>\n<td>4 x sata 6gb\/s ports<\/td>\n<\/tr>\n<tr>\n<td>* specifications vary by cpu types.<\/td>\n<\/tr>\n<tr>\n<td>Amd raidxpert2 technology<\/td>\n<\/tr>\n<tr>\n<td>Ryzen\u0099 9000 series processors: raid 0\/1\/5\/10<\/td>\n<\/tr>\n<tr>\n<td>Ryzen\u0099 8000 series processors: raid 0\/1<\/td>\n<\/tr>\n<tr>\n<td>Ryzen\u0099 7000 series processors: raid 0\/1\/10<\/td>\n<\/tr>\n<tr>\n<td>Ethernet  1 x realtek 2.5gb ethernet; asus languard<\/td>\n<\/tr>\n<tr>\n<td>Back panel i\/o ports<\/td>\n<\/tr>\n<tr>\n<td>2 x usb 10gbps ports (2 x type-a)<\/td>\n<\/tr>\n<tr>\n<td>1 x usb 5gbps port (1 x usb type-c\u00ae)<\/td>\n<\/tr>\n<tr>\n<td>4 x usb 2.0 ports (4 x type-a)<\/td>\n<\/tr>\n<tr>\n<td>2 x displayport<\/td>\n<\/tr>\n<tr>\n<td>1 x hdmi\u0099 port<\/td>\n<\/tr>\n<tr>\n<td>1 x realtek 2.5gb ethernet port<\/td>\n<\/tr>\n<tr>\n<td>3 x audio jacks<\/td>\n<\/tr>\n<tr>\n<td>1 x bios flashback\u0099 button<\/td>\n<\/tr>\n<tr>\n<td>Bios  256 mb flash rom, uefi ami bios<\/td>\n<\/tr>\n<tr>\n<td>Manageability  wol by pme, pxe<\/td>\n<\/tr>\n<tr>\n<td>Operating system  windows 11, windows 10 64-bit<\/td>\n<\/tr>\n<tr>\n<td>Form factor  micro-atx form factor  9.6 inch x 9.6 inch (24.4 cm x 24.4 cm)<\/td>\n<\/tr>\n<\/table>\n","protected":false},"excerpt":{"rendered":"<p>Prime b840m-a. Las placas base de la serie asus prime est\u00e1n dise\u00f1adas por expertos para liberar todo el potencial de los procesadores amd ryzen 9000 series. La placa base prime b840m-a ofrece a los usuarios y a los ensambladores de pc una variedad de optimizaciones de rendimiento a traves de funciones intuitivas de software y firmware. Esta dise\u00f1ada para ser compatible con pc con ia avanzada, ofreciendo la potencia y la conectividad necesarias para aplicaciones de ia exigentes.<\/p>\n","protected":false},"featured_media":268470,"comment_status":"open","ping_status":"open","template":"","meta":[],"product_cat":[2025,1727],"product_tag":[2096],"acf":[],"yoast_head":"<!-- This site is optimized with the Yoast SEO plugin v21.7 - https:\/\/yoast.com\/wordpress\/plugins\/seo\/ -->\n<title>[ Asus Oem ] &#129351; Prime B840m-a Mb Asus B840 Amd S-am5 9a Gen \/4x Ddr5 7600 \/hdmi \/2x Dp \/2x Usb 3.2 \/micro Atx \/gama Media<\/title>\n<meta name=\"description\" content=\"Compra Prime B840m-a Mb Asus B840 Amd S-am5 9a Gen \/4x Ddr5 7600 \/hdmi \/2x Dp \/2x Usb 3.2 \/micro Atx \/gama Media + Env\u00edo a domicilio + Pago seguro + Garant\u00eda\" \/>\n<meta name=\"robots\" content=\"index, follow, max-snippet:-1, max-image-preview:large, max-video-preview:-1\" \/>\n<link rel=\"canonical\" href=\"https:\/\/compuviper.mx\/tienda\/producto\/asus-oem-prime-b840m-a-mb-asus-b840-amd-s-am5-9a-gen-4x-ddr5-7600-hdmi-2x-dp-2x-usb-3-2-micro-atx-gama-media\/\" \/>\n<meta property=\"og:locale\" content=\"es_MX\" \/>\n<meta property=\"og:type\" content=\"article\" \/>\n<meta property=\"og:title\" content=\"[ Asus Oem ] &#129351; Prime B840m-a Mb Asus B840 Amd S-am5 9a Gen \/4x Ddr5 7600 \/hdmi \/2x Dp \/2x Usb 3.2 \/micro Atx \/gama Media\" \/>\n<meta property=\"og:description\" content=\"Compra Prime B840m-a Mb Asus B840 Amd S-am5 9a Gen \/4x Ddr5 7600 \/hdmi \/2x Dp \/2x Usb 3.2 \/micro Atx \/gama Media + Env\u00edo a domicilio + Pago seguro + Garant\u00eda\" \/>\n<meta property=\"og:url\" content=\"https:\/\/compuviper.mx\/tienda\/producto\/asus-oem-prime-b840m-a-mb-asus-b840-amd-s-am5-9a-gen-4x-ddr5-7600-hdmi-2x-dp-2x-usb-3-2-micro-atx-gama-media\/\" \/>\n<meta property=\"og:site_name\" content=\"Compuviper\" \/>\n<meta property=\"article:publisher\" content=\"https:\/\/www.facebook.com\/compuviper\" \/>\n<meta property=\"og:image\" content=\"https:\/\/compuviper.mx\/tienda\/wp-content\/uploads\/2026\/04\/Mb-asus-b840-amd-s-am5-9a-gen-4x-ddr5-7600-hdmi-2x-dp-2x-usb-3.2-micro-atx-gama-media.jpg\" \/>\n\t<meta property=\"og:image:width\" content=\"200\" \/>\n\t<meta property=\"og:image:height\" content=\"200\" \/>\n\t<meta property=\"og:image:type\" content=\"image\/jpeg\" \/>\n<meta name=\"twitter:card\" content=\"summary_large_image\" \/>\n<meta name=\"twitter:label1\" content=\"Precio\" \/>\n\t<meta name=\"twitter:data1\" content=\"&#36;2,112 con IVA\" \/>\n\t<meta name=\"twitter:label2\" content=\"Availability\" \/>\n\t<meta name=\"twitter:data2\" content=\"Out of stock\" \/>\n<script type=\"application\/ld+json\" class=\"yoast-schema-graph\">{\"@context\":\"https:\/\/schema.org\",\"@graph\":[{\"@type\":\"WebPage\",\"@id\":\"https:\/\/compuviper.mx\/tienda\/producto\/asus-oem-prime-b840m-a-mb-asus-b840-amd-s-am5-9a-gen-4x-ddr5-7600-hdmi-2x-dp-2x-usb-3-2-micro-atx-gama-media\/\",\"url\":\"https:\/\/compuviper.mx\/tienda\/producto\/asus-oem-prime-b840m-a-mb-asus-b840-amd-s-am5-9a-gen-4x-ddr5-7600-hdmi-2x-dp-2x-usb-3-2-micro-atx-gama-media\/\",\"name\":\"[ Asus Oem ] &#129351; Prime B840m-a Mb Asus B840 Amd S-am5 9a Gen \/4x Ddr5 7600 \/hdmi \/2x Dp \/2x Usb 3.2 \/micro Atx \/gama Media\",\"isPartOf\":{\"@id\":\"https:\/\/compuviper.mx\/tienda\/#website\"},\"datePublished\":\"2026-04-07T06:44:58+00:00\",\"dateModified\":\"2026-04-07T06:44:58+00:00\",\"description\":\"Compra Prime B840m-a Mb Asus B840 Amd S-am5 9a Gen \/4x Ddr5 7600 \/hdmi \/2x Dp \/2x Usb 3.2 \/micro Atx \/gama Media + Env\u00edo a domicilio + Pago seguro + Garant\u00eda\",\"breadcrumb\":{\"@id\":\"https:\/\/compuviper.mx\/tienda\/producto\/asus-oem-prime-b840m-a-mb-asus-b840-amd-s-am5-9a-gen-4x-ddr5-7600-hdmi-2x-dp-2x-usb-3-2-micro-atx-gama-media\/#breadcrumb\"},\"inLanguage\":\"es-MX\",\"potentialAction\":[{\"@type\":\"ReadAction\",\"target\":[\"https:\/\/compuviper.mx\/tienda\/producto\/asus-oem-prime-b840m-a-mb-asus-b840-amd-s-am5-9a-gen-4x-ddr5-7600-hdmi-2x-dp-2x-usb-3-2-micro-atx-gama-media\/\"]}]},{\"@type\":\"BreadcrumbList\",\"@id\":\"https:\/\/compuviper.mx\/tienda\/producto\/asus-oem-prime-b840m-a-mb-asus-b840-amd-s-am5-9a-gen-4x-ddr5-7600-hdmi-2x-dp-2x-usb-3-2-micro-atx-gama-media\/#breadcrumb\",\"itemListElement\":[{\"@type\":\"ListItem\",\"position\":1,\"name\":\"Inicio\",\"item\":\"https:\/\/compuviper.mx\/tienda\/\"},{\"@type\":\"ListItem\",\"position\":2,\"name\":\"Productos\",\"item\":\"https:\/\/compuviper.mx\/tienda\/productos\/\"},{\"@type\":\"ListItem\",\"position\":3,\"name\":\"Asus Oem Prime B840m-a Mb Asus B840 Amd S-am5 9a Gen \/4x Ddr5 7600 \/hdmi \/2x Dp \/2x Usb 3.2 \/micro Atx \/gama Media\"}]},{\"@type\":\"WebSite\",\"@id\":\"https:\/\/compuviper.mx\/tienda\/#website\",\"url\":\"https:\/\/compuviper.mx\/tienda\/\",\"name\":\"Compuviper\",\"description\":\"Proveedor de Computadoras, Laptops, Servidores, Monitores, Puntos de Venta, Teclados,   Impresoras, T\u00f3ner, C\u00e1maras de Seguridad y m\u00e1s en tu tienda en l\u00ednea\",\"publisher\":{\"@id\":\"https:\/\/compuviper.mx\/tienda\/#organization\"},\"potentialAction\":[{\"@type\":\"SearchAction\",\"target\":{\"@type\":\"EntryPoint\",\"urlTemplate\":\"https:\/\/compuviper.mx\/tienda\/?s={search_term_string}\"},\"query-input\":\"required name=search_term_string\"}],\"inLanguage\":\"es-MX\"},{\"@type\":\"Organization\",\"@id\":\"https:\/\/compuviper.mx\/tienda\/#organization\",\"name\":\"Compuviper\",\"url\":\"https:\/\/compuviper.mx\/tienda\/\",\"logo\":{\"@type\":\"ImageObject\",\"inLanguage\":\"es-MX\",\"@id\":\"https:\/\/compuviper.mx\/tienda\/#\/schema\/logo\/image\/\",\"url\":\"https:\/\/compuviper.mx\/tienda\/wp-content\/uploads\/2021\/08\/Logo-Compuviper-10.png\",\"contentUrl\":\"https:\/\/compuviper.mx\/tienda\/wp-content\/uploads\/2021\/08\/Logo-Compuviper-10.png\",\"width\":1000,\"height\":500,\"caption\":\"Compuviper\"},\"image\":{\"@id\":\"https:\/\/compuviper.mx\/tienda\/#\/schema\/logo\/image\/\"},\"sameAs\":[\"https:\/\/www.facebook.com\/compuviper\",\"https:\/\/www.youtube.com\/channel\/UCf73dERp9Y3cfOq7q8BhLjA?view_as=subscriber\"]}]}<\/script>\n<meta property=\"product:brand\" content=\"Asus Oem\" \/>\n<meta property=\"product:price:amount\" content=\"2112\" \/>\n<meta property=\"product:price:currency\" content=\"MXN\" \/>\n<meta property=\"og:availability\" content=\"out of stock\" \/>\n<meta property=\"product:availability\" content=\"out of stock\" \/>\n<meta property=\"product:retailer_item_id\" content=\"PRIME B840M-A\" \/>\n<meta property=\"product:condition\" content=\"new\" \/>\n<!-- \/ Yoast SEO plugin. -->","yoast_head_json":{"title":"[ Asus Oem ] &#129351; Prime B840m-a Mb Asus B840 Amd S-am5 9a Gen \/4x Ddr5 7600 \/hdmi \/2x Dp \/2x Usb 3.2 \/micro Atx \/gama Media","description":"Compra Prime B840m-a Mb Asus B840 Amd S-am5 9a Gen \/4x Ddr5 7600 \/hdmi \/2x Dp \/2x Usb 3.2 \/micro Atx \/gama Media + Env\u00edo a domicilio + Pago seguro + Garant\u00eda","robots":{"index":"index","follow":"follow","max-snippet":"max-snippet:-1","max-image-preview":"max-image-preview:large","max-video-preview":"max-video-preview:-1"},"canonical":"https:\/\/compuviper.mx\/tienda\/producto\/asus-oem-prime-b840m-a-mb-asus-b840-amd-s-am5-9a-gen-4x-ddr5-7600-hdmi-2x-dp-2x-usb-3-2-micro-atx-gama-media\/","og_locale":"es_MX","og_type":"article","og_title":"[ Asus Oem ] &#129351; Prime B840m-a Mb Asus B840 Amd S-am5 9a Gen \/4x Ddr5 7600 \/hdmi \/2x Dp \/2x Usb 3.2 \/micro Atx \/gama Media","og_description":"Compra Prime B840m-a Mb Asus B840 Amd S-am5 9a Gen \/4x Ddr5 7600 \/hdmi \/2x Dp \/2x Usb 3.2 \/micro Atx \/gama Media + Env\u00edo a domicilio + Pago seguro + Garant\u00eda","og_url":"https:\/\/compuviper.mx\/tienda\/producto\/asus-oem-prime-b840m-a-mb-asus-b840-amd-s-am5-9a-gen-4x-ddr5-7600-hdmi-2x-dp-2x-usb-3-2-micro-atx-gama-media\/","og_site_name":"Compuviper","article_publisher":"https:\/\/www.facebook.com\/compuviper","og_image":[{"width":200,"height":200,"url":"https:\/\/compuviper.mx\/tienda\/wp-content\/uploads\/2026\/04\/Mb-asus-b840-amd-s-am5-9a-gen-4x-ddr5-7600-hdmi-2x-dp-2x-usb-3.2-micro-atx-gama-media.jpg","type":"image\/jpeg"}],"twitter_card":"summary_large_image","twitter_misc":{"Precio":"&#36;2,112 con IVA","Availability":"Out of stock"},"schema":{"@context":"https:\/\/schema.org","@graph":[{"@type":"WebPage","@id":"https:\/\/compuviper.mx\/tienda\/producto\/asus-oem-prime-b840m-a-mb-asus-b840-amd-s-am5-9a-gen-4x-ddr5-7600-hdmi-2x-dp-2x-usb-3-2-micro-atx-gama-media\/","url":"https:\/\/compuviper.mx\/tienda\/producto\/asus-oem-prime-b840m-a-mb-asus-b840-amd-s-am5-9a-gen-4x-ddr5-7600-hdmi-2x-dp-2x-usb-3-2-micro-atx-gama-media\/","name":"[ Asus Oem ] &#129351; Prime B840m-a Mb Asus B840 Amd S-am5 9a Gen \/4x Ddr5 7600 \/hdmi \/2x Dp \/2x Usb 3.2 \/micro Atx \/gama Media","isPartOf":{"@id":"https:\/\/compuviper.mx\/tienda\/#website"},"datePublished":"2026-04-07T06:44:58+00:00","dateModified":"2026-04-07T06:44:58+00:00","description":"Compra Prime B840m-a Mb Asus B840 Amd S-am5 9a Gen \/4x Ddr5 7600 \/hdmi \/2x Dp \/2x Usb 3.2 \/micro Atx \/gama Media + Env\u00edo a domicilio + Pago seguro + Garant\u00eda","breadcrumb":{"@id":"https:\/\/compuviper.mx\/tienda\/producto\/asus-oem-prime-b840m-a-mb-asus-b840-amd-s-am5-9a-gen-4x-ddr5-7600-hdmi-2x-dp-2x-usb-3-2-micro-atx-gama-media\/#breadcrumb"},"inLanguage":"es-MX","potentialAction":[{"@type":"ReadAction","target":["https:\/\/compuviper.mx\/tienda\/producto\/asus-oem-prime-b840m-a-mb-asus-b840-amd-s-am5-9a-gen-4x-ddr5-7600-hdmi-2x-dp-2x-usb-3-2-micro-atx-gama-media\/"]}]},{"@type":"BreadcrumbList","@id":"https:\/\/compuviper.mx\/tienda\/producto\/asus-oem-prime-b840m-a-mb-asus-b840-amd-s-am5-9a-gen-4x-ddr5-7600-hdmi-2x-dp-2x-usb-3-2-micro-atx-gama-media\/#breadcrumb","itemListElement":[{"@type":"ListItem","position":1,"name":"Inicio","item":"https:\/\/compuviper.mx\/tienda\/"},{"@type":"ListItem","position":2,"name":"Productos","item":"https:\/\/compuviper.mx\/tienda\/productos\/"},{"@type":"ListItem","position":3,"name":"Asus Oem Prime B840m-a Mb Asus B840 Amd S-am5 9a Gen \/4x Ddr5 7600 \/hdmi \/2x Dp \/2x Usb 3.2 \/micro Atx \/gama Media"}]},{"@type":"WebSite","@id":"https:\/\/compuviper.mx\/tienda\/#website","url":"https:\/\/compuviper.mx\/tienda\/","name":"Compuviper","description":"Proveedor de Computadoras, Laptops, Servidores, Monitores, Puntos de Venta, Teclados,   Impresoras, T\u00f3ner, C\u00e1maras de Seguridad y m\u00e1s en tu tienda en l\u00ednea","publisher":{"@id":"https:\/\/compuviper.mx\/tienda\/#organization"},"potentialAction":[{"@type":"SearchAction","target":{"@type":"EntryPoint","urlTemplate":"https:\/\/compuviper.mx\/tienda\/?s={search_term_string}"},"query-input":"required name=search_term_string"}],"inLanguage":"es-MX"},{"@type":"Organization","@id":"https:\/\/compuviper.mx\/tienda\/#organization","name":"Compuviper","url":"https:\/\/compuviper.mx\/tienda\/","logo":{"@type":"ImageObject","inLanguage":"es-MX","@id":"https:\/\/compuviper.mx\/tienda\/#\/schema\/logo\/image\/","url":"https:\/\/compuviper.mx\/tienda\/wp-content\/uploads\/2021\/08\/Logo-Compuviper-10.png","contentUrl":"https:\/\/compuviper.mx\/tienda\/wp-content\/uploads\/2021\/08\/Logo-Compuviper-10.png","width":1000,"height":500,"caption":"Compuviper"},"image":{"@id":"https:\/\/compuviper.mx\/tienda\/#\/schema\/logo\/image\/"},"sameAs":["https:\/\/www.facebook.com\/compuviper","https:\/\/www.youtube.com\/channel\/UCf73dERp9Y3cfOq7q8BhLjA?view_as=subscriber"]}]},"product_brand":"Asus Oem","product_price_amount":"2112","product_price_currency":"MXN","og_availability":"out of stock","product_availability":"out of stock","product_retailer_item_id":"PRIME B840M-A","product_condition":"new"},"_links":{"self":[{"href":"https:\/\/compuviper.mx\/tienda\/wp-json\/wp\/v2\/product\/268469"}],"collection":[{"href":"https:\/\/compuviper.mx\/tienda\/wp-json\/wp\/v2\/product"}],"about":[{"href":"https:\/\/compuviper.mx\/tienda\/wp-json\/wp\/v2\/types\/product"}],"replies":[{"embeddable":true,"href":"https:\/\/compuviper.mx\/tienda\/wp-json\/wp\/v2\/comments?post=268469"}],"wp:featuredmedia":[{"embeddable":true,"href":"https:\/\/compuviper.mx\/tienda\/wp-json\/wp\/v2\/media\/268470"}],"wp:attachment":[{"href":"https:\/\/compuviper.mx\/tienda\/wp-json\/wp\/v2\/media?parent=268469"}],"wp:term":[{"taxonomy":"product_cat","embeddable":true,"href":"https:\/\/compuviper.mx\/tienda\/wp-json\/wp\/v2\/product_cat?post=268469"},{"taxonomy":"product_tag","embeddable":true,"href":"https:\/\/compuviper.mx\/tienda\/wp-json\/wp\/v2\/product_tag?post=268469"}],"curies":[{"name":"wp","href":"https:\/\/api.w.org\/{rel}","templated":true}]}}