{"id":268397,"date":"2026-04-02T00:39:19","date_gmt":"2026-04-02T06:39:19","guid":{"rendered":"https:\/\/compuviper.mx\/tienda\/producto\/sandisk-wds100t4x0e-00cja0-unidad-de-estado-solido-ssd-interno-wd-black-sn7100-1tb-m-2-2280-nvme-pcie-gen4-lect-7250mb-s-escrit-6900mb-s-wds100t4x0e\/"},"modified":"2026-04-03T00:00:14","modified_gmt":"2026-04-03T06:00:14","slug":"sandisk-wds100t4x0e-00cja0-unidad-de-estado-solido-ssd-interno-wd-black-sn7100-1tb-m-2-2280-nvme-pcie-gen4-lect-7250mb-s-escrit-6900mb-s-wds100t4x0e","status":"publish","type":"product","link":"https:\/\/compuviper.mx\/tienda\/producto\/sandisk-wds100t4x0e-00cja0-unidad-de-estado-solido-ssd-interno-wd-black-sn7100-1tb-m-2-2280-nvme-pcie-gen4-lect-7250mb-s-escrit-6900mb-s-wds100t4x0e\/","title":{"rendered":"Sandisk Wds100t4x0e-00cja0 Unidad De Estado Solido Ssd Interno Wd Black Sn7100 1tb M.2 2280 Nvme Pcie Gen4 Lect.7250mb\/s Escrit.6900mb\/s Wds100t4x0e"},"content":{"rendered":"<table class=\"descripcion\">\n<tr>\n<td>Especificaciones<\/td>\n<\/tr>\n<tr>\n<td>Capacity<\/td>\n<\/tr>\n<tr>\n<td>1 tb<\/td>\n<\/tr>\n<tr>\n<td>Formato<\/td>\n<\/tr>\n<tr>\n<td>M.2 2280<\/td>\n<\/tr>\n<tr>\n<td>Rendimiento de lectura secuencial<\/td>\n<\/tr>\n<tr>\n<td>7250mb\/s<\/td>\n<\/tr>\n<tr>\n<td>Rendimiento de escritura secuencial<\/td>\n<\/tr>\n<tr>\n<td>6900mb\/s<\/td>\n<\/tr>\n<tr>\n<td>Lectura aleatoria<\/td>\n<\/tr>\n<tr>\n<td>1000k iops<\/td>\n<\/tr>\n<tr>\n<td>Escritura aleatoria<\/td>\n<\/tr>\n<tr>\n<td>1400k iops<\/td>\n<\/tr>\n<tr>\n<td>Conexin<\/td>\n<\/tr>\n<tr>\n<td>Pcie gen 4.0<\/td>\n<\/tr>\n<tr>\n<td>Dimensiones largo, ancho y alto<\/td>\n<\/tr>\n<tr>\n<td>80mm x 22mm x 1.14mm<\/td>\n<\/tr>\n<tr>\n<td>Warranty<\/td>\n<\/tr>\n<tr>\n<td>Garanta limitada de 5 aos<\/td>\n<\/tr>\n<tr>\n<td>Peso<\/td>\n<\/tr>\n<tr>\n<td>5.8gms<\/td>\n<\/tr>\n<tr>\n<td>Nmero de modelo<\/td>\n<\/tr>\n<tr>\n<td>Wds100t4x0e<\/td>\n<\/tr>\n<tr>\n<td>Temperatura de funcionamiento<\/td>\n<\/tr>\n<tr>\n<td>0\u00b0c to 85\u00b0c<\/td>\n<\/tr>\n<tr>\n<td>Non-operating temperature<\/td>\n<\/tr>\n<tr>\n<td>-40\u00b0c to 85\u00b0c<\/td>\n<\/tr>\n<tr>\n<td>Caractersticas del producto<\/td>\n<\/tr>\n<tr>\n<td>Experimenta velocidades de lectura y escritura excepcionalmente rpidas para una experiencia de juego de alto calibre con un rendimiento hasta un 35  ms rpido que la generacin anterior.<\/td>\n<\/tr>\n<tr>\n<td>Diseado para los jugadores que se toman la movilidad en serio, con una interfaz pcie\u00ae gen4 y memoria tlc 3d nand de ltima generacin de western digital.<\/td>\n<\/tr>\n<tr>\n<td>Consigue ms espacio para tus juegos favoritos y ttulos nuevos con mltiples capacidades para poder ampliar el almacenamiento de tu equipo.<\/td>\n<\/tr>\n<tr>\n<td>Compatibilidad<\/td>\n<\/tr>\n<tr>\n<td>Windows\u00ae 10 o versiones posteriores<\/td>\n<\/tr>\n<\/table>\n","protected":false},"excerpt":{"rendered":"<p>Creado para mejorar tu experiencia de juego en cualquier dispositivo. Preprate para jugar ms rpido con el wd_black sn7100 nvme ssd, que proporciona hasta 7250 mb\/s de velocidad de lectura2 y 6900 mb\/s de velocidad de escritura2 modelos de 1-2 tb, lo que permite un aumento del rendimiento de hasta un 35  en comparacin con los ssd de la generacin anterior3. Gracias a un diseo pensado para ordenadores y consolas porttiles, podrs olvidarte de los tiempos de carga y conquistar tus sesiones de juego ms intensas con un menor consumo de energa3 a mxima velocidad. Con hasta 2 tb1 de capacidad, puedes almacenar ms juegos y todava te quedar espacio para futuras actualizaciones y contenido descargable. Actualiza ahora y asegrate de estar a punto para la exigencia de las aplicaciones de ia y los videojuegos de ltima generacin.<\/p>\n","protected":false},"featured_media":268398,"comment_status":"open","ping_status":"open","template":"","meta":[],"product_cat":[1703,1708],"product_tag":[1709],"acf":[],"yoast_head":"<!-- This site is optimized with the Yoast SEO plugin v21.7 - https:\/\/yoast.com\/wordpress\/plugins\/seo\/ -->\n<title>[ Sandisk ] &#129351; Wds100t4x0e-00cja0 Unidad De Estado Solido Ssd Interno Wd Black Sn7100 1tb M.2 2280 Nvme Pcie Gen4 Lect.7250mb\/s Escrit.6900mb\/s Wds100t4x0e<\/title>\n<meta name=\"description\" content=\"Compra Wds100t4x0e-00cja0 Unidad De Estado Solido Ssd Interno Wd Black Sn7100 1tb M.2 2280 Nvme Pcie Gen4 Lect.7250mb\/s Escrit.6900mb\/s Wds100t4x0e + Env\u00edo a domicilio + Pago seguro + Garant\u00eda\" \/>\n<meta name=\"robots\" content=\"index, follow, max-snippet:-1, max-image-preview:large, max-video-preview:-1\" \/>\n<link rel=\"canonical\" href=\"https:\/\/compuviper.mx\/tienda\/producto\/sandisk-wds100t4x0e-00cja0-unidad-de-estado-solido-ssd-interno-wd-black-sn7100-1tb-m-2-2280-nvme-pcie-gen4-lect-7250mb-s-escrit-6900mb-s-wds100t4x0e\/\" \/>\n<meta property=\"og:locale\" content=\"es_MX\" \/>\n<meta property=\"og:type\" content=\"article\" \/>\n<meta property=\"og:title\" content=\"[ Sandisk ] &#129351; Wds100t4x0e-00cja0 Unidad De Estado Solido Ssd Interno Wd Black Sn7100 1tb M.2 2280 Nvme Pcie Gen4 Lect.7250mb\/s Escrit.6900mb\/s Wds100t4x0e\" \/>\n<meta property=\"og:description\" content=\"Compra Wds100t4x0e-00cja0 Unidad De Estado Solido Ssd Interno Wd Black Sn7100 1tb M.2 2280 Nvme Pcie Gen4 Lect.7250mb\/s Escrit.6900mb\/s Wds100t4x0e + Env\u00edo a domicilio + Pago seguro + Garant\u00eda\" \/>\n<meta property=\"og:url\" content=\"https:\/\/compuviper.mx\/tienda\/producto\/sandisk-wds100t4x0e-00cja0-unidad-de-estado-solido-ssd-interno-wd-black-sn7100-1tb-m-2-2280-nvme-pcie-gen4-lect-7250mb-s-escrit-6900mb-s-wds100t4x0e\/\" \/>\n<meta property=\"og:site_name\" content=\"Compuviper\" \/>\n<meta property=\"article:publisher\" content=\"https:\/\/www.facebook.com\/compuviper\" \/>\n<meta property=\"article:modified_time\" content=\"2026-04-03T06:00:14+00:00\" \/>\n<meta property=\"og:image\" content=\"https:\/\/compuviper.mx\/tienda\/wp-content\/uploads\/2026\/04\/Unidad-de-estado-solido-ssd-interno-wd-black-sn7100-1tb-m.2-2280-nvme-pcie-gen4-lect.7250mbs-escrit.6900mbs-wds100t4x0e.jpg\" \/>\n\t<meta property=\"og:image:width\" content=\"200\" \/>\n\t<meta property=\"og:image:height\" content=\"200\" \/>\n\t<meta property=\"og:image:type\" content=\"image\/jpeg\" \/>\n<meta name=\"twitter:card\" content=\"summary_large_image\" \/>\n<meta name=\"twitter:label1\" content=\"Precio\" \/>\n\t<meta name=\"twitter:data1\" content=\"&#36;5,852 con IVA\" \/>\n\t<meta name=\"twitter:label2\" content=\"Availability\" \/>\n\t<meta name=\"twitter:data2\" content=\"Out of stock\" \/>\n<script type=\"application\/ld+json\" class=\"yoast-schema-graph\">{\"@context\":\"https:\/\/schema.org\",\"@graph\":[{\"@type\":\"WebPage\",\"@id\":\"https:\/\/compuviper.mx\/tienda\/producto\/sandisk-wds100t4x0e-00cja0-unidad-de-estado-solido-ssd-interno-wd-black-sn7100-1tb-m-2-2280-nvme-pcie-gen4-lect-7250mb-s-escrit-6900mb-s-wds100t4x0e\/\",\"url\":\"https:\/\/compuviper.mx\/tienda\/producto\/sandisk-wds100t4x0e-00cja0-unidad-de-estado-solido-ssd-interno-wd-black-sn7100-1tb-m-2-2280-nvme-pcie-gen4-lect-7250mb-s-escrit-6900mb-s-wds100t4x0e\/\",\"name\":\"[ Sandisk ] &#129351; Wds100t4x0e-00cja0 Unidad De Estado Solido Ssd Interno Wd Black Sn7100 1tb M.2 2280 Nvme Pcie Gen4 Lect.7250mb\/s Escrit.6900mb\/s Wds100t4x0e\",\"isPartOf\":{\"@id\":\"https:\/\/compuviper.mx\/tienda\/#website\"},\"datePublished\":\"2026-04-02T06:39:19+00:00\",\"dateModified\":\"2026-04-03T06:00:14+00:00\",\"description\":\"Compra Wds100t4x0e-00cja0 Unidad De Estado Solido Ssd Interno Wd Black Sn7100 1tb M.2 2280 Nvme Pcie Gen4 Lect.7250mb\/s Escrit.6900mb\/s Wds100t4x0e + Env\u00edo a domicilio + Pago seguro + Garant\u00eda\",\"breadcrumb\":{\"@id\":\"https:\/\/compuviper.mx\/tienda\/producto\/sandisk-wds100t4x0e-00cja0-unidad-de-estado-solido-ssd-interno-wd-black-sn7100-1tb-m-2-2280-nvme-pcie-gen4-lect-7250mb-s-escrit-6900mb-s-wds100t4x0e\/#breadcrumb\"},\"inLanguage\":\"es-MX\",\"potentialAction\":[{\"@type\":\"ReadAction\",\"target\":[\"https:\/\/compuviper.mx\/tienda\/producto\/sandisk-wds100t4x0e-00cja0-unidad-de-estado-solido-ssd-interno-wd-black-sn7100-1tb-m-2-2280-nvme-pcie-gen4-lect-7250mb-s-escrit-6900mb-s-wds100t4x0e\/\"]}]},{\"@type\":\"BreadcrumbList\",\"@id\":\"https:\/\/compuviper.mx\/tienda\/producto\/sandisk-wds100t4x0e-00cja0-unidad-de-estado-solido-ssd-interno-wd-black-sn7100-1tb-m-2-2280-nvme-pcie-gen4-lect-7250mb-s-escrit-6900mb-s-wds100t4x0e\/#breadcrumb\",\"itemListElement\":[{\"@type\":\"ListItem\",\"position\":1,\"name\":\"Inicio\",\"item\":\"https:\/\/compuviper.mx\/tienda\/\"},{\"@type\":\"ListItem\",\"position\":2,\"name\":\"Productos\",\"item\":\"https:\/\/compuviper.mx\/tienda\/productos\/\"},{\"@type\":\"ListItem\",\"position\":3,\"name\":\"Sandisk Wds100t4x0e-00cja0 Unidad De Estado Solido Ssd Interno Wd Black Sn7100 1tb M.2 2280 Nvme Pcie Gen4 Lect.7250mb\/s Escrit.6900mb\/s Wds100t4x0e\"}]},{\"@type\":\"WebSite\",\"@id\":\"https:\/\/compuviper.mx\/tienda\/#website\",\"url\":\"https:\/\/compuviper.mx\/tienda\/\",\"name\":\"Compuviper\",\"description\":\"Proveedor de Computadoras, Laptops, Servidores, Monitores, Puntos de Venta, Teclados,   Impresoras, T\u00f3ner, C\u00e1maras de Seguridad y m\u00e1s en tu tienda en l\u00ednea\",\"publisher\":{\"@id\":\"https:\/\/compuviper.mx\/tienda\/#organization\"},\"potentialAction\":[{\"@type\":\"SearchAction\",\"target\":{\"@type\":\"EntryPoint\",\"urlTemplate\":\"https:\/\/compuviper.mx\/tienda\/?s={search_term_string}\"},\"query-input\":\"required name=search_term_string\"}],\"inLanguage\":\"es-MX\"},{\"@type\":\"Organization\",\"@id\":\"https:\/\/compuviper.mx\/tienda\/#organization\",\"name\":\"Compuviper\",\"url\":\"https:\/\/compuviper.mx\/tienda\/\",\"logo\":{\"@type\":\"ImageObject\",\"inLanguage\":\"es-MX\",\"@id\":\"https:\/\/compuviper.mx\/tienda\/#\/schema\/logo\/image\/\",\"url\":\"https:\/\/compuviper.mx\/tienda\/wp-content\/uploads\/2021\/08\/Logo-Compuviper-10.png\",\"contentUrl\":\"https:\/\/compuviper.mx\/tienda\/wp-content\/uploads\/2021\/08\/Logo-Compuviper-10.png\",\"width\":1000,\"height\":500,\"caption\":\"Compuviper\"},\"image\":{\"@id\":\"https:\/\/compuviper.mx\/tienda\/#\/schema\/logo\/image\/\"},\"sameAs\":[\"https:\/\/www.facebook.com\/compuviper\",\"https:\/\/www.youtube.com\/channel\/UCf73dERp9Y3cfOq7q8BhLjA?view_as=subscriber\"]}]}<\/script>\n<meta property=\"product:brand\" content=\"SANDISK\" \/>\n<meta property=\"product:price:amount\" content=\"5852\" \/>\n<meta property=\"product:price:currency\" content=\"MXN\" \/>\n<meta property=\"og:availability\" content=\"out of stock\" \/>\n<meta property=\"product:availability\" content=\"out of stock\" \/>\n<meta property=\"product:retailer_item_id\" content=\"WDS100T4X0E-00CJA0\" \/>\n<meta property=\"product:condition\" content=\"new\" \/>\n<!-- \/ Yoast SEO plugin. -->","yoast_head_json":{"title":"[ Sandisk ] &#129351; Wds100t4x0e-00cja0 Unidad De Estado Solido Ssd Interno Wd Black Sn7100 1tb M.2 2280 Nvme Pcie Gen4 Lect.7250mb\/s Escrit.6900mb\/s Wds100t4x0e","description":"Compra Wds100t4x0e-00cja0 Unidad De Estado Solido Ssd Interno Wd Black Sn7100 1tb M.2 2280 Nvme Pcie Gen4 Lect.7250mb\/s Escrit.6900mb\/s Wds100t4x0e + Env\u00edo a domicilio + Pago seguro + Garant\u00eda","robots":{"index":"index","follow":"follow","max-snippet":"max-snippet:-1","max-image-preview":"max-image-preview:large","max-video-preview":"max-video-preview:-1"},"canonical":"https:\/\/compuviper.mx\/tienda\/producto\/sandisk-wds100t4x0e-00cja0-unidad-de-estado-solido-ssd-interno-wd-black-sn7100-1tb-m-2-2280-nvme-pcie-gen4-lect-7250mb-s-escrit-6900mb-s-wds100t4x0e\/","og_locale":"es_MX","og_type":"article","og_title":"[ Sandisk ] &#129351; Wds100t4x0e-00cja0 Unidad De Estado Solido Ssd Interno Wd Black Sn7100 1tb M.2 2280 Nvme Pcie Gen4 Lect.7250mb\/s Escrit.6900mb\/s Wds100t4x0e","og_description":"Compra Wds100t4x0e-00cja0 Unidad De Estado Solido Ssd Interno Wd Black Sn7100 1tb M.2 2280 Nvme Pcie Gen4 Lect.7250mb\/s Escrit.6900mb\/s Wds100t4x0e + Env\u00edo a domicilio + Pago seguro + Garant\u00eda","og_url":"https:\/\/compuviper.mx\/tienda\/producto\/sandisk-wds100t4x0e-00cja0-unidad-de-estado-solido-ssd-interno-wd-black-sn7100-1tb-m-2-2280-nvme-pcie-gen4-lect-7250mb-s-escrit-6900mb-s-wds100t4x0e\/","og_site_name":"Compuviper","article_publisher":"https:\/\/www.facebook.com\/compuviper","article_modified_time":"2026-04-03T06:00:14+00:00","og_image":[{"width":200,"height":200,"url":"https:\/\/compuviper.mx\/tienda\/wp-content\/uploads\/2026\/04\/Unidad-de-estado-solido-ssd-interno-wd-black-sn7100-1tb-m.2-2280-nvme-pcie-gen4-lect.7250mbs-escrit.6900mbs-wds100t4x0e.jpg","type":"image\/jpeg"}],"twitter_card":"summary_large_image","twitter_misc":{"Precio":"&#36;5,852 con IVA","Availability":"Out of stock"},"schema":{"@context":"https:\/\/schema.org","@graph":[{"@type":"WebPage","@id":"https:\/\/compuviper.mx\/tienda\/producto\/sandisk-wds100t4x0e-00cja0-unidad-de-estado-solido-ssd-interno-wd-black-sn7100-1tb-m-2-2280-nvme-pcie-gen4-lect-7250mb-s-escrit-6900mb-s-wds100t4x0e\/","url":"https:\/\/compuviper.mx\/tienda\/producto\/sandisk-wds100t4x0e-00cja0-unidad-de-estado-solido-ssd-interno-wd-black-sn7100-1tb-m-2-2280-nvme-pcie-gen4-lect-7250mb-s-escrit-6900mb-s-wds100t4x0e\/","name":"[ Sandisk ] &#129351; Wds100t4x0e-00cja0 Unidad De Estado Solido Ssd Interno Wd Black Sn7100 1tb M.2 2280 Nvme Pcie Gen4 Lect.7250mb\/s Escrit.6900mb\/s Wds100t4x0e","isPartOf":{"@id":"https:\/\/compuviper.mx\/tienda\/#website"},"datePublished":"2026-04-02T06:39:19+00:00","dateModified":"2026-04-03T06:00:14+00:00","description":"Compra Wds100t4x0e-00cja0 Unidad De Estado Solido Ssd Interno Wd Black Sn7100 1tb M.2 2280 Nvme Pcie Gen4 Lect.7250mb\/s Escrit.6900mb\/s Wds100t4x0e + Env\u00edo a domicilio + Pago seguro + Garant\u00eda","breadcrumb":{"@id":"https:\/\/compuviper.mx\/tienda\/producto\/sandisk-wds100t4x0e-00cja0-unidad-de-estado-solido-ssd-interno-wd-black-sn7100-1tb-m-2-2280-nvme-pcie-gen4-lect-7250mb-s-escrit-6900mb-s-wds100t4x0e\/#breadcrumb"},"inLanguage":"es-MX","potentialAction":[{"@type":"ReadAction","target":["https:\/\/compuviper.mx\/tienda\/producto\/sandisk-wds100t4x0e-00cja0-unidad-de-estado-solido-ssd-interno-wd-black-sn7100-1tb-m-2-2280-nvme-pcie-gen4-lect-7250mb-s-escrit-6900mb-s-wds100t4x0e\/"]}]},{"@type":"BreadcrumbList","@id":"https:\/\/compuviper.mx\/tienda\/producto\/sandisk-wds100t4x0e-00cja0-unidad-de-estado-solido-ssd-interno-wd-black-sn7100-1tb-m-2-2280-nvme-pcie-gen4-lect-7250mb-s-escrit-6900mb-s-wds100t4x0e\/#breadcrumb","itemListElement":[{"@type":"ListItem","position":1,"name":"Inicio","item":"https:\/\/compuviper.mx\/tienda\/"},{"@type":"ListItem","position":2,"name":"Productos","item":"https:\/\/compuviper.mx\/tienda\/productos\/"},{"@type":"ListItem","position":3,"name":"Sandisk Wds100t4x0e-00cja0 Unidad De Estado Solido Ssd Interno Wd Black Sn7100 1tb M.2 2280 Nvme Pcie Gen4 Lect.7250mb\/s Escrit.6900mb\/s Wds100t4x0e"}]},{"@type":"WebSite","@id":"https:\/\/compuviper.mx\/tienda\/#website","url":"https:\/\/compuviper.mx\/tienda\/","name":"Compuviper","description":"Proveedor de Computadoras, Laptops, Servidores, Monitores, Puntos de Venta, Teclados,   Impresoras, T\u00f3ner, C\u00e1maras de Seguridad y m\u00e1s en tu tienda en l\u00ednea","publisher":{"@id":"https:\/\/compuviper.mx\/tienda\/#organization"},"potentialAction":[{"@type":"SearchAction","target":{"@type":"EntryPoint","urlTemplate":"https:\/\/compuviper.mx\/tienda\/?s={search_term_string}"},"query-input":"required name=search_term_string"}],"inLanguage":"es-MX"},{"@type":"Organization","@id":"https:\/\/compuviper.mx\/tienda\/#organization","name":"Compuviper","url":"https:\/\/compuviper.mx\/tienda\/","logo":{"@type":"ImageObject","inLanguage":"es-MX","@id":"https:\/\/compuviper.mx\/tienda\/#\/schema\/logo\/image\/","url":"https:\/\/compuviper.mx\/tienda\/wp-content\/uploads\/2021\/08\/Logo-Compuviper-10.png","contentUrl":"https:\/\/compuviper.mx\/tienda\/wp-content\/uploads\/2021\/08\/Logo-Compuviper-10.png","width":1000,"height":500,"caption":"Compuviper"},"image":{"@id":"https:\/\/compuviper.mx\/tienda\/#\/schema\/logo\/image\/"},"sameAs":["https:\/\/www.facebook.com\/compuviper","https:\/\/www.youtube.com\/channel\/UCf73dERp9Y3cfOq7q8BhLjA?view_as=subscriber"]}]},"product_brand":"SANDISK","product_price_amount":"5852","product_price_currency":"MXN","og_availability":"out of stock","product_availability":"out of stock","product_retailer_item_id":"WDS100T4X0E-00CJA0","product_condition":"new"},"_links":{"self":[{"href":"https:\/\/compuviper.mx\/tienda\/wp-json\/wp\/v2\/product\/268397"}],"collection":[{"href":"https:\/\/compuviper.mx\/tienda\/wp-json\/wp\/v2\/product"}],"about":[{"href":"https:\/\/compuviper.mx\/tienda\/wp-json\/wp\/v2\/types\/product"}],"replies":[{"embeddable":true,"href":"https:\/\/compuviper.mx\/tienda\/wp-json\/wp\/v2\/comments?post=268397"}],"wp:featuredmedia":[{"embeddable":true,"href":"https:\/\/compuviper.mx\/tienda\/wp-json\/wp\/v2\/media\/268398"}],"wp:attachment":[{"href":"https:\/\/compuviper.mx\/tienda\/wp-json\/wp\/v2\/media?parent=268397"}],"wp:term":[{"taxonomy":"product_cat","embeddable":true,"href":"https:\/\/compuviper.mx\/tienda\/wp-json\/wp\/v2\/product_cat?post=268397"},{"taxonomy":"product_tag","embeddable":true,"href":"https:\/\/compuviper.mx\/tienda\/wp-json\/wp\/v2\/product_tag?post=268397"}],"curies":[{"name":"wp","href":"https:\/\/api.w.org\/{rel}","templated":true}]}}