{"id":268075,"date":"2026-04-07T01:12:23","date_gmt":"2026-04-07T07:12:23","guid":{"rendered":"https:\/\/compuviper.mx\/tienda\/producto\/tp-link-beam-bridge-5-ur-kit-acess-point-tp-link-wi-fi-5-ieee-802-11a-n-ac-de-867-mbps-5-ghz\/"},"modified":"2026-04-07T01:12:24","modified_gmt":"2026-04-07T07:12:24","slug":"tp-link-beam-bridge-5-ur-kit-acess-point-tp-link-wi-fi-5-ieee-802-11a-n-ac-de-867-mbps-5-ghz","status":"publish","type":"product","link":"https:\/\/compuviper.mx\/tienda\/producto\/tp-link-beam-bridge-5-ur-kit-acess-point-tp-link-wi-fi-5-ieee-802-11a-n-ac-de-867-mbps-5-ghz\/","title":{"rendered":"Tp Link Beam Bridge 5 Ur Kit Acess Point  | Tp-link |  | Wi-fi 5 Ieee 802.11a\/n\/ac De 867 Mbps &#8211; 5 Ghz"},"content":{"rendered":"<table class=\"descripcion\">\n<tr>\n<td>Caracter\u00edsticas del hardware<\/td>\n<\/tr>\n<tr>\n<td>Interfaz<\/td>\n<\/tr>\n<tr>\n<td>1 puerto gigabit ethernet de 10 m\/100 m\/1000 mbps (rj45); entrada poe<\/td>\n<\/tr>\n<tr>\n<td>Bot\u00f3n<\/td>\n<\/tr>\n<tr>\n<td>1 \u00d7 bot\u00f3n de reinicio<\/td>\n<\/tr>\n<tr>\n<td>1 \u00d7 bot\u00f3n de selecci\u00f3n de modo del sistema<\/td>\n<\/tr>\n<tr>\n<td>Interruptor dip<\/td>\n<\/tr>\n<tr>\n<td>Cambio de roles<\/td>\n<\/tr>\n<tr>\n<td>Fuente de alimentaci\u00f3n<\/td>\n<\/tr>\n<tr>\n<td>Poe 802.3af (1,2 pines; 3,6 pines)<\/td>\n<\/tr>\n<tr>\n<td>Poe pasivo de 24 v o 48 v (+4,5 pines; -7,8 pines) (adaptador poe pasivo incluido)<\/td>\n<\/tr>\n<tr>\n<td>Consumo m\u00e1ximo de energ\u00eda<\/td>\n<\/tr>\n<tr>\n<td>15,8 w<\/td>\n<\/tr>\n<tr>\n<td>Dimensiones (an x pr x al)<\/td>\n<\/tr>\n<tr>\n<td>14,4 \u00d7 11,0 \u00d7 8,1 pulgadas (366 \u00d7 280 \u00d7 207 mm)<\/td>\n<\/tr>\n<tr>\n<td>Antena<\/td>\n<\/tr>\n<tr>\n<td>Antenas mimo direccionales externas de doble polarizaci\u00f3n 2\u00d72 de<\/td>\n<\/tr>\n<tr>\n<td>5 ghz: 23 dbi<\/td>\n<\/tr>\n<tr>\n<td>Ancho de haz de la antena<\/td>\n<\/tr>\n<tr>\n<td>Horizontal: 9\u00b0<\/td>\n<\/tr>\n<tr>\n<td>Vertical: 7\u00b0<\/td>\n<\/tr>\n<tr>\n<td>Caja resistente a la intemperie<\/td>\n<\/tr>\n<tr>\n<td>Ip65<\/td>\n<\/tr>\n<tr>\n<td>Ancho de banda<\/td>\n<\/tr>\n<tr>\n<td>5 ghz: 20 mhz\/40 mhz\/80 mhz<\/td>\n<\/tr>\n<tr>\n<td>Montaje<\/td>\n<\/tr>\n<tr>\n<td>Montaje en poste (kits incluidos)<\/td>\n<\/tr>\n<tr>\n<td>Funciones inal\u00e1mbricas<\/td>\n<\/tr>\n<tr>\n<td>Punto a punto<\/td>\n<\/tr>\n<tr>\n<td>S\u00ed<\/td>\n<\/tr>\n<tr>\n<td>Distancia de transmisi\u00f3n<\/td>\n<\/tr>\n<tr>\n<td>15 kil\u00f3metros (9,3 millas)<\/td>\n<\/tr>\n<tr>\n<td>Est\u00e1ndares inal\u00e1mbricos<\/td>\n<\/tr>\n<tr>\n<td>Ieee 802.11 a\/n\/ac<\/td>\n<\/tr>\n<tr>\n<td>Frecuencia<\/td>\n<\/tr>\n<tr>\n<td>5 ghz<\/td>\n<\/tr>\n<tr>\n<td>Velocidad de se\u00f1al<\/td>\n<\/tr>\n<tr>\n<td>5 ghz: hasta 867 mbps<\/td>\n<\/tr>\n<tr>\n<td>Funciones inal\u00e1mbricas<\/td>\n<\/tr>\n<tr>\n<td>Mu-mimo: 5g 2&#215;2 mu-mimo dl<\/td>\n<\/tr>\n<tr>\n<td>N\u00famero m\u00e1ximo de sta asociadas: 8<\/td>\n<\/tr>\n<tr>\n<td>Prueba de velocidad<\/td>\n<\/tr>\n<tr>\n<td>Optimizaci\u00f3n del canal<\/td>\n<\/tr>\n<tr>\n<td>Alineaci\u00f3n de antena<\/td>\n<\/tr>\n<tr>\n<td>Acs (selecci\u00f3n autom\u00e1tica de canal)<\/td>\n<\/tr>\n<tr>\n<td>L\u00edmite de velocidad<\/td>\n<\/tr>\n<tr>\n<td>Red de invitados<\/td>\n<\/tr>\n<tr>\n<td>Seguridad inal\u00e1mbrica<\/td>\n<\/tr>\n<tr>\n<td>Detecci\u00f3n de ap no autorizados de vlan<\/td>\n<\/tr>\n<tr>\n<td>N\u00famero m\u00e1ximo de filtros mac: 4000<\/td>\n<\/tr>\n<tr>\n<td>Cifrado inal\u00e1mbrico<\/td>\n<\/tr>\n<tr>\n<td>Potencia de transmisi\u00f3n<\/td>\n<\/tr>\n<tr>\n<td>Ce:<\/td>\n<\/tr>\n<tr>\n<td> 23 dbm (5 ghz, u-nii-1\/2a, erip)<\/td>\n<\/tr>\n<tr>\n<td> 30 dbm (5 ghz, u-nii-1\/2c, erip)<\/td>\n<\/tr>\n<tr>\n<td>Fcc:<\/td>\n<\/tr>\n<tr>\n<td> 27 dbm (5 ghz, u-nii-1)<\/td>\n<\/tr>\n<tr>\n<td> 27 dbm (5 ghz, u-nii-3)<\/td>\n<\/tr>\n<\/table>\n","protected":false},"excerpt":{"rendered":"<p>Transmisi\u00f3n inal\u00e1mbrica de ultraalcance de grado empresarial de hasta 15 km: con antenas direccionales de alta ganancia de 23 dbi. Plug and play con kit preconfigurado: preconfigurados para emparejamiento autom\u00e1tico ptp instant\u00e1neo, los puentes ofrecen conectividad instant\u00e1nea desde el primer momento. Alineaci\u00f3n guiada por aplicaci\u00f3n: alineaci\u00f3n visualizada guiada por aplicaci\u00f3n para configuraciones de larga distancia y pruebas de velocidad instant\u00e1neas para la verificaci\u00f3n de la instalaci\u00f3n. Implementaci\u00f3n y alimentaci\u00f3n poe sencillas: 1 puerto poe gigabit compatible con poe 802.3af y poe pasivo para simplificar el cableado y reducir los costos de implementaci\u00f3n. Dise\u00f1o para durabilidad y confiabilidad en exteriores: carcasa resistente a la intemperie ip65, protecci\u00f3n contra rayos de 6 kv y rango operativo de -40 \u00b0c a +70 \u00b0c. Monitoreo y administraci\u00f3n remotas: modo independiente o modo sdn omada para administraci\u00f3n centralizada remota a trav\u00e9s de la interfaz web o la aplicaci\u00f3n*. *estas funciones requieren el uso de un controlador omada.<\/p>\n","protected":false},"featured_media":0,"comment_status":"open","ping_status":"open","template":"","meta":[],"product_cat":[1754,1563],"product_tag":[1562],"acf":[],"yoast_head":"<!-- This site is optimized with the Yoast SEO plugin v21.7 - https:\/\/yoast.com\/wordpress\/plugins\/seo\/ -->\n<title>[ Tp Link ] &#129351; Beam Bridge 5 Ur Kit Acess Point | Tp-link | | Wi-fi 5 Ieee 802.11a\/n\/ac De 867 Mbps - 5 Ghz<\/title>\n<meta name=\"description\" content=\"Compra Beam Bridge 5 Ur Kit Acess Point | Tp-link | | Wi-fi 5 Ieee 802.11a\/n\/ac De 867 Mbps - 5 Ghz + Env\u00edo a domicilio + Pago seguro + Garant\u00eda\" \/>\n<meta name=\"robots\" content=\"index, follow, max-snippet:-1, max-image-preview:large, max-video-preview:-1\" \/>\n<link rel=\"canonical\" href=\"https:\/\/compuviper.mx\/tienda\/producto\/tp-link-beam-bridge-5-ur-kit-acess-point-tp-link-wi-fi-5-ieee-802-11a-n-ac-de-867-mbps-5-ghz\/\" \/>\n<meta property=\"og:locale\" content=\"es_MX\" \/>\n<meta property=\"og:type\" content=\"article\" \/>\n<meta property=\"og:title\" content=\"[ Tp Link ] &#129351; Beam Bridge 5 Ur Kit Acess Point | Tp-link | | Wi-fi 5 Ieee 802.11a\/n\/ac De 867 Mbps - 5 Ghz\" \/>\n<meta property=\"og:description\" content=\"Compra Beam Bridge 5 Ur Kit Acess Point | Tp-link | | Wi-fi 5 Ieee 802.11a\/n\/ac De 867 Mbps - 5 Ghz + Env\u00edo a domicilio + Pago seguro + Garant\u00eda\" \/>\n<meta property=\"og:url\" content=\"https:\/\/compuviper.mx\/tienda\/producto\/tp-link-beam-bridge-5-ur-kit-acess-point-tp-link-wi-fi-5-ieee-802-11a-n-ac-de-867-mbps-5-ghz\/\" \/>\n<meta property=\"og:site_name\" content=\"Compuviper\" \/>\n<meta property=\"article:publisher\" content=\"https:\/\/www.facebook.com\/compuviper\" \/>\n<meta property=\"article:modified_time\" content=\"2026-04-07T07:12:24+00:00\" \/>\n<meta name=\"twitter:card\" content=\"summary_large_image\" \/>\n<meta name=\"twitter:label1\" content=\"Precio\" \/>\n\t<meta name=\"twitter:data1\" content=\"&#36;3,197 con IVA\" \/>\n\t<meta name=\"twitter:label2\" content=\"Availability\" \/>\n\t<meta name=\"twitter:data2\" content=\"On backorder\" \/>\n<script type=\"application\/ld+json\" class=\"yoast-schema-graph\">{\"@context\":\"https:\/\/schema.org\",\"@graph\":[{\"@type\":\"WebPage\",\"@id\":\"https:\/\/compuviper.mx\/tienda\/producto\/tp-link-beam-bridge-5-ur-kit-acess-point-tp-link-wi-fi-5-ieee-802-11a-n-ac-de-867-mbps-5-ghz\/\",\"url\":\"https:\/\/compuviper.mx\/tienda\/producto\/tp-link-beam-bridge-5-ur-kit-acess-point-tp-link-wi-fi-5-ieee-802-11a-n-ac-de-867-mbps-5-ghz\/\",\"name\":\"[ Tp Link ] &#129351; Beam Bridge 5 Ur Kit Acess Point | Tp-link | | Wi-fi 5 Ieee 802.11a\/n\/ac De 867 Mbps - 5 Ghz\",\"isPartOf\":{\"@id\":\"https:\/\/compuviper.mx\/tienda\/#website\"},\"datePublished\":\"2026-04-07T07:12:23+00:00\",\"dateModified\":\"2026-04-07T07:12:24+00:00\",\"description\":\"Compra Beam Bridge 5 Ur Kit Acess Point | Tp-link | | Wi-fi 5 Ieee 802.11a\/n\/ac De 867 Mbps - 5 Ghz + Env\u00edo a domicilio + Pago seguro + Garant\u00eda\",\"breadcrumb\":{\"@id\":\"https:\/\/compuviper.mx\/tienda\/producto\/tp-link-beam-bridge-5-ur-kit-acess-point-tp-link-wi-fi-5-ieee-802-11a-n-ac-de-867-mbps-5-ghz\/#breadcrumb\"},\"inLanguage\":\"es-MX\",\"potentialAction\":[{\"@type\":\"ReadAction\",\"target\":[\"https:\/\/compuviper.mx\/tienda\/producto\/tp-link-beam-bridge-5-ur-kit-acess-point-tp-link-wi-fi-5-ieee-802-11a-n-ac-de-867-mbps-5-ghz\/\"]}]},{\"@type\":\"BreadcrumbList\",\"@id\":\"https:\/\/compuviper.mx\/tienda\/producto\/tp-link-beam-bridge-5-ur-kit-acess-point-tp-link-wi-fi-5-ieee-802-11a-n-ac-de-867-mbps-5-ghz\/#breadcrumb\",\"itemListElement\":[{\"@type\":\"ListItem\",\"position\":1,\"name\":\"Inicio\",\"item\":\"https:\/\/compuviper.mx\/tienda\/\"},{\"@type\":\"ListItem\",\"position\":2,\"name\":\"Productos\",\"item\":\"https:\/\/compuviper.mx\/tienda\/productos\/\"},{\"@type\":\"ListItem\",\"position\":3,\"name\":\"Redes\",\"item\":\"https:\/\/compuviper.mx\/tienda\/categoria-producto\/redes\/\"},{\"@type\":\"ListItem\",\"position\":4,\"name\":\"Access Point\",\"item\":\"https:\/\/compuviper.mx\/tienda\/categoria-producto\/redes\/access-point\/\"},{\"@type\":\"ListItem\",\"position\":5,\"name\":\"Tp Link Beam Bridge 5 Ur Kit Acess Point | Tp-link | | Wi-fi 5 Ieee 802.11a\/n\/ac De 867 Mbps &#8211; 5 Ghz\"}]},{\"@type\":\"WebSite\",\"@id\":\"https:\/\/compuviper.mx\/tienda\/#website\",\"url\":\"https:\/\/compuviper.mx\/tienda\/\",\"name\":\"Compuviper\",\"description\":\"Proveedor de Computadoras, Laptops, Servidores, Monitores, Puntos de Venta, Teclados,   Impresoras, T\u00f3ner, C\u00e1maras de Seguridad y m\u00e1s en tu tienda en l\u00ednea\",\"publisher\":{\"@id\":\"https:\/\/compuviper.mx\/tienda\/#organization\"},\"potentialAction\":[{\"@type\":\"SearchAction\",\"target\":{\"@type\":\"EntryPoint\",\"urlTemplate\":\"https:\/\/compuviper.mx\/tienda\/?s={search_term_string}\"},\"query-input\":\"required name=search_term_string\"}],\"inLanguage\":\"es-MX\"},{\"@type\":\"Organization\",\"@id\":\"https:\/\/compuviper.mx\/tienda\/#organization\",\"name\":\"Compuviper\",\"url\":\"https:\/\/compuviper.mx\/tienda\/\",\"logo\":{\"@type\":\"ImageObject\",\"inLanguage\":\"es-MX\",\"@id\":\"https:\/\/compuviper.mx\/tienda\/#\/schema\/logo\/image\/\",\"url\":\"https:\/\/compuviper.mx\/tienda\/wp-content\/uploads\/2021\/08\/Logo-Compuviper-10.png\",\"contentUrl\":\"https:\/\/compuviper.mx\/tienda\/wp-content\/uploads\/2021\/08\/Logo-Compuviper-10.png\",\"width\":1000,\"height\":500,\"caption\":\"Compuviper\"},\"image\":{\"@id\":\"https:\/\/compuviper.mx\/tienda\/#\/schema\/logo\/image\/\"},\"sameAs\":[\"https:\/\/www.facebook.com\/compuviper\",\"https:\/\/www.youtube.com\/channel\/UCf73dERp9Y3cfOq7q8BhLjA?view_as=subscriber\"]}]}<\/script>\n<meta property=\"product:brand\" content=\"TP LINK\" \/>\n<meta property=\"product:price:amount\" content=\"3197\" \/>\n<meta property=\"product:price:currency\" content=\"MXN\" \/>\n<meta property=\"og:availability\" content=\"backorder\" \/>\n<meta property=\"product:availability\" content=\"available for order\" \/>\n<meta property=\"product:retailer_item_id\" content=\"BEAM BRIDGE 5 UR KIT\" \/>\n<meta property=\"product:condition\" content=\"new\" \/>\n<!-- \/ Yoast SEO plugin. -->","yoast_head_json":{"title":"[ Tp Link ] &#129351; Beam Bridge 5 Ur Kit Acess Point | Tp-link | | Wi-fi 5 Ieee 802.11a\/n\/ac De 867 Mbps - 5 Ghz","description":"Compra Beam Bridge 5 Ur Kit Acess Point | Tp-link | | Wi-fi 5 Ieee 802.11a\/n\/ac De 867 Mbps - 5 Ghz + Env\u00edo a domicilio + Pago seguro + Garant\u00eda","robots":{"index":"index","follow":"follow","max-snippet":"max-snippet:-1","max-image-preview":"max-image-preview:large","max-video-preview":"max-video-preview:-1"},"canonical":"https:\/\/compuviper.mx\/tienda\/producto\/tp-link-beam-bridge-5-ur-kit-acess-point-tp-link-wi-fi-5-ieee-802-11a-n-ac-de-867-mbps-5-ghz\/","og_locale":"es_MX","og_type":"article","og_title":"[ Tp Link ] &#129351; Beam Bridge 5 Ur Kit Acess Point | Tp-link | | Wi-fi 5 Ieee 802.11a\/n\/ac De 867 Mbps - 5 Ghz","og_description":"Compra Beam Bridge 5 Ur Kit Acess Point | Tp-link | | Wi-fi 5 Ieee 802.11a\/n\/ac De 867 Mbps - 5 Ghz + Env\u00edo a domicilio + Pago seguro + Garant\u00eda","og_url":"https:\/\/compuviper.mx\/tienda\/producto\/tp-link-beam-bridge-5-ur-kit-acess-point-tp-link-wi-fi-5-ieee-802-11a-n-ac-de-867-mbps-5-ghz\/","og_site_name":"Compuviper","article_publisher":"https:\/\/www.facebook.com\/compuviper","article_modified_time":"2026-04-07T07:12:24+00:00","twitter_card":"summary_large_image","twitter_misc":{"Precio":"&#36;3,197 con IVA","Availability":"On backorder"},"schema":{"@context":"https:\/\/schema.org","@graph":[{"@type":"WebPage","@id":"https:\/\/compuviper.mx\/tienda\/producto\/tp-link-beam-bridge-5-ur-kit-acess-point-tp-link-wi-fi-5-ieee-802-11a-n-ac-de-867-mbps-5-ghz\/","url":"https:\/\/compuviper.mx\/tienda\/producto\/tp-link-beam-bridge-5-ur-kit-acess-point-tp-link-wi-fi-5-ieee-802-11a-n-ac-de-867-mbps-5-ghz\/","name":"[ Tp Link ] &#129351; Beam Bridge 5 Ur Kit Acess Point | Tp-link | | Wi-fi 5 Ieee 802.11a\/n\/ac De 867 Mbps - 5 Ghz","isPartOf":{"@id":"https:\/\/compuviper.mx\/tienda\/#website"},"datePublished":"2026-04-07T07:12:23+00:00","dateModified":"2026-04-07T07:12:24+00:00","description":"Compra Beam Bridge 5 Ur Kit Acess Point | Tp-link | | Wi-fi 5 Ieee 802.11a\/n\/ac De 867 Mbps - 5 Ghz + Env\u00edo a domicilio + Pago seguro + Garant\u00eda","breadcrumb":{"@id":"https:\/\/compuviper.mx\/tienda\/producto\/tp-link-beam-bridge-5-ur-kit-acess-point-tp-link-wi-fi-5-ieee-802-11a-n-ac-de-867-mbps-5-ghz\/#breadcrumb"},"inLanguage":"es-MX","potentialAction":[{"@type":"ReadAction","target":["https:\/\/compuviper.mx\/tienda\/producto\/tp-link-beam-bridge-5-ur-kit-acess-point-tp-link-wi-fi-5-ieee-802-11a-n-ac-de-867-mbps-5-ghz\/"]}]},{"@type":"BreadcrumbList","@id":"https:\/\/compuviper.mx\/tienda\/producto\/tp-link-beam-bridge-5-ur-kit-acess-point-tp-link-wi-fi-5-ieee-802-11a-n-ac-de-867-mbps-5-ghz\/#breadcrumb","itemListElement":[{"@type":"ListItem","position":1,"name":"Inicio","item":"https:\/\/compuviper.mx\/tienda\/"},{"@type":"ListItem","position":2,"name":"Productos","item":"https:\/\/compuviper.mx\/tienda\/productos\/"},{"@type":"ListItem","position":3,"name":"Redes","item":"https:\/\/compuviper.mx\/tienda\/categoria-producto\/redes\/"},{"@type":"ListItem","position":4,"name":"Access Point","item":"https:\/\/compuviper.mx\/tienda\/categoria-producto\/redes\/access-point\/"},{"@type":"ListItem","position":5,"name":"Tp Link Beam Bridge 5 Ur Kit Acess Point | Tp-link | | Wi-fi 5 Ieee 802.11a\/n\/ac De 867 Mbps &#8211; 5 Ghz"}]},{"@type":"WebSite","@id":"https:\/\/compuviper.mx\/tienda\/#website","url":"https:\/\/compuviper.mx\/tienda\/","name":"Compuviper","description":"Proveedor de Computadoras, Laptops, Servidores, Monitores, Puntos de Venta, Teclados,   Impresoras, T\u00f3ner, C\u00e1maras de Seguridad y m\u00e1s en tu tienda en l\u00ednea","publisher":{"@id":"https:\/\/compuviper.mx\/tienda\/#organization"},"potentialAction":[{"@type":"SearchAction","target":{"@type":"EntryPoint","urlTemplate":"https:\/\/compuviper.mx\/tienda\/?s={search_term_string}"},"query-input":"required name=search_term_string"}],"inLanguage":"es-MX"},{"@type":"Organization","@id":"https:\/\/compuviper.mx\/tienda\/#organization","name":"Compuviper","url":"https:\/\/compuviper.mx\/tienda\/","logo":{"@type":"ImageObject","inLanguage":"es-MX","@id":"https:\/\/compuviper.mx\/tienda\/#\/schema\/logo\/image\/","url":"https:\/\/compuviper.mx\/tienda\/wp-content\/uploads\/2021\/08\/Logo-Compuviper-10.png","contentUrl":"https:\/\/compuviper.mx\/tienda\/wp-content\/uploads\/2021\/08\/Logo-Compuviper-10.png","width":1000,"height":500,"caption":"Compuviper"},"image":{"@id":"https:\/\/compuviper.mx\/tienda\/#\/schema\/logo\/image\/"},"sameAs":["https:\/\/www.facebook.com\/compuviper","https:\/\/www.youtube.com\/channel\/UCf73dERp9Y3cfOq7q8BhLjA?view_as=subscriber"]}]},"product_brand":"TP LINK","product_price_amount":"3197","product_price_currency":"MXN","og_availability":"backorder","product_availability":"available for order","product_retailer_item_id":"BEAM BRIDGE 5 UR KIT","product_condition":"new"},"_links":{"self":[{"href":"https:\/\/compuviper.mx\/tienda\/wp-json\/wp\/v2\/product\/268075"}],"collection":[{"href":"https:\/\/compuviper.mx\/tienda\/wp-json\/wp\/v2\/product"}],"about":[{"href":"https:\/\/compuviper.mx\/tienda\/wp-json\/wp\/v2\/types\/product"}],"replies":[{"embeddable":true,"href":"https:\/\/compuviper.mx\/tienda\/wp-json\/wp\/v2\/comments?post=268075"}],"wp:attachment":[{"href":"https:\/\/compuviper.mx\/tienda\/wp-json\/wp\/v2\/media?parent=268075"}],"wp:term":[{"taxonomy":"product_cat","embeddable":true,"href":"https:\/\/compuviper.mx\/tienda\/wp-json\/wp\/v2\/product_cat?post=268075"},{"taxonomy":"product_tag","embeddable":true,"href":"https:\/\/compuviper.mx\/tienda\/wp-json\/wp\/v2\/product_tag?post=268075"}],"curies":[{"name":"wp","href":"https:\/\/api.w.org\/{rel}","templated":true}]}}