{"id":268071,"date":"2026-04-07T01:12:17","date_gmt":"2026-04-07T07:12:17","guid":{"rendered":"https:\/\/compuviper.mx\/tienda\/producto\/tp-link-eap650gp-desktop-acess-point-tp-link-wi-fi-6-de-escritorio-de-doble-banda-4-flujos-ax3000-con-1-gbe-x4-poe-20-w-gpon-x1-fxs-x1\/"},"modified":"2026-04-07T01:12:18","modified_gmt":"2026-04-07T07:12:18","slug":"tp-link-eap650gp-desktop-acess-point-tp-link-wi-fi-6-de-escritorio-de-doble-banda-4-flujos-ax3000-con-1-gbe-x4-poe-20-w-gpon-x1-fxs-x1","status":"publish","type":"product","link":"https:\/\/compuviper.mx\/tienda\/producto\/tp-link-eap650gp-desktop-acess-point-tp-link-wi-fi-6-de-escritorio-de-doble-banda-4-flujos-ax3000-con-1-gbe-x4-poe-20-w-gpon-x1-fxs-x1\/","title":{"rendered":"Tp Link Eap650gp-desktop Acess Point  | Tp-link |  | Wi-fi 6 De Escritorio De Doble Banda| 4 Flujos (ax3000) Con 1 Gbe X4 (poe+ 20 W) \/ Gpon X1 \/ Fxs X1"},"content":{"rendered":"<table class=\"descripcion\">\n<tr>\n<td>Caracter\u00edsticas del hardware<\/td>\n<\/tr>\n<tr>\n<td>Interfaz<\/td>\n<\/tr>\n<tr>\n<td>1 puerto gpon,<\/td>\n<\/tr>\n<tr>\n<td>1 puerto fxs<\/td>\n<\/tr>\n<tr>\n<td>, 4 puertos gigabit ethernet (dos admiten salida poe 802.3af)<\/td>\n<\/tr>\n<tr>\n<td>Nota<\/td>\n<\/tr>\n<tr>\n<td>Los dos puertos poe admiten una potencia de salida poe total de hasta 22,4 w. si la potencia poe total supera el l\u00edmite superior, los puertos con menor prioridad se apagar\u00e1n autom\u00e1ticamente. un puerto tambi\u00e9n se apaga autom\u00e1ticamente si su potencia supera los 15,4 w. los puertos apagados intentar\u00e1n reanudar la alimentaci\u00f3n despu\u00e9s de 10 segundos. por defecto, eth0 tiene mayor prioridad que eth1.<\/td>\n<\/tr>\n<tr>\n<td>Interfaz gpon<\/td>\n<\/tr>\n<tr>\n<td>Tipo de puerto: sc-apc.<\/td>\n<\/tr>\n<tr>\n<td>Est\u00e1ndares y protocolos: itu-984.x, g.988, clase b+.<\/td>\n<\/tr>\n<tr>\n<td>Velocidad de datos: 2,488 gbps (descendente); 1,244 gbps (ascendente).<\/td>\n<\/tr>\n<tr>\n<td>Tipo de fibra: 9\/125  and #924;m, monomodo<\/td>\n<\/tr>\n<tr>\n<td>. longitud m\u00e1xima del cable: 20 km.<\/td>\n<\/tr>\n<tr>\n<td>Bot\u00f3n<\/td>\n<\/tr>\n<tr>\n<td>Reiniciar<\/td>\n<\/tr>\n<tr>\n<td>Led<\/td>\n<\/tr>\n<tr>\n<td>Fuente de alimentaci\u00f3n<\/td>\n<\/tr>\n<tr>\n<td>53,5 v\/0,81 a cc<\/td>\n<\/tr>\n<tr>\n<td>Consumo m\u00e1ximo de energ\u00eda<\/td>\n<\/tr>\n<tr>\n<td>20 w<\/td>\n<\/tr>\n<tr>\n<td>Nota<\/td>\n<\/tr>\n<tr>\n<td>Salida de alimentaci\u00f3n poe no incluida.<\/td>\n<\/tr>\n<tr>\n<td>Peso<\/td>\n<\/tr>\n<tr>\n<td>511 gramos<\/td>\n<\/tr>\n<tr>\n<td>Dimensiones (an x pr x al)<\/td>\n<\/tr>\n<tr>\n<td>6,9 \u00d7 5,5 \u00d7 1,3 pulgadas (175 \u00d7 140 \u00d7 33 mm)<\/td>\n<\/tr>\n<tr>\n<td>Antena<\/td>\n<\/tr>\n<tr>\n<td>Omni interno<\/td>\n<\/tr>\n<tr>\n<td>2,4 ghz: 2\u00d7 4,5 dbi<\/td>\n<\/tr>\n<tr>\n<td>5 ghz: 3\u00d7 5 dbi<\/td>\n<\/tr>\n<tr>\n<td>Montaje<\/td>\n<\/tr>\n<tr>\n<td>Montaje en escritorio\/pared (kits incluidos)<\/td>\n<\/tr>\n<\/table>\n","protected":false},"excerpt":{"rendered":"<p>-wi-fi 6 de 3,0 gbps sin interrupciones. Velocidades: 2402 mbps en 5 ghz y 574 mbps en 2,4 ghz. -m\u00faltiples puertos para m\u00e1s dispositivos: 1 puerto gpon y 4 puertos gbe (dos admiten salida poe). -una fibra para m\u00faltiples servicios: cableado, inal\u00e1mbrico, voz, voip, datos y servicios de video hd. -llamadas voip: admite m\u00faltiples cuentas volp y diversas funciones de llamadas, superando a las l\u00edneas fijas tradicionales. -f\u00e1cil uso: emparejamiento con un solo clic y adopci\u00f3n autom\u00e1tica. -alta flexibilidad: admite configuraciones de montaje en pared y de escritorio. -funciones avanzadas: gesti\u00f3n unificada para dispositivos olt y omada, ppsk, m\u00faltiples portales, malla omada y roaming sin interrupciones.<\/p>\n","protected":false},"featured_media":0,"comment_status":"open","ping_status":"open","template":"","meta":[],"product_cat":[1563,1754],"product_tag":[1562],"acf":[],"yoast_head":"<!-- This site is optimized with the Yoast SEO plugin v21.7 - https:\/\/yoast.com\/wordpress\/plugins\/seo\/ -->\n<title>[ Tp Link ] &#129351; Eap650gp-desktop Acess Point | Tp-link | | Wi-fi 6 De Escritorio De Doble Banda| 4 Flujos (ax3000) Con 1 Gbe X4 (poe+ 20 W) \/ Gpon X1 \/ Fxs X1<\/title>\n<meta name=\"description\" content=\"Compra Eap650gp-desktop Acess Point | Tp-link | | Wi-fi 6 De Escritorio De Doble Banda| 4 Flujos (ax3000) Con 1 Gbe X4 (poe+ 20 W) \/ Gpon X1 \/ Fxs X1 + Env\u00edo a domicilio + Pago seguro + Garant\u00eda\" \/>\n<meta name=\"robots\" content=\"index, follow, max-snippet:-1, max-image-preview:large, max-video-preview:-1\" \/>\n<link rel=\"canonical\" href=\"https:\/\/compuviper.mx\/tienda\/producto\/tp-link-eap650gp-desktop-acess-point-tp-link-wi-fi-6-de-escritorio-de-doble-banda-4-flujos-ax3000-con-1-gbe-x4-poe-20-w-gpon-x1-fxs-x1\/\" \/>\n<meta property=\"og:locale\" content=\"es_MX\" \/>\n<meta property=\"og:type\" content=\"article\" \/>\n<meta property=\"og:title\" content=\"[ Tp Link ] &#129351; Eap650gp-desktop Acess Point | Tp-link | | Wi-fi 6 De Escritorio De Doble Banda| 4 Flujos (ax3000) Con 1 Gbe X4 (poe+ 20 W) \/ Gpon X1 \/ Fxs X1\" \/>\n<meta property=\"og:description\" content=\"Compra Eap650gp-desktop Acess Point | Tp-link | | Wi-fi 6 De Escritorio De Doble Banda| 4 Flujos (ax3000) Con 1 Gbe X4 (poe+ 20 W) \/ Gpon X1 \/ Fxs X1 + Env\u00edo a domicilio + Pago seguro + Garant\u00eda\" \/>\n<meta property=\"og:url\" content=\"https:\/\/compuviper.mx\/tienda\/producto\/tp-link-eap650gp-desktop-acess-point-tp-link-wi-fi-6-de-escritorio-de-doble-banda-4-flujos-ax3000-con-1-gbe-x4-poe-20-w-gpon-x1-fxs-x1\/\" \/>\n<meta property=\"og:site_name\" content=\"Compuviper\" \/>\n<meta property=\"article:publisher\" content=\"https:\/\/www.facebook.com\/compuviper\" \/>\n<meta property=\"article:modified_time\" content=\"2026-04-07T07:12:18+00:00\" \/>\n<meta name=\"twitter:card\" content=\"summary_large_image\" \/>\n<meta name=\"twitter:label1\" content=\"Precio\" \/>\n\t<meta name=\"twitter:data1\" content=\"&#36;2,189 con IVA\" \/>\n\t<meta name=\"twitter:label2\" content=\"Availability\" \/>\n\t<meta name=\"twitter:data2\" content=\"On backorder\" \/>\n<script type=\"application\/ld+json\" class=\"yoast-schema-graph\">{\"@context\":\"https:\/\/schema.org\",\"@graph\":[{\"@type\":\"WebPage\",\"@id\":\"https:\/\/compuviper.mx\/tienda\/producto\/tp-link-eap650gp-desktop-acess-point-tp-link-wi-fi-6-de-escritorio-de-doble-banda-4-flujos-ax3000-con-1-gbe-x4-poe-20-w-gpon-x1-fxs-x1\/\",\"url\":\"https:\/\/compuviper.mx\/tienda\/producto\/tp-link-eap650gp-desktop-acess-point-tp-link-wi-fi-6-de-escritorio-de-doble-banda-4-flujos-ax3000-con-1-gbe-x4-poe-20-w-gpon-x1-fxs-x1\/\",\"name\":\"[ Tp Link ] &#129351; Eap650gp-desktop Acess Point | Tp-link | | Wi-fi 6 De Escritorio De Doble Banda| 4 Flujos (ax3000) Con 1 Gbe X4 (poe+ 20 W) \/ Gpon X1 \/ Fxs X1\",\"isPartOf\":{\"@id\":\"https:\/\/compuviper.mx\/tienda\/#website\"},\"datePublished\":\"2026-04-07T07:12:17+00:00\",\"dateModified\":\"2026-04-07T07:12:18+00:00\",\"description\":\"Compra Eap650gp-desktop Acess Point | Tp-link | | Wi-fi 6 De Escritorio De Doble Banda| 4 Flujos (ax3000) Con 1 Gbe X4 (poe+ 20 W) \/ Gpon X1 \/ Fxs X1 + Env\u00edo a domicilio + Pago seguro + Garant\u00eda\",\"breadcrumb\":{\"@id\":\"https:\/\/compuviper.mx\/tienda\/producto\/tp-link-eap650gp-desktop-acess-point-tp-link-wi-fi-6-de-escritorio-de-doble-banda-4-flujos-ax3000-con-1-gbe-x4-poe-20-w-gpon-x1-fxs-x1\/#breadcrumb\"},\"inLanguage\":\"es-MX\",\"potentialAction\":[{\"@type\":\"ReadAction\",\"target\":[\"https:\/\/compuviper.mx\/tienda\/producto\/tp-link-eap650gp-desktop-acess-point-tp-link-wi-fi-6-de-escritorio-de-doble-banda-4-flujos-ax3000-con-1-gbe-x4-poe-20-w-gpon-x1-fxs-x1\/\"]}]},{\"@type\":\"BreadcrumbList\",\"@id\":\"https:\/\/compuviper.mx\/tienda\/producto\/tp-link-eap650gp-desktop-acess-point-tp-link-wi-fi-6-de-escritorio-de-doble-banda-4-flujos-ax3000-con-1-gbe-x4-poe-20-w-gpon-x1-fxs-x1\/#breadcrumb\",\"itemListElement\":[{\"@type\":\"ListItem\",\"position\":1,\"name\":\"Inicio\",\"item\":\"https:\/\/compuviper.mx\/tienda\/\"},{\"@type\":\"ListItem\",\"position\":2,\"name\":\"Productos\",\"item\":\"https:\/\/compuviper.mx\/tienda\/productos\/\"},{\"@type\":\"ListItem\",\"position\":3,\"name\":\"Redes\",\"item\":\"https:\/\/compuviper.mx\/tienda\/categoria-producto\/redes\/\"},{\"@type\":\"ListItem\",\"position\":4,\"name\":\"Access Point\",\"item\":\"https:\/\/compuviper.mx\/tienda\/categoria-producto\/redes\/access-point\/\"},{\"@type\":\"ListItem\",\"position\":5,\"name\":\"Tp Link Eap650gp-desktop Acess Point | Tp-link | | Wi-fi 6 De Escritorio De Doble Banda| 4 Flujos (ax3000) Con 1 Gbe X4 (poe+ 20 W) \/ Gpon X1 \/ Fxs X1\"}]},{\"@type\":\"WebSite\",\"@id\":\"https:\/\/compuviper.mx\/tienda\/#website\",\"url\":\"https:\/\/compuviper.mx\/tienda\/\",\"name\":\"Compuviper\",\"description\":\"Proveedor de Computadoras, Laptops, Servidores, Monitores, Puntos de Venta, Teclados,   Impresoras, T\u00f3ner, C\u00e1maras de Seguridad y m\u00e1s en tu tienda en l\u00ednea\",\"publisher\":{\"@id\":\"https:\/\/compuviper.mx\/tienda\/#organization\"},\"potentialAction\":[{\"@type\":\"SearchAction\",\"target\":{\"@type\":\"EntryPoint\",\"urlTemplate\":\"https:\/\/compuviper.mx\/tienda\/?s={search_term_string}\"},\"query-input\":\"required name=search_term_string\"}],\"inLanguage\":\"es-MX\"},{\"@type\":\"Organization\",\"@id\":\"https:\/\/compuviper.mx\/tienda\/#organization\",\"name\":\"Compuviper\",\"url\":\"https:\/\/compuviper.mx\/tienda\/\",\"logo\":{\"@type\":\"ImageObject\",\"inLanguage\":\"es-MX\",\"@id\":\"https:\/\/compuviper.mx\/tienda\/#\/schema\/logo\/image\/\",\"url\":\"https:\/\/compuviper.mx\/tienda\/wp-content\/uploads\/2021\/08\/Logo-Compuviper-10.png\",\"contentUrl\":\"https:\/\/compuviper.mx\/tienda\/wp-content\/uploads\/2021\/08\/Logo-Compuviper-10.png\",\"width\":1000,\"height\":500,\"caption\":\"Compuviper\"},\"image\":{\"@id\":\"https:\/\/compuviper.mx\/tienda\/#\/schema\/logo\/image\/\"},\"sameAs\":[\"https:\/\/www.facebook.com\/compuviper\",\"https:\/\/www.youtube.com\/channel\/UCf73dERp9Y3cfOq7q8BhLjA?view_as=subscriber\"]}]}<\/script>\n<meta property=\"product:brand\" content=\"TP LINK\" \/>\n<meta property=\"product:price:amount\" content=\"2189\" \/>\n<meta property=\"product:price:currency\" content=\"MXN\" \/>\n<meta property=\"og:availability\" content=\"backorder\" \/>\n<meta property=\"product:availability\" content=\"available for order\" \/>\n<meta property=\"product:retailer_item_id\" content=\"EAP650GP-DESKTOP\" \/>\n<meta property=\"product:condition\" content=\"new\" \/>\n<!-- \/ Yoast SEO plugin. -->","yoast_head_json":{"title":"[ Tp Link ] &#129351; Eap650gp-desktop Acess Point | Tp-link | | Wi-fi 6 De Escritorio De Doble Banda| 4 Flujos (ax3000) Con 1 Gbe X4 (poe+ 20 W) \/ Gpon X1 \/ Fxs X1","description":"Compra Eap650gp-desktop Acess Point | Tp-link | | Wi-fi 6 De Escritorio De Doble Banda| 4 Flujos (ax3000) Con 1 Gbe X4 (poe+ 20 W) \/ Gpon X1 \/ Fxs X1 + Env\u00edo a domicilio + Pago seguro + Garant\u00eda","robots":{"index":"index","follow":"follow","max-snippet":"max-snippet:-1","max-image-preview":"max-image-preview:large","max-video-preview":"max-video-preview:-1"},"canonical":"https:\/\/compuviper.mx\/tienda\/producto\/tp-link-eap650gp-desktop-acess-point-tp-link-wi-fi-6-de-escritorio-de-doble-banda-4-flujos-ax3000-con-1-gbe-x4-poe-20-w-gpon-x1-fxs-x1\/","og_locale":"es_MX","og_type":"article","og_title":"[ Tp Link ] &#129351; Eap650gp-desktop Acess Point | Tp-link | | Wi-fi 6 De Escritorio De Doble Banda| 4 Flujos (ax3000) Con 1 Gbe X4 (poe+ 20 W) \/ Gpon X1 \/ Fxs X1","og_description":"Compra Eap650gp-desktop Acess Point | Tp-link | | Wi-fi 6 De Escritorio De Doble Banda| 4 Flujos (ax3000) Con 1 Gbe X4 (poe+ 20 W) \/ Gpon X1 \/ Fxs X1 + Env\u00edo a domicilio + Pago seguro + Garant\u00eda","og_url":"https:\/\/compuviper.mx\/tienda\/producto\/tp-link-eap650gp-desktop-acess-point-tp-link-wi-fi-6-de-escritorio-de-doble-banda-4-flujos-ax3000-con-1-gbe-x4-poe-20-w-gpon-x1-fxs-x1\/","og_site_name":"Compuviper","article_publisher":"https:\/\/www.facebook.com\/compuviper","article_modified_time":"2026-04-07T07:12:18+00:00","twitter_card":"summary_large_image","twitter_misc":{"Precio":"&#36;2,189 con IVA","Availability":"On backorder"},"schema":{"@context":"https:\/\/schema.org","@graph":[{"@type":"WebPage","@id":"https:\/\/compuviper.mx\/tienda\/producto\/tp-link-eap650gp-desktop-acess-point-tp-link-wi-fi-6-de-escritorio-de-doble-banda-4-flujos-ax3000-con-1-gbe-x4-poe-20-w-gpon-x1-fxs-x1\/","url":"https:\/\/compuviper.mx\/tienda\/producto\/tp-link-eap650gp-desktop-acess-point-tp-link-wi-fi-6-de-escritorio-de-doble-banda-4-flujos-ax3000-con-1-gbe-x4-poe-20-w-gpon-x1-fxs-x1\/","name":"[ Tp Link ] &#129351; Eap650gp-desktop Acess Point | Tp-link | | Wi-fi 6 De Escritorio De Doble Banda| 4 Flujos (ax3000) Con 1 Gbe X4 (poe+ 20 W) \/ Gpon X1 \/ Fxs X1","isPartOf":{"@id":"https:\/\/compuviper.mx\/tienda\/#website"},"datePublished":"2026-04-07T07:12:17+00:00","dateModified":"2026-04-07T07:12:18+00:00","description":"Compra Eap650gp-desktop Acess Point | Tp-link | | Wi-fi 6 De Escritorio De Doble Banda| 4 Flujos (ax3000) Con 1 Gbe X4 (poe+ 20 W) \/ Gpon X1 \/ Fxs X1 + Env\u00edo a domicilio + Pago seguro + Garant\u00eda","breadcrumb":{"@id":"https:\/\/compuviper.mx\/tienda\/producto\/tp-link-eap650gp-desktop-acess-point-tp-link-wi-fi-6-de-escritorio-de-doble-banda-4-flujos-ax3000-con-1-gbe-x4-poe-20-w-gpon-x1-fxs-x1\/#breadcrumb"},"inLanguage":"es-MX","potentialAction":[{"@type":"ReadAction","target":["https:\/\/compuviper.mx\/tienda\/producto\/tp-link-eap650gp-desktop-acess-point-tp-link-wi-fi-6-de-escritorio-de-doble-banda-4-flujos-ax3000-con-1-gbe-x4-poe-20-w-gpon-x1-fxs-x1\/"]}]},{"@type":"BreadcrumbList","@id":"https:\/\/compuviper.mx\/tienda\/producto\/tp-link-eap650gp-desktop-acess-point-tp-link-wi-fi-6-de-escritorio-de-doble-banda-4-flujos-ax3000-con-1-gbe-x4-poe-20-w-gpon-x1-fxs-x1\/#breadcrumb","itemListElement":[{"@type":"ListItem","position":1,"name":"Inicio","item":"https:\/\/compuviper.mx\/tienda\/"},{"@type":"ListItem","position":2,"name":"Productos","item":"https:\/\/compuviper.mx\/tienda\/productos\/"},{"@type":"ListItem","position":3,"name":"Redes","item":"https:\/\/compuviper.mx\/tienda\/categoria-producto\/redes\/"},{"@type":"ListItem","position":4,"name":"Access Point","item":"https:\/\/compuviper.mx\/tienda\/categoria-producto\/redes\/access-point\/"},{"@type":"ListItem","position":5,"name":"Tp Link Eap650gp-desktop Acess Point | Tp-link | | Wi-fi 6 De Escritorio De Doble Banda| 4 Flujos (ax3000) Con 1 Gbe X4 (poe+ 20 W) \/ Gpon X1 \/ Fxs X1"}]},{"@type":"WebSite","@id":"https:\/\/compuviper.mx\/tienda\/#website","url":"https:\/\/compuviper.mx\/tienda\/","name":"Compuviper","description":"Proveedor de Computadoras, Laptops, Servidores, Monitores, Puntos de Venta, Teclados,   Impresoras, T\u00f3ner, C\u00e1maras de Seguridad y m\u00e1s en tu tienda en l\u00ednea","publisher":{"@id":"https:\/\/compuviper.mx\/tienda\/#organization"},"potentialAction":[{"@type":"SearchAction","target":{"@type":"EntryPoint","urlTemplate":"https:\/\/compuviper.mx\/tienda\/?s={search_term_string}"},"query-input":"required name=search_term_string"}],"inLanguage":"es-MX"},{"@type":"Organization","@id":"https:\/\/compuviper.mx\/tienda\/#organization","name":"Compuviper","url":"https:\/\/compuviper.mx\/tienda\/","logo":{"@type":"ImageObject","inLanguage":"es-MX","@id":"https:\/\/compuviper.mx\/tienda\/#\/schema\/logo\/image\/","url":"https:\/\/compuviper.mx\/tienda\/wp-content\/uploads\/2021\/08\/Logo-Compuviper-10.png","contentUrl":"https:\/\/compuviper.mx\/tienda\/wp-content\/uploads\/2021\/08\/Logo-Compuviper-10.png","width":1000,"height":500,"caption":"Compuviper"},"image":{"@id":"https:\/\/compuviper.mx\/tienda\/#\/schema\/logo\/image\/"},"sameAs":["https:\/\/www.facebook.com\/compuviper","https:\/\/www.youtube.com\/channel\/UCf73dERp9Y3cfOq7q8BhLjA?view_as=subscriber"]}]},"product_brand":"TP LINK","product_price_amount":"2189","product_price_currency":"MXN","og_availability":"backorder","product_availability":"available for order","product_retailer_item_id":"EAP650GP-DESKTOP","product_condition":"new"},"_links":{"self":[{"href":"https:\/\/compuviper.mx\/tienda\/wp-json\/wp\/v2\/product\/268071"}],"collection":[{"href":"https:\/\/compuviper.mx\/tienda\/wp-json\/wp\/v2\/product"}],"about":[{"href":"https:\/\/compuviper.mx\/tienda\/wp-json\/wp\/v2\/types\/product"}],"replies":[{"embeddable":true,"href":"https:\/\/compuviper.mx\/tienda\/wp-json\/wp\/v2\/comments?post=268071"}],"wp:attachment":[{"href":"https:\/\/compuviper.mx\/tienda\/wp-json\/wp\/v2\/media?parent=268071"}],"wp:term":[{"taxonomy":"product_cat","embeddable":true,"href":"https:\/\/compuviper.mx\/tienda\/wp-json\/wp\/v2\/product_cat?post=268071"},{"taxonomy":"product_tag","embeddable":true,"href":"https:\/\/compuviper.mx\/tienda\/wp-json\/wp\/v2\/product_tag?post=268071"}],"curies":[{"name":"wp","href":"https:\/\/api.w.org\/{rel}","templated":true}]}}