{"id":268031,"date":"2026-04-25T00:40:18","date_gmt":"2026-04-25T06:40:18","guid":{"rendered":"https:\/\/compuviper.mx\/tienda\/producto\/msi-oem-b550m-pro-vdh-wifi-mb-msi-b550-amd-s-am4-3a-gen-4xdrr4-3200mhz-pcie-4-0-hdmi-dvi-4xusb-3-2-m-2-wifi-ac-bluetooth-4-2-micro-atx-gama-media\/"},"modified":"2026-04-26T00:00:19","modified_gmt":"2026-04-26T06:00:19","slug":"msi-oem-b550m-pro-vdh-wifi-mb-msi-b550-amd-s-am4-3a-gen-4xdrr4-3200mhz-pcie-4-0-hdmi-dvi-4xusb-3-2-m-2-wifi-ac-bluetooth-4-2-micro-atx-gama-media","status":"publish","type":"product","link":"https:\/\/compuviper.mx\/tienda\/producto\/msi-oem-b550m-pro-vdh-wifi-mb-msi-b550-amd-s-am4-3a-gen-4xdrr4-3200mhz-pcie-4-0-hdmi-dvi-4xusb-3-2-m-2-wifi-ac-bluetooth-4-2-micro-atx-gama-media\/","title":{"rendered":"Msi Oem B550m Pro-vdh Wifi Mb Msi B550 Amd S-am4 3a Gen\/4xdrr4 3200mhz\/pcie 4.0\/hdmi\/dvi\/4xusb 3.2\/m.2\/wifi-ac\/bluetooth 4.2\/ Micro Atx\/gama Media"},"content":{"rendered":"<table class=\"descripcion\">\n<tr>\n<td>Chipset: amd\u00ae b550 chipset<\/td>\n<\/tr>\n<tr>\n<td>Memoria ddr4: 1866\/ 2133\/ 2400\/ 2667\/ 2800\/ 2933\/ 3000\/ 3066\/ 3200\/ 3466\/ 3600\/ 3733\/ 3866\/ 4000\/ 4133\/ 4266\/ 4400 + mhz by jedec and a-xmp oc mode<\/td>\n<\/tr>\n<tr>\n<td>Cpu (soporte m\u00e1ximo): support for 3rd gen amd\u00ae ryzen\u0099 processors and future amd\u00ae ryzen\u0099 processors with bios update]<\/td>\n<\/tr>\n<tr>\n<td>Puerto m.2: 2<\/td>\n<\/tr>\n<tr>\n<td>Puertos seriales (frontales): 1<\/td>\n<\/tr>\n<tr>\n<td>Wifi  and  bluetooth: wifi-ac, bluetooth 4.2<\/td>\n<\/tr>\n<tr>\n<td>Canal de memoria: dual<\/td>\n<\/tr>\n<tr>\n<td>Puertos usb 3.2 (frontales): 1(gen 1, type c), 2(gen 1, type a)<\/td>\n<\/tr>\n<tr>\n<td>Ranuras dimm: 4<\/td>\n<\/tr>\n<tr>\n<td>Puertos usb 3.2 (traseros): 4(gen 1, type a)<\/td>\n<\/tr>\n<tr>\n<td>Pci-ex16: 1}<\/td>\n<\/tr>\n<tr>\n<td>Pci-e gen: gen4 \/ gen3<\/td>\n<\/tr>\n<tr>\n<td>Pci-ex1: 2<\/td>\n<\/tr>\n<tr>\n<td>Sataiii: 4<\/td>\n<\/tr>\n<tr>\n<td>Puertos usb 2.0 (frontales): 4<\/td>\n<\/tr>\n<tr>\n<td>Raid: 0\/1\/10<\/td>\n<\/tr>\n<tr>\n<td>Lan: 1x realtek\u00ae rtl8111hn gigabit lan<\/td>\n<\/tr>\n<tr>\n<td>Tpm: 1<\/td>\n<\/tr>\n<tr>\n<td>Puertos usb 2.0 (traseros): 2<\/td>\n<\/tr>\n<tr>\n<td>Puertos de audio (traseros): realtek\u00ae alc892\/alc897 codec<\/td>\n<\/tr>\n<tr>\n<td>Puerto de pantalla: 1<\/td>\n<\/tr>\n<tr>\n<td>Vga: 1<\/td>\n<\/tr>\n<tr>\n<td>Hdmi: 1<\/td>\n<\/tr>\n<tr>\n<td>Directx: 12<\/td>\n<\/tr>\n<tr>\n<td>Formato: matx}sistema operativo: support for windows\u00ae 10 64-bit<\/td>\n<\/tr>\n<\/table>\n","protected":false},"excerpt":{"rendered":"<p>La serie pro ayuda a los usuarios a trabajar de manera m\u00e1s inteligente al ofrecer una experiencia productiva y eficiente. Con una funcionalidad estable y una construcci\u00f3n de alta calidad, las placas madre serie pro ofrecen flujos de trabajo optimizados con menos inconvenientes y m\u00e1s durabilidad. Dise\u00f1o f\u00e1cil de usar. Las placas madre msi cuentan con muchas caracter\u00edsticas de dise\u00f1o inteligentes y convenientes, numerosos ajustes de sistema y herramientas para la resoluci\u00f3n de problemas, para empujar el sistema a nuevos niveles y satisfacer a los usuarios m\u00e1s demandantes. Es f\u00e1cil instalar tu propia placa madre sin inconvenientes. Los ssds m\u00e1s r\u00e1pidos del mundo pueden comenzar a disminuir su desempe\u00f1o cuando se recalientan. Parte del dise\u00f1o de disipador de las placas madre, m.2 shield frozr es la nueva generaci\u00f3n de soluci\u00f3n t\u00e9rmica para m.2 que evita este problema ofreciendo la mejor protecci\u00f3n t\u00e9rmica para asegurar que los ssds mantengan su desempe\u00f1o m\u00e1ximo. Conectividad. Lo m\u00e1s importante de los sistemas diy es la expansibilidad. Las placas madre msi pro cuentan con muchas posibilidades para los prosumers. Una red lan estable, mayores velocidades de almacenamiento y transfernecia por usb y otros conectores expansibles para aumentar tu flexibilidad. Esta soluci\u00f3n intel \u00ae de pr\u00f3xima generaci\u00f3n con wi-fi\/bluetooth ofrece velocidades de ca de hasta 433 mbps sin limitaci\u00f3n de cable. B550m pro-vdh wifi. Soporta procesadores 3ra gen amd ryzen\u0099 y futuros amd ryzen\u0099 con actualizaci\u00f3n de bios. Soporta memoria ddr4 hasta 4400(oc) mhz. Experiencia ultrarr\u00e1pida: pcie 4.0, lightning gen4 x4 m.2 con m.2 shield frozr. Soluci\u00f3n t\u00e9rmica premium: con acolchado t\u00e9rmico 7w\/mk, acolchado adicional para el choke y m.2 shield frozr, ofrece un alto desempe\u00f1o y un trabajo sin pausa. Dise\u00f1o poderoso: core boost, ci pwm digital, pcb de cobre engrosado de 2oz, creator genie, ddr4 boost. Audio boost: gratifica tus o\u00eddos con el sonido con calidad de estudio. Dragon center: un nuevo software que integra todas las herramientas exclusivas de msi en una interfaz de usuario f\u00e1cil de usar.<\/p>\n","protected":false},"featured_media":268032,"comment_status":"open","ping_status":"open","template":"","meta":[],"product_cat":[2025,1727],"product_tag":[2322],"acf":[],"yoast_head":"<!-- This site is optimized with the Yoast SEO plugin v21.7 - https:\/\/yoast.com\/wordpress\/plugins\/seo\/ -->\n<title>[ Msi Oem ] &#129351; B550m Pro-vdh Wifi Mb Msi B550 Amd S-am4 3a Gen\/4xdrr4 3200mhz\/pcie 4.0\/hdmi\/dvi\/4xusb 3.2\/m.2\/wifi-ac\/bluetooth 4.2\/ Micro Atx\/gama Media<\/title>\n<meta name=\"description\" content=\"Compra B550m Pro-vdh Wifi Mb Msi B550 Amd S-am4 3a Gen\/4xdrr4 3200mhz\/pcie 4.0\/hdmi\/dvi\/4xusb 3.2\/m.2\/wifi-ac\/bluetooth 4.2\/ Micro Atx\/gama Media + Env\u00edo a domicilio + Pago seguro + Garant\u00eda\" \/>\n<meta name=\"robots\" content=\"index, follow, max-snippet:-1, max-image-preview:large, max-video-preview:-1\" \/>\n<link rel=\"canonical\" href=\"https:\/\/compuviper.mx\/tienda\/producto\/msi-oem-b550m-pro-vdh-wifi-mb-msi-b550-amd-s-am4-3a-gen-4xdrr4-3200mhz-pcie-4-0-hdmi-dvi-4xusb-3-2-m-2-wifi-ac-bluetooth-4-2-micro-atx-gama-media\/\" \/>\n<meta property=\"og:locale\" content=\"es_MX\" \/>\n<meta property=\"og:type\" content=\"article\" \/>\n<meta property=\"og:title\" content=\"[ Msi Oem ] &#129351; B550m Pro-vdh Wifi Mb Msi B550 Amd S-am4 3a Gen\/4xdrr4 3200mhz\/pcie 4.0\/hdmi\/dvi\/4xusb 3.2\/m.2\/wifi-ac\/bluetooth 4.2\/ Micro Atx\/gama Media\" \/>\n<meta property=\"og:description\" content=\"Compra B550m Pro-vdh Wifi Mb Msi B550 Amd S-am4 3a Gen\/4xdrr4 3200mhz\/pcie 4.0\/hdmi\/dvi\/4xusb 3.2\/m.2\/wifi-ac\/bluetooth 4.2\/ Micro Atx\/gama Media + Env\u00edo a domicilio + Pago seguro + Garant\u00eda\" \/>\n<meta property=\"og:url\" content=\"https:\/\/compuviper.mx\/tienda\/producto\/msi-oem-b550m-pro-vdh-wifi-mb-msi-b550-amd-s-am4-3a-gen-4xdrr4-3200mhz-pcie-4-0-hdmi-dvi-4xusb-3-2-m-2-wifi-ac-bluetooth-4-2-micro-atx-gama-media\/\" \/>\n<meta property=\"og:site_name\" content=\"Compuviper\" \/>\n<meta property=\"article:publisher\" content=\"https:\/\/www.facebook.com\/compuviper\" \/>\n<meta property=\"article:modified_time\" content=\"2026-04-26T06:00:19+00:00\" \/>\n<meta property=\"og:image\" content=\"https:\/\/compuviper.mx\/tienda\/wp-content\/uploads\/2026\/03\/Mb-msi-b550-amd-s-am4-3a-gen4xdrr4-3200mhzpcie-4.0hdmidvi4xusb-3.2m.2wifi-acbluetooth-4.2-micro-atxgama-media.jpg\" \/>\n\t<meta property=\"og:image:width\" content=\"200\" \/>\n\t<meta property=\"og:image:height\" content=\"200\" \/>\n\t<meta property=\"og:image:type\" content=\"image\/jpeg\" \/>\n<meta name=\"twitter:card\" content=\"summary_large_image\" \/>\n<meta name=\"twitter:label1\" content=\"Precio\" \/>\n\t<meta name=\"twitter:data1\" content=\"&#36;1,550 con IVA\" \/>\n\t<meta name=\"twitter:label2\" content=\"Availability\" \/>\n\t<meta name=\"twitter:data2\" content=\"In stock\" \/>\n<script type=\"application\/ld+json\" class=\"yoast-schema-graph\">{\"@context\":\"https:\/\/schema.org\",\"@graph\":[{\"@type\":\"WebPage\",\"@id\":\"https:\/\/compuviper.mx\/tienda\/producto\/msi-oem-b550m-pro-vdh-wifi-mb-msi-b550-amd-s-am4-3a-gen-4xdrr4-3200mhz-pcie-4-0-hdmi-dvi-4xusb-3-2-m-2-wifi-ac-bluetooth-4-2-micro-atx-gama-media\/\",\"url\":\"https:\/\/compuviper.mx\/tienda\/producto\/msi-oem-b550m-pro-vdh-wifi-mb-msi-b550-amd-s-am4-3a-gen-4xdrr4-3200mhz-pcie-4-0-hdmi-dvi-4xusb-3-2-m-2-wifi-ac-bluetooth-4-2-micro-atx-gama-media\/\",\"name\":\"[ Msi Oem ] &#129351; B550m Pro-vdh Wifi Mb Msi B550 Amd S-am4 3a Gen\/4xdrr4 3200mhz\/pcie 4.0\/hdmi\/dvi\/4xusb 3.2\/m.2\/wifi-ac\/bluetooth 4.2\/ Micro Atx\/gama Media\",\"isPartOf\":{\"@id\":\"https:\/\/compuviper.mx\/tienda\/#website\"},\"datePublished\":\"2026-04-25T06:40:18+00:00\",\"dateModified\":\"2026-04-26T06:00:19+00:00\",\"description\":\"Compra B550m Pro-vdh Wifi Mb Msi B550 Amd S-am4 3a Gen\/4xdrr4 3200mhz\/pcie 4.0\/hdmi\/dvi\/4xusb 3.2\/m.2\/wifi-ac\/bluetooth 4.2\/ Micro Atx\/gama Media + Env\u00edo a domicilio + Pago seguro + Garant\u00eda\",\"breadcrumb\":{\"@id\":\"https:\/\/compuviper.mx\/tienda\/producto\/msi-oem-b550m-pro-vdh-wifi-mb-msi-b550-amd-s-am4-3a-gen-4xdrr4-3200mhz-pcie-4-0-hdmi-dvi-4xusb-3-2-m-2-wifi-ac-bluetooth-4-2-micro-atx-gama-media\/#breadcrumb\"},\"inLanguage\":\"es-MX\",\"potentialAction\":[{\"@type\":\"ReadAction\",\"target\":[\"https:\/\/compuviper.mx\/tienda\/producto\/msi-oem-b550m-pro-vdh-wifi-mb-msi-b550-amd-s-am4-3a-gen-4xdrr4-3200mhz-pcie-4-0-hdmi-dvi-4xusb-3-2-m-2-wifi-ac-bluetooth-4-2-micro-atx-gama-media\/\"]}]},{\"@type\":\"BreadcrumbList\",\"@id\":\"https:\/\/compuviper.mx\/tienda\/producto\/msi-oem-b550m-pro-vdh-wifi-mb-msi-b550-amd-s-am4-3a-gen-4xdrr4-3200mhz-pcie-4-0-hdmi-dvi-4xusb-3-2-m-2-wifi-ac-bluetooth-4-2-micro-atx-gama-media\/#breadcrumb\",\"itemListElement\":[{\"@type\":\"ListItem\",\"position\":1,\"name\":\"Inicio\",\"item\":\"https:\/\/compuviper.mx\/tienda\/\"},{\"@type\":\"ListItem\",\"position\":2,\"name\":\"Productos\",\"item\":\"https:\/\/compuviper.mx\/tienda\/productos\/\"},{\"@type\":\"ListItem\",\"position\":3,\"name\":\"Tarjeta Madre\",\"item\":\"https:\/\/compuviper.mx\/tienda\/categoria-producto\/tarjeta-madre\/\"},{\"@type\":\"ListItem\",\"position\":4,\"name\":\"Sin Categor\u00eda\",\"item\":\"https:\/\/compuviper.mx\/tienda\/categoria-producto\/tarjeta-madre\/sin-categoria-tarjeta-madre\/\"},{\"@type\":\"ListItem\",\"position\":5,\"name\":\"Msi Oem B550m Pro-vdh Wifi Mb Msi B550 Amd S-am4 3a Gen\/4xdrr4 3200mhz\/pcie 4.0\/hdmi\/dvi\/4xusb 3.2\/m.2\/wifi-ac\/bluetooth 4.2\/ Micro Atx\/gama Media\"}]},{\"@type\":\"WebSite\",\"@id\":\"https:\/\/compuviper.mx\/tienda\/#website\",\"url\":\"https:\/\/compuviper.mx\/tienda\/\",\"name\":\"Compuviper\",\"description\":\"Proveedor de Computadoras, Laptops, Servidores, Monitores, Puntos de Venta, Teclados,   Impresoras, T\u00f3ner, C\u00e1maras de Seguridad y m\u00e1s en tu tienda en l\u00ednea\",\"publisher\":{\"@id\":\"https:\/\/compuviper.mx\/tienda\/#organization\"},\"potentialAction\":[{\"@type\":\"SearchAction\",\"target\":{\"@type\":\"EntryPoint\",\"urlTemplate\":\"https:\/\/compuviper.mx\/tienda\/?s={search_term_string}\"},\"query-input\":\"required name=search_term_string\"}],\"inLanguage\":\"es-MX\"},{\"@type\":\"Organization\",\"@id\":\"https:\/\/compuviper.mx\/tienda\/#organization\",\"name\":\"Compuviper\",\"url\":\"https:\/\/compuviper.mx\/tienda\/\",\"logo\":{\"@type\":\"ImageObject\",\"inLanguage\":\"es-MX\",\"@id\":\"https:\/\/compuviper.mx\/tienda\/#\/schema\/logo\/image\/\",\"url\":\"https:\/\/compuviper.mx\/tienda\/wp-content\/uploads\/2021\/08\/Logo-Compuviper-10.png\",\"contentUrl\":\"https:\/\/compuviper.mx\/tienda\/wp-content\/uploads\/2021\/08\/Logo-Compuviper-10.png\",\"width\":1000,\"height\":500,\"caption\":\"Compuviper\"},\"image\":{\"@id\":\"https:\/\/compuviper.mx\/tienda\/#\/schema\/logo\/image\/\"},\"sameAs\":[\"https:\/\/www.facebook.com\/compuviper\",\"https:\/\/www.youtube.com\/channel\/UCf73dERp9Y3cfOq7q8BhLjA?view_as=subscriber\"]}]}<\/script>\n<meta property=\"product:brand\" content=\"Msi Oem\" \/>\n<meta property=\"product:price:amount\" content=\"1550\" \/>\n<meta property=\"product:price:currency\" content=\"MXN\" \/>\n<meta property=\"og:availability\" content=\"instock\" \/>\n<meta property=\"product:availability\" content=\"instock\" \/>\n<meta property=\"product:retailer_item_id\" content=\"B550M PRO-VDH WIFI\" \/>\n<meta property=\"product:condition\" content=\"new\" \/>\n<!-- \/ Yoast SEO plugin. -->","yoast_head_json":{"title":"[ Msi Oem ] &#129351; B550m Pro-vdh Wifi Mb Msi B550 Amd S-am4 3a Gen\/4xdrr4 3200mhz\/pcie 4.0\/hdmi\/dvi\/4xusb 3.2\/m.2\/wifi-ac\/bluetooth 4.2\/ Micro Atx\/gama Media","description":"Compra B550m Pro-vdh Wifi Mb Msi B550 Amd S-am4 3a Gen\/4xdrr4 3200mhz\/pcie 4.0\/hdmi\/dvi\/4xusb 3.2\/m.2\/wifi-ac\/bluetooth 4.2\/ Micro Atx\/gama Media + Env\u00edo a domicilio + Pago seguro + Garant\u00eda","robots":{"index":"index","follow":"follow","max-snippet":"max-snippet:-1","max-image-preview":"max-image-preview:large","max-video-preview":"max-video-preview:-1"},"canonical":"https:\/\/compuviper.mx\/tienda\/producto\/msi-oem-b550m-pro-vdh-wifi-mb-msi-b550-amd-s-am4-3a-gen-4xdrr4-3200mhz-pcie-4-0-hdmi-dvi-4xusb-3-2-m-2-wifi-ac-bluetooth-4-2-micro-atx-gama-media\/","og_locale":"es_MX","og_type":"article","og_title":"[ Msi Oem ] &#129351; B550m Pro-vdh Wifi Mb Msi B550 Amd S-am4 3a Gen\/4xdrr4 3200mhz\/pcie 4.0\/hdmi\/dvi\/4xusb 3.2\/m.2\/wifi-ac\/bluetooth 4.2\/ Micro Atx\/gama Media","og_description":"Compra B550m Pro-vdh Wifi Mb Msi B550 Amd S-am4 3a Gen\/4xdrr4 3200mhz\/pcie 4.0\/hdmi\/dvi\/4xusb 3.2\/m.2\/wifi-ac\/bluetooth 4.2\/ Micro Atx\/gama Media + Env\u00edo a domicilio + Pago seguro + Garant\u00eda","og_url":"https:\/\/compuviper.mx\/tienda\/producto\/msi-oem-b550m-pro-vdh-wifi-mb-msi-b550-amd-s-am4-3a-gen-4xdrr4-3200mhz-pcie-4-0-hdmi-dvi-4xusb-3-2-m-2-wifi-ac-bluetooth-4-2-micro-atx-gama-media\/","og_site_name":"Compuviper","article_publisher":"https:\/\/www.facebook.com\/compuviper","article_modified_time":"2026-04-26T06:00:19+00:00","og_image":[{"width":200,"height":200,"url":"https:\/\/compuviper.mx\/tienda\/wp-content\/uploads\/2026\/03\/Mb-msi-b550-amd-s-am4-3a-gen4xdrr4-3200mhzpcie-4.0hdmidvi4xusb-3.2m.2wifi-acbluetooth-4.2-micro-atxgama-media.jpg","type":"image\/jpeg"}],"twitter_card":"summary_large_image","twitter_misc":{"Precio":"&#36;1,550 con IVA","Availability":"In stock"},"schema":{"@context":"https:\/\/schema.org","@graph":[{"@type":"WebPage","@id":"https:\/\/compuviper.mx\/tienda\/producto\/msi-oem-b550m-pro-vdh-wifi-mb-msi-b550-amd-s-am4-3a-gen-4xdrr4-3200mhz-pcie-4-0-hdmi-dvi-4xusb-3-2-m-2-wifi-ac-bluetooth-4-2-micro-atx-gama-media\/","url":"https:\/\/compuviper.mx\/tienda\/producto\/msi-oem-b550m-pro-vdh-wifi-mb-msi-b550-amd-s-am4-3a-gen-4xdrr4-3200mhz-pcie-4-0-hdmi-dvi-4xusb-3-2-m-2-wifi-ac-bluetooth-4-2-micro-atx-gama-media\/","name":"[ Msi Oem ] &#129351; B550m Pro-vdh Wifi Mb Msi B550 Amd S-am4 3a Gen\/4xdrr4 3200mhz\/pcie 4.0\/hdmi\/dvi\/4xusb 3.2\/m.2\/wifi-ac\/bluetooth 4.2\/ Micro Atx\/gama Media","isPartOf":{"@id":"https:\/\/compuviper.mx\/tienda\/#website"},"datePublished":"2026-04-25T06:40:18+00:00","dateModified":"2026-04-26T06:00:19+00:00","description":"Compra B550m Pro-vdh Wifi Mb Msi B550 Amd S-am4 3a Gen\/4xdrr4 3200mhz\/pcie 4.0\/hdmi\/dvi\/4xusb 3.2\/m.2\/wifi-ac\/bluetooth 4.2\/ Micro Atx\/gama Media + Env\u00edo a domicilio + Pago seguro + Garant\u00eda","breadcrumb":{"@id":"https:\/\/compuviper.mx\/tienda\/producto\/msi-oem-b550m-pro-vdh-wifi-mb-msi-b550-amd-s-am4-3a-gen-4xdrr4-3200mhz-pcie-4-0-hdmi-dvi-4xusb-3-2-m-2-wifi-ac-bluetooth-4-2-micro-atx-gama-media\/#breadcrumb"},"inLanguage":"es-MX","potentialAction":[{"@type":"ReadAction","target":["https:\/\/compuviper.mx\/tienda\/producto\/msi-oem-b550m-pro-vdh-wifi-mb-msi-b550-amd-s-am4-3a-gen-4xdrr4-3200mhz-pcie-4-0-hdmi-dvi-4xusb-3-2-m-2-wifi-ac-bluetooth-4-2-micro-atx-gama-media\/"]}]},{"@type":"BreadcrumbList","@id":"https:\/\/compuviper.mx\/tienda\/producto\/msi-oem-b550m-pro-vdh-wifi-mb-msi-b550-amd-s-am4-3a-gen-4xdrr4-3200mhz-pcie-4-0-hdmi-dvi-4xusb-3-2-m-2-wifi-ac-bluetooth-4-2-micro-atx-gama-media\/#breadcrumb","itemListElement":[{"@type":"ListItem","position":1,"name":"Inicio","item":"https:\/\/compuviper.mx\/tienda\/"},{"@type":"ListItem","position":2,"name":"Productos","item":"https:\/\/compuviper.mx\/tienda\/productos\/"},{"@type":"ListItem","position":3,"name":"Tarjeta Madre","item":"https:\/\/compuviper.mx\/tienda\/categoria-producto\/tarjeta-madre\/"},{"@type":"ListItem","position":4,"name":"Sin Categor\u00eda","item":"https:\/\/compuviper.mx\/tienda\/categoria-producto\/tarjeta-madre\/sin-categoria-tarjeta-madre\/"},{"@type":"ListItem","position":5,"name":"Msi Oem B550m Pro-vdh Wifi Mb Msi B550 Amd S-am4 3a Gen\/4xdrr4 3200mhz\/pcie 4.0\/hdmi\/dvi\/4xusb 3.2\/m.2\/wifi-ac\/bluetooth 4.2\/ Micro Atx\/gama Media"}]},{"@type":"WebSite","@id":"https:\/\/compuviper.mx\/tienda\/#website","url":"https:\/\/compuviper.mx\/tienda\/","name":"Compuviper","description":"Proveedor de Computadoras, Laptops, Servidores, Monitores, Puntos de Venta, Teclados,   Impresoras, T\u00f3ner, C\u00e1maras de Seguridad y m\u00e1s en tu tienda en l\u00ednea","publisher":{"@id":"https:\/\/compuviper.mx\/tienda\/#organization"},"potentialAction":[{"@type":"SearchAction","target":{"@type":"EntryPoint","urlTemplate":"https:\/\/compuviper.mx\/tienda\/?s={search_term_string}"},"query-input":"required name=search_term_string"}],"inLanguage":"es-MX"},{"@type":"Organization","@id":"https:\/\/compuviper.mx\/tienda\/#organization","name":"Compuviper","url":"https:\/\/compuviper.mx\/tienda\/","logo":{"@type":"ImageObject","inLanguage":"es-MX","@id":"https:\/\/compuviper.mx\/tienda\/#\/schema\/logo\/image\/","url":"https:\/\/compuviper.mx\/tienda\/wp-content\/uploads\/2021\/08\/Logo-Compuviper-10.png","contentUrl":"https:\/\/compuviper.mx\/tienda\/wp-content\/uploads\/2021\/08\/Logo-Compuviper-10.png","width":1000,"height":500,"caption":"Compuviper"},"image":{"@id":"https:\/\/compuviper.mx\/tienda\/#\/schema\/logo\/image\/"},"sameAs":["https:\/\/www.facebook.com\/compuviper","https:\/\/www.youtube.com\/channel\/UCf73dERp9Y3cfOq7q8BhLjA?view_as=subscriber"]}]},"product_brand":"Msi Oem","product_price_amount":"1550","product_price_currency":"MXN","og_availability":"instock","product_availability":"instock","product_retailer_item_id":"B550M PRO-VDH WIFI","product_condition":"new"},"_links":{"self":[{"href":"https:\/\/compuviper.mx\/tienda\/wp-json\/wp\/v2\/product\/268031"}],"collection":[{"href":"https:\/\/compuviper.mx\/tienda\/wp-json\/wp\/v2\/product"}],"about":[{"href":"https:\/\/compuviper.mx\/tienda\/wp-json\/wp\/v2\/types\/product"}],"replies":[{"embeddable":true,"href":"https:\/\/compuviper.mx\/tienda\/wp-json\/wp\/v2\/comments?post=268031"}],"wp:featuredmedia":[{"embeddable":true,"href":"https:\/\/compuviper.mx\/tienda\/wp-json\/wp\/v2\/media\/268032"}],"wp:attachment":[{"href":"https:\/\/compuviper.mx\/tienda\/wp-json\/wp\/v2\/media?parent=268031"}],"wp:term":[{"taxonomy":"product_cat","embeddable":true,"href":"https:\/\/compuviper.mx\/tienda\/wp-json\/wp\/v2\/product_cat?post=268031"},{"taxonomy":"product_tag","embeddable":true,"href":"https:\/\/compuviper.mx\/tienda\/wp-json\/wp\/v2\/product_tag?post=268031"}],"curies":[{"name":"wp","href":"https:\/\/api.w.org\/{rel}","templated":true}]}}