{"id":267984,"date":"2026-04-02T00:38:55","date_gmt":"2026-04-02T06:38:55","guid":{"rendered":"https:\/\/compuviper.mx\/tienda\/producto\/wd-western-digital-wdbwlg0140hbk-nesn-disco-duro-externo-wd-elements-14tb-3-5-escritorio-usb3-0-negro-windows\/"},"modified":"2026-04-03T00:00:13","modified_gmt":"2026-04-03T06:00:13","slug":"wd-western-digital-wdbwlg0140hbk-nesn-disco-duro-externo-wd-elements-14tb-3-5-escritorio-usb3-0-negro-windows","status":"publish","type":"product","link":"https:\/\/compuviper.mx\/tienda\/producto\/wd-western-digital-wdbwlg0140hbk-nesn-disco-duro-externo-wd-elements-14tb-3-5-escritorio-usb3-0-negro-windows\/","title":{"rendered":"Wd &#8211; Western Digital Wdbwlg0140hbk-nesn Disco Duro Externo Wd Elements 14tb 3.5 Escritorio Usb3.0 Negro Windows"},"content":{"rendered":"<table class=\"descripcion\">\n<tr>\n<td>Features<\/td>\n<\/tr>\n<tr>\n<td>\u0095 high-capacity add-on storage<\/td>\n<\/tr>\n<tr>\n<td>\u0095 ideal for fast data transfers<\/td>\n<\/tr>\n<tr>\n<td>\u0095 plug-and-play ready for windows\u00ae pcs<\/td>\n<\/tr>\n<tr>\n<td>Capacity<\/td>\n<\/tr>\n<tr>\n<td>14tb<\/td>\n<\/tr>\n<tr>\n<td>Connector<\/td>\n<\/tr>\n<tr>\n<td>\u0095 micro-b<\/td>\n<\/tr>\n<tr>\n<td>\u0095 power supply<\/td>\n<\/tr>\n<tr>\n<td>Compatibility<\/td>\n<\/tr>\n<tr>\n<td>\u0095 windows\u00ae 10+<\/td>\n<\/tr>\n<tr>\n<td>\u0095 reformatting required for use with macos<\/td>\n<\/tr>\n<tr>\n<td>Interface<\/td>\n<\/tr>\n<tr>\n<td>Usb 3.0<\/td>\n<\/tr>\n<tr>\n<td>In the box<\/td>\n<\/tr>\n<tr>\n<td>\u0095 wd elements desktop hard drive<\/td>\n<\/tr>\n<tr>\n<td>\u0095 superspeed usb-a cable (5gbps)<\/td>\n<\/tr>\n<tr>\n<td>\u0095 ac adapter<\/td>\n<\/tr>\n<tr>\n<td>\u0095 quick install guide<\/td>\n<\/tr>\n<tr>\n<td>Warranty<\/td>\n<\/tr>\n<tr>\n<td>2-year limited warranty<\/td>\n<\/tr>\n<tr>\n<td>Dimensions (l x w x h)<\/td>\n<\/tr>\n<tr>\n<td>5.31 x 1.89 x 6.53<\/td>\n<\/tr>\n<tr>\n<td>Weight<\/td>\n<\/tr>\n<tr>\n<td>0.9lbs<\/td>\n<\/tr>\n<tr>\n<td>Model number<\/td>\n<\/tr>\n<tr>\n<td>Wdbwlg0140hbk-nesn<\/td>\n<\/tr>\n<tr>\n<td>Operating temperature<\/td>\n<\/tr>\n<tr>\n<td>5\u00b0c to 35\u00b0c<\/td>\n<\/tr>\n<tr>\n<td>Non-operating temperature<\/td>\n<\/tr>\n<tr>\n<td>-20\u00b0c to 65\u00b0c<\/td>\n<\/tr>\n<tr>\n<td>Certifications<\/td>\n<\/tr>\n<tr>\n<td>Fcc-ices, ce, bis  eac, rcm, vcci, kc, loa, ukca<\/td>\n<\/tr>\n<\/table>\n","protected":false},"excerpt":{"rendered":"<p>El almacenamiento hdd de escritorio wd elements con usb 3.0 ofrece almacenamiento complementario confiable y de alta capacidad, velocidades de transferencia de datos r\u00e1pidas y conectividad universal con dispositivos usb 3.0 y usb 2.0. Dise\u00f1ado con la calidad y confiabilidad de wd, el dise\u00f1o elegante del disco cuenta con una capacidad de hasta 22 tb1 para que pueda almacenar m\u00e1s de lo que le importa.<\/p>\n","protected":false},"featured_media":267985,"comment_status":"open","ping_status":"open","template":"","meta":[],"product_cat":[1703,1706],"product_tag":[1705],"acf":[],"yoast_head":"<!-- This site is optimized with the Yoast SEO plugin v21.7 - https:\/\/yoast.com\/wordpress\/plugins\/seo\/ -->\n<title>[ Wd - Western Digital ] &#129351; Wdbwlg0140hbk-nesn Disco Duro Externo Wd Elements 14tb 3.5 Escritorio Usb3.0 Negro Windows<\/title>\n<meta name=\"description\" content=\"Compra Wdbwlg0140hbk-nesn Disco Duro Externo Wd Elements 14tb 3.5 Escritorio Usb3.0 Negro Windows + Env\u00edo a domicilio + Pago seguro + Garant\u00eda\" \/>\n<meta name=\"robots\" content=\"index, follow, max-snippet:-1, max-image-preview:large, max-video-preview:-1\" \/>\n<link rel=\"canonical\" href=\"https:\/\/compuviper.mx\/tienda\/producto\/wd-western-digital-wdbwlg0140hbk-nesn-disco-duro-externo-wd-elements-14tb-3-5-escritorio-usb3-0-negro-windows\/\" \/>\n<meta property=\"og:locale\" content=\"es_MX\" \/>\n<meta property=\"og:type\" content=\"article\" \/>\n<meta property=\"og:title\" content=\"[ Wd - Western Digital ] &#129351; Wdbwlg0140hbk-nesn Disco Duro Externo Wd Elements 14tb 3.5 Escritorio Usb3.0 Negro Windows\" \/>\n<meta property=\"og:description\" content=\"Compra Wdbwlg0140hbk-nesn Disco Duro Externo Wd Elements 14tb 3.5 Escritorio Usb3.0 Negro Windows + Env\u00edo a domicilio + Pago seguro + Garant\u00eda\" \/>\n<meta property=\"og:url\" content=\"https:\/\/compuviper.mx\/tienda\/producto\/wd-western-digital-wdbwlg0140hbk-nesn-disco-duro-externo-wd-elements-14tb-3-5-escritorio-usb3-0-negro-windows\/\" \/>\n<meta property=\"og:site_name\" content=\"Compuviper\" \/>\n<meta property=\"article:publisher\" content=\"https:\/\/www.facebook.com\/compuviper\" \/>\n<meta property=\"article:modified_time\" content=\"2026-04-03T06:00:13+00:00\" \/>\n<meta property=\"og:image\" content=\"https:\/\/compuviper.mx\/tienda\/wp-content\/uploads\/2026\/03\/Disco-duro-externo-wd-elements-14tb-3.5-escritorio-usb3.0-negro-windows-wdbwlg0140hbk-nesn.jpg\" \/>\n\t<meta property=\"og:image:width\" content=\"200\" \/>\n\t<meta property=\"og:image:height\" content=\"200\" \/>\n\t<meta property=\"og:image:type\" content=\"image\/jpeg\" \/>\n<meta name=\"twitter:card\" content=\"summary_large_image\" \/>\n<meta name=\"twitter:label1\" content=\"Precio\" \/>\n\t<meta name=\"twitter:data1\" content=\"&#36;4,618 con IVA\" \/>\n\t<meta name=\"twitter:label2\" content=\"Availability\" \/>\n\t<meta name=\"twitter:data2\" content=\"In stock\" \/>\n<script type=\"application\/ld+json\" class=\"yoast-schema-graph\">{\"@context\":\"https:\/\/schema.org\",\"@graph\":[{\"@type\":\"WebPage\",\"@id\":\"https:\/\/compuviper.mx\/tienda\/producto\/wd-western-digital-wdbwlg0140hbk-nesn-disco-duro-externo-wd-elements-14tb-3-5-escritorio-usb3-0-negro-windows\/\",\"url\":\"https:\/\/compuviper.mx\/tienda\/producto\/wd-western-digital-wdbwlg0140hbk-nesn-disco-duro-externo-wd-elements-14tb-3-5-escritorio-usb3-0-negro-windows\/\",\"name\":\"[ Wd - Western Digital ] &#129351; Wdbwlg0140hbk-nesn Disco Duro Externo Wd Elements 14tb 3.5 Escritorio Usb3.0 Negro Windows\",\"isPartOf\":{\"@id\":\"https:\/\/compuviper.mx\/tienda\/#website\"},\"datePublished\":\"2026-04-02T06:38:55+00:00\",\"dateModified\":\"2026-04-03T06:00:13+00:00\",\"description\":\"Compra Wdbwlg0140hbk-nesn Disco Duro Externo Wd Elements 14tb 3.5 Escritorio Usb3.0 Negro Windows + Env\u00edo a domicilio + Pago seguro + Garant\u00eda\",\"breadcrumb\":{\"@id\":\"https:\/\/compuviper.mx\/tienda\/producto\/wd-western-digital-wdbwlg0140hbk-nesn-disco-duro-externo-wd-elements-14tb-3-5-escritorio-usb3-0-negro-windows\/#breadcrumb\"},\"inLanguage\":\"es-MX\",\"potentialAction\":[{\"@type\":\"ReadAction\",\"target\":[\"https:\/\/compuviper.mx\/tienda\/producto\/wd-western-digital-wdbwlg0140hbk-nesn-disco-duro-externo-wd-elements-14tb-3-5-escritorio-usb3-0-negro-windows\/\"]}]},{\"@type\":\"BreadcrumbList\",\"@id\":\"https:\/\/compuviper.mx\/tienda\/producto\/wd-western-digital-wdbwlg0140hbk-nesn-disco-duro-externo-wd-elements-14tb-3-5-escritorio-usb3-0-negro-windows\/#breadcrumb\",\"itemListElement\":[{\"@type\":\"ListItem\",\"position\":1,\"name\":\"Inicio\",\"item\":\"https:\/\/compuviper.mx\/tienda\/\"},{\"@type\":\"ListItem\",\"position\":2,\"name\":\"Productos\",\"item\":\"https:\/\/compuviper.mx\/tienda\/productos\/\"},{\"@type\":\"ListItem\",\"position\":3,\"name\":\"Discos Duros\",\"item\":\"https:\/\/compuviper.mx\/tienda\/categoria-producto\/discos-duros\/\"},{\"@type\":\"ListItem\",\"position\":4,\"name\":\"Disco Duro\",\"item\":\"https:\/\/compuviper.mx\/tienda\/categoria-producto\/discos-duros\/disco-duro\/\"},{\"@type\":\"ListItem\",\"position\":5,\"name\":\"Wd &#8211; Western Digital Wdbwlg0140hbk-nesn Disco Duro Externo Wd Elements 14tb 3.5 Escritorio Usb3.0 Negro Windows\"}]},{\"@type\":\"WebSite\",\"@id\":\"https:\/\/compuviper.mx\/tienda\/#website\",\"url\":\"https:\/\/compuviper.mx\/tienda\/\",\"name\":\"Compuviper\",\"description\":\"Proveedor de Computadoras, Laptops, Servidores, Monitores, Puntos de Venta, Teclados,   Impresoras, T\u00f3ner, C\u00e1maras de Seguridad y m\u00e1s en tu tienda en l\u00ednea\",\"publisher\":{\"@id\":\"https:\/\/compuviper.mx\/tienda\/#organization\"},\"potentialAction\":[{\"@type\":\"SearchAction\",\"target\":{\"@type\":\"EntryPoint\",\"urlTemplate\":\"https:\/\/compuviper.mx\/tienda\/?s={search_term_string}\"},\"query-input\":\"required name=search_term_string\"}],\"inLanguage\":\"es-MX\"},{\"@type\":\"Organization\",\"@id\":\"https:\/\/compuviper.mx\/tienda\/#organization\",\"name\":\"Compuviper\",\"url\":\"https:\/\/compuviper.mx\/tienda\/\",\"logo\":{\"@type\":\"ImageObject\",\"inLanguage\":\"es-MX\",\"@id\":\"https:\/\/compuviper.mx\/tienda\/#\/schema\/logo\/image\/\",\"url\":\"https:\/\/compuviper.mx\/tienda\/wp-content\/uploads\/2021\/08\/Logo-Compuviper-10.png\",\"contentUrl\":\"https:\/\/compuviper.mx\/tienda\/wp-content\/uploads\/2021\/08\/Logo-Compuviper-10.png\",\"width\":1000,\"height\":500,\"caption\":\"Compuviper\"},\"image\":{\"@id\":\"https:\/\/compuviper.mx\/tienda\/#\/schema\/logo\/image\/\"},\"sameAs\":[\"https:\/\/www.facebook.com\/compuviper\",\"https:\/\/www.youtube.com\/channel\/UCf73dERp9Y3cfOq7q8BhLjA?view_as=subscriber\"]}]}<\/script>\n<meta property=\"product:brand\" content=\"WD - WESTERN DIGITAL\" \/>\n<meta property=\"product:price:amount\" content=\"4618\" \/>\n<meta property=\"product:price:currency\" content=\"MXN\" \/>\n<meta property=\"og:availability\" content=\"instock\" \/>\n<meta property=\"product:availability\" content=\"instock\" \/>\n<meta property=\"product:retailer_item_id\" content=\"WDBWLG0140HBK-NESN\" \/>\n<meta property=\"product:condition\" content=\"new\" \/>\n<!-- \/ Yoast SEO plugin. -->","yoast_head_json":{"title":"[ Wd - Western Digital ] &#129351; Wdbwlg0140hbk-nesn Disco Duro Externo Wd Elements 14tb 3.5 Escritorio Usb3.0 Negro Windows","description":"Compra Wdbwlg0140hbk-nesn Disco Duro Externo Wd Elements 14tb 3.5 Escritorio Usb3.0 Negro Windows + Env\u00edo a domicilio + Pago seguro + Garant\u00eda","robots":{"index":"index","follow":"follow","max-snippet":"max-snippet:-1","max-image-preview":"max-image-preview:large","max-video-preview":"max-video-preview:-1"},"canonical":"https:\/\/compuviper.mx\/tienda\/producto\/wd-western-digital-wdbwlg0140hbk-nesn-disco-duro-externo-wd-elements-14tb-3-5-escritorio-usb3-0-negro-windows\/","og_locale":"es_MX","og_type":"article","og_title":"[ Wd - Western Digital ] &#129351; Wdbwlg0140hbk-nesn Disco Duro Externo Wd Elements 14tb 3.5 Escritorio Usb3.0 Negro Windows","og_description":"Compra Wdbwlg0140hbk-nesn Disco Duro Externo Wd Elements 14tb 3.5 Escritorio Usb3.0 Negro Windows + Env\u00edo a domicilio + Pago seguro + Garant\u00eda","og_url":"https:\/\/compuviper.mx\/tienda\/producto\/wd-western-digital-wdbwlg0140hbk-nesn-disco-duro-externo-wd-elements-14tb-3-5-escritorio-usb3-0-negro-windows\/","og_site_name":"Compuviper","article_publisher":"https:\/\/www.facebook.com\/compuviper","article_modified_time":"2026-04-03T06:00:13+00:00","og_image":[{"width":200,"height":200,"url":"https:\/\/compuviper.mx\/tienda\/wp-content\/uploads\/2026\/03\/Disco-duro-externo-wd-elements-14tb-3.5-escritorio-usb3.0-negro-windows-wdbwlg0140hbk-nesn.jpg","type":"image\/jpeg"}],"twitter_card":"summary_large_image","twitter_misc":{"Precio":"&#36;4,618 con IVA","Availability":"In stock"},"schema":{"@context":"https:\/\/schema.org","@graph":[{"@type":"WebPage","@id":"https:\/\/compuviper.mx\/tienda\/producto\/wd-western-digital-wdbwlg0140hbk-nesn-disco-duro-externo-wd-elements-14tb-3-5-escritorio-usb3-0-negro-windows\/","url":"https:\/\/compuviper.mx\/tienda\/producto\/wd-western-digital-wdbwlg0140hbk-nesn-disco-duro-externo-wd-elements-14tb-3-5-escritorio-usb3-0-negro-windows\/","name":"[ Wd - Western Digital ] &#129351; Wdbwlg0140hbk-nesn Disco Duro Externo Wd Elements 14tb 3.5 Escritorio Usb3.0 Negro Windows","isPartOf":{"@id":"https:\/\/compuviper.mx\/tienda\/#website"},"datePublished":"2026-04-02T06:38:55+00:00","dateModified":"2026-04-03T06:00:13+00:00","description":"Compra Wdbwlg0140hbk-nesn Disco Duro Externo Wd Elements 14tb 3.5 Escritorio Usb3.0 Negro Windows + Env\u00edo a domicilio + Pago seguro + Garant\u00eda","breadcrumb":{"@id":"https:\/\/compuviper.mx\/tienda\/producto\/wd-western-digital-wdbwlg0140hbk-nesn-disco-duro-externo-wd-elements-14tb-3-5-escritorio-usb3-0-negro-windows\/#breadcrumb"},"inLanguage":"es-MX","potentialAction":[{"@type":"ReadAction","target":["https:\/\/compuviper.mx\/tienda\/producto\/wd-western-digital-wdbwlg0140hbk-nesn-disco-duro-externo-wd-elements-14tb-3-5-escritorio-usb3-0-negro-windows\/"]}]},{"@type":"BreadcrumbList","@id":"https:\/\/compuviper.mx\/tienda\/producto\/wd-western-digital-wdbwlg0140hbk-nesn-disco-duro-externo-wd-elements-14tb-3-5-escritorio-usb3-0-negro-windows\/#breadcrumb","itemListElement":[{"@type":"ListItem","position":1,"name":"Inicio","item":"https:\/\/compuviper.mx\/tienda\/"},{"@type":"ListItem","position":2,"name":"Productos","item":"https:\/\/compuviper.mx\/tienda\/productos\/"},{"@type":"ListItem","position":3,"name":"Discos Duros","item":"https:\/\/compuviper.mx\/tienda\/categoria-producto\/discos-duros\/"},{"@type":"ListItem","position":4,"name":"Disco Duro","item":"https:\/\/compuviper.mx\/tienda\/categoria-producto\/discos-duros\/disco-duro\/"},{"@type":"ListItem","position":5,"name":"Wd &#8211; Western Digital Wdbwlg0140hbk-nesn Disco Duro Externo Wd Elements 14tb 3.5 Escritorio Usb3.0 Negro Windows"}]},{"@type":"WebSite","@id":"https:\/\/compuviper.mx\/tienda\/#website","url":"https:\/\/compuviper.mx\/tienda\/","name":"Compuviper","description":"Proveedor de Computadoras, Laptops, Servidores, Monitores, Puntos de Venta, Teclados,   Impresoras, T\u00f3ner, C\u00e1maras de Seguridad y m\u00e1s en tu tienda en l\u00ednea","publisher":{"@id":"https:\/\/compuviper.mx\/tienda\/#organization"},"potentialAction":[{"@type":"SearchAction","target":{"@type":"EntryPoint","urlTemplate":"https:\/\/compuviper.mx\/tienda\/?s={search_term_string}"},"query-input":"required name=search_term_string"}],"inLanguage":"es-MX"},{"@type":"Organization","@id":"https:\/\/compuviper.mx\/tienda\/#organization","name":"Compuviper","url":"https:\/\/compuviper.mx\/tienda\/","logo":{"@type":"ImageObject","inLanguage":"es-MX","@id":"https:\/\/compuviper.mx\/tienda\/#\/schema\/logo\/image\/","url":"https:\/\/compuviper.mx\/tienda\/wp-content\/uploads\/2021\/08\/Logo-Compuviper-10.png","contentUrl":"https:\/\/compuviper.mx\/tienda\/wp-content\/uploads\/2021\/08\/Logo-Compuviper-10.png","width":1000,"height":500,"caption":"Compuviper"},"image":{"@id":"https:\/\/compuviper.mx\/tienda\/#\/schema\/logo\/image\/"},"sameAs":["https:\/\/www.facebook.com\/compuviper","https:\/\/www.youtube.com\/channel\/UCf73dERp9Y3cfOq7q8BhLjA?view_as=subscriber"]}]},"product_brand":"WD - WESTERN DIGITAL","product_price_amount":"4618","product_price_currency":"MXN","og_availability":"instock","product_availability":"instock","product_retailer_item_id":"WDBWLG0140HBK-NESN","product_condition":"new"},"_links":{"self":[{"href":"https:\/\/compuviper.mx\/tienda\/wp-json\/wp\/v2\/product\/267984"}],"collection":[{"href":"https:\/\/compuviper.mx\/tienda\/wp-json\/wp\/v2\/product"}],"about":[{"href":"https:\/\/compuviper.mx\/tienda\/wp-json\/wp\/v2\/types\/product"}],"replies":[{"embeddable":true,"href":"https:\/\/compuviper.mx\/tienda\/wp-json\/wp\/v2\/comments?post=267984"}],"wp:featuredmedia":[{"embeddable":true,"href":"https:\/\/compuviper.mx\/tienda\/wp-json\/wp\/v2\/media\/267985"}],"wp:attachment":[{"href":"https:\/\/compuviper.mx\/tienda\/wp-json\/wp\/v2\/media?parent=267984"}],"wp:term":[{"taxonomy":"product_cat","embeddable":true,"href":"https:\/\/compuviper.mx\/tienda\/wp-json\/wp\/v2\/product_cat?post=267984"},{"taxonomy":"product_tag","embeddable":true,"href":"https:\/\/compuviper.mx\/tienda\/wp-json\/wp\/v2\/product_tag?post=267984"}],"curies":[{"name":"wp","href":"https:\/\/api.w.org\/{rel}","templated":true}]}}