{"id":267970,"date":"2026-04-05T23:11:43","date_gmt":"2026-04-06T05:11:43","guid":{"rendered":"https:\/\/compuviper.mx\/tienda\/producto\/sandisk-wdbbyv0010bnc-wrsn-unidad-de-estado-solido-ssd-interno-wd-black-sn850p-1tb-m-2-2280-nvme-pcie-gen4-x4-lect-7300mb-s-escrit-6300mb-s-disipador-ps5\/"},"modified":"2026-04-06T00:00:05","modified_gmt":"2026-04-06T06:00:05","slug":"sandisk-wdbbyv0010bnc-wrsn-unidad-de-estado-solido-ssd-interno-wd-black-sn850p-1tb-m-2-2280-nvme-pcie-gen4-x4-lect-7300mb-s-escrit-6300mb-s-disipador-ps5","status":"publish","type":"product","link":"https:\/\/compuviper.mx\/tienda\/producto\/sandisk-wdbbyv0010bnc-wrsn-unidad-de-estado-solido-ssd-interno-wd-black-sn850p-1tb-m-2-2280-nvme-pcie-gen4-x4-lect-7300mb-s-escrit-6300mb-s-disipador-ps5\/","title":{"rendered":"Sandisk Wdbbyv0010bnc-wrsn Unidad De Estado Solido Ssd Interno Wd Black Sn850p 1tb M.2 2280 Nvme Pcie Gen4 X4 Lect.7300mb\/s Escrit.6300mb\/s Disipador Ps5"},"content":{"rendered":"<table class=\"descripcion\">\n<tr>\n<td>Todas las especificaciones<\/td>\n<\/tr>\n<tr>\n<td>Features<\/td>\n<\/tr>\n<tr>\n<td>M.2 ssd con licencia oficial para consolas playstation5<\/td>\n<\/tr>\n<tr>\n<td>Con capacidades de 1 tb a 4 tb para almacenar m\u00e1s t\u00edtulos<\/td>\n<\/tr>\n<tr>\n<td>El dise\u00f1o optimizado del disipador de calor permite una instalaci\u00f3n f\u00e1cil en la ranura de expansi\u00f3n m.2 de la ps5<\/td>\n<\/tr>\n<tr>\n<td>Almacena juegos compatibles de ps5 y juega desde el disco<\/td>\n<\/tr>\n<tr>\n<td>Calidad en la que puedes confiar, de la marca<\/td>\n<\/tr>\n<tr>\n<td>Wd_black .<\/td>\n<\/tr>\n<tr>\n<td>Velocidades de lectura de hasta 7300 mb\/s para una experiencia de juego fluida<\/td>\n<\/tr>\n<tr>\n<td>Capacidad<\/td>\n<\/tr>\n<tr>\n<td>1 tb<\/td>\n<\/tr>\n<tr>\n<td>Formato<\/td>\n<\/tr>\n<tr>\n<td>M.2 2280<\/td>\n<\/tr>\n<tr>\n<td>Conector<\/td>\n<\/tr>\n<tr>\n<td>M.2<\/td>\n<\/tr>\n<tr>\n<td>Compatibilidad<\/td>\n<\/tr>\n<tr>\n<td>Requisitos del sistema<\/td>\n<\/tr>\n<tr>\n<td>Playstation5<\/td>\n<\/tr>\n<tr>\n<td>Ordenador con puerto m.2 (tipo m) que admita el formato m.2 2280<\/td>\n<\/tr>\n<tr>\n<td>Windows 11, 10, 8.1<\/td>\n<\/tr>\n<tr>\n<td>Nota: la compatibilidad puede variar en funci\u00f3n de la configuraci\u00f3n del hardware y el sistema operativo del usuario.<\/td>\n<\/tr>\n<tr>\n<td>Rendimiento de lectura secuencial<\/td>\n<\/tr>\n<tr>\n<td>7300mb\/s<\/td>\n<\/tr>\n<tr>\n<td>Rendimiento de escritura secuencial<\/td>\n<\/tr>\n<tr>\n<td>6300mb\/s<\/td>\n<\/tr>\n<tr>\n<td>Lectura aleatoria<\/td>\n<\/tr>\n<tr>\n<td>8000004kb iops<\/td>\n<\/tr>\n<tr>\n<td>Escritura aleatoria<\/td>\n<\/tr>\n<tr>\n<td>11000004kb iops<\/td>\n<\/tr>\n<tr>\n<td>Conexi\u00f3n<\/td>\n<\/tr>\n<tr>\n<td>Pcie gen4 x4<\/td>\n<\/tr>\n<tr>\n<td>Garant\u00eda limitada de 5 a\u00f1os<\/td>\n<\/tr>\n<tr>\n<td>Resistencia (tbw)<\/td>\n<\/tr>\n<tr>\n<td>600<\/td>\n<\/tr>\n<tr>\n<td>Dimensiones (largo, ancho y alto)<\/td>\n<\/tr>\n<tr>\n<td>3.15 x 0.96 x 0.39<\/td>\n<\/tr>\n<tr>\n<td>Peso<\/td>\n<\/tr>\n<tr>\n<td>30.4gms<\/td>\n<\/tr>\n<tr>\n<td>N\u00famero de modelo<\/td>\n<\/tr>\n<tr>\n<td>Wdbbyv0010bnc-wrsn<\/td>\n<\/tr>\n<tr>\n<td>Temperatura de funcionamiento<\/td>\n<\/tr>\n<tr>\n<td>0\u00b0c to 85\u00b0c<\/td>\n<\/tr>\n<tr>\n<td>Non-operating temperature<\/td>\n<\/tr>\n<tr>\n<td>-40\u00b0c to 85\u00b0c<\/td>\n<\/tr>\n<tr>\n<td>Certificaciones<\/td>\n<\/tr>\n<tr>\n<td>Bsmi, can ices-3(b)\/nmb-3(b), ce, fcc, kcc, morocco, rcm, tuv, ul, vcci<\/td>\n<\/tr>\n<\/table>\n","protected":false},"excerpt":{"rendered":"<p>El wd_black sn850p nvme ssd para consolas ps5 cuenta con licencia oficial para tu consola playstation5 y te permite almacenar mas t\u00edtulos con una instalacion sencilla. Amplia al instante la capacidad de tu consola con hasta 4tb de almacenamiento para guardar un mayor numero de tus juegos favoritos. Gracias a un disipador de calor optimizado y dise\u00f1ado especialmente para la ranura m.2 de la ps5, nunca tendras que volver a preocuparte por la compatibilidad.<\/p>\n","protected":false},"featured_media":267971,"comment_status":"open","ping_status":"open","template":"","meta":[],"product_cat":[1703,1708],"product_tag":[1709],"acf":[],"yoast_head":"<!-- This site is optimized with the Yoast SEO plugin v21.7 - https:\/\/yoast.com\/wordpress\/plugins\/seo\/ -->\n<title>[ Sandisk ] &#129351; Wdbbyv0010bnc-wrsn Unidad De Estado Solido Ssd Interno Wd Black Sn850p 1tb M.2 2280 Nvme Pcie Gen4 X4 Lect.7300mb\/s Escrit.6300mb\/s Disipador Ps5<\/title>\n<meta name=\"description\" content=\"Compra Wdbbyv0010bnc-wrsn Unidad De Estado Solido Ssd Interno Wd Black Sn850p 1tb M.2 2280 Nvme Pcie Gen4 X4 Lect.7300mb\/s Escrit.6300mb\/s Disipador Ps5 + Env\u00edo a domicilio + Pago seguro + Garant\u00eda\" \/>\n<meta name=\"robots\" content=\"index, follow, max-snippet:-1, max-image-preview:large, max-video-preview:-1\" \/>\n<link rel=\"canonical\" href=\"https:\/\/compuviper.mx\/tienda\/producto\/sandisk-wdbbyv0010bnc-wrsn-unidad-de-estado-solido-ssd-interno-wd-black-sn850p-1tb-m-2-2280-nvme-pcie-gen4-x4-lect-7300mb-s-escrit-6300mb-s-disipador-ps5\/\" \/>\n<meta property=\"og:locale\" content=\"es_MX\" \/>\n<meta property=\"og:type\" content=\"article\" \/>\n<meta property=\"og:title\" content=\"[ Sandisk ] &#129351; Wdbbyv0010bnc-wrsn Unidad De Estado Solido Ssd Interno Wd Black Sn850p 1tb M.2 2280 Nvme Pcie Gen4 X4 Lect.7300mb\/s Escrit.6300mb\/s Disipador Ps5\" \/>\n<meta property=\"og:description\" content=\"Compra Wdbbyv0010bnc-wrsn Unidad De Estado Solido Ssd Interno Wd Black Sn850p 1tb M.2 2280 Nvme Pcie Gen4 X4 Lect.7300mb\/s Escrit.6300mb\/s Disipador Ps5 + Env\u00edo a domicilio + Pago seguro + Garant\u00eda\" \/>\n<meta property=\"og:url\" content=\"https:\/\/compuviper.mx\/tienda\/producto\/sandisk-wdbbyv0010bnc-wrsn-unidad-de-estado-solido-ssd-interno-wd-black-sn850p-1tb-m-2-2280-nvme-pcie-gen4-x4-lect-7300mb-s-escrit-6300mb-s-disipador-ps5\/\" \/>\n<meta property=\"og:site_name\" content=\"Compuviper\" \/>\n<meta property=\"article:publisher\" content=\"https:\/\/www.facebook.com\/compuviper\" \/>\n<meta property=\"article:modified_time\" content=\"2026-04-06T06:00:05+00:00\" \/>\n<meta property=\"og:image\" content=\"https:\/\/compuviper.mx\/tienda\/wp-content\/uploads\/2026\/03\/Unidad-de-estado-solido-ssd-interno-wd-black-sn850p-1tb-m.2-2280-nvme-pcie-gen4-x4-lect.7300mbs-escrit.6300mbs-disipador-ps5-wdbbyv0010bnc-wrsn.jpg\" \/>\n\t<meta property=\"og:image:width\" content=\"200\" \/>\n\t<meta property=\"og:image:height\" content=\"200\" \/>\n\t<meta property=\"og:image:type\" content=\"image\/jpeg\" \/>\n<meta name=\"twitter:card\" content=\"summary_large_image\" \/>\n<meta name=\"twitter:label1\" content=\"Precio\" \/>\n\t<meta name=\"twitter:data1\" content=\"&#36;9,494 con IVA\" \/>\n\t<meta name=\"twitter:label2\" content=\"Availability\" \/>\n\t<meta name=\"twitter:data2\" content=\"In stock\" \/>\n<script type=\"application\/ld+json\" class=\"yoast-schema-graph\">{\"@context\":\"https:\/\/schema.org\",\"@graph\":[{\"@type\":\"WebPage\",\"@id\":\"https:\/\/compuviper.mx\/tienda\/producto\/sandisk-wdbbyv0010bnc-wrsn-unidad-de-estado-solido-ssd-interno-wd-black-sn850p-1tb-m-2-2280-nvme-pcie-gen4-x4-lect-7300mb-s-escrit-6300mb-s-disipador-ps5\/\",\"url\":\"https:\/\/compuviper.mx\/tienda\/producto\/sandisk-wdbbyv0010bnc-wrsn-unidad-de-estado-solido-ssd-interno-wd-black-sn850p-1tb-m-2-2280-nvme-pcie-gen4-x4-lect-7300mb-s-escrit-6300mb-s-disipador-ps5\/\",\"name\":\"[ Sandisk ] &#129351; Wdbbyv0010bnc-wrsn Unidad De Estado Solido Ssd Interno Wd Black Sn850p 1tb M.2 2280 Nvme Pcie Gen4 X4 Lect.7300mb\/s Escrit.6300mb\/s Disipador Ps5\",\"isPartOf\":{\"@id\":\"https:\/\/compuviper.mx\/tienda\/#website\"},\"datePublished\":\"2026-04-06T05:11:43+00:00\",\"dateModified\":\"2026-04-06T06:00:05+00:00\",\"description\":\"Compra Wdbbyv0010bnc-wrsn Unidad De Estado Solido Ssd Interno Wd Black Sn850p 1tb M.2 2280 Nvme Pcie Gen4 X4 Lect.7300mb\/s Escrit.6300mb\/s Disipador Ps5 + Env\u00edo a domicilio + Pago seguro + Garant\u00eda\",\"breadcrumb\":{\"@id\":\"https:\/\/compuviper.mx\/tienda\/producto\/sandisk-wdbbyv0010bnc-wrsn-unidad-de-estado-solido-ssd-interno-wd-black-sn850p-1tb-m-2-2280-nvme-pcie-gen4-x4-lect-7300mb-s-escrit-6300mb-s-disipador-ps5\/#breadcrumb\"},\"inLanguage\":\"es-MX\",\"potentialAction\":[{\"@type\":\"ReadAction\",\"target\":[\"https:\/\/compuviper.mx\/tienda\/producto\/sandisk-wdbbyv0010bnc-wrsn-unidad-de-estado-solido-ssd-interno-wd-black-sn850p-1tb-m-2-2280-nvme-pcie-gen4-x4-lect-7300mb-s-escrit-6300mb-s-disipador-ps5\/\"]}]},{\"@type\":\"BreadcrumbList\",\"@id\":\"https:\/\/compuviper.mx\/tienda\/producto\/sandisk-wdbbyv0010bnc-wrsn-unidad-de-estado-solido-ssd-interno-wd-black-sn850p-1tb-m-2-2280-nvme-pcie-gen4-x4-lect-7300mb-s-escrit-6300mb-s-disipador-ps5\/#breadcrumb\",\"itemListElement\":[{\"@type\":\"ListItem\",\"position\":1,\"name\":\"Inicio\",\"item\":\"https:\/\/compuviper.mx\/tienda\/\"},{\"@type\":\"ListItem\",\"position\":2,\"name\":\"Productos\",\"item\":\"https:\/\/compuviper.mx\/tienda\/productos\/\"},{\"@type\":\"ListItem\",\"position\":3,\"name\":\"Discos Duros\",\"item\":\"https:\/\/compuviper.mx\/tienda\/categoria-producto\/discos-duros\/\"},{\"@type\":\"ListItem\",\"position\":4,\"name\":\"Unidad De Estado Solido\",\"item\":\"https:\/\/compuviper.mx\/tienda\/categoria-producto\/discos-duros\/unidad-de-estado-solido\/\"},{\"@type\":\"ListItem\",\"position\":5,\"name\":\"Sandisk Wdbbyv0010bnc-wrsn Unidad De Estado Solido Ssd Interno Wd Black Sn850p 1tb M.2 2280 Nvme Pcie Gen4 X4 Lect.7300mb\/s Escrit.6300mb\/s Disipador Ps5\"}]},{\"@type\":\"WebSite\",\"@id\":\"https:\/\/compuviper.mx\/tienda\/#website\",\"url\":\"https:\/\/compuviper.mx\/tienda\/\",\"name\":\"Compuviper\",\"description\":\"Proveedor de Computadoras, Laptops, Servidores, Monitores, Puntos de Venta, Teclados,   Impresoras, T\u00f3ner, C\u00e1maras de Seguridad y m\u00e1s en tu tienda en l\u00ednea\",\"publisher\":{\"@id\":\"https:\/\/compuviper.mx\/tienda\/#organization\"},\"potentialAction\":[{\"@type\":\"SearchAction\",\"target\":{\"@type\":\"EntryPoint\",\"urlTemplate\":\"https:\/\/compuviper.mx\/tienda\/?s={search_term_string}\"},\"query-input\":\"required name=search_term_string\"}],\"inLanguage\":\"es-MX\"},{\"@type\":\"Organization\",\"@id\":\"https:\/\/compuviper.mx\/tienda\/#organization\",\"name\":\"Compuviper\",\"url\":\"https:\/\/compuviper.mx\/tienda\/\",\"logo\":{\"@type\":\"ImageObject\",\"inLanguage\":\"es-MX\",\"@id\":\"https:\/\/compuviper.mx\/tienda\/#\/schema\/logo\/image\/\",\"url\":\"https:\/\/compuviper.mx\/tienda\/wp-content\/uploads\/2021\/08\/Logo-Compuviper-10.png\",\"contentUrl\":\"https:\/\/compuviper.mx\/tienda\/wp-content\/uploads\/2021\/08\/Logo-Compuviper-10.png\",\"width\":1000,\"height\":500,\"caption\":\"Compuviper\"},\"image\":{\"@id\":\"https:\/\/compuviper.mx\/tienda\/#\/schema\/logo\/image\/\"},\"sameAs\":[\"https:\/\/www.facebook.com\/compuviper\",\"https:\/\/www.youtube.com\/channel\/UCf73dERp9Y3cfOq7q8BhLjA?view_as=subscriber\"]}]}<\/script>\n<meta property=\"product:brand\" content=\"SANDISK\" \/>\n<meta property=\"product:price:amount\" content=\"9494\" \/>\n<meta property=\"product:price:currency\" content=\"MXN\" \/>\n<meta property=\"og:availability\" content=\"instock\" \/>\n<meta property=\"product:availability\" content=\"instock\" \/>\n<meta property=\"product:retailer_item_id\" content=\"WDBBYV0010BNC-WRSN\" \/>\n<meta property=\"product:condition\" content=\"new\" \/>\n<!-- \/ Yoast SEO plugin. -->","yoast_head_json":{"title":"[ Sandisk ] &#129351; Wdbbyv0010bnc-wrsn Unidad De Estado Solido Ssd Interno Wd Black Sn850p 1tb M.2 2280 Nvme Pcie Gen4 X4 Lect.7300mb\/s Escrit.6300mb\/s Disipador Ps5","description":"Compra Wdbbyv0010bnc-wrsn Unidad De Estado Solido Ssd Interno Wd Black Sn850p 1tb M.2 2280 Nvme Pcie Gen4 X4 Lect.7300mb\/s Escrit.6300mb\/s Disipador Ps5 + Env\u00edo a domicilio + Pago seguro + Garant\u00eda","robots":{"index":"index","follow":"follow","max-snippet":"max-snippet:-1","max-image-preview":"max-image-preview:large","max-video-preview":"max-video-preview:-1"},"canonical":"https:\/\/compuviper.mx\/tienda\/producto\/sandisk-wdbbyv0010bnc-wrsn-unidad-de-estado-solido-ssd-interno-wd-black-sn850p-1tb-m-2-2280-nvme-pcie-gen4-x4-lect-7300mb-s-escrit-6300mb-s-disipador-ps5\/","og_locale":"es_MX","og_type":"article","og_title":"[ Sandisk ] &#129351; Wdbbyv0010bnc-wrsn Unidad De Estado Solido Ssd Interno Wd Black Sn850p 1tb M.2 2280 Nvme Pcie Gen4 X4 Lect.7300mb\/s Escrit.6300mb\/s Disipador Ps5","og_description":"Compra Wdbbyv0010bnc-wrsn Unidad De Estado Solido Ssd Interno Wd Black Sn850p 1tb M.2 2280 Nvme Pcie Gen4 X4 Lect.7300mb\/s Escrit.6300mb\/s Disipador Ps5 + Env\u00edo a domicilio + Pago seguro + Garant\u00eda","og_url":"https:\/\/compuviper.mx\/tienda\/producto\/sandisk-wdbbyv0010bnc-wrsn-unidad-de-estado-solido-ssd-interno-wd-black-sn850p-1tb-m-2-2280-nvme-pcie-gen4-x4-lect-7300mb-s-escrit-6300mb-s-disipador-ps5\/","og_site_name":"Compuviper","article_publisher":"https:\/\/www.facebook.com\/compuviper","article_modified_time":"2026-04-06T06:00:05+00:00","og_image":[{"width":200,"height":200,"url":"https:\/\/compuviper.mx\/tienda\/wp-content\/uploads\/2026\/03\/Unidad-de-estado-solido-ssd-interno-wd-black-sn850p-1tb-m.2-2280-nvme-pcie-gen4-x4-lect.7300mbs-escrit.6300mbs-disipador-ps5-wdbbyv0010bnc-wrsn.jpg","type":"image\/jpeg"}],"twitter_card":"summary_large_image","twitter_misc":{"Precio":"&#36;9,494 con IVA","Availability":"In stock"},"schema":{"@context":"https:\/\/schema.org","@graph":[{"@type":"WebPage","@id":"https:\/\/compuviper.mx\/tienda\/producto\/sandisk-wdbbyv0010bnc-wrsn-unidad-de-estado-solido-ssd-interno-wd-black-sn850p-1tb-m-2-2280-nvme-pcie-gen4-x4-lect-7300mb-s-escrit-6300mb-s-disipador-ps5\/","url":"https:\/\/compuviper.mx\/tienda\/producto\/sandisk-wdbbyv0010bnc-wrsn-unidad-de-estado-solido-ssd-interno-wd-black-sn850p-1tb-m-2-2280-nvme-pcie-gen4-x4-lect-7300mb-s-escrit-6300mb-s-disipador-ps5\/","name":"[ Sandisk ] &#129351; Wdbbyv0010bnc-wrsn Unidad De Estado Solido Ssd Interno Wd Black Sn850p 1tb M.2 2280 Nvme Pcie Gen4 X4 Lect.7300mb\/s Escrit.6300mb\/s Disipador Ps5","isPartOf":{"@id":"https:\/\/compuviper.mx\/tienda\/#website"},"datePublished":"2026-04-06T05:11:43+00:00","dateModified":"2026-04-06T06:00:05+00:00","description":"Compra Wdbbyv0010bnc-wrsn Unidad De Estado Solido Ssd Interno Wd Black Sn850p 1tb M.2 2280 Nvme Pcie Gen4 X4 Lect.7300mb\/s Escrit.6300mb\/s Disipador Ps5 + Env\u00edo a domicilio + Pago seguro + Garant\u00eda","breadcrumb":{"@id":"https:\/\/compuviper.mx\/tienda\/producto\/sandisk-wdbbyv0010bnc-wrsn-unidad-de-estado-solido-ssd-interno-wd-black-sn850p-1tb-m-2-2280-nvme-pcie-gen4-x4-lect-7300mb-s-escrit-6300mb-s-disipador-ps5\/#breadcrumb"},"inLanguage":"es-MX","potentialAction":[{"@type":"ReadAction","target":["https:\/\/compuviper.mx\/tienda\/producto\/sandisk-wdbbyv0010bnc-wrsn-unidad-de-estado-solido-ssd-interno-wd-black-sn850p-1tb-m-2-2280-nvme-pcie-gen4-x4-lect-7300mb-s-escrit-6300mb-s-disipador-ps5\/"]}]},{"@type":"BreadcrumbList","@id":"https:\/\/compuviper.mx\/tienda\/producto\/sandisk-wdbbyv0010bnc-wrsn-unidad-de-estado-solido-ssd-interno-wd-black-sn850p-1tb-m-2-2280-nvme-pcie-gen4-x4-lect-7300mb-s-escrit-6300mb-s-disipador-ps5\/#breadcrumb","itemListElement":[{"@type":"ListItem","position":1,"name":"Inicio","item":"https:\/\/compuviper.mx\/tienda\/"},{"@type":"ListItem","position":2,"name":"Productos","item":"https:\/\/compuviper.mx\/tienda\/productos\/"},{"@type":"ListItem","position":3,"name":"Discos Duros","item":"https:\/\/compuviper.mx\/tienda\/categoria-producto\/discos-duros\/"},{"@type":"ListItem","position":4,"name":"Unidad De Estado Solido","item":"https:\/\/compuviper.mx\/tienda\/categoria-producto\/discos-duros\/unidad-de-estado-solido\/"},{"@type":"ListItem","position":5,"name":"Sandisk Wdbbyv0010bnc-wrsn Unidad De Estado Solido Ssd Interno Wd Black Sn850p 1tb M.2 2280 Nvme Pcie Gen4 X4 Lect.7300mb\/s Escrit.6300mb\/s Disipador Ps5"}]},{"@type":"WebSite","@id":"https:\/\/compuviper.mx\/tienda\/#website","url":"https:\/\/compuviper.mx\/tienda\/","name":"Compuviper","description":"Proveedor de Computadoras, Laptops, Servidores, Monitores, Puntos de Venta, Teclados,   Impresoras, T\u00f3ner, C\u00e1maras de Seguridad y m\u00e1s en tu tienda en l\u00ednea","publisher":{"@id":"https:\/\/compuviper.mx\/tienda\/#organization"},"potentialAction":[{"@type":"SearchAction","target":{"@type":"EntryPoint","urlTemplate":"https:\/\/compuviper.mx\/tienda\/?s={search_term_string}"},"query-input":"required name=search_term_string"}],"inLanguage":"es-MX"},{"@type":"Organization","@id":"https:\/\/compuviper.mx\/tienda\/#organization","name":"Compuviper","url":"https:\/\/compuviper.mx\/tienda\/","logo":{"@type":"ImageObject","inLanguage":"es-MX","@id":"https:\/\/compuviper.mx\/tienda\/#\/schema\/logo\/image\/","url":"https:\/\/compuviper.mx\/tienda\/wp-content\/uploads\/2021\/08\/Logo-Compuviper-10.png","contentUrl":"https:\/\/compuviper.mx\/tienda\/wp-content\/uploads\/2021\/08\/Logo-Compuviper-10.png","width":1000,"height":500,"caption":"Compuviper"},"image":{"@id":"https:\/\/compuviper.mx\/tienda\/#\/schema\/logo\/image\/"},"sameAs":["https:\/\/www.facebook.com\/compuviper","https:\/\/www.youtube.com\/channel\/UCf73dERp9Y3cfOq7q8BhLjA?view_as=subscriber"]}]},"product_brand":"SANDISK","product_price_amount":"9494","product_price_currency":"MXN","og_availability":"instock","product_availability":"instock","product_retailer_item_id":"WDBBYV0010BNC-WRSN","product_condition":"new"},"_links":{"self":[{"href":"https:\/\/compuviper.mx\/tienda\/wp-json\/wp\/v2\/product\/267970"}],"collection":[{"href":"https:\/\/compuviper.mx\/tienda\/wp-json\/wp\/v2\/product"}],"about":[{"href":"https:\/\/compuviper.mx\/tienda\/wp-json\/wp\/v2\/types\/product"}],"replies":[{"embeddable":true,"href":"https:\/\/compuviper.mx\/tienda\/wp-json\/wp\/v2\/comments?post=267970"}],"wp:featuredmedia":[{"embeddable":true,"href":"https:\/\/compuviper.mx\/tienda\/wp-json\/wp\/v2\/media\/267971"}],"wp:attachment":[{"href":"https:\/\/compuviper.mx\/tienda\/wp-json\/wp\/v2\/media?parent=267970"}],"wp:term":[{"taxonomy":"product_cat","embeddable":true,"href":"https:\/\/compuviper.mx\/tienda\/wp-json\/wp\/v2\/product_cat?post=267970"},{"taxonomy":"product_tag","embeddable":true,"href":"https:\/\/compuviper.mx\/tienda\/wp-json\/wp\/v2\/product_tag?post=267970"}],"curies":[{"name":"wp","href":"https:\/\/api.w.org\/{rel}","templated":true}]}}