{"id":267869,"date":"2026-04-06T23:23:05","date_gmt":"2026-04-07T05:23:05","guid":{"rendered":"https:\/\/compuviper.mx\/tienda\/producto\/dahua-vr6-lectora-de-tarjetas-uhf-saxxon-sax-para-control-de-acceso-vehicular-alcance-de-lectura-de-6-metros-frecuencia-902-mhz-928-mhz-encriptale-conexion-por-usb-compatible-con-enrolador-f\/"},"modified":"2026-04-06T23:23:05","modified_gmt":"2026-04-07T05:23:05","slug":"dahua-vr6-lectora-de-tarjetas-uhf-saxxon-sax-para-control-de-acceso-vehicular-alcance-de-lectura-de-6-metros-frecuencia-902-mhz-928-mhz-encriptale-conexion-por-usb-compatible-con-enrolador-f","status":"publish","type":"product","link":"https:\/\/compuviper.mx\/tienda\/producto\/dahua-vr6-lectora-de-tarjetas-uhf-saxxon-sax-para-control-de-acceso-vehicular-alcance-de-lectura-de-6-metros-frecuencia-902-mhz-928-mhz-encriptale-conexion-por-usb-compatible-con-enrolador-f\/","title":{"rendered":"Dahua Vr6 Lectora De Tarjetas Uhf Saxxon Sax Para Control De Acceso Vehicular Alcance De Lectura De 6 Metros \/ Frecuencia 902 Mhz &#8211; 928 Mhz \/ Encriptale \/ Conexion Por Usb \/ Compatible Con Enrolador Fc06"},"content":{"rendered":"<table class=\"descripcion\">\n<tr>\n<td>Especificaciones tecnicas<\/td>\n<\/tr>\n<tr>\n<td>1.modelo: vr6<\/td>\n<\/tr>\n<tr>\n<td>2.tipo de tarjeta: tarjeta de 915 mhz<\/td>\n<\/tr>\n<tr>\n<td>3.frecuencia de trabajo: 865 and 65374;868 mhz \/ 902 and 65374;928 mhz<\/td>\n<\/tr>\n<tr>\n<td>4.distancia de lectura: 1 and 65374;6 m<\/td>\n<\/tr>\n<tr>\n<td>5.formato de salida: wiegand 26\/34<\/td>\n<\/tr>\n<tr>\n<td>6.protocolo compatible: iso18000-6c epc gen2<\/td>\n<\/tr>\n<tr>\n<td>7.interfaz de comunicacion: rs485, wiegand 26\/34, usb<\/td>\n<\/tr>\n<tr>\n<td>8.temperatura y humedad de trabajo: -35 \u00b0c-70 \u00b0c \/ 20 -90<\/td>\n<\/tr>\n<tr>\n<td>9.alimentacion: 12 v cc \/  5 w<\/td>\n<\/tr>\n<tr>\n<td>10.resistencia al agua: ip66<\/td>\n<\/tr>\n<tr>\n<td>11.dimensiones: 180  180  55 mm largo  ancho  alto<\/td>\n<\/tr>\n<tr>\n<td>12.potencia de rf: 0-33 dbm ajustable<\/td>\n<\/tr>\n<tr>\n<td>13.antena: antena polarizada circular de 8 dbi integrada<\/td>\n<\/tr>\n<tr>\n<td>14.aviso: pitido o destello de luz led<\/td>\n<\/tr>\n<tr>\n<td>Software  solicitalo<\/td>\n<\/tr>\n<tr>\n<td>Rfid reader demo ver 3.4.1.1<\/td>\n<\/tr>\n<\/table>\n","protected":false},"excerpt":{"rendered":"<p>Informacion general. Descripcion. El lector uhf modelo saxvr6 es un dispositivo de mediano alcance, capaz de operar a una distancia de hasta 6 metros. Diseado para sistemas de control vehicular, es compatible con tarjetas uhf que utilizan el protocolo iso18000-6c epc gen2, asi como con etiquetas fabricadas en diversos materiales. Gracias a su alto rendimiento en lectura y escritura, es una solucion ideal para aplicaciones en la gestion inteligente de estacionamientos, la gestion de centros logisticos minoristas, la gestion del transporte empresarial, la gestion automatizada de lineas de produccion y en procesos logisticos de almacenamiento. Estable y confiable. Alcance de lectura\/escritura. Panel de control de acceso osdp. Iso18000-6c epc gen2. Los lectores de vehiculos uhf admiten tarjetas uhf con protocolo iso18000-6c epc gen2 y etiquetan tarjetas de diversos materiales. Frecuencia. 902~928 mhz. La frecuencia operativa del vr6 incluye bandas de 865-868 mhz, 902-928 mhz y el software de gestion puede configurar las bandas de frecuencia de diferentes estandares regionales. Cifrado. Cifrado bidireccional entre el lector de tarjetas y la tarjeta. Cifrado de lectores vr6 mediante software. Cifrado simultaneo de multiples tarjetas uhf. Lectura y reconocimiento. Lectura rapida de datos. Reconocimiento de etiquetas al activarse. Indice de proteccion. Resistente al agua y al polvo ip66. El vr6 cuenta con la clasificacion ip66 de proteccion contra la humedad, el polvo y los liquidos.<\/p>\n","protected":false},"featured_media":0,"comment_status":"open","ping_status":"open","template":"","meta":[],"product_cat":[1540,1541],"product_tag":[1555],"acf":[],"yoast_head":"<!-- This site is optimized with the Yoast SEO plugin v21.7 - https:\/\/yoast.com\/wordpress\/plugins\/seo\/ -->\n<title>[ Dahua ] &#129351; Vr6 Lectora De Tarjetas Uhf Saxxon Sax Para Control De Acceso Vehicular Alcance De Lectura De 6 Metros \/ Frecuencia 902 Mhz - 928 Mhz \/ Encriptale \/ Conexion Por Usb \/ Compatible Con Enrolador Fc06<\/title>\n<meta name=\"description\" content=\"Compra Vr6 Lectora De Tarjetas Uhf Saxxon Sax Para Control De Acceso Vehicular Alcance De Lectura De 6 Metros \/ Frecuencia 902 Mhz - 928 Mhz \/ Encriptale \/ Conexion Por Usb \/ Compatible Con Enrolador Fc06 + Env\u00edo a domicilio + Pago seguro + Garant\u00eda\" \/>\n<meta name=\"robots\" content=\"index, follow, max-snippet:-1, max-image-preview:large, max-video-preview:-1\" \/>\n<link rel=\"canonical\" href=\"https:\/\/compuviper.mx\/tienda\/producto\/dahua-vr6-lectora-de-tarjetas-uhf-saxxon-sax-para-control-de-acceso-vehicular-alcance-de-lectura-de-6-metros-frecuencia-902-mhz-928-mhz-encriptale-conexion-por-usb-compatible-con-enrolador-f\/\" \/>\n<meta property=\"og:locale\" content=\"es_MX\" \/>\n<meta property=\"og:type\" content=\"article\" \/>\n<meta property=\"og:title\" content=\"[ Dahua ] &#129351; Vr6 Lectora De Tarjetas Uhf Saxxon Sax Para Control De Acceso Vehicular Alcance De Lectura De 6 Metros \/ Frecuencia 902 Mhz - 928 Mhz \/ Encriptale \/ Conexion Por Usb \/ Compatible Con Enrolador Fc06\" \/>\n<meta property=\"og:description\" content=\"Compra Vr6 Lectora De Tarjetas Uhf Saxxon Sax Para Control De Acceso Vehicular Alcance De Lectura De 6 Metros \/ Frecuencia 902 Mhz - 928 Mhz \/ Encriptale \/ Conexion Por Usb \/ Compatible Con Enrolador Fc06 + Env\u00edo a domicilio + Pago seguro + Garant\u00eda\" \/>\n<meta property=\"og:url\" content=\"https:\/\/compuviper.mx\/tienda\/producto\/dahua-vr6-lectora-de-tarjetas-uhf-saxxon-sax-para-control-de-acceso-vehicular-alcance-de-lectura-de-6-metros-frecuencia-902-mhz-928-mhz-encriptale-conexion-por-usb-compatible-con-enrolador-f\/\" \/>\n<meta property=\"og:site_name\" content=\"Compuviper\" \/>\n<meta property=\"article:publisher\" content=\"https:\/\/www.facebook.com\/compuviper\" \/>\n<meta name=\"twitter:card\" content=\"summary_large_image\" \/>\n<meta name=\"twitter:label1\" content=\"Precio\" \/>\n\t<meta name=\"twitter:data1\" content=\"&#36;3,424 con IVA\" \/>\n\t<meta name=\"twitter:label2\" content=\"Availability\" \/>\n\t<meta name=\"twitter:data2\" content=\"Out of stock\" \/>\n<script type=\"application\/ld+json\" class=\"yoast-schema-graph\">{\"@context\":\"https:\/\/schema.org\",\"@graph\":[{\"@type\":\"WebPage\",\"@id\":\"https:\/\/compuviper.mx\/tienda\/producto\/dahua-vr6-lectora-de-tarjetas-uhf-saxxon-sax-para-control-de-acceso-vehicular-alcance-de-lectura-de-6-metros-frecuencia-902-mhz-928-mhz-encriptale-conexion-por-usb-compatible-con-enrolador-f\/\",\"url\":\"https:\/\/compuviper.mx\/tienda\/producto\/dahua-vr6-lectora-de-tarjetas-uhf-saxxon-sax-para-control-de-acceso-vehicular-alcance-de-lectura-de-6-metros-frecuencia-902-mhz-928-mhz-encriptale-conexion-por-usb-compatible-con-enrolador-f\/\",\"name\":\"[ Dahua ] &#129351; Vr6 Lectora De Tarjetas Uhf Saxxon Sax Para Control De Acceso Vehicular Alcance De Lectura De 6 Metros \/ Frecuencia 902 Mhz - 928 Mhz \/ Encriptale \/ Conexion Por Usb \/ Compatible Con Enrolador Fc06\",\"isPartOf\":{\"@id\":\"https:\/\/compuviper.mx\/tienda\/#website\"},\"datePublished\":\"2026-04-07T05:23:05+00:00\",\"dateModified\":\"2026-04-07T05:23:05+00:00\",\"description\":\"Compra Vr6 Lectora De Tarjetas Uhf Saxxon Sax Para Control De Acceso Vehicular Alcance De Lectura De 6 Metros \/ Frecuencia 902 Mhz - 928 Mhz \/ Encriptale \/ Conexion Por Usb \/ Compatible Con Enrolador Fc06 + Env\u00edo a domicilio + Pago seguro + Garant\u00eda\",\"breadcrumb\":{\"@id\":\"https:\/\/compuviper.mx\/tienda\/producto\/dahua-vr6-lectora-de-tarjetas-uhf-saxxon-sax-para-control-de-acceso-vehicular-alcance-de-lectura-de-6-metros-frecuencia-902-mhz-928-mhz-encriptale-conexion-por-usb-compatible-con-enrolador-f\/#breadcrumb\"},\"inLanguage\":\"es-MX\",\"potentialAction\":[{\"@type\":\"ReadAction\",\"target\":[\"https:\/\/compuviper.mx\/tienda\/producto\/dahua-vr6-lectora-de-tarjetas-uhf-saxxon-sax-para-control-de-acceso-vehicular-alcance-de-lectura-de-6-metros-frecuencia-902-mhz-928-mhz-encriptale-conexion-por-usb-compatible-con-enrolador-f\/\"]}]},{\"@type\":\"BreadcrumbList\",\"@id\":\"https:\/\/compuviper.mx\/tienda\/producto\/dahua-vr6-lectora-de-tarjetas-uhf-saxxon-sax-para-control-de-acceso-vehicular-alcance-de-lectura-de-6-metros-frecuencia-902-mhz-928-mhz-encriptale-conexion-por-usb-compatible-con-enrolador-f\/#breadcrumb\",\"itemListElement\":[{\"@type\":\"ListItem\",\"position\":1,\"name\":\"Inicio\",\"item\":\"https:\/\/compuviper.mx\/tienda\/\"},{\"@type\":\"ListItem\",\"position\":2,\"name\":\"Productos\",\"item\":\"https:\/\/compuviper.mx\/tienda\/productos\/\"},{\"@type\":\"ListItem\",\"position\":3,\"name\":\"Control De Acceso Y Asistencia\",\"item\":\"https:\/\/compuviper.mx\/tienda\/categoria-producto\/control-de-acceso-y-asistencia\/\"},{\"@type\":\"ListItem\",\"position\":4,\"name\":\"Lectores De Control De Acceso Y Asistencia\",\"item\":\"https:\/\/compuviper.mx\/tienda\/categoria-producto\/control-de-acceso-y-asistencia\/lectores-de-control-de-acceso-y-asistencia\/\"},{\"@type\":\"ListItem\",\"position\":5,\"name\":\"Dahua Vr6 Lectora De Tarjetas Uhf Saxxon Sax Para Control De Acceso Vehicular Alcance De Lectura De 6 Metros \/ Frecuencia 902 Mhz &#8211; 928 Mhz \/ Encriptale \/ Conexion Por Usb \/ Compatible Con Enrolador Fc06\"}]},{\"@type\":\"WebSite\",\"@id\":\"https:\/\/compuviper.mx\/tienda\/#website\",\"url\":\"https:\/\/compuviper.mx\/tienda\/\",\"name\":\"Compuviper\",\"description\":\"Proveedor de Computadoras, Laptops, Servidores, Monitores, Puntos de Venta, Teclados,   Impresoras, T\u00f3ner, C\u00e1maras de Seguridad y m\u00e1s en tu tienda en l\u00ednea\",\"publisher\":{\"@id\":\"https:\/\/compuviper.mx\/tienda\/#organization\"},\"potentialAction\":[{\"@type\":\"SearchAction\",\"target\":{\"@type\":\"EntryPoint\",\"urlTemplate\":\"https:\/\/compuviper.mx\/tienda\/?s={search_term_string}\"},\"query-input\":\"required name=search_term_string\"}],\"inLanguage\":\"es-MX\"},{\"@type\":\"Organization\",\"@id\":\"https:\/\/compuviper.mx\/tienda\/#organization\",\"name\":\"Compuviper\",\"url\":\"https:\/\/compuviper.mx\/tienda\/\",\"logo\":{\"@type\":\"ImageObject\",\"inLanguage\":\"es-MX\",\"@id\":\"https:\/\/compuviper.mx\/tienda\/#\/schema\/logo\/image\/\",\"url\":\"https:\/\/compuviper.mx\/tienda\/wp-content\/uploads\/2021\/08\/Logo-Compuviper-10.png\",\"contentUrl\":\"https:\/\/compuviper.mx\/tienda\/wp-content\/uploads\/2021\/08\/Logo-Compuviper-10.png\",\"width\":1000,\"height\":500,\"caption\":\"Compuviper\"},\"image\":{\"@id\":\"https:\/\/compuviper.mx\/tienda\/#\/schema\/logo\/image\/\"},\"sameAs\":[\"https:\/\/www.facebook.com\/compuviper\",\"https:\/\/www.youtube.com\/channel\/UCf73dERp9Y3cfOq7q8BhLjA?view_as=subscriber\"]}]}<\/script>\n<meta property=\"product:brand\" content=\"DAHUA\" \/>\n<meta property=\"product:price:amount\" content=\"3424\" \/>\n<meta property=\"product:price:currency\" content=\"MXN\" \/>\n<meta property=\"og:availability\" content=\"out of stock\" \/>\n<meta property=\"product:availability\" content=\"out of stock\" \/>\n<meta property=\"product:retailer_item_id\" content=\"VR6\" \/>\n<meta property=\"product:condition\" content=\"new\" \/>\n<!-- \/ Yoast SEO plugin. -->","yoast_head_json":{"title":"[ Dahua ] &#129351; Vr6 Lectora De Tarjetas Uhf Saxxon Sax Para Control De Acceso Vehicular Alcance De Lectura De 6 Metros \/ Frecuencia 902 Mhz - 928 Mhz \/ Encriptale \/ Conexion Por Usb \/ Compatible Con Enrolador Fc06","description":"Compra Vr6 Lectora De Tarjetas Uhf Saxxon Sax Para Control De Acceso Vehicular Alcance De Lectura De 6 Metros \/ Frecuencia 902 Mhz - 928 Mhz \/ Encriptale \/ Conexion Por Usb \/ Compatible Con Enrolador Fc06 + Env\u00edo a domicilio + Pago seguro + Garant\u00eda","robots":{"index":"index","follow":"follow","max-snippet":"max-snippet:-1","max-image-preview":"max-image-preview:large","max-video-preview":"max-video-preview:-1"},"canonical":"https:\/\/compuviper.mx\/tienda\/producto\/dahua-vr6-lectora-de-tarjetas-uhf-saxxon-sax-para-control-de-acceso-vehicular-alcance-de-lectura-de-6-metros-frecuencia-902-mhz-928-mhz-encriptale-conexion-por-usb-compatible-con-enrolador-f\/","og_locale":"es_MX","og_type":"article","og_title":"[ Dahua ] &#129351; Vr6 Lectora De Tarjetas Uhf Saxxon Sax Para Control De Acceso Vehicular Alcance De Lectura De 6 Metros \/ Frecuencia 902 Mhz - 928 Mhz \/ Encriptale \/ Conexion Por Usb \/ Compatible Con Enrolador Fc06","og_description":"Compra Vr6 Lectora De Tarjetas Uhf Saxxon Sax Para Control De Acceso Vehicular Alcance De Lectura De 6 Metros \/ Frecuencia 902 Mhz - 928 Mhz \/ Encriptale \/ Conexion Por Usb \/ Compatible Con Enrolador Fc06 + Env\u00edo a domicilio + Pago seguro + Garant\u00eda","og_url":"https:\/\/compuviper.mx\/tienda\/producto\/dahua-vr6-lectora-de-tarjetas-uhf-saxxon-sax-para-control-de-acceso-vehicular-alcance-de-lectura-de-6-metros-frecuencia-902-mhz-928-mhz-encriptale-conexion-por-usb-compatible-con-enrolador-f\/","og_site_name":"Compuviper","article_publisher":"https:\/\/www.facebook.com\/compuviper","twitter_card":"summary_large_image","twitter_misc":{"Precio":"&#36;3,424 con IVA","Availability":"Out of stock"},"schema":{"@context":"https:\/\/schema.org","@graph":[{"@type":"WebPage","@id":"https:\/\/compuviper.mx\/tienda\/producto\/dahua-vr6-lectora-de-tarjetas-uhf-saxxon-sax-para-control-de-acceso-vehicular-alcance-de-lectura-de-6-metros-frecuencia-902-mhz-928-mhz-encriptale-conexion-por-usb-compatible-con-enrolador-f\/","url":"https:\/\/compuviper.mx\/tienda\/producto\/dahua-vr6-lectora-de-tarjetas-uhf-saxxon-sax-para-control-de-acceso-vehicular-alcance-de-lectura-de-6-metros-frecuencia-902-mhz-928-mhz-encriptale-conexion-por-usb-compatible-con-enrolador-f\/","name":"[ Dahua ] &#129351; Vr6 Lectora De Tarjetas Uhf Saxxon Sax Para Control De Acceso Vehicular Alcance De Lectura De 6 Metros \/ Frecuencia 902 Mhz - 928 Mhz \/ Encriptale \/ Conexion Por Usb \/ Compatible Con Enrolador Fc06","isPartOf":{"@id":"https:\/\/compuviper.mx\/tienda\/#website"},"datePublished":"2026-04-07T05:23:05+00:00","dateModified":"2026-04-07T05:23:05+00:00","description":"Compra Vr6 Lectora De Tarjetas Uhf Saxxon Sax Para Control De Acceso Vehicular Alcance De Lectura De 6 Metros \/ Frecuencia 902 Mhz - 928 Mhz \/ Encriptale \/ Conexion Por Usb \/ Compatible Con Enrolador Fc06 + Env\u00edo a domicilio + Pago seguro + Garant\u00eda","breadcrumb":{"@id":"https:\/\/compuviper.mx\/tienda\/producto\/dahua-vr6-lectora-de-tarjetas-uhf-saxxon-sax-para-control-de-acceso-vehicular-alcance-de-lectura-de-6-metros-frecuencia-902-mhz-928-mhz-encriptale-conexion-por-usb-compatible-con-enrolador-f\/#breadcrumb"},"inLanguage":"es-MX","potentialAction":[{"@type":"ReadAction","target":["https:\/\/compuviper.mx\/tienda\/producto\/dahua-vr6-lectora-de-tarjetas-uhf-saxxon-sax-para-control-de-acceso-vehicular-alcance-de-lectura-de-6-metros-frecuencia-902-mhz-928-mhz-encriptale-conexion-por-usb-compatible-con-enrolador-f\/"]}]},{"@type":"BreadcrumbList","@id":"https:\/\/compuviper.mx\/tienda\/producto\/dahua-vr6-lectora-de-tarjetas-uhf-saxxon-sax-para-control-de-acceso-vehicular-alcance-de-lectura-de-6-metros-frecuencia-902-mhz-928-mhz-encriptale-conexion-por-usb-compatible-con-enrolador-f\/#breadcrumb","itemListElement":[{"@type":"ListItem","position":1,"name":"Inicio","item":"https:\/\/compuviper.mx\/tienda\/"},{"@type":"ListItem","position":2,"name":"Productos","item":"https:\/\/compuviper.mx\/tienda\/productos\/"},{"@type":"ListItem","position":3,"name":"Control De Acceso Y Asistencia","item":"https:\/\/compuviper.mx\/tienda\/categoria-producto\/control-de-acceso-y-asistencia\/"},{"@type":"ListItem","position":4,"name":"Lectores De Control De Acceso Y Asistencia","item":"https:\/\/compuviper.mx\/tienda\/categoria-producto\/control-de-acceso-y-asistencia\/lectores-de-control-de-acceso-y-asistencia\/"},{"@type":"ListItem","position":5,"name":"Dahua Vr6 Lectora De Tarjetas Uhf Saxxon Sax Para Control De Acceso Vehicular Alcance De Lectura De 6 Metros \/ Frecuencia 902 Mhz &#8211; 928 Mhz \/ Encriptale \/ Conexion Por Usb \/ Compatible Con Enrolador Fc06"}]},{"@type":"WebSite","@id":"https:\/\/compuviper.mx\/tienda\/#website","url":"https:\/\/compuviper.mx\/tienda\/","name":"Compuviper","description":"Proveedor de Computadoras, Laptops, Servidores, Monitores, Puntos de Venta, Teclados,   Impresoras, T\u00f3ner, C\u00e1maras de Seguridad y m\u00e1s en tu tienda en l\u00ednea","publisher":{"@id":"https:\/\/compuviper.mx\/tienda\/#organization"},"potentialAction":[{"@type":"SearchAction","target":{"@type":"EntryPoint","urlTemplate":"https:\/\/compuviper.mx\/tienda\/?s={search_term_string}"},"query-input":"required name=search_term_string"}],"inLanguage":"es-MX"},{"@type":"Organization","@id":"https:\/\/compuviper.mx\/tienda\/#organization","name":"Compuviper","url":"https:\/\/compuviper.mx\/tienda\/","logo":{"@type":"ImageObject","inLanguage":"es-MX","@id":"https:\/\/compuviper.mx\/tienda\/#\/schema\/logo\/image\/","url":"https:\/\/compuviper.mx\/tienda\/wp-content\/uploads\/2021\/08\/Logo-Compuviper-10.png","contentUrl":"https:\/\/compuviper.mx\/tienda\/wp-content\/uploads\/2021\/08\/Logo-Compuviper-10.png","width":1000,"height":500,"caption":"Compuviper"},"image":{"@id":"https:\/\/compuviper.mx\/tienda\/#\/schema\/logo\/image\/"},"sameAs":["https:\/\/www.facebook.com\/compuviper","https:\/\/www.youtube.com\/channel\/UCf73dERp9Y3cfOq7q8BhLjA?view_as=subscriber"]}]},"product_brand":"DAHUA","product_price_amount":"3424","product_price_currency":"MXN","og_availability":"out of stock","product_availability":"out of stock","product_retailer_item_id":"VR6","product_condition":"new"},"_links":{"self":[{"href":"https:\/\/compuviper.mx\/tienda\/wp-json\/wp\/v2\/product\/267869"}],"collection":[{"href":"https:\/\/compuviper.mx\/tienda\/wp-json\/wp\/v2\/product"}],"about":[{"href":"https:\/\/compuviper.mx\/tienda\/wp-json\/wp\/v2\/types\/product"}],"replies":[{"embeddable":true,"href":"https:\/\/compuviper.mx\/tienda\/wp-json\/wp\/v2\/comments?post=267869"}],"wp:attachment":[{"href":"https:\/\/compuviper.mx\/tienda\/wp-json\/wp\/v2\/media?parent=267869"}],"wp:term":[{"taxonomy":"product_cat","embeddable":true,"href":"https:\/\/compuviper.mx\/tienda\/wp-json\/wp\/v2\/product_cat?post=267869"},{"taxonomy":"product_tag","embeddable":true,"href":"https:\/\/compuviper.mx\/tienda\/wp-json\/wp\/v2\/product_tag?post=267869"}],"curies":[{"name":"wp","href":"https:\/\/api.w.org\/{rel}","templated":true}]}}