{"id":267797,"date":"2026-04-21T01:47:40","date_gmt":"2026-04-21T07:47:40","guid":{"rendered":"https:\/\/compuviper.mx\/tienda\/producto\/cisco-con-snt-c9800lcl-poliza-de-servicio-smartnet-sntc-8x5xnbd-catalyst-9800-l-wireless-controlle-12-meses\/"},"modified":"2026-04-21T01:47:40","modified_gmt":"2026-04-21T07:47:40","slug":"cisco-con-snt-c9800lcl-poliza-de-servicio-smartnet-sntc-8x5xnbd-catalyst-9800-l-wireless-controlle-12-meses","status":"publish","type":"product","link":"https:\/\/compuviper.mx\/tienda\/producto\/cisco-con-snt-c9800lcl-poliza-de-servicio-smartnet-sntc-8x5xnbd-catalyst-9800-l-wireless-controlle-12-meses\/","title":{"rendered":"Cisco Con-snt-c9800lcl Poliza De Servicio  Smartnet Sntc-8x5xnbd  Catalyst 9800-l Wireless Controlle 12 Meses"},"content":{"rendered":"<table class=\"descripcion\">\n<tr>\n<td>Informacion tecnica;<\/td>\n<\/tr>\n<tr>\n<td>Caracter\u00edsticas del servicio smartnet<\/td>\n<\/tr>\n<tr>\n<td>Cisco smartnet le da acceso a una inmensa cantidad de<\/td>\n<\/tr>\n<tr>\n<td>Herramientas de soporte e informaci\u00f3n de cisco, lo que le brinda<\/td>\n<\/tr>\n<tr>\n<td>Mejor rendimiento y disponibilidad de la red y la infraestructura de<\/td>\n<\/tr>\n<tr>\n<td>Ti, a la vez que reduce los costos operativos. el servicio cisco<\/td>\n<\/tr>\n<tr>\n<td>Smartnet le ofrece lo siguiente:<\/td>\n<\/tr>\n<tr>\n<td> and #61550; soporte inmediato de expertos: con\u00e9ctese directamente con<\/td>\n<\/tr>\n<tr>\n<td>Cisco tac, el centro de asistencia t\u00e9cnica de cisco, que<\/td>\n<\/tr>\n<tr>\n<td>Cuenta con miles de profesionales de cisco certificados con<\/td>\n<\/tr>\n<tr>\n<td>Experiencia en el diagn\u00f3stico de los problemas m\u00e1s<\/td>\n<\/tr>\n<tr>\n<td>Desafiantes en su red y centro de datos.<\/td>\n<\/tr>\n<tr>\n<td> and #61550; soporte de autoayuda en l\u00ednea: acceda a los amplios recursos<\/td>\n<\/tr>\n<tr>\n<td>De soporte las 24 horas al d\u00eda de los 365 d\u00edas del a\u00f1o a trav\u00e9s<\/td>\n<\/tr>\n<tr>\n<td>De la base de conocimientos, las comunidades, los recursos y<\/td>\n<\/tr>\n<tr>\n<td>Las herramientas en l\u00ednea de cisco. la tabla 1 muestra los<\/td>\n<\/tr>\n<tr>\n<td>Recursos de soporte disponibles con el servicio cisco<\/td>\n<\/tr>\n<tr>\n<td>Smartnet.<\/td>\n<\/tr>\n<tr>\n<td> and #61550; diagn\u00f3sticos inteligentes y proactivos: obtenga un an\u00e1lisis<\/td>\n<\/tr>\n<tr>\n<td>Cr\u00edtico con la funci\u00f3n integrada cisco smart call home, que le<\/td>\n<\/tr>\n<tr>\n<td>Ofrece diagn\u00f3sticos detallados y alertas inmediatas en los<\/td>\n<\/tr>\n<tr>\n<td>Dispositivos habilitados.<\/td>\n<\/tr>\n<tr>\n<td> and #61550; actualizaciones constantes del sistema operativo: acceda<\/td>\n<\/tr>\n<tr>\n<td>A nuevas funciones del sistema operativo, inclusive a las<\/td>\n<\/tr>\n<tr>\n<td>Versiones secundarias y principales de este, con las \u00faltimas<\/td>\n<\/tr>\n<tr>\n<td>Actualizaciones de software del sistema operativo dentro de su<\/td>\n<\/tr>\n<tr>\n<td>Conjunto de funciones con licencia.<\/td>\n<\/tr>\n<\/table>\n","protected":false},"excerpt":{"rendered":"<p>Informacion comercial. \u00bfcu\u00e1l es el valor del servicio cisco. Smartnet. El servicio cisco\u00ae smartnet\u00ae es un servicio de soporte t\u00e9cnico. Galardonado que le ofrece a su personal de ti acceso directo y en. Cualquier momento a los expertos de cisco y a los completos recursos. De cisco.Com. Cisco smartnet es fundamental para mantener las funciones. Empresariales disponibles, seguras y en funcionamiento con el. Mejor rendimiento. Las redes son las l\u00edneas vitales que conectan a. Los clientes con los bienes y servicios, y las consecuencias del. Tiempo de inactividad pueden ser significativas, ya que reducen la. Productividad, debilitan la confianza de los clientes y disminuyen las. Ganancias. Para poder cuantificar los beneficios de cisco smartnet, cisco. Encarg\u00f3 un estudio realizado por forrester consulting, the total. Economi  (las. Consecuencias econ\u00f3micas del servicio cisco smartnet). Mediante el uso de un perfil compuesto de diversos clientes de. Cisco smartnet y a partir de los resultados del estudio se. Concluy\u00f3 que se obtuvo un 192 %1 durante un per\u00edodo de tres a\u00f1os. De contrato. A partir de evaluaciones profundas de los clientes, el. Estudio logr\u00f3 identificar cuatro factores principales que contribuyen. Al roi elevado de smartnet: el menor costo de restauraci\u00f3n en. Caso de incidentes en el sistema, la cantidad reducida de. Incidentes escalados de secundarios a importantes, el menor costo. De inventario y los menores costos de infraestructura.<\/p>\n","protected":false},"featured_media":0,"comment_status":"open","ping_status":"open","template":"","meta":[],"product_cat":[1982,1983],"product_tag":[1524],"acf":[],"yoast_head":"<!-- This site is optimized with the Yoast SEO plugin v21.7 - https:\/\/yoast.com\/wordpress\/plugins\/seo\/ -->\n<title>[ Cisco ] &#129351; Con-snt-c9800lcl Poliza De Servicio Smartnet Sntc-8x5xnbd Catalyst 9800-l Wireless Controlle 12 Meses<\/title>\n<meta name=\"description\" content=\"Compra Con-snt-c9800lcl Poliza De Servicio Smartnet Sntc-8x5xnbd Catalyst 9800-l Wireless Controlle 12 Meses + Env\u00edo a domicilio + Pago seguro + Garant\u00eda\" \/>\n<meta name=\"robots\" content=\"index, follow, max-snippet:-1, max-image-preview:large, max-video-preview:-1\" \/>\n<link rel=\"canonical\" href=\"https:\/\/compuviper.mx\/tienda\/producto\/cisco-con-snt-c9800lcl-poliza-de-servicio-smartnet-sntc-8x5xnbd-catalyst-9800-l-wireless-controlle-12-meses\/\" \/>\n<meta property=\"og:locale\" content=\"es_MX\" \/>\n<meta property=\"og:type\" content=\"article\" \/>\n<meta property=\"og:title\" content=\"[ Cisco ] &#129351; Con-snt-c9800lcl Poliza De Servicio Smartnet Sntc-8x5xnbd Catalyst 9800-l Wireless Controlle 12 Meses\" \/>\n<meta property=\"og:description\" content=\"Compra Con-snt-c9800lcl Poliza De Servicio Smartnet Sntc-8x5xnbd Catalyst 9800-l Wireless Controlle 12 Meses + Env\u00edo a domicilio + Pago seguro + Garant\u00eda\" \/>\n<meta property=\"og:url\" content=\"https:\/\/compuviper.mx\/tienda\/producto\/cisco-con-snt-c9800lcl-poliza-de-servicio-smartnet-sntc-8x5xnbd-catalyst-9800-l-wireless-controlle-12-meses\/\" \/>\n<meta property=\"og:site_name\" content=\"Compuviper\" \/>\n<meta property=\"article:publisher\" content=\"https:\/\/www.facebook.com\/compuviper\" \/>\n<meta name=\"twitter:card\" content=\"summary_large_image\" \/>\n<meta name=\"twitter:label1\" content=\"Precio\" \/>\n\t<meta name=\"twitter:data1\" content=\"&#36;45,420 con IVA\" \/>\n\t<meta name=\"twitter:label2\" content=\"Availability\" \/>\n\t<meta name=\"twitter:data2\" content=\"In stock\" \/>\n<script type=\"application\/ld+json\" class=\"yoast-schema-graph\">{\"@context\":\"https:\/\/schema.org\",\"@graph\":[{\"@type\":\"WebPage\",\"@id\":\"https:\/\/compuviper.mx\/tienda\/producto\/cisco-con-snt-c9800lcl-poliza-de-servicio-smartnet-sntc-8x5xnbd-catalyst-9800-l-wireless-controlle-12-meses\/\",\"url\":\"https:\/\/compuviper.mx\/tienda\/producto\/cisco-con-snt-c9800lcl-poliza-de-servicio-smartnet-sntc-8x5xnbd-catalyst-9800-l-wireless-controlle-12-meses\/\",\"name\":\"[ Cisco ] &#129351; Con-snt-c9800lcl Poliza De Servicio Smartnet Sntc-8x5xnbd Catalyst 9800-l Wireless Controlle 12 Meses\",\"isPartOf\":{\"@id\":\"https:\/\/compuviper.mx\/tienda\/#website\"},\"datePublished\":\"2026-04-21T07:47:40+00:00\",\"dateModified\":\"2026-04-21T07:47:40+00:00\",\"description\":\"Compra Con-snt-c9800lcl Poliza De Servicio Smartnet Sntc-8x5xnbd Catalyst 9800-l Wireless Controlle 12 Meses + Env\u00edo a domicilio + Pago seguro + Garant\u00eda\",\"breadcrumb\":{\"@id\":\"https:\/\/compuviper.mx\/tienda\/producto\/cisco-con-snt-c9800lcl-poliza-de-servicio-smartnet-sntc-8x5xnbd-catalyst-9800-l-wireless-controlle-12-meses\/#breadcrumb\"},\"inLanguage\":\"es-MX\",\"potentialAction\":[{\"@type\":\"ReadAction\",\"target\":[\"https:\/\/compuviper.mx\/tienda\/producto\/cisco-con-snt-c9800lcl-poliza-de-servicio-smartnet-sntc-8x5xnbd-catalyst-9800-l-wireless-controlle-12-meses\/\"]}]},{\"@type\":\"BreadcrumbList\",\"@id\":\"https:\/\/compuviper.mx\/tienda\/producto\/cisco-con-snt-c9800lcl-poliza-de-servicio-smartnet-sntc-8x5xnbd-catalyst-9800-l-wireless-controlle-12-meses\/#breadcrumb\",\"itemListElement\":[{\"@type\":\"ListItem\",\"position\":1,\"name\":\"Inicio\",\"item\":\"https:\/\/compuviper.mx\/tienda\/\"},{\"@type\":\"ListItem\",\"position\":2,\"name\":\"Productos\",\"item\":\"https:\/\/compuviper.mx\/tienda\/productos\/\"},{\"@type\":\"ListItem\",\"position\":3,\"name\":\"Poliza De Servicio\",\"item\":\"https:\/\/compuviper.mx\/tienda\/categoria-producto\/poliza-de-servicio\/\"},{\"@type\":\"ListItem\",\"position\":4,\"name\":\"Sin Categor\u00eda\",\"item\":\"https:\/\/compuviper.mx\/tienda\/categoria-producto\/poliza-de-servicio\/sin-categoria-poliza-de-servicio\/\"},{\"@type\":\"ListItem\",\"position\":5,\"name\":\"Cisco Con-snt-c9800lcl Poliza De Servicio Smartnet Sntc-8x5xnbd Catalyst 9800-l Wireless Controlle 12 Meses\"}]},{\"@type\":\"WebSite\",\"@id\":\"https:\/\/compuviper.mx\/tienda\/#website\",\"url\":\"https:\/\/compuviper.mx\/tienda\/\",\"name\":\"Compuviper\",\"description\":\"Proveedor de Computadoras, Laptops, Servidores, Monitores, Puntos de Venta, Teclados,   Impresoras, T\u00f3ner, C\u00e1maras de Seguridad y m\u00e1s en tu tienda en l\u00ednea\",\"publisher\":{\"@id\":\"https:\/\/compuviper.mx\/tienda\/#organization\"},\"potentialAction\":[{\"@type\":\"SearchAction\",\"target\":{\"@type\":\"EntryPoint\",\"urlTemplate\":\"https:\/\/compuviper.mx\/tienda\/?s={search_term_string}\"},\"query-input\":\"required name=search_term_string\"}],\"inLanguage\":\"es-MX\"},{\"@type\":\"Organization\",\"@id\":\"https:\/\/compuviper.mx\/tienda\/#organization\",\"name\":\"Compuviper\",\"url\":\"https:\/\/compuviper.mx\/tienda\/\",\"logo\":{\"@type\":\"ImageObject\",\"inLanguage\":\"es-MX\",\"@id\":\"https:\/\/compuviper.mx\/tienda\/#\/schema\/logo\/image\/\",\"url\":\"https:\/\/compuviper.mx\/tienda\/wp-content\/uploads\/2021\/08\/Logo-Compuviper-10.png\",\"contentUrl\":\"https:\/\/compuviper.mx\/tienda\/wp-content\/uploads\/2021\/08\/Logo-Compuviper-10.png\",\"width\":1000,\"height\":500,\"caption\":\"Compuviper\"},\"image\":{\"@id\":\"https:\/\/compuviper.mx\/tienda\/#\/schema\/logo\/image\/\"},\"sameAs\":[\"https:\/\/www.facebook.com\/compuviper\",\"https:\/\/www.youtube.com\/channel\/UCf73dERp9Y3cfOq7q8BhLjA?view_as=subscriber\"]}]}<\/script>\n<meta property=\"product:brand\" content=\"CISCO\" \/>\n<meta property=\"product:price:amount\" content=\"45420\" \/>\n<meta property=\"product:price:currency\" content=\"MXN\" \/>\n<meta property=\"og:availability\" content=\"instock\" \/>\n<meta property=\"product:availability\" content=\"instock\" \/>\n<meta property=\"product:retailer_item_id\" content=\"CON-SNT-C9800LCL\" \/>\n<meta property=\"product:condition\" content=\"new\" \/>\n<!-- \/ Yoast SEO plugin. -->","yoast_head_json":{"title":"[ Cisco ] &#129351; Con-snt-c9800lcl Poliza De Servicio Smartnet Sntc-8x5xnbd Catalyst 9800-l Wireless Controlle 12 Meses","description":"Compra Con-snt-c9800lcl Poliza De Servicio Smartnet Sntc-8x5xnbd Catalyst 9800-l Wireless Controlle 12 Meses + Env\u00edo a domicilio + Pago seguro + Garant\u00eda","robots":{"index":"index","follow":"follow","max-snippet":"max-snippet:-1","max-image-preview":"max-image-preview:large","max-video-preview":"max-video-preview:-1"},"canonical":"https:\/\/compuviper.mx\/tienda\/producto\/cisco-con-snt-c9800lcl-poliza-de-servicio-smartnet-sntc-8x5xnbd-catalyst-9800-l-wireless-controlle-12-meses\/","og_locale":"es_MX","og_type":"article","og_title":"[ Cisco ] &#129351; Con-snt-c9800lcl Poliza De Servicio Smartnet Sntc-8x5xnbd Catalyst 9800-l Wireless Controlle 12 Meses","og_description":"Compra Con-snt-c9800lcl Poliza De Servicio Smartnet Sntc-8x5xnbd Catalyst 9800-l Wireless Controlle 12 Meses + Env\u00edo a domicilio + Pago seguro + Garant\u00eda","og_url":"https:\/\/compuviper.mx\/tienda\/producto\/cisco-con-snt-c9800lcl-poliza-de-servicio-smartnet-sntc-8x5xnbd-catalyst-9800-l-wireless-controlle-12-meses\/","og_site_name":"Compuviper","article_publisher":"https:\/\/www.facebook.com\/compuviper","twitter_card":"summary_large_image","twitter_misc":{"Precio":"&#36;45,420 con IVA","Availability":"In stock"},"schema":{"@context":"https:\/\/schema.org","@graph":[{"@type":"WebPage","@id":"https:\/\/compuviper.mx\/tienda\/producto\/cisco-con-snt-c9800lcl-poliza-de-servicio-smartnet-sntc-8x5xnbd-catalyst-9800-l-wireless-controlle-12-meses\/","url":"https:\/\/compuviper.mx\/tienda\/producto\/cisco-con-snt-c9800lcl-poliza-de-servicio-smartnet-sntc-8x5xnbd-catalyst-9800-l-wireless-controlle-12-meses\/","name":"[ Cisco ] &#129351; Con-snt-c9800lcl Poliza De Servicio Smartnet Sntc-8x5xnbd Catalyst 9800-l Wireless Controlle 12 Meses","isPartOf":{"@id":"https:\/\/compuviper.mx\/tienda\/#website"},"datePublished":"2026-04-21T07:47:40+00:00","dateModified":"2026-04-21T07:47:40+00:00","description":"Compra Con-snt-c9800lcl Poliza De Servicio Smartnet Sntc-8x5xnbd Catalyst 9800-l Wireless Controlle 12 Meses + Env\u00edo a domicilio + Pago seguro + Garant\u00eda","breadcrumb":{"@id":"https:\/\/compuviper.mx\/tienda\/producto\/cisco-con-snt-c9800lcl-poliza-de-servicio-smartnet-sntc-8x5xnbd-catalyst-9800-l-wireless-controlle-12-meses\/#breadcrumb"},"inLanguage":"es-MX","potentialAction":[{"@type":"ReadAction","target":["https:\/\/compuviper.mx\/tienda\/producto\/cisco-con-snt-c9800lcl-poliza-de-servicio-smartnet-sntc-8x5xnbd-catalyst-9800-l-wireless-controlle-12-meses\/"]}]},{"@type":"BreadcrumbList","@id":"https:\/\/compuviper.mx\/tienda\/producto\/cisco-con-snt-c9800lcl-poliza-de-servicio-smartnet-sntc-8x5xnbd-catalyst-9800-l-wireless-controlle-12-meses\/#breadcrumb","itemListElement":[{"@type":"ListItem","position":1,"name":"Inicio","item":"https:\/\/compuviper.mx\/tienda\/"},{"@type":"ListItem","position":2,"name":"Productos","item":"https:\/\/compuviper.mx\/tienda\/productos\/"},{"@type":"ListItem","position":3,"name":"Poliza De Servicio","item":"https:\/\/compuviper.mx\/tienda\/categoria-producto\/poliza-de-servicio\/"},{"@type":"ListItem","position":4,"name":"Sin Categor\u00eda","item":"https:\/\/compuviper.mx\/tienda\/categoria-producto\/poliza-de-servicio\/sin-categoria-poliza-de-servicio\/"},{"@type":"ListItem","position":5,"name":"Cisco Con-snt-c9800lcl Poliza De Servicio Smartnet Sntc-8x5xnbd Catalyst 9800-l Wireless Controlle 12 Meses"}]},{"@type":"WebSite","@id":"https:\/\/compuviper.mx\/tienda\/#website","url":"https:\/\/compuviper.mx\/tienda\/","name":"Compuviper","description":"Proveedor de Computadoras, Laptops, Servidores, Monitores, Puntos de Venta, Teclados,   Impresoras, T\u00f3ner, C\u00e1maras de Seguridad y m\u00e1s en tu tienda en l\u00ednea","publisher":{"@id":"https:\/\/compuviper.mx\/tienda\/#organization"},"potentialAction":[{"@type":"SearchAction","target":{"@type":"EntryPoint","urlTemplate":"https:\/\/compuviper.mx\/tienda\/?s={search_term_string}"},"query-input":"required name=search_term_string"}],"inLanguage":"es-MX"},{"@type":"Organization","@id":"https:\/\/compuviper.mx\/tienda\/#organization","name":"Compuviper","url":"https:\/\/compuviper.mx\/tienda\/","logo":{"@type":"ImageObject","inLanguage":"es-MX","@id":"https:\/\/compuviper.mx\/tienda\/#\/schema\/logo\/image\/","url":"https:\/\/compuviper.mx\/tienda\/wp-content\/uploads\/2021\/08\/Logo-Compuviper-10.png","contentUrl":"https:\/\/compuviper.mx\/tienda\/wp-content\/uploads\/2021\/08\/Logo-Compuviper-10.png","width":1000,"height":500,"caption":"Compuviper"},"image":{"@id":"https:\/\/compuviper.mx\/tienda\/#\/schema\/logo\/image\/"},"sameAs":["https:\/\/www.facebook.com\/compuviper","https:\/\/www.youtube.com\/channel\/UCf73dERp9Y3cfOq7q8BhLjA?view_as=subscriber"]}]},"product_brand":"CISCO","product_price_amount":"45420","product_price_currency":"MXN","og_availability":"instock","product_availability":"instock","product_retailer_item_id":"CON-SNT-C9800LCL","product_condition":"new"},"_links":{"self":[{"href":"https:\/\/compuviper.mx\/tienda\/wp-json\/wp\/v2\/product\/267797"}],"collection":[{"href":"https:\/\/compuviper.mx\/tienda\/wp-json\/wp\/v2\/product"}],"about":[{"href":"https:\/\/compuviper.mx\/tienda\/wp-json\/wp\/v2\/types\/product"}],"replies":[{"embeddable":true,"href":"https:\/\/compuviper.mx\/tienda\/wp-json\/wp\/v2\/comments?post=267797"}],"wp:attachment":[{"href":"https:\/\/compuviper.mx\/tienda\/wp-json\/wp\/v2\/media?parent=267797"}],"wp:term":[{"taxonomy":"product_cat","embeddable":true,"href":"https:\/\/compuviper.mx\/tienda\/wp-json\/wp\/v2\/product_cat?post=267797"},{"taxonomy":"product_tag","embeddable":true,"href":"https:\/\/compuviper.mx\/tienda\/wp-json\/wp\/v2\/product_tag?post=267797"}],"curies":[{"name":"wp","href":"https:\/\/api.w.org\/{rel}","templated":true}]}}