{"id":267788,"date":"2026-04-02T01:31:20","date_gmt":"2026-04-02T07:31:20","guid":{"rendered":"https:\/\/compuviper.mx\/tienda\/producto\/lenovo-13a50010ls-pc-thinkcentre-m70q-gen-6-intel-core-ultra-7-265t-16-gb-1-tb-ssd-m-2-teclado-y-mouse-usb-vesa-incluido-wifi-bt-win-11-pro-3y-en-sitio-certificacion-mil-std-810h\/"},"modified":"2026-04-02T01:31:20","modified_gmt":"2026-04-02T07:31:20","slug":"lenovo-13a50010ls-pc-thinkcentre-m70q-gen-6-intel-core-ultra-7-265t-16-gb-1-tb-ssd-m-2-teclado-y-mouse-usb-vesa-incluido-wifi-bt-win-11-pro-3y-en-sitio-certificacion-mil-std-810h","status":"publish","type":"product","link":"https:\/\/compuviper.mx\/tienda\/producto\/lenovo-13a50010ls-pc-thinkcentre-m70q-gen-6-intel-core-ultra-7-265t-16-gb-1-tb-ssd-m-2-teclado-y-mouse-usb-vesa-incluido-wifi-bt-win-11-pro-3y-en-sitio-certificacion-mil-std-810h\/","title":{"rendered":"Lenovo 13a50010ls Pc  Thinkcentre M70q Gen 6 | Intel Core Ultra 7 265t | 16 Gb | 1 Tb Ssd M.2 | Teclado Y Mouse Usb | Vesa Incluido | Wifi + Bt | Win 11 Pro | 3y En Sitio | Certificacion Mil-std-810h"},"content":{"rendered":"<table class=\"descripcion\">\n<tr>\n<td>Product thinkcentre m70q gen 6<\/td>\n<\/tr>\n<tr>\n<td>Model 13a50010ls<\/td>\n<\/tr>\n<tr>\n<td>Performance<\/td>\n<\/tr>\n<tr>\n<td>Processor intel core\u0099 ultra 7 265t, 20c (8p + 12e) \/ 20t, max turbo up to 5.3ghz, 30mb intel\u00ae smart cache<\/td>\n<\/tr>\n<tr>\n<td>Ai pc category ai pc<\/td>\n<\/tr>\n<tr>\n<td>Npu integrated intel\u00ae ai boost, up to 13 tops<\/td>\n<\/tr>\n<tr>\n<td>Graphics integrated intel\u00ae graphics<\/td>\n<\/tr>\n<tr>\n<td>Chipset intel\u00ae q870 chipset<\/td>\n<\/tr>\n<tr>\n<td>Memory 1x 16gb sodimm ddr5-5600<\/td>\n<\/tr>\n<tr>\n<td>Memory slots two ddr5 sodimm slots, dual-channel capable<\/td>\n<\/tr>\n<tr>\n<td>Max memory up to 64gb (2x 32gb ddr5 sodimm)<\/td>\n<\/tr>\n<tr>\n<td>Storage 1tb ssd m.2 2280 pcie\u00ae 4.0&#215;4 nvme\u00ae opal<\/td>\n<\/tr>\n<tr>\n<td>Max storage support up to two drives, 2x m.2 2280 ssd<\/td>\n<\/tr>\n<tr>\n<td>\u0095 m.2 2280 ssd up to 2tb<\/td>\n<\/tr>\n<tr>\n<td>Raid preset none<\/td>\n<\/tr>\n<tr>\n<td>Card reader no card reader<\/td>\n<\/tr>\n<tr>\n<td>Optical none<\/td>\n<\/tr>\n<tr>\n<td>Audio chip high definition (hd) audio, realtek\u00ae alc233vb or conexant cx11771 codec, 24-bit dac supports 44.1k\/48k\/96k sample rate, 2 channel dac supports 24-bit pcm format, 16-bit adc supports 44.1k\/48k\/96k sample rate, 2 stereo adc supports 16-bit pcm format<\/td>\n<\/tr>\n<tr>\n<td>Speakers 2wx1<\/td>\n<\/tr>\n<tr>\n<td>Power supply 135w 90% adapter<\/td>\n<\/tr>\n<tr>\n<td>Design<\/td>\n<\/tr>\n<tr>\n<td>Keyboard usb, calliope, black, spanish (la)<\/td>\n<\/tr>\n<tr>\n<td>Mouse usb calliope mouse, black<\/td>\n<\/tr>\n<tr>\n<td>Expansion slots three m.2 slots (one for wlan, two for ssd)<\/td>\n<\/tr>\n<tr>\n<td>Case color black<\/td>\n<\/tr>\n<tr>\n<td>Stand none<\/td>\n<\/tr>\n<tr>\n<td>Adapter cage none<\/td>\n<\/tr>\n<tr>\n<td>Toolless chassis screw none<\/td>\n<\/tr>\n<tr>\n<td>Dust filter none<\/td>\n<\/tr>\n<tr>\n<td>Mounting vesa mount<\/td>\n<\/tr>\n<tr>\n<td>Io box none<\/td>\n<\/tr>\n<tr>\n<td>Pen pen not supported<\/td>\n<\/tr>\n<tr>\n<td>Form factor tiny (1l)<\/td>\n<\/tr>\n<tr>\n<td>Dimensions (wxdxh) 179 x 182.9 x 36.5 mm (7.05 x 7.2 x 1.44 inches)<\/td>\n<\/tr>\n<tr>\n<td>Weight around 1.18 kg (2.6 lbs)<\/td>\n<\/tr>\n<tr>\n<td>Connectivity<\/td>\n<\/tr>\n<tr>\n<td>Wlan + bluetooth intel\u00ae wi-fi\u00ae 6 ax203, 802.11ax 2&#215;2 + bt5.2<\/td>\n<\/tr>\n<tr>\n<td>Wwan wwan not supported<\/td>\n<\/tr>\n<tr>\n<td>Ethernet integrated 100\/1000m<\/td>\n<\/tr>\n<tr>\n<td>Front ports 1x usb-c\u00ae (usb 10gbps \/ usb 3.2 gen 2), data transfer only, 2x usb-a (usb 10gbps \/ usb 3.2 gen 2), one supports always on and 5v@2.1a charging, 1x headphone \/ microphone combo jack (3.5mm)<\/td>\n<\/tr>\n<tr>\n<td>Rear ports 2x usb-a (usb 10gbps \/ usb 3.2 gen 2) (models with intel\u00ae q870 chipset), 2x usb-a (usb 5gbps \/ usb 3.2 gen 1), one supports smart power on, 1x hdmi\u00ae 2.1 tmds, 1x displayport\u0099 1.4a (hbr2), 1x ethernet (gbe rj-45)<\/td>\n<\/tr>\n<tr>\n<td>Optional rear ports (configured) hdmi\u00ae 2.1 frl<\/td>\n<\/tr>\n<tr>\n<td>Security  and  privacy<\/td>\n<\/tr>\n<tr>\n<td>Security chip discrete tpm 2.0, tcg certified, fips 140-2 certified<\/td>\n<\/tr>\n<tr>\n<td>Fingerprint reader no fingerprint reader<\/td>\n<\/tr>\n<tr>\n<td>Physical locks kensington security slot\u0099, 3 x 7 mm<\/td>\n<\/tr>\n<tr>\n<td>Kensington cable lock none<\/td>\n<\/tr>\n<tr>\n<td>Chassis intrusion switch chassis intrusion switch<\/td>\n<\/tr>\n<tr>\n<td>Manageability<\/td>\n<\/tr>\n<tr>\n<td>System management non-vpro\u00ae<\/td>\n<\/tr>\n<tr>\n<td>Service<\/td>\n<\/tr>\n<tr>\n<td>Base warranty 1-year, onsite<\/td>\n<\/tr>\n<tr>\n<td>Included upgrade 3y onsite upgrade from 1y onsite promo smb (lsi)<\/td>\n<\/tr>\n<tr>\n<td>Certifications<\/td>\n<\/tr>\n<tr>\n<td>Green certifications energy star\u00ae 9.0, epeat\u0099 gold registered, rohs compliant, tco certified, generation 10<\/td>\n<\/tr>\n<tr>\n<td>Other certifications &#8211;<\/td>\n<\/tr>\n<tr>\n<td>Mil-spec test mil-std-810h military test passed (low pressure [altitude], high temperature, low temperature, temperature shock, humidity, sand and dust, vibration, shock, solar radiation, contamination by fluids, salt fog)<\/td>\n<\/tr>\n<tr>\n<td>Software<\/td>\n<\/tr>\n<tr>\n<td>Operating system windows\u00ae 11 pro, spanish<\/td>\n<\/tr>\n<tr>\n<td>Bundled software thinkshield control 1-year<\/td>\n<\/tr>\n<\/table>\n","protected":false},"excerpt":{"rendered":"<p>Equipos asequibles con un rendimiento impresionante<\/p>\n","protected":false},"featured_media":0,"comment_status":"open","ping_status":"open","template":"","meta":[],"product_cat":[1971,1972],"product_tag":[1578],"acf":[],"yoast_head":"<!-- This site is optimized with the Yoast SEO plugin v21.7 - https:\/\/yoast.com\/wordpress\/plugins\/seo\/ -->\n<title>[ Lenovo ] &#129351; 13a50010ls Pc Thinkcentre M70q Gen 6 | Intel Core Ultra 7 265t | 16 Gb | 1 Tb Ssd M.2 | Teclado Y Mouse Usb | Vesa Incluido | Wifi + Bt | Win 11 Pro | 3y En Sitio | Certificacion Mil-std-810h<\/title>\n<meta name=\"description\" content=\"Compra 13a50010ls Pc Thinkcentre M70q Gen 6 | Intel Core Ultra 7 265t | 16 Gb | 1 Tb Ssd M.2 | Teclado Y Mouse Usb | Vesa Incluido | Wifi + Bt | Win 11 Pro | 3y En Sitio | Certificacion Mil-std-810h + Env\u00edo a domicilio + Pago seguro + Garant\u00eda\" \/>\n<meta name=\"robots\" content=\"index, follow, max-snippet:-1, max-image-preview:large, max-video-preview:-1\" \/>\n<link rel=\"canonical\" href=\"https:\/\/compuviper.mx\/tienda\/producto\/lenovo-13a50010ls-pc-thinkcentre-m70q-gen-6-intel-core-ultra-7-265t-16-gb-1-tb-ssd-m-2-teclado-y-mouse-usb-vesa-incluido-wifi-bt-win-11-pro-3y-en-sitio-certificacion-mil-std-810h\/\" \/>\n<meta property=\"og:locale\" content=\"es_MX\" \/>\n<meta property=\"og:type\" content=\"article\" \/>\n<meta property=\"og:title\" content=\"[ Lenovo ] &#129351; 13a50010ls Pc Thinkcentre M70q Gen 6 | Intel Core Ultra 7 265t | 16 Gb | 1 Tb Ssd M.2 | Teclado Y Mouse Usb | Vesa Incluido | Wifi + Bt | Win 11 Pro | 3y En Sitio | Certificacion Mil-std-810h\" \/>\n<meta property=\"og:description\" content=\"Compra 13a50010ls Pc Thinkcentre M70q Gen 6 | Intel Core Ultra 7 265t | 16 Gb | 1 Tb Ssd M.2 | Teclado Y Mouse Usb | Vesa Incluido | Wifi + Bt | Win 11 Pro | 3y En Sitio | Certificacion Mil-std-810h + Env\u00edo a domicilio + Pago seguro + Garant\u00eda\" \/>\n<meta property=\"og:url\" content=\"https:\/\/compuviper.mx\/tienda\/producto\/lenovo-13a50010ls-pc-thinkcentre-m70q-gen-6-intel-core-ultra-7-265t-16-gb-1-tb-ssd-m-2-teclado-y-mouse-usb-vesa-incluido-wifi-bt-win-11-pro-3y-en-sitio-certificacion-mil-std-810h\/\" \/>\n<meta property=\"og:site_name\" content=\"Compuviper\" \/>\n<meta property=\"article:publisher\" content=\"https:\/\/www.facebook.com\/compuviper\" \/>\n<meta name=\"twitter:card\" content=\"summary_large_image\" \/>\n<meta name=\"twitter:label1\" content=\"Precio\" \/>\n\t<meta name=\"twitter:data1\" content=\"&#36;26,757 con IVA\" \/>\n\t<meta name=\"twitter:label2\" content=\"Availability\" \/>\n\t<meta name=\"twitter:data2\" content=\"Out of stock\" \/>\n<script type=\"application\/ld+json\" class=\"yoast-schema-graph\">{\"@context\":\"https:\/\/schema.org\",\"@graph\":[{\"@type\":\"WebPage\",\"@id\":\"https:\/\/compuviper.mx\/tienda\/producto\/lenovo-13a50010ls-pc-thinkcentre-m70q-gen-6-intel-core-ultra-7-265t-16-gb-1-tb-ssd-m-2-teclado-y-mouse-usb-vesa-incluido-wifi-bt-win-11-pro-3y-en-sitio-certificacion-mil-std-810h\/\",\"url\":\"https:\/\/compuviper.mx\/tienda\/producto\/lenovo-13a50010ls-pc-thinkcentre-m70q-gen-6-intel-core-ultra-7-265t-16-gb-1-tb-ssd-m-2-teclado-y-mouse-usb-vesa-incluido-wifi-bt-win-11-pro-3y-en-sitio-certificacion-mil-std-810h\/\",\"name\":\"[ Lenovo ] &#129351; 13a50010ls Pc Thinkcentre M70q Gen 6 | Intel Core Ultra 7 265t | 16 Gb | 1 Tb Ssd M.2 | Teclado Y Mouse Usb | Vesa Incluido | Wifi + Bt | Win 11 Pro | 3y En Sitio | Certificacion Mil-std-810h\",\"isPartOf\":{\"@id\":\"https:\/\/compuviper.mx\/tienda\/#website\"},\"datePublished\":\"2026-04-02T07:31:20+00:00\",\"dateModified\":\"2026-04-02T07:31:20+00:00\",\"description\":\"Compra 13a50010ls Pc Thinkcentre M70q Gen 6 | Intel Core Ultra 7 265t | 16 Gb | 1 Tb Ssd M.2 | Teclado Y Mouse Usb | Vesa Incluido | Wifi + Bt | Win 11 Pro | 3y En Sitio | Certificacion Mil-std-810h + Env\u00edo a domicilio + Pago seguro + Garant\u00eda\",\"breadcrumb\":{\"@id\":\"https:\/\/compuviper.mx\/tienda\/producto\/lenovo-13a50010ls-pc-thinkcentre-m70q-gen-6-intel-core-ultra-7-265t-16-gb-1-tb-ssd-m-2-teclado-y-mouse-usb-vesa-incluido-wifi-bt-win-11-pro-3y-en-sitio-certificacion-mil-std-810h\/#breadcrumb\"},\"inLanguage\":\"es-MX\",\"potentialAction\":[{\"@type\":\"ReadAction\",\"target\":[\"https:\/\/compuviper.mx\/tienda\/producto\/lenovo-13a50010ls-pc-thinkcentre-m70q-gen-6-intel-core-ultra-7-265t-16-gb-1-tb-ssd-m-2-teclado-y-mouse-usb-vesa-incluido-wifi-bt-win-11-pro-3y-en-sitio-certificacion-mil-std-810h\/\"]}]},{\"@type\":\"BreadcrumbList\",\"@id\":\"https:\/\/compuviper.mx\/tienda\/producto\/lenovo-13a50010ls-pc-thinkcentre-m70q-gen-6-intel-core-ultra-7-265t-16-gb-1-tb-ssd-m-2-teclado-y-mouse-usb-vesa-incluido-wifi-bt-win-11-pro-3y-en-sitio-certificacion-mil-std-810h\/#breadcrumb\",\"itemListElement\":[{\"@type\":\"ListItem\",\"position\":1,\"name\":\"Inicio\",\"item\":\"https:\/\/compuviper.mx\/tienda\/\"},{\"@type\":\"ListItem\",\"position\":2,\"name\":\"Productos\",\"item\":\"https:\/\/compuviper.mx\/tienda\/productos\/\"},{\"@type\":\"ListItem\",\"position\":3,\"name\":\"Computadoras\",\"item\":\"https:\/\/compuviper.mx\/tienda\/categoria-producto\/computadoras\/\"},{\"@type\":\"ListItem\",\"position\":4,\"name\":\"Desktop\",\"item\":\"https:\/\/compuviper.mx\/tienda\/categoria-producto\/computadoras\/desktop-computadoras\/\"},{\"@type\":\"ListItem\",\"position\":5,\"name\":\"Lenovo 13a50010ls Pc Thinkcentre M70q Gen 6 | Intel Core Ultra 7 265t | 16 Gb | 1 Tb Ssd M.2 | Teclado Y Mouse Usb | Vesa Incluido | Wifi + Bt | Win 11 Pro | 3y En Sitio | Certificacion Mil-std-810h\"}]},{\"@type\":\"WebSite\",\"@id\":\"https:\/\/compuviper.mx\/tienda\/#website\",\"url\":\"https:\/\/compuviper.mx\/tienda\/\",\"name\":\"Compuviper\",\"description\":\"Proveedor de Computadoras, Laptops, Servidores, Monitores, Puntos de Venta, Teclados,   Impresoras, T\u00f3ner, C\u00e1maras de Seguridad y m\u00e1s en tu tienda en l\u00ednea\",\"publisher\":{\"@id\":\"https:\/\/compuviper.mx\/tienda\/#organization\"},\"potentialAction\":[{\"@type\":\"SearchAction\",\"target\":{\"@type\":\"EntryPoint\",\"urlTemplate\":\"https:\/\/compuviper.mx\/tienda\/?s={search_term_string}\"},\"query-input\":\"required name=search_term_string\"}],\"inLanguage\":\"es-MX\"},{\"@type\":\"Organization\",\"@id\":\"https:\/\/compuviper.mx\/tienda\/#organization\",\"name\":\"Compuviper\",\"url\":\"https:\/\/compuviper.mx\/tienda\/\",\"logo\":{\"@type\":\"ImageObject\",\"inLanguage\":\"es-MX\",\"@id\":\"https:\/\/compuviper.mx\/tienda\/#\/schema\/logo\/image\/\",\"url\":\"https:\/\/compuviper.mx\/tienda\/wp-content\/uploads\/2021\/08\/Logo-Compuviper-10.png\",\"contentUrl\":\"https:\/\/compuviper.mx\/tienda\/wp-content\/uploads\/2021\/08\/Logo-Compuviper-10.png\",\"width\":1000,\"height\":500,\"caption\":\"Compuviper\"},\"image\":{\"@id\":\"https:\/\/compuviper.mx\/tienda\/#\/schema\/logo\/image\/\"},\"sameAs\":[\"https:\/\/www.facebook.com\/compuviper\",\"https:\/\/www.youtube.com\/channel\/UCf73dERp9Y3cfOq7q8BhLjA?view_as=subscriber\"]}]}<\/script>\n<meta property=\"product:brand\" content=\"LENOVO\" \/>\n<meta property=\"product:price:amount\" content=\"26757\" \/>\n<meta property=\"product:price:currency\" content=\"MXN\" \/>\n<meta property=\"og:availability\" content=\"out of stock\" \/>\n<meta property=\"product:availability\" content=\"out of stock\" \/>\n<meta property=\"product:retailer_item_id\" content=\"13A50010LS\" \/>\n<meta property=\"product:condition\" content=\"new\" \/>\n<!-- \/ Yoast SEO plugin. -->","yoast_head_json":{"title":"[ Lenovo ] &#129351; 13a50010ls Pc Thinkcentre M70q Gen 6 | Intel Core Ultra 7 265t | 16 Gb | 1 Tb Ssd M.2 | Teclado Y Mouse Usb | Vesa Incluido | Wifi + Bt | Win 11 Pro | 3y En Sitio | Certificacion Mil-std-810h","description":"Compra 13a50010ls Pc Thinkcentre M70q Gen 6 | Intel Core Ultra 7 265t | 16 Gb | 1 Tb Ssd M.2 | Teclado Y Mouse Usb | Vesa Incluido | Wifi + Bt | Win 11 Pro | 3y En Sitio | Certificacion Mil-std-810h + Env\u00edo a domicilio + Pago seguro + Garant\u00eda","robots":{"index":"index","follow":"follow","max-snippet":"max-snippet:-1","max-image-preview":"max-image-preview:large","max-video-preview":"max-video-preview:-1"},"canonical":"https:\/\/compuviper.mx\/tienda\/producto\/lenovo-13a50010ls-pc-thinkcentre-m70q-gen-6-intel-core-ultra-7-265t-16-gb-1-tb-ssd-m-2-teclado-y-mouse-usb-vesa-incluido-wifi-bt-win-11-pro-3y-en-sitio-certificacion-mil-std-810h\/","og_locale":"es_MX","og_type":"article","og_title":"[ Lenovo ] &#129351; 13a50010ls Pc Thinkcentre M70q Gen 6 | Intel Core Ultra 7 265t | 16 Gb | 1 Tb Ssd M.2 | Teclado Y Mouse Usb | Vesa Incluido | Wifi + Bt | Win 11 Pro | 3y En Sitio | Certificacion Mil-std-810h","og_description":"Compra 13a50010ls Pc Thinkcentre M70q Gen 6 | Intel Core Ultra 7 265t | 16 Gb | 1 Tb Ssd M.2 | Teclado Y Mouse Usb | Vesa Incluido | Wifi + Bt | Win 11 Pro | 3y En Sitio | Certificacion Mil-std-810h + Env\u00edo a domicilio + Pago seguro + Garant\u00eda","og_url":"https:\/\/compuviper.mx\/tienda\/producto\/lenovo-13a50010ls-pc-thinkcentre-m70q-gen-6-intel-core-ultra-7-265t-16-gb-1-tb-ssd-m-2-teclado-y-mouse-usb-vesa-incluido-wifi-bt-win-11-pro-3y-en-sitio-certificacion-mil-std-810h\/","og_site_name":"Compuviper","article_publisher":"https:\/\/www.facebook.com\/compuviper","twitter_card":"summary_large_image","twitter_misc":{"Precio":"&#36;26,757 con IVA","Availability":"Out of stock"},"schema":{"@context":"https:\/\/schema.org","@graph":[{"@type":"WebPage","@id":"https:\/\/compuviper.mx\/tienda\/producto\/lenovo-13a50010ls-pc-thinkcentre-m70q-gen-6-intel-core-ultra-7-265t-16-gb-1-tb-ssd-m-2-teclado-y-mouse-usb-vesa-incluido-wifi-bt-win-11-pro-3y-en-sitio-certificacion-mil-std-810h\/","url":"https:\/\/compuviper.mx\/tienda\/producto\/lenovo-13a50010ls-pc-thinkcentre-m70q-gen-6-intel-core-ultra-7-265t-16-gb-1-tb-ssd-m-2-teclado-y-mouse-usb-vesa-incluido-wifi-bt-win-11-pro-3y-en-sitio-certificacion-mil-std-810h\/","name":"[ Lenovo ] &#129351; 13a50010ls Pc Thinkcentre M70q Gen 6 | Intel Core Ultra 7 265t | 16 Gb | 1 Tb Ssd M.2 | Teclado Y Mouse Usb | Vesa Incluido | Wifi + Bt | Win 11 Pro | 3y En Sitio | Certificacion Mil-std-810h","isPartOf":{"@id":"https:\/\/compuviper.mx\/tienda\/#website"},"datePublished":"2026-04-02T07:31:20+00:00","dateModified":"2026-04-02T07:31:20+00:00","description":"Compra 13a50010ls Pc Thinkcentre M70q Gen 6 | Intel Core Ultra 7 265t | 16 Gb | 1 Tb Ssd M.2 | Teclado Y Mouse Usb | Vesa Incluido | Wifi + Bt | Win 11 Pro | 3y En Sitio | Certificacion Mil-std-810h + Env\u00edo a domicilio + Pago seguro + Garant\u00eda","breadcrumb":{"@id":"https:\/\/compuviper.mx\/tienda\/producto\/lenovo-13a50010ls-pc-thinkcentre-m70q-gen-6-intel-core-ultra-7-265t-16-gb-1-tb-ssd-m-2-teclado-y-mouse-usb-vesa-incluido-wifi-bt-win-11-pro-3y-en-sitio-certificacion-mil-std-810h\/#breadcrumb"},"inLanguage":"es-MX","potentialAction":[{"@type":"ReadAction","target":["https:\/\/compuviper.mx\/tienda\/producto\/lenovo-13a50010ls-pc-thinkcentre-m70q-gen-6-intel-core-ultra-7-265t-16-gb-1-tb-ssd-m-2-teclado-y-mouse-usb-vesa-incluido-wifi-bt-win-11-pro-3y-en-sitio-certificacion-mil-std-810h\/"]}]},{"@type":"BreadcrumbList","@id":"https:\/\/compuviper.mx\/tienda\/producto\/lenovo-13a50010ls-pc-thinkcentre-m70q-gen-6-intel-core-ultra-7-265t-16-gb-1-tb-ssd-m-2-teclado-y-mouse-usb-vesa-incluido-wifi-bt-win-11-pro-3y-en-sitio-certificacion-mil-std-810h\/#breadcrumb","itemListElement":[{"@type":"ListItem","position":1,"name":"Inicio","item":"https:\/\/compuviper.mx\/tienda\/"},{"@type":"ListItem","position":2,"name":"Productos","item":"https:\/\/compuviper.mx\/tienda\/productos\/"},{"@type":"ListItem","position":3,"name":"Computadoras","item":"https:\/\/compuviper.mx\/tienda\/categoria-producto\/computadoras\/"},{"@type":"ListItem","position":4,"name":"Desktop","item":"https:\/\/compuviper.mx\/tienda\/categoria-producto\/computadoras\/desktop-computadoras\/"},{"@type":"ListItem","position":5,"name":"Lenovo 13a50010ls Pc Thinkcentre M70q Gen 6 | Intel Core Ultra 7 265t | 16 Gb | 1 Tb Ssd M.2 | Teclado Y Mouse Usb | Vesa Incluido | Wifi + Bt | Win 11 Pro | 3y En Sitio | Certificacion Mil-std-810h"}]},{"@type":"WebSite","@id":"https:\/\/compuviper.mx\/tienda\/#website","url":"https:\/\/compuviper.mx\/tienda\/","name":"Compuviper","description":"Proveedor de Computadoras, Laptops, Servidores, Monitores, Puntos de Venta, Teclados,   Impresoras, T\u00f3ner, C\u00e1maras de Seguridad y m\u00e1s en tu tienda en l\u00ednea","publisher":{"@id":"https:\/\/compuviper.mx\/tienda\/#organization"},"potentialAction":[{"@type":"SearchAction","target":{"@type":"EntryPoint","urlTemplate":"https:\/\/compuviper.mx\/tienda\/?s={search_term_string}"},"query-input":"required name=search_term_string"}],"inLanguage":"es-MX"},{"@type":"Organization","@id":"https:\/\/compuviper.mx\/tienda\/#organization","name":"Compuviper","url":"https:\/\/compuviper.mx\/tienda\/","logo":{"@type":"ImageObject","inLanguage":"es-MX","@id":"https:\/\/compuviper.mx\/tienda\/#\/schema\/logo\/image\/","url":"https:\/\/compuviper.mx\/tienda\/wp-content\/uploads\/2021\/08\/Logo-Compuviper-10.png","contentUrl":"https:\/\/compuviper.mx\/tienda\/wp-content\/uploads\/2021\/08\/Logo-Compuviper-10.png","width":1000,"height":500,"caption":"Compuviper"},"image":{"@id":"https:\/\/compuviper.mx\/tienda\/#\/schema\/logo\/image\/"},"sameAs":["https:\/\/www.facebook.com\/compuviper","https:\/\/www.youtube.com\/channel\/UCf73dERp9Y3cfOq7q8BhLjA?view_as=subscriber"]}]},"product_brand":"LENOVO","product_price_amount":"26757","product_price_currency":"MXN","og_availability":"out of stock","product_availability":"out of stock","product_retailer_item_id":"13A50010LS","product_condition":"new"},"_links":{"self":[{"href":"https:\/\/compuviper.mx\/tienda\/wp-json\/wp\/v2\/product\/267788"}],"collection":[{"href":"https:\/\/compuviper.mx\/tienda\/wp-json\/wp\/v2\/product"}],"about":[{"href":"https:\/\/compuviper.mx\/tienda\/wp-json\/wp\/v2\/types\/product"}],"replies":[{"embeddable":true,"href":"https:\/\/compuviper.mx\/tienda\/wp-json\/wp\/v2\/comments?post=267788"}],"wp:attachment":[{"href":"https:\/\/compuviper.mx\/tienda\/wp-json\/wp\/v2\/media?parent=267788"}],"wp:term":[{"taxonomy":"product_cat","embeddable":true,"href":"https:\/\/compuviper.mx\/tienda\/wp-json\/wp\/v2\/product_cat?post=267788"},{"taxonomy":"product_tag","embeddable":true,"href":"https:\/\/compuviper.mx\/tienda\/wp-json\/wp\/v2\/product_tag?post=267788"}],"curies":[{"name":"wp","href":"https:\/\/api.w.org\/{rel}","templated":true}]}}