{"id":267660,"date":"2026-04-16T01:25:31","date_gmt":"2026-04-16T07:25:31","guid":{"rendered":"https:\/\/compuviper.mx\/tienda\/producto\/ecs-95-699-oa40494711409572024-mini-pc-liva-z3-intel-n5100-soc-4gb-128gb-usb-3-2-hdmi-1mdp-wifi-bluetooth-windows11pro\/"},"modified":"2026-04-16T01:25:32","modified_gmt":"2026-04-16T07:25:32","slug":"ecs-95-699-oa40494711409572024-mini-pc-liva-z3-intel-n5100-soc-4gb-128gb-usb-3-2-hdmi-1mdp-wifi-bluetooth-windows11pro","status":"publish","type":"product","link":"https:\/\/compuviper.mx\/tienda\/producto\/ecs-95-699-oa40494711409572024-mini-pc-liva-z3-intel-n5100-soc-4gb-128gb-usb-3-2-hdmi-1mdp-wifi-bluetooth-windows11pro\/","title":{"rendered":"Ecs 95-699-oa4049,4711409572024 Mini Pc  Liva Z3 Intel N5100 Soc\/4gb \/128gb\/ Usb 3.2\/ Hdmi\/ 1mdp \/ Wifi \/bluetooth \/ Windows11pro"},"content":{"rendered":"<table class=\"descripcion\">\n<tr>\n<td>\u0095 plataforma:<\/td>\n<\/tr>\n<tr>\n<td>Soc intel\u00ae jasper lake (procesadores pentium\u00ae silver n6000 y celeron\u00ae n5100 \/n4500)<\/td>\n<\/tr>\n<tr>\n<td>\u0095 ranura de expansi\u00f3n:<\/td>\n<\/tr>\n<tr>\n<td>1 x m.2 2280 para ssd (clave m)<\/td>\n<\/tr>\n<tr>\n<td>1 x m.2 2230 para conexi\u00f3n inal\u00e1mbrica (clave e)<\/td>\n<\/tr>\n<tr>\n<td>\u0095 memoria:<\/td>\n<\/tr>\n<tr>\n<td>2 x so-dimm ddr4 2933 mhz, doble canal hasta 16 gb<\/td>\n<\/tr>\n<tr>\n<td>\u0095 dispositivos de almacenamiento:<\/td>\n<\/tr>\n<tr>\n<td>1 memoria emmc 5.1<\/td>\n<\/tr>\n<tr>\n<td>Admite 1 ssd m.2 2280 (pcie)<\/td>\n<\/tr>\n<tr>\n<td>\u0095 audio:<\/td>\n<\/tr>\n<tr>\n<td>1 x conector combinado<\/td>\n<\/tr>\n<tr>\n<td>1 x micr\u00f3fono digital<\/td>\n<\/tr>\n<tr>\n<td>\u0095 redes:<\/td>\n<\/tr>\n<tr>\n<td>1 x lan ethernet gigabyte<\/td>\n<\/tr>\n<tr>\n<td>\u0095 usb:<\/td>\n<\/tr>\n<tr>\n<td>3 x usb 3.2 de 1.\u00aa generaci\u00f3n<\/td>\n<\/tr>\n<tr>\n<td>1 x usb 3.2 gen 2 tipo-c<\/td>\n<\/tr>\n<tr>\n<td>2 puertos usb 2.0<\/td>\n<\/tr>\n<tr>\n<td>\u0095 salida\/entrada de v\u00eddeo:<\/td>\n<\/tr>\n<tr>\n<td>1 puerto hdmi\u0099 (resoluci\u00f3n de hasta 4k)<\/td>\n<\/tr>\n<tr>\n<td>1 puerto mdp (resoluci\u00f3n de hasta 4k)<\/td>\n<\/tr>\n<tr>\n<td>\u0095 inal\u00e1mbrico:<\/td>\n<\/tr>\n<tr>\n<td>1 x m.2 2230 wlan 802.11ax\/ac<\/td>\n<\/tr>\n<tr>\n<td>\u0095 fuerza:<\/td>\n<\/tr>\n<tr>\n<td>1 x entrada de cc<\/td>\n<\/tr>\n<tr>\n<td>Potencia nominal: 19 v\/65 w<\/td>\n<\/tr>\n<tr>\n<td>\u0095 dimensiones (mm):<\/td>\n<\/tr>\n<tr>\n<td>117 x 128 x 35 mm<\/td>\n<\/tr>\n<tr>\n<td>\u0095 compatibilidad con sistemas operativos:<\/td>\n<\/tr>\n<tr>\n<td>Windows 10 y windows 11<\/td>\n<\/tr>\n<\/table>\n","protected":false},"excerpt":{"rendered":"<p>Funcionamiento silencioso con dise\u00f1o sin ventilador. Con un dise\u00f1o sin ventilador para soportar una cpu de 6 vatios, protege contra la acumulaci\u00f3n de polvo, previene problemas de sobrecalentamiento, reduce posibles fallas de funcionamiento y extiende la vida \u00fatil de su mini pc.<\/p>\n","protected":false},"featured_media":267661,"comment_status":"open","ping_status":"open","template":"","meta":[],"product_cat":[1971,1978],"product_tag":[1733],"acf":[],"yoast_head":"<!-- This site is optimized with the Yoast SEO plugin v21.7 - https:\/\/yoast.com\/wordpress\/plugins\/seo\/ -->\n<title>[ Ecs ] &#129351; 95-699-oa4049,4711409572024 Mini Pc Liva Z3 Intel N5100 Soc\/4gb \/128gb\/ Usb 3.2\/ Hdmi\/ 1mdp \/ Wifi \/bluetooth \/ Windows11pro<\/title>\n<meta name=\"description\" content=\"Compra 95-699-oa4049,4711409572024 Mini Pc Liva Z3 Intel N5100 Soc\/4gb \/128gb\/ Usb 3.2\/ Hdmi\/ 1mdp \/ Wifi \/bluetooth \/ Windows11pro + Env\u00edo a domicilio + Pago seguro + Garant\u00eda\" \/>\n<meta name=\"robots\" content=\"index, follow, max-snippet:-1, max-image-preview:large, max-video-preview:-1\" \/>\n<link rel=\"canonical\" href=\"https:\/\/compuviper.mx\/tienda\/producto\/ecs-95-699-oa40494711409572024-mini-pc-liva-z3-intel-n5100-soc-4gb-128gb-usb-3-2-hdmi-1mdp-wifi-bluetooth-windows11pro\/\" \/>\n<meta property=\"og:locale\" content=\"es_MX\" \/>\n<meta property=\"og:type\" content=\"article\" \/>\n<meta property=\"og:title\" content=\"[ Ecs ] &#129351; 95-699-oa4049,4711409572024 Mini Pc Liva Z3 Intel N5100 Soc\/4gb \/128gb\/ Usb 3.2\/ Hdmi\/ 1mdp \/ Wifi \/bluetooth \/ Windows11pro\" \/>\n<meta property=\"og:description\" content=\"Compra 95-699-oa4049,4711409572024 Mini Pc Liva Z3 Intel N5100 Soc\/4gb \/128gb\/ Usb 3.2\/ Hdmi\/ 1mdp \/ Wifi \/bluetooth \/ Windows11pro + Env\u00edo a domicilio + Pago seguro + Garant\u00eda\" \/>\n<meta property=\"og:url\" content=\"https:\/\/compuviper.mx\/tienda\/producto\/ecs-95-699-oa40494711409572024-mini-pc-liva-z3-intel-n5100-soc-4gb-128gb-usb-3-2-hdmi-1mdp-wifi-bluetooth-windows11pro\/\" \/>\n<meta property=\"og:site_name\" content=\"Compuviper\" \/>\n<meta property=\"article:publisher\" content=\"https:\/\/www.facebook.com\/compuviper\" \/>\n<meta property=\"article:modified_time\" content=\"2026-04-16T07:25:32+00:00\" \/>\n<meta property=\"og:image\" content=\"https:\/\/compuviper.mx\/tienda\/wp-content\/uploads\/2026\/03\/Mini-pc-ecs-liva-z3-intel-n5100-soc4gb-128gb-usb-3.2-hdmi-1mdp-wifi-bluetooth-windows11pro.jpg\" \/>\n\t<meta property=\"og:image:width\" content=\"200\" \/>\n\t<meta property=\"og:image:height\" content=\"200\" \/>\n\t<meta property=\"og:image:type\" content=\"image\/jpeg\" \/>\n<meta name=\"twitter:card\" content=\"summary_large_image\" \/>\n<meta name=\"twitter:label1\" content=\"Precio\" \/>\n\t<meta name=\"twitter:data1\" content=\"&#36;3,026 con IVA\" \/>\n\t<meta name=\"twitter:label2\" content=\"Availability\" \/>\n\t<meta name=\"twitter:data2\" content=\"Out of stock\" \/>\n<script type=\"application\/ld+json\" class=\"yoast-schema-graph\">{\"@context\":\"https:\/\/schema.org\",\"@graph\":[{\"@type\":\"WebPage\",\"@id\":\"https:\/\/compuviper.mx\/tienda\/producto\/ecs-95-699-oa40494711409572024-mini-pc-liva-z3-intel-n5100-soc-4gb-128gb-usb-3-2-hdmi-1mdp-wifi-bluetooth-windows11pro\/\",\"url\":\"https:\/\/compuviper.mx\/tienda\/producto\/ecs-95-699-oa40494711409572024-mini-pc-liva-z3-intel-n5100-soc-4gb-128gb-usb-3-2-hdmi-1mdp-wifi-bluetooth-windows11pro\/\",\"name\":\"[ Ecs ] &#129351; 95-699-oa4049,4711409572024 Mini Pc Liva Z3 Intel N5100 Soc\/4gb \/128gb\/ Usb 3.2\/ Hdmi\/ 1mdp \/ Wifi \/bluetooth \/ Windows11pro\",\"isPartOf\":{\"@id\":\"https:\/\/compuviper.mx\/tienda\/#website\"},\"datePublished\":\"2026-04-16T07:25:31+00:00\",\"dateModified\":\"2026-04-16T07:25:32+00:00\",\"description\":\"Compra 95-699-oa4049,4711409572024 Mini Pc Liva Z3 Intel N5100 Soc\/4gb \/128gb\/ Usb 3.2\/ Hdmi\/ 1mdp \/ Wifi \/bluetooth \/ Windows11pro + Env\u00edo a domicilio + Pago seguro + Garant\u00eda\",\"breadcrumb\":{\"@id\":\"https:\/\/compuviper.mx\/tienda\/producto\/ecs-95-699-oa40494711409572024-mini-pc-liva-z3-intel-n5100-soc-4gb-128gb-usb-3-2-hdmi-1mdp-wifi-bluetooth-windows11pro\/#breadcrumb\"},\"inLanguage\":\"es-MX\",\"potentialAction\":[{\"@type\":\"ReadAction\",\"target\":[\"https:\/\/compuviper.mx\/tienda\/producto\/ecs-95-699-oa40494711409572024-mini-pc-liva-z3-intel-n5100-soc-4gb-128gb-usb-3-2-hdmi-1mdp-wifi-bluetooth-windows11pro\/\"]}]},{\"@type\":\"BreadcrumbList\",\"@id\":\"https:\/\/compuviper.mx\/tienda\/producto\/ecs-95-699-oa40494711409572024-mini-pc-liva-z3-intel-n5100-soc-4gb-128gb-usb-3-2-hdmi-1mdp-wifi-bluetooth-windows11pro\/#breadcrumb\",\"itemListElement\":[{\"@type\":\"ListItem\",\"position\":1,\"name\":\"Inicio\",\"item\":\"https:\/\/compuviper.mx\/tienda\/\"},{\"@type\":\"ListItem\",\"position\":2,\"name\":\"Productos\",\"item\":\"https:\/\/compuviper.mx\/tienda\/productos\/\"},{\"@type\":\"ListItem\",\"position\":3,\"name\":\"Computadoras\",\"item\":\"https:\/\/compuviper.mx\/tienda\/categoria-producto\/computadoras\/\"},{\"@type\":\"ListItem\",\"position\":4,\"name\":\"Mini Pc\u00b4s\",\"item\":\"https:\/\/compuviper.mx\/tienda\/categoria-producto\/computadoras\/mini-pcs\/\"},{\"@type\":\"ListItem\",\"position\":5,\"name\":\"Ecs 95-699-oa4049,4711409572024 Mini Pc Liva Z3 Intel N5100 Soc\/4gb \/128gb\/ Usb 3.2\/ Hdmi\/ 1mdp \/ Wifi \/bluetooth \/ Windows11pro\"}]},{\"@type\":\"WebSite\",\"@id\":\"https:\/\/compuviper.mx\/tienda\/#website\",\"url\":\"https:\/\/compuviper.mx\/tienda\/\",\"name\":\"Compuviper\",\"description\":\"Proveedor de Computadoras, Laptops, Servidores, Monitores, Puntos de Venta, Teclados,   Impresoras, T\u00f3ner, C\u00e1maras de Seguridad y m\u00e1s en tu tienda en l\u00ednea\",\"publisher\":{\"@id\":\"https:\/\/compuviper.mx\/tienda\/#organization\"},\"potentialAction\":[{\"@type\":\"SearchAction\",\"target\":{\"@type\":\"EntryPoint\",\"urlTemplate\":\"https:\/\/compuviper.mx\/tienda\/?s={search_term_string}\"},\"query-input\":\"required name=search_term_string\"}],\"inLanguage\":\"es-MX\"},{\"@type\":\"Organization\",\"@id\":\"https:\/\/compuviper.mx\/tienda\/#organization\",\"name\":\"Compuviper\",\"url\":\"https:\/\/compuviper.mx\/tienda\/\",\"logo\":{\"@type\":\"ImageObject\",\"inLanguage\":\"es-MX\",\"@id\":\"https:\/\/compuviper.mx\/tienda\/#\/schema\/logo\/image\/\",\"url\":\"https:\/\/compuviper.mx\/tienda\/wp-content\/uploads\/2021\/08\/Logo-Compuviper-10.png\",\"contentUrl\":\"https:\/\/compuviper.mx\/tienda\/wp-content\/uploads\/2021\/08\/Logo-Compuviper-10.png\",\"width\":1000,\"height\":500,\"caption\":\"Compuviper\"},\"image\":{\"@id\":\"https:\/\/compuviper.mx\/tienda\/#\/schema\/logo\/image\/\"},\"sameAs\":[\"https:\/\/www.facebook.com\/compuviper\",\"https:\/\/www.youtube.com\/channel\/UCf73dERp9Y3cfOq7q8BhLjA?view_as=subscriber\"]}]}<\/script>\n<meta property=\"product:brand\" content=\"ECS\" \/>\n<meta property=\"product:price:amount\" content=\"3026\" \/>\n<meta property=\"product:price:currency\" content=\"MXN\" \/>\n<meta property=\"og:availability\" content=\"out of stock\" \/>\n<meta property=\"product:availability\" content=\"out of stock\" \/>\n<meta property=\"product:retailer_item_id\" content=\"95-699-OA4049,4711409572024\" \/>\n<meta property=\"product:condition\" content=\"new\" \/>\n<!-- \/ Yoast SEO plugin. -->","yoast_head_json":{"title":"[ Ecs ] &#129351; 95-699-oa4049,4711409572024 Mini Pc Liva Z3 Intel N5100 Soc\/4gb \/128gb\/ Usb 3.2\/ Hdmi\/ 1mdp \/ Wifi \/bluetooth \/ Windows11pro","description":"Compra 95-699-oa4049,4711409572024 Mini Pc Liva Z3 Intel N5100 Soc\/4gb \/128gb\/ Usb 3.2\/ Hdmi\/ 1mdp \/ Wifi \/bluetooth \/ Windows11pro + Env\u00edo a domicilio + Pago seguro + Garant\u00eda","robots":{"index":"index","follow":"follow","max-snippet":"max-snippet:-1","max-image-preview":"max-image-preview:large","max-video-preview":"max-video-preview:-1"},"canonical":"https:\/\/compuviper.mx\/tienda\/producto\/ecs-95-699-oa40494711409572024-mini-pc-liva-z3-intel-n5100-soc-4gb-128gb-usb-3-2-hdmi-1mdp-wifi-bluetooth-windows11pro\/","og_locale":"es_MX","og_type":"article","og_title":"[ Ecs ] &#129351; 95-699-oa4049,4711409572024 Mini Pc Liva Z3 Intel N5100 Soc\/4gb \/128gb\/ Usb 3.2\/ Hdmi\/ 1mdp \/ Wifi \/bluetooth \/ Windows11pro","og_description":"Compra 95-699-oa4049,4711409572024 Mini Pc Liva Z3 Intel N5100 Soc\/4gb \/128gb\/ Usb 3.2\/ Hdmi\/ 1mdp \/ Wifi \/bluetooth \/ Windows11pro + Env\u00edo a domicilio + Pago seguro + Garant\u00eda","og_url":"https:\/\/compuviper.mx\/tienda\/producto\/ecs-95-699-oa40494711409572024-mini-pc-liva-z3-intel-n5100-soc-4gb-128gb-usb-3-2-hdmi-1mdp-wifi-bluetooth-windows11pro\/","og_site_name":"Compuviper","article_publisher":"https:\/\/www.facebook.com\/compuviper","article_modified_time":"2026-04-16T07:25:32+00:00","og_image":[{"width":200,"height":200,"url":"https:\/\/compuviper.mx\/tienda\/wp-content\/uploads\/2026\/03\/Mini-pc-ecs-liva-z3-intel-n5100-soc4gb-128gb-usb-3.2-hdmi-1mdp-wifi-bluetooth-windows11pro.jpg","type":"image\/jpeg"}],"twitter_card":"summary_large_image","twitter_misc":{"Precio":"&#36;3,026 con IVA","Availability":"Out of stock"},"schema":{"@context":"https:\/\/schema.org","@graph":[{"@type":"WebPage","@id":"https:\/\/compuviper.mx\/tienda\/producto\/ecs-95-699-oa40494711409572024-mini-pc-liva-z3-intel-n5100-soc-4gb-128gb-usb-3-2-hdmi-1mdp-wifi-bluetooth-windows11pro\/","url":"https:\/\/compuviper.mx\/tienda\/producto\/ecs-95-699-oa40494711409572024-mini-pc-liva-z3-intel-n5100-soc-4gb-128gb-usb-3-2-hdmi-1mdp-wifi-bluetooth-windows11pro\/","name":"[ Ecs ] &#129351; 95-699-oa4049,4711409572024 Mini Pc Liva Z3 Intel N5100 Soc\/4gb \/128gb\/ Usb 3.2\/ Hdmi\/ 1mdp \/ Wifi \/bluetooth \/ Windows11pro","isPartOf":{"@id":"https:\/\/compuviper.mx\/tienda\/#website"},"datePublished":"2026-04-16T07:25:31+00:00","dateModified":"2026-04-16T07:25:32+00:00","description":"Compra 95-699-oa4049,4711409572024 Mini Pc Liva Z3 Intel N5100 Soc\/4gb \/128gb\/ Usb 3.2\/ Hdmi\/ 1mdp \/ Wifi \/bluetooth \/ Windows11pro + Env\u00edo a domicilio + Pago seguro + Garant\u00eda","breadcrumb":{"@id":"https:\/\/compuviper.mx\/tienda\/producto\/ecs-95-699-oa40494711409572024-mini-pc-liva-z3-intel-n5100-soc-4gb-128gb-usb-3-2-hdmi-1mdp-wifi-bluetooth-windows11pro\/#breadcrumb"},"inLanguage":"es-MX","potentialAction":[{"@type":"ReadAction","target":["https:\/\/compuviper.mx\/tienda\/producto\/ecs-95-699-oa40494711409572024-mini-pc-liva-z3-intel-n5100-soc-4gb-128gb-usb-3-2-hdmi-1mdp-wifi-bluetooth-windows11pro\/"]}]},{"@type":"BreadcrumbList","@id":"https:\/\/compuviper.mx\/tienda\/producto\/ecs-95-699-oa40494711409572024-mini-pc-liva-z3-intel-n5100-soc-4gb-128gb-usb-3-2-hdmi-1mdp-wifi-bluetooth-windows11pro\/#breadcrumb","itemListElement":[{"@type":"ListItem","position":1,"name":"Inicio","item":"https:\/\/compuviper.mx\/tienda\/"},{"@type":"ListItem","position":2,"name":"Productos","item":"https:\/\/compuviper.mx\/tienda\/productos\/"},{"@type":"ListItem","position":3,"name":"Computadoras","item":"https:\/\/compuviper.mx\/tienda\/categoria-producto\/computadoras\/"},{"@type":"ListItem","position":4,"name":"Mini Pc\u00b4s","item":"https:\/\/compuviper.mx\/tienda\/categoria-producto\/computadoras\/mini-pcs\/"},{"@type":"ListItem","position":5,"name":"Ecs 95-699-oa4049,4711409572024 Mini Pc Liva Z3 Intel N5100 Soc\/4gb \/128gb\/ Usb 3.2\/ Hdmi\/ 1mdp \/ Wifi \/bluetooth \/ Windows11pro"}]},{"@type":"WebSite","@id":"https:\/\/compuviper.mx\/tienda\/#website","url":"https:\/\/compuviper.mx\/tienda\/","name":"Compuviper","description":"Proveedor de Computadoras, Laptops, Servidores, Monitores, Puntos de Venta, Teclados,   Impresoras, T\u00f3ner, C\u00e1maras de Seguridad y m\u00e1s en tu tienda en l\u00ednea","publisher":{"@id":"https:\/\/compuviper.mx\/tienda\/#organization"},"potentialAction":[{"@type":"SearchAction","target":{"@type":"EntryPoint","urlTemplate":"https:\/\/compuviper.mx\/tienda\/?s={search_term_string}"},"query-input":"required name=search_term_string"}],"inLanguage":"es-MX"},{"@type":"Organization","@id":"https:\/\/compuviper.mx\/tienda\/#organization","name":"Compuviper","url":"https:\/\/compuviper.mx\/tienda\/","logo":{"@type":"ImageObject","inLanguage":"es-MX","@id":"https:\/\/compuviper.mx\/tienda\/#\/schema\/logo\/image\/","url":"https:\/\/compuviper.mx\/tienda\/wp-content\/uploads\/2021\/08\/Logo-Compuviper-10.png","contentUrl":"https:\/\/compuviper.mx\/tienda\/wp-content\/uploads\/2021\/08\/Logo-Compuviper-10.png","width":1000,"height":500,"caption":"Compuviper"},"image":{"@id":"https:\/\/compuviper.mx\/tienda\/#\/schema\/logo\/image\/"},"sameAs":["https:\/\/www.facebook.com\/compuviper","https:\/\/www.youtube.com\/channel\/UCf73dERp9Y3cfOq7q8BhLjA?view_as=subscriber"]}]},"product_brand":"ECS","product_price_amount":"3026","product_price_currency":"MXN","og_availability":"out of stock","product_availability":"out of stock","product_retailer_item_id":"95-699-OA4049,4711409572024","product_condition":"new"},"_links":{"self":[{"href":"https:\/\/compuviper.mx\/tienda\/wp-json\/wp\/v2\/product\/267660"}],"collection":[{"href":"https:\/\/compuviper.mx\/tienda\/wp-json\/wp\/v2\/product"}],"about":[{"href":"https:\/\/compuviper.mx\/tienda\/wp-json\/wp\/v2\/types\/product"}],"replies":[{"embeddable":true,"href":"https:\/\/compuviper.mx\/tienda\/wp-json\/wp\/v2\/comments?post=267660"}],"wp:featuredmedia":[{"embeddable":true,"href":"https:\/\/compuviper.mx\/tienda\/wp-json\/wp\/v2\/media\/267661"}],"wp:attachment":[{"href":"https:\/\/compuviper.mx\/tienda\/wp-json\/wp\/v2\/media?parent=267660"}],"wp:term":[{"taxonomy":"product_cat","embeddable":true,"href":"https:\/\/compuviper.mx\/tienda\/wp-json\/wp\/v2\/product_cat?post=267660"},{"taxonomy":"product_tag","embeddable":true,"href":"https:\/\/compuviper.mx\/tienda\/wp-json\/wp\/v2\/product_tag?post=267660"}],"curies":[{"name":"wp","href":"https:\/\/api.w.org\/{rel}","templated":true}]}}