{"id":267652,"date":"2026-04-25T00:49:48","date_gmt":"2026-04-25T06:49:48","guid":{"rendered":"https:\/\/compuviper.mx\/tienda\/producto\/sharp-display-pn-m322-monitor-profesional-sharp-de-32-m322-full-hd-1920-x-1080-24-7-450-cd-m2-40001-hdmi-displayport-hdcp-usb-rj-45\/"},"modified":"2026-04-25T00:49:48","modified_gmt":"2026-04-25T06:49:48","slug":"sharp-display-pn-m322-monitor-profesional-sharp-de-32-m322-full-hd-1920-x-1080-24-7-450-cd-m2-40001-hdmi-displayport-hdcp-usb-rj-45","status":"publish","type":"product","link":"https:\/\/compuviper.mx\/tienda\/producto\/sharp-display-pn-m322-monitor-profesional-sharp-de-32-m322-full-hd-1920-x-1080-24-7-450-cd-m2-40001-hdmi-displayport-hdcp-usb-rj-45\/","title":{"rendered":"Sharp Display Pn-m322 Monitor Profesional Sharp De 32 M322 Full Hd 1920 X 1080 24\/7, 450 Cd\/m2, 40001, Hdmi, Displayport Hdcp, Usb, Rj-45"},"content":{"rendered":"<table class=\"descripcion\">\n<tr>\n<td>Display<\/td>\n<\/tr>\n<tr>\n<td>Tecnolog\u00eda del panel va con retroiluminaci\u00f3n led directa<\/td>\n<\/tr>\n<tr>\n<td>Tama\u00f1o de pantalla [pulgadas\/cm] 32 \/ 80<\/td>\n<\/tr>\n<tr>\n<td>Relaci\u00f3n de aspecto 16:9<\/td>\n<\/tr>\n<tr>\n<td>Brillo [cd\/m\u00b2] 450<\/td>\n<\/tr>\n<tr>\n<td>Ratio de contraste (t\u00edp.) 4000:1<\/td>\n<\/tr>\n<tr>\n<td>\u00e1ngulo de visi\u00f3n [\u00b0] 178 horizontal \/ 178 vertical (t\u00edp. en ratio de contraste 10:1)<\/td>\n<\/tr>\n<tr>\n<td>Colour depth [bn] 16.7 (8bit)<\/td>\n<\/tr>\n<tr>\n<td>Colour gamut 72% de ntsc<\/td>\n<\/tr>\n<tr>\n<td>Tiempo de respuesta (t\u00edp.) [msec] 8<\/td>\n<\/tr>\n<tr>\n<td>Frecuencia de refresco [hz] 60<\/td>\n<\/tr>\n<tr>\n<td>Haze level [%] pro (28)<\/td>\n<\/tr>\n<tr>\n<td>Orientaci\u00f3n posible horizontal; pantalla hacia arriba 1; vertical<\/td>\n<\/tr>\n<tr>\n<td>Resoluci\u00f3n<\/td>\n<\/tr>\n<tr>\n<td>Resoluci\u00f3n nativa<\/td>\n<\/tr>\n<tr>\n<td>1920 x 1080<\/td>\n<\/tr>\n<tr>\n<td>Funciona con entradas digitales y an\u00e1logas (pc)<\/td>\n<\/tr>\n<tr>\n<td>1024 x 768;<\/td>\n<\/tr>\n<tr>\n<td>1280 x 1024;<\/td>\n<\/tr>\n<tr>\n<td>1280 x 720;<\/td>\n<\/tr>\n<tr>\n<td>1360 x 768;<\/td>\n<\/tr>\n<tr>\n<td>1366 x 768;<\/td>\n<\/tr>\n<tr>\n<td>1400 x 1050;<\/td>\n<\/tr>\n<tr>\n<td>1440 x 900;<\/td>\n<\/tr>\n<tr>\n<td>1600 x 1200;<\/td>\n<\/tr>\n<tr>\n<td>1650 x 1050;<\/td>\n<\/tr>\n<tr>\n<td>1920 x 1080;<\/td>\n<\/tr>\n<tr>\n<td>1920 x 1200;<\/td>\n<\/tr>\n<tr>\n<td>1920 x 2160;<\/td>\n<\/tr>\n<tr>\n<td>2560 x 1440;<\/td>\n<\/tr>\n<tr>\n<td>2560 x 1600;<\/td>\n<\/tr>\n<tr>\n<td>3840 x 2160;<\/td>\n<\/tr>\n<tr>\n<td>4096 x 2160<\/td>\n<\/tr>\n<tr>\n<td>Frecuencia de sincronizaci\u00f3n<\/td>\n<\/tr>\n<tr>\n<td>Frecuencia horizontal [khz] 26 &#8211; 91,1<\/td>\n<\/tr>\n<tr>\n<td>Frecuencia vertical [hz] 23 &#8211; 86<\/td>\n<\/tr>\n<tr>\n<td>Conectividad<\/td>\n<\/tr>\n<tr>\n<td>Entrada an\u00e1loga de v\u00eddeo 1 x vga<\/td>\n<\/tr>\n<tr>\n<td>Entrada digital de v\u00eddeo 1 x displayport (hdcp); 2 x hdmi (hdcp)<\/td>\n<\/tr>\n<tr>\n<td>Entrada digital de audio 1 x displayport; 2 x hdmi<\/td>\n<\/tr>\n<tr>\n<td>Control de entrada cable de control remoto (conector jack de 3,5mm); lan 100mbit; rs232<\/td>\n<\/tr>\n<tr>\n<td>Input data 1 x usb 2.0 (mediaplayer)<\/td>\n<\/tr>\n<tr>\n<td>Salida an\u00e1loga de audio 1 x 3,5 mm jack<\/td>\n<\/tr>\n<tr>\n<td>Input detect custom; first; last<\/td>\n<\/tr>\n<tr>\n<td>Sensores<\/td>\n<\/tr>\n<tr>\n<td>Sensor de temperatura integrado, 3 sensores, acciones de activaci\u00f3n programables<\/td>\n<\/tr>\n<tr>\n<td>El\u00e9ctrico<\/td>\n<\/tr>\n<tr>\n<td>Consumo [w] 40 env\u00edo<\/td>\n<\/tr>\n<tr>\n<td>Modo stand-by [w]   0,5;   2 (networked standby)<\/td>\n<\/tr>\n<tr>\n<td>Gesti\u00f3n de energ\u00eda vesa dpms<\/td>\n<\/tr>\n<tr>\n<td>Fuente de alimentaci\u00f3n 100-240 v ac; 50\/60 hz; interna<\/td>\n<\/tr>\n<tr>\n<td>Condiciones ambientales<\/td>\n<\/tr>\n<tr>\n<td>Temperatura ambiente de funcionamiento [\u00b0c] +0 a +40<\/td>\n<\/tr>\n<tr>\n<td>Humedad ambiental de funcionamiento [%] 20 a 80<\/td>\n<\/tr>\n<tr>\n<td>Humedad de almacenamiento [%] 10 a 90<\/td>\n<\/tr>\n<tr>\n<td>Temperatura de almacenamiento [\u00b0c] -20 a 60<\/td>\n<\/tr>\n<tr>\n<td>Mec\u00e1nico<\/td>\n<\/tr>\n<tr>\n<td>Medidas (an x al x prof) [mm] 726,5 x 425,4 x 66,5<\/td>\n<\/tr>\n<tr>\n<td>Peso [kg] 6.3<\/td>\n<\/tr>\n<tr>\n<td>Ancho del marco [mm] 11,8 (arriba); 11,9 izquierda\/derecha; 17,2 (abajo)<\/td>\n<\/tr>\n<tr>\n<td>Montaje vesa [mm] 100 x 100 (fdmi); 200 x 200 (fdmi); 4 muescas; m4<\/td>\n<\/tr>\n<tr>\n<td>Protecci\u00f3n contra penetraci\u00f3n ip5x (frente); ip2x (dorso)<\/td>\n<\/tr>\n<tr>\n<td>Dimensiones del embalaje (an x al x pr) [mm] 870 x 527 x 160<\/td>\n<\/tr>\n<tr>\n<td>Peso del embalaje [kg] 9.8<\/td>\n<\/tr>\n<tr>\n<td>Marco de color pantone 426m (negro)<\/td>\n<\/tr>\n<tr>\n<td>Material metal<\/td>\n<\/tr>\n<tr>\n<td>Mediaplayer<\/td>\n<\/tr>\n<tr>\n<td>Supported file storage \/ file system usb 2.0 \/ fat16, fat32<\/td>\n<\/tr>\n<tr>\n<td>Supported image formats jpg (baseline, progressive, rgb, cmyk); max. resolution 15360 x 8640<\/td>\n<\/tr>\n<tr>\n<td>Supported video formats mpg (mpeg1\/2\/4, max res 1080p@30hz); mp4 (mpeg2\/4, h.263, h.264, hevc\/h.265, max res 3840&#215;2160@60hz); ts (mpeg2, h.264, hevc\/h.265, max res 3840&#215;2160@60hz); audio: lpcm, mp3, aac; wmv (video h.264, windows media video 9, max res 1080p@30hz, audio wma 9, wma 10 pro)<\/td>\n<\/tr>\n<tr>\n<td>Supported audio formats mp3 (mp3); max. bit-rate 320 kbit\/s<\/td>\n<\/tr>\n<tr>\n<td>Opciones disponibles<\/td>\n<\/tr>\n<tr>\n<td>Accesorios montaje de pared (pdw t xs); pies (st-32m); sensor de presencia (kt-rc3)<\/td>\n<\/tr>\n<tr>\n<td>Computador externo adaptador independiente ops\/sdm para integrar cualquier m\u00f3dulo de interfaz o computaci\u00f3n ops\/sdm; mpi4 box<\/td>\n<\/tr>\n<tr>\n<td>Condiciones reglamentarias<\/td>\n<\/tr>\n<tr>\n<td>Seguridad y ergonom\u00eda ce; eac; rohs<\/td>\n<\/tr>\n<tr>\n<td>Tipo de error de p\u00edxel iso 9241-307, tipo 2<\/td>\n<\/tr>\n<tr>\n<td>Resistencia al fuego metal backcover, plastic material certified acc. to ul94-5vb<\/td>\n<\/tr>\n<tr>\n<td>Funciones ecol\u00f3gicas<\/td>\n<\/tr>\n<tr>\n<td>Eficiencia energ\u00e9tica clase de eficiencia energ\u00e9tica: g; consumo de energ\u00eda: 41 kwh\/1000 horas; retroiluminaci\u00f3n led<\/td>\n<\/tr>\n<tr>\n<td>Est\u00e1ndares ecol\u00f3gicos energystar 8.0<\/td>\n<\/tr>\n<tr>\n<td>Certificaciones externas<\/td>\n<\/tr>\n<tr>\n<td>Crestron certificado para crestron connected<\/td>\n<\/tr>\n<tr>\n<td>Funciones adicionales<\/td>\n<\/tr>\n<tr>\n<td>Caracter\u00edsticas especiales hdmi arc; powered usb port (10 w); removable logo; simulaci\u00f3n dicom<\/td>\n<\/tr>\n<tr>\n<td>Audio altavoces integrados (5 w + 5 w)<\/td>\n<\/tr>\n<tr>\n<td>Accesorios inclu\u00eddos 2x bater\u00edas aaa; cable de alimentaci\u00f3n; cable hdmi; control remoto; manual de instalaci\u00f3n; pantalla<\/td>\n<\/tr>\n<tr>\n<td>Garant\u00eda 3 a\u00f1os<\/td>\n<\/tr>\n<tr>\n<td>Horas de funcionamiento 24\/7<\/td>\n<\/tr>\n<tr>\n<td>External control amx netlinx support; ascii control commands; crestron connected; hdmi cec; http browser; pjlink; scheduled timer; snmp<\/td>\n<\/tr>\n<tr>\n<td>Remote management automated email alerts; naviset administrator 2<\/td>\n<\/tr>\n<tr>\n<td>Security disable hw buttons; disable ir functionality; emergency notification<\/td>\n<\/tr>\n<\/table>\n","protected":false},"excerpt":{"rendered":"<p>El multisync\u00ae m322 de 32\u0094 es ideal para la se\u00f1alizaci\u00f3n econ\u00f3mica para uso en lugares comerciales y 24\/7, brinda el rendimiento y las funciones profesionales que usted necesita, al mismo tiempo minimiza el coste de propiedad. Cuenta con una salida de brillo de 450 cd\/m2 y con un panel antirreflejo, el espectador disfrutar\u00e1 de una excelente calidad visual sin reflejos molestos. Adem\u00e1s, gracias a su dise\u00f1o est\u00e9tico, se puede integrar f\u00e1cilmente. Ofrece m\u00faltiples entradas de se\u00f1al digitales y an\u00e1logas al est\u00e1ndar de la industria, el m322 est\u00e1 preparado para el futuro y para una integraci\u00f3n flexible. Tambi\u00e9n cuenta con soporte y control externos, ya sea conectividad v\u00eda rs-232 o v\u00eda lan, de esta forma, los operadores podr\u00e1n ahorrar tiempo y dinero cuando gestionen los monitores. La parte trasera es completamente de metal, los componentes son de alta gama, y la funci\u00f3n integrada de programaci\u00f3n brindan tranquilidad durante per\u00edodos extensos de operaci\u00f3n. Es ideal para las aplicaciones en ventas y transporte. Beneficios. Dise\u00f1o moderno \u0096 robusto pero elegante, se puede integrar discretamente a cualquier aplicaci\u00f3n y ambiente. Gesti\u00f3n segura y a distancia \u0096 controle sus dispositivos a distancia y de forma segura, utilizando el naviset administrator 2 de nec; dirija los requisitos del mantenimiento de forma proactiva y ahorrar\u00e1 de esta forma tiempo y recursos. Legibilidad ilimitada \u0096 sin reflejos desde las ventanas u otras fuentes de luz, as\u00ed la visibilidad del contenido o de la presentaci\u00f3n en la sala no ser\u00e1 interrumpida. Operaci\u00f3n 24\/7 en aplicaciones cr\u00edticas \u0096 la selecci\u00f3n meticulosa de los componentes de grado industrial y el dise\u00f1o cuidadoso centrado en las posibilidades exigentes de uso, van de la mano con la experiencia impresionante y continua para el espectador. Conectividad para el futuro \u0096 ofrece entradas m\u00faltiples de se\u00f1ales digitales y an\u00e1logas est\u00e1ndar en la industria, para una integraci\u00f3n flexible en infraestructuras av.<\/p>\n","protected":false},"featured_media":0,"comment_status":"open","ping_status":"open","template":"","meta":[],"product_cat":[1741,1740],"product_tag":[2237],"acf":[],"yoast_head":"<!-- This site is optimized with the Yoast SEO plugin v21.7 - https:\/\/yoast.com\/wordpress\/plugins\/seo\/ -->\n<title>[ Sharp Display ] &#129351; Pn-m322 Monitor Profesional Sharp De 32 M322 Full Hd 1920 X 1080 24\/7, 450 Cd\/m2, 40001, Hdmi, Displayport Hdcp, Usb, Rj-45<\/title>\n<meta name=\"description\" content=\"Compra Pn-m322 Monitor Profesional Sharp De 32 M322 Full Hd 1920 X 1080 24\/7, 450 Cd\/m2, 40001, Hdmi, Displayport Hdcp, Usb, Rj-45 + Env\u00edo a domicilio + Pago seguro + Garant\u00eda\" \/>\n<meta name=\"robots\" content=\"index, follow, max-snippet:-1, max-image-preview:large, max-video-preview:-1\" \/>\n<link rel=\"canonical\" href=\"https:\/\/compuviper.mx\/tienda\/producto\/sharp-display-pn-m322-monitor-profesional-sharp-de-32-m322-full-hd-1920-x-1080-24-7-450-cd-m2-40001-hdmi-displayport-hdcp-usb-rj-45\/\" \/>\n<meta property=\"og:locale\" content=\"es_MX\" \/>\n<meta property=\"og:type\" content=\"article\" \/>\n<meta property=\"og:title\" content=\"[ Sharp Display ] &#129351; Pn-m322 Monitor Profesional Sharp De 32 M322 Full Hd 1920 X 1080 24\/7, 450 Cd\/m2, 40001, Hdmi, Displayport Hdcp, Usb, Rj-45\" \/>\n<meta property=\"og:description\" content=\"Compra Pn-m322 Monitor Profesional Sharp De 32 M322 Full Hd 1920 X 1080 24\/7, 450 Cd\/m2, 40001, Hdmi, Displayport Hdcp, Usb, Rj-45 + Env\u00edo a domicilio + Pago seguro + Garant\u00eda\" \/>\n<meta property=\"og:url\" content=\"https:\/\/compuviper.mx\/tienda\/producto\/sharp-display-pn-m322-monitor-profesional-sharp-de-32-m322-full-hd-1920-x-1080-24-7-450-cd-m2-40001-hdmi-displayport-hdcp-usb-rj-45\/\" \/>\n<meta property=\"og:site_name\" content=\"Compuviper\" \/>\n<meta property=\"article:publisher\" content=\"https:\/\/www.facebook.com\/compuviper\" \/>\n<meta name=\"twitter:card\" content=\"summary_large_image\" \/>\n<meta name=\"twitter:label1\" content=\"Precio\" \/>\n\t<meta name=\"twitter:data1\" content=\"&#36;12,888 con IVA\" \/>\n\t<meta name=\"twitter:label2\" content=\"Availability\" \/>\n\t<meta name=\"twitter:data2\" content=\"Out of stock\" \/>\n<script type=\"application\/ld+json\" class=\"yoast-schema-graph\">{\"@context\":\"https:\/\/schema.org\",\"@graph\":[{\"@type\":\"WebPage\",\"@id\":\"https:\/\/compuviper.mx\/tienda\/producto\/sharp-display-pn-m322-monitor-profesional-sharp-de-32-m322-full-hd-1920-x-1080-24-7-450-cd-m2-40001-hdmi-displayport-hdcp-usb-rj-45\/\",\"url\":\"https:\/\/compuviper.mx\/tienda\/producto\/sharp-display-pn-m322-monitor-profesional-sharp-de-32-m322-full-hd-1920-x-1080-24-7-450-cd-m2-40001-hdmi-displayport-hdcp-usb-rj-45\/\",\"name\":\"[ Sharp Display ] &#129351; Pn-m322 Monitor Profesional Sharp De 32 M322 Full Hd 1920 X 1080 24\/7, 450 Cd\/m2, 40001, Hdmi, Displayport Hdcp, Usb, Rj-45\",\"isPartOf\":{\"@id\":\"https:\/\/compuviper.mx\/tienda\/#website\"},\"datePublished\":\"2026-04-25T06:49:48+00:00\",\"dateModified\":\"2026-04-25T06:49:48+00:00\",\"description\":\"Compra Pn-m322 Monitor Profesional Sharp De 32 M322 Full Hd 1920 X 1080 24\/7, 450 Cd\/m2, 40001, Hdmi, Displayport Hdcp, Usb, Rj-45 + Env\u00edo a domicilio + Pago seguro + Garant\u00eda\",\"breadcrumb\":{\"@id\":\"https:\/\/compuviper.mx\/tienda\/producto\/sharp-display-pn-m322-monitor-profesional-sharp-de-32-m322-full-hd-1920-x-1080-24-7-450-cd-m2-40001-hdmi-displayport-hdcp-usb-rj-45\/#breadcrumb\"},\"inLanguage\":\"es-MX\",\"potentialAction\":[{\"@type\":\"ReadAction\",\"target\":[\"https:\/\/compuviper.mx\/tienda\/producto\/sharp-display-pn-m322-monitor-profesional-sharp-de-32-m322-full-hd-1920-x-1080-24-7-450-cd-m2-40001-hdmi-displayport-hdcp-usb-rj-45\/\"]}]},{\"@type\":\"BreadcrumbList\",\"@id\":\"https:\/\/compuviper.mx\/tienda\/producto\/sharp-display-pn-m322-monitor-profesional-sharp-de-32-m322-full-hd-1920-x-1080-24-7-450-cd-m2-40001-hdmi-displayport-hdcp-usb-rj-45\/#breadcrumb\",\"itemListElement\":[{\"@type\":\"ListItem\",\"position\":1,\"name\":\"Inicio\",\"item\":\"https:\/\/compuviper.mx\/tienda\/\"},{\"@type\":\"ListItem\",\"position\":2,\"name\":\"Productos\",\"item\":\"https:\/\/compuviper.mx\/tienda\/productos\/\"},{\"@type\":\"ListItem\",\"position\":3,\"name\":\"Monitores\",\"item\":\"https:\/\/compuviper.mx\/tienda\/categoria-producto\/monitores\/\"},{\"@type\":\"ListItem\",\"position\":4,\"name\":\"Led\",\"item\":\"https:\/\/compuviper.mx\/tienda\/categoria-producto\/monitores\/led\/\"},{\"@type\":\"ListItem\",\"position\":5,\"name\":\"Sharp Display Pn-m322 Monitor Profesional Sharp De 32 M322 Full Hd 1920 X 1080 24\/7, 450 Cd\/m2, 40001, Hdmi, Displayport Hdcp, Usb, Rj-45\"}]},{\"@type\":\"WebSite\",\"@id\":\"https:\/\/compuviper.mx\/tienda\/#website\",\"url\":\"https:\/\/compuviper.mx\/tienda\/\",\"name\":\"Compuviper\",\"description\":\"Proveedor de Computadoras, Laptops, Servidores, Monitores, Puntos de Venta, Teclados,   Impresoras, T\u00f3ner, C\u00e1maras de Seguridad y m\u00e1s en tu tienda en l\u00ednea\",\"publisher\":{\"@id\":\"https:\/\/compuviper.mx\/tienda\/#organization\"},\"potentialAction\":[{\"@type\":\"SearchAction\",\"target\":{\"@type\":\"EntryPoint\",\"urlTemplate\":\"https:\/\/compuviper.mx\/tienda\/?s={search_term_string}\"},\"query-input\":\"required name=search_term_string\"}],\"inLanguage\":\"es-MX\"},{\"@type\":\"Organization\",\"@id\":\"https:\/\/compuviper.mx\/tienda\/#organization\",\"name\":\"Compuviper\",\"url\":\"https:\/\/compuviper.mx\/tienda\/\",\"logo\":{\"@type\":\"ImageObject\",\"inLanguage\":\"es-MX\",\"@id\":\"https:\/\/compuviper.mx\/tienda\/#\/schema\/logo\/image\/\",\"url\":\"https:\/\/compuviper.mx\/tienda\/wp-content\/uploads\/2021\/08\/Logo-Compuviper-10.png\",\"contentUrl\":\"https:\/\/compuviper.mx\/tienda\/wp-content\/uploads\/2021\/08\/Logo-Compuviper-10.png\",\"width\":1000,\"height\":500,\"caption\":\"Compuviper\"},\"image\":{\"@id\":\"https:\/\/compuviper.mx\/tienda\/#\/schema\/logo\/image\/\"},\"sameAs\":[\"https:\/\/www.facebook.com\/compuviper\",\"https:\/\/www.youtube.com\/channel\/UCf73dERp9Y3cfOq7q8BhLjA?view_as=subscriber\"]}]}<\/script>\n<meta property=\"product:brand\" content=\"Sharp Display\" \/>\n<meta property=\"product:price:amount\" content=\"12888\" \/>\n<meta property=\"product:price:currency\" content=\"MXN\" \/>\n<meta property=\"og:availability\" content=\"out of stock\" \/>\n<meta property=\"product:availability\" content=\"out of stock\" \/>\n<meta property=\"product:retailer_item_id\" content=\"PN-M322\" \/>\n<meta property=\"product:condition\" content=\"new\" \/>\n<!-- \/ Yoast SEO plugin. -->","yoast_head_json":{"title":"[ Sharp Display ] &#129351; Pn-m322 Monitor Profesional Sharp De 32 M322 Full Hd 1920 X 1080 24\/7, 450 Cd\/m2, 40001, Hdmi, Displayport Hdcp, Usb, Rj-45","description":"Compra Pn-m322 Monitor Profesional Sharp De 32 M322 Full Hd 1920 X 1080 24\/7, 450 Cd\/m2, 40001, Hdmi, Displayport Hdcp, Usb, Rj-45 + Env\u00edo a domicilio + Pago seguro + Garant\u00eda","robots":{"index":"index","follow":"follow","max-snippet":"max-snippet:-1","max-image-preview":"max-image-preview:large","max-video-preview":"max-video-preview:-1"},"canonical":"https:\/\/compuviper.mx\/tienda\/producto\/sharp-display-pn-m322-monitor-profesional-sharp-de-32-m322-full-hd-1920-x-1080-24-7-450-cd-m2-40001-hdmi-displayport-hdcp-usb-rj-45\/","og_locale":"es_MX","og_type":"article","og_title":"[ Sharp Display ] &#129351; Pn-m322 Monitor Profesional Sharp De 32 M322 Full Hd 1920 X 1080 24\/7, 450 Cd\/m2, 40001, Hdmi, Displayport Hdcp, Usb, Rj-45","og_description":"Compra Pn-m322 Monitor Profesional Sharp De 32 M322 Full Hd 1920 X 1080 24\/7, 450 Cd\/m2, 40001, Hdmi, Displayport Hdcp, Usb, Rj-45 + Env\u00edo a domicilio + Pago seguro + Garant\u00eda","og_url":"https:\/\/compuviper.mx\/tienda\/producto\/sharp-display-pn-m322-monitor-profesional-sharp-de-32-m322-full-hd-1920-x-1080-24-7-450-cd-m2-40001-hdmi-displayport-hdcp-usb-rj-45\/","og_site_name":"Compuviper","article_publisher":"https:\/\/www.facebook.com\/compuviper","twitter_card":"summary_large_image","twitter_misc":{"Precio":"&#36;12,888 con IVA","Availability":"Out of stock"},"schema":{"@context":"https:\/\/schema.org","@graph":[{"@type":"WebPage","@id":"https:\/\/compuviper.mx\/tienda\/producto\/sharp-display-pn-m322-monitor-profesional-sharp-de-32-m322-full-hd-1920-x-1080-24-7-450-cd-m2-40001-hdmi-displayport-hdcp-usb-rj-45\/","url":"https:\/\/compuviper.mx\/tienda\/producto\/sharp-display-pn-m322-monitor-profesional-sharp-de-32-m322-full-hd-1920-x-1080-24-7-450-cd-m2-40001-hdmi-displayport-hdcp-usb-rj-45\/","name":"[ Sharp Display ] &#129351; Pn-m322 Monitor Profesional Sharp De 32 M322 Full Hd 1920 X 1080 24\/7, 450 Cd\/m2, 40001, Hdmi, Displayport Hdcp, Usb, Rj-45","isPartOf":{"@id":"https:\/\/compuviper.mx\/tienda\/#website"},"datePublished":"2026-04-25T06:49:48+00:00","dateModified":"2026-04-25T06:49:48+00:00","description":"Compra Pn-m322 Monitor Profesional Sharp De 32 M322 Full Hd 1920 X 1080 24\/7, 450 Cd\/m2, 40001, Hdmi, Displayport Hdcp, Usb, Rj-45 + Env\u00edo a domicilio + Pago seguro + Garant\u00eda","breadcrumb":{"@id":"https:\/\/compuviper.mx\/tienda\/producto\/sharp-display-pn-m322-monitor-profesional-sharp-de-32-m322-full-hd-1920-x-1080-24-7-450-cd-m2-40001-hdmi-displayport-hdcp-usb-rj-45\/#breadcrumb"},"inLanguage":"es-MX","potentialAction":[{"@type":"ReadAction","target":["https:\/\/compuviper.mx\/tienda\/producto\/sharp-display-pn-m322-monitor-profesional-sharp-de-32-m322-full-hd-1920-x-1080-24-7-450-cd-m2-40001-hdmi-displayport-hdcp-usb-rj-45\/"]}]},{"@type":"BreadcrumbList","@id":"https:\/\/compuviper.mx\/tienda\/producto\/sharp-display-pn-m322-monitor-profesional-sharp-de-32-m322-full-hd-1920-x-1080-24-7-450-cd-m2-40001-hdmi-displayport-hdcp-usb-rj-45\/#breadcrumb","itemListElement":[{"@type":"ListItem","position":1,"name":"Inicio","item":"https:\/\/compuviper.mx\/tienda\/"},{"@type":"ListItem","position":2,"name":"Productos","item":"https:\/\/compuviper.mx\/tienda\/productos\/"},{"@type":"ListItem","position":3,"name":"Monitores","item":"https:\/\/compuviper.mx\/tienda\/categoria-producto\/monitores\/"},{"@type":"ListItem","position":4,"name":"Led","item":"https:\/\/compuviper.mx\/tienda\/categoria-producto\/monitores\/led\/"},{"@type":"ListItem","position":5,"name":"Sharp Display Pn-m322 Monitor Profesional Sharp De 32 M322 Full Hd 1920 X 1080 24\/7, 450 Cd\/m2, 40001, Hdmi, Displayport Hdcp, Usb, Rj-45"}]},{"@type":"WebSite","@id":"https:\/\/compuviper.mx\/tienda\/#website","url":"https:\/\/compuviper.mx\/tienda\/","name":"Compuviper","description":"Proveedor de Computadoras, Laptops, Servidores, Monitores, Puntos de Venta, Teclados,   Impresoras, T\u00f3ner, C\u00e1maras de Seguridad y m\u00e1s en tu tienda en l\u00ednea","publisher":{"@id":"https:\/\/compuviper.mx\/tienda\/#organization"},"potentialAction":[{"@type":"SearchAction","target":{"@type":"EntryPoint","urlTemplate":"https:\/\/compuviper.mx\/tienda\/?s={search_term_string}"},"query-input":"required name=search_term_string"}],"inLanguage":"es-MX"},{"@type":"Organization","@id":"https:\/\/compuviper.mx\/tienda\/#organization","name":"Compuviper","url":"https:\/\/compuviper.mx\/tienda\/","logo":{"@type":"ImageObject","inLanguage":"es-MX","@id":"https:\/\/compuviper.mx\/tienda\/#\/schema\/logo\/image\/","url":"https:\/\/compuviper.mx\/tienda\/wp-content\/uploads\/2021\/08\/Logo-Compuviper-10.png","contentUrl":"https:\/\/compuviper.mx\/tienda\/wp-content\/uploads\/2021\/08\/Logo-Compuviper-10.png","width":1000,"height":500,"caption":"Compuviper"},"image":{"@id":"https:\/\/compuviper.mx\/tienda\/#\/schema\/logo\/image\/"},"sameAs":["https:\/\/www.facebook.com\/compuviper","https:\/\/www.youtube.com\/channel\/UCf73dERp9Y3cfOq7q8BhLjA?view_as=subscriber"]}]},"product_brand":"Sharp Display","product_price_amount":"12888","product_price_currency":"MXN","og_availability":"out of stock","product_availability":"out of stock","product_retailer_item_id":"PN-M322","product_condition":"new"},"_links":{"self":[{"href":"https:\/\/compuviper.mx\/tienda\/wp-json\/wp\/v2\/product\/267652"}],"collection":[{"href":"https:\/\/compuviper.mx\/tienda\/wp-json\/wp\/v2\/product"}],"about":[{"href":"https:\/\/compuviper.mx\/tienda\/wp-json\/wp\/v2\/types\/product"}],"replies":[{"embeddable":true,"href":"https:\/\/compuviper.mx\/tienda\/wp-json\/wp\/v2\/comments?post=267652"}],"wp:attachment":[{"href":"https:\/\/compuviper.mx\/tienda\/wp-json\/wp\/v2\/media?parent=267652"}],"wp:term":[{"taxonomy":"product_cat","embeddable":true,"href":"https:\/\/compuviper.mx\/tienda\/wp-json\/wp\/v2\/product_cat?post=267652"},{"taxonomy":"product_tag","embeddable":true,"href":"https:\/\/compuviper.mx\/tienda\/wp-json\/wp\/v2\/product_tag?post=267652"}],"curies":[{"name":"wp","href":"https:\/\/api.w.org\/{rel}","templated":true}]}}