{"id":267649,"date":"2026-04-16T00:48:21","date_gmt":"2026-04-16T06:48:21","guid":{"rendered":"https:\/\/compuviper.mx\/tienda\/producto\/msi-pro-h610m-s-ddr4-mb-h610-intel-s-1700-14a-gen-2xddr4-64max-3200mhz-pcie-4-0-hdmi-dp-2xusb-3-2-m-2-micro-atx-gama-basica\/"},"modified":"2026-04-16T00:48:21","modified_gmt":"2026-04-16T06:48:21","slug":"msi-oem-pro-h610m-s-ddr4-mb-msi-h610-intel-s-1700-14a-gen-2xddr4-64max-3200mhz-pcie-4-0-hdmi-dp-2xusb-3-2-m-2-micro-atx-gama-basica","status":"publish","type":"product","link":"https:\/\/compuviper.mx\/tienda\/producto\/msi-oem-pro-h610m-s-ddr4-mb-msi-h610-intel-s-1700-14a-gen-2xddr4-64max-3200mhz-pcie-4-0-hdmi-dp-2xusb-3-2-m-2-micro-atx-gama-basica\/","title":{"rendered":"Msi Oem Pro H610m-s Ddr4 Mb Msi H610 Intel S-1700 14a Gen\/2xddr4 64max 3200mhz\/pcie 4.0\/hdmi\/dp\/2xusb 3.2\/m.2\/micro Atx\/gama Basica"},"content":{"rendered":"<table class=\"descripcion\">\n<tr>\n<td>Conjunto de chips:   intel h610<\/td>\n<\/tr>\n<tr>\n<td>Upc: compatible con procesadores intel\u00ae core\u0099 de 14.\u00aa, 13.\u00aa y 12.\u00aa generaci\u00f3n, intel\u00ae pentium\u00ae gold y celeron\u00ae<\/td>\n<\/tr>\n<tr>\n<td>Lga 1700<\/td>\n<\/tr>\n<tr>\n<td>Memoria:    2x ddr4, capacidad m\u00e1xima de memoria 64 gb<\/td>\n<\/tr>\n<tr>\n<td>Soporte de memoria ddr4 1866\/2133\/2400\/2667\/2800\/2933\/3000\/3066\/3200 mhz por jedec<\/td>\n<\/tr>\n<tr>\n<td>Admite modo de doble canal<\/td>\n<\/tr>\n<tr>\n<td>Admite memoria sin ecc y sin b\u00fafer<\/td>\n<\/tr>\n<tr>\n<td>Gr\u00e1ficos integrados    :1 hdmi\u0099.<\/td>\n<\/tr>\n<tr>\n<td>Compatible con hdmi\u0099 1.4 con hdr, resoluci\u00f3n m\u00e1xima de 4k a 30 hz*.<\/td>\n<\/tr>\n<tr>\n<td>*disponible solo en procesadores con gr\u00e1ficos integrados. las especificaciones gr\u00e1ficas pueden variar seg\u00fan la cpu instalada.<\/td>\n<\/tr>\n<tr>\n<td>Ranura :    1 ranura pci-e x16 (cantidad)<\/td>\n<\/tr>\n<tr>\n<td>1 ranura pci-e x1 (cantidad)<\/td>\n<\/tr>\n<tr>\n<td>Pci_e1 gen pcie 4.0 admite hasta x16 (desde la cpu)<\/td>\n<\/tr>\n<tr>\n<td>Pci_e2 gen pcie 3.0 admite hasta x1 (desde el chipset)<\/td>\n<\/tr>\n<tr>\n<td>Audio c\u00f3dec realtek\u00ae alc897<\/td>\n<\/tr>\n<tr>\n<td>Audio de alta definici\u00f3n de 7.1 canales<\/td>\n<\/tr>\n<tr>\n<td>Almacenamiento      :1x m.2 (cantidad)<\/td>\n<\/tr>\n<tr>\n<td>Fuente m.2_1 (del chipset) admite hasta pcie 3.0 x4, admite dispositivos 2280\/2260\/2242<\/td>\n<\/tr>\n<tr>\n<td>2x sata 6g (cantidad)<\/td>\n<\/tr>\n<tr>\n<td>Usb :   4x usb 2.0 (trasero)<\/td>\n<\/tr>\n<tr>\n<td>4x usb 2.0 (frontal)<\/td>\n<\/tr>\n<tr>\n<td>2x usb 5 gbps tipo a (trasero)<\/td>\n<\/tr>\n<tr>\n<td>2x usb 5 gbps tipo a (frontal)<\/td>\n<\/tr>\n<tr>\n<td>Y :realtek\u00ae rtl8111h gigabit lan<\/td>\n<\/tr>\n<tr>\n<td>E\/s interna   : 1x conector de alimentaci\u00f3n (atx_pwr)<\/td>\n<\/tr>\n<tr>\n<td>1x conector de alimentaci\u00f3n (cpu_pwr)<\/td>\n<\/tr>\n<tr>\n<td>1x ventilador de cpu<\/td>\n<\/tr>\n<tr>\n<td>1x ventilador del sistema<\/td>\n<\/tr>\n<tr>\n<td>2x panel frontal (jfp)<\/td>\n<\/tr>\n<tr>\n<td>1x intrusi\u00f3n de chasis (jci)<\/td>\n<\/tr>\n<tr>\n<td>1x audio frontal (jaud)<\/td>\n<\/tr>\n<tr>\n<td>1x puerto com (jcom)<\/td>\n<\/tr>\n<tr>\n<td>1x cabezal de pines tpm (compatible con tpm 2.0)<\/td>\n<\/tr>\n<tr>\n<td>4x puertos usb 2.0<\/td>\n<\/tr>\n<tr>\n<td>Funci\u00f3n led   : 4 led de depuraci\u00f3n ez<\/td>\n<\/tr>\n<tr>\n<td>Puertos del panel trasero :   hdmi\u0099<\/td>\n<\/tr>\n<tr>\n<td>Usb 3.2 gen 1 5 gbps (tipo a)<\/td>\n<\/tr>\n<tr>\n<td>Usb 2.0<\/td>\n<\/tr>\n<tr>\n<td>Puerto lan<\/td>\n<\/tr>\n<tr>\n<td>Conectores de audio<\/td>\n<\/tr>\n<tr>\n<td>Usb 2.0<\/td>\n<\/tr>\n<tr>\n<td>Sistema operativo : compatibilidad con windows\u00ae 11 de 64 bits, windows\u00ae 10 de 64 bits<\/td>\n<\/tr>\n<tr>\n<td>Informaci\u00f3n de pcb : matx<\/td>\n<\/tr>\n<tr>\n<td>200 mm x 236,16 mm<\/td>\n<\/tr>\n<\/table>\n","protected":false},"excerpt":{"rendered":"<p>Pro h610m-s ddr4. La serie pro ayuda a los usuarios a trabajar de forma m\u00e1s inteligente ofreci\u00e9ndoles una experiencia eficiente y productiva. Con una funcionalidad estable y un ensamblaje de alta calidad, las placas madre de la serie pro no solo ofrecen flujos de trabajo profesionales optimizados, sino tambi\u00e9n menos problemas y longevidad. Totalmente controlable en bios y software. Las placas madre msi te permiten gestionar las velocidades y temperaturas de todos los ventiladores del sistema y de la cpu. El control total de ventiladores te permite comprobar las caracter\u00edsticas principales del sistema en una interfaz gr\u00e1fica simplificada. Tambi\u00e9n puedes establecer hasta 4 objetivos de temperatura para la cpu y la placa madre, que ajustar\u00e1n las velocidades de los ventiladores autom\u00e1ticamente. Lightning gen 4 pci-e. Msi lightning gen 4 pci-e es la \u00faltima y m\u00e1s r\u00e1pida soluci\u00f3n de transferencia de datos pci-e con 64gb\/s de ancho de banda de transferencia que se ha duplicado en comparaci\u00f3n con su generaci\u00f3n anterior. Pcie 4.0 mantiene la compatibilidad tanto hacia atr\u00e1s como hacia adelante con las especificaciones m\u00e1s antiguas y m\u00e1s nuevas. Optimizadas mediante un dise\u00f1o de blindaje de acero, sus placas madres pueden soportar el peso de tarjetas gr\u00e1ficas pesadas. Pro h610m-s ddr4. Compatible con procesadores intel\u00ae core\u0099 de 14\u00aa, 13\u00aa y 12\u00aa generaci\u00f3n, procesadores intel\u00ae pentium\u00ae gold y celeron\u00ae para socket lga 1700. Compatible con memoria ddr4, hasta 3200(max) mhz. Core boost: dise\u00f1o premium y digital de energ\u00eda para soportar m\u00e1s n\u00facleos y proporcionar un mejor rendimiento. Memory boost: tecnolog\u00eda avanzada para entregar se\u00f1ales de datos puras para el mejor rendimiento, estabilidad y compatibilidad. Experiencia ultrarr\u00e1pida: pcie 4.0. Audio boost: recompensa tus o\u00eddos con calidad de sonido de grado de estudio. Steel armor: protege las tarjetas vga contra flexiones y emi para un mejor rendimiento, estabilidad y resistencia<\/p>\n","protected":false},"featured_media":267650,"comment_status":"open","ping_status":"open","template":"","meta":[],"product_cat":[2239,1727],"product_tag":[2322],"acf":[],"yoast_head":"<!-- This site is optimized with the Yoast SEO plugin v21.7 - https:\/\/yoast.com\/wordpress\/plugins\/seo\/ -->\n<title>[ Msi Oem ] &#129351; Pro H610m-s Ddr4 Mb Msi H610 Intel S-1700 14a Gen\/2xddr4 64max 3200mhz\/pcie 4.0\/hdmi\/dp\/2xusb 3.2\/m.2\/micro Atx\/gama Basica<\/title>\n<meta name=\"description\" content=\"Compra Pro H610m-s Ddr4 Mb Msi H610 Intel S-1700 14a Gen\/2xddr4 64max 3200mhz\/pcie 4.0\/hdmi\/dp\/2xusb 3.2\/m.2\/micro Atx\/gama Basica + Env\u00edo a domicilio + Pago seguro + Garant\u00eda\" \/>\n<meta name=\"robots\" content=\"index, follow, max-snippet:-1, max-image-preview:large, max-video-preview:-1\" \/>\n<link rel=\"canonical\" href=\"https:\/\/compuviper.mx\/tienda\/producto\/msi-oem-pro-h610m-s-ddr4-mb-msi-h610-intel-s-1700-14a-gen-2xddr4-64max-3200mhz-pcie-4-0-hdmi-dp-2xusb-3-2-m-2-micro-atx-gama-basica\/\" \/>\n<meta property=\"og:locale\" content=\"es_MX\" \/>\n<meta property=\"og:type\" content=\"article\" \/>\n<meta property=\"og:title\" content=\"[ Msi Oem ] &#129351; Pro H610m-s Ddr4 Mb Msi H610 Intel S-1700 14a Gen\/2xddr4 64max 3200mhz\/pcie 4.0\/hdmi\/dp\/2xusb 3.2\/m.2\/micro Atx\/gama Basica\" \/>\n<meta property=\"og:description\" content=\"Compra Pro H610m-s Ddr4 Mb Msi H610 Intel S-1700 14a Gen\/2xddr4 64max 3200mhz\/pcie 4.0\/hdmi\/dp\/2xusb 3.2\/m.2\/micro Atx\/gama Basica + Env\u00edo a domicilio + Pago seguro + Garant\u00eda\" \/>\n<meta property=\"og:url\" content=\"https:\/\/compuviper.mx\/tienda\/producto\/msi-oem-pro-h610m-s-ddr4-mb-msi-h610-intel-s-1700-14a-gen-2xddr4-64max-3200mhz-pcie-4-0-hdmi-dp-2xusb-3-2-m-2-micro-atx-gama-basica\/\" \/>\n<meta property=\"og:site_name\" content=\"Compuviper\" \/>\n<meta property=\"article:publisher\" content=\"https:\/\/www.facebook.com\/compuviper\" \/>\n<meta property=\"og:image\" content=\"https:\/\/compuviper.mx\/tienda\/wp-content\/uploads\/2026\/03\/Mb-msi-h610-intel-s-1700-14a-gen2xddr4-64max-3200mhzpcie-4.0hdmidp2xusb-3.2m.2micro-atxgama-basica.jpg\" \/>\n\t<meta property=\"og:image:width\" content=\"200\" \/>\n\t<meta property=\"og:image:height\" content=\"200\" \/>\n\t<meta property=\"og:image:type\" content=\"image\/jpeg\" \/>\n<meta name=\"twitter:card\" content=\"summary_large_image\" \/>\n<meta name=\"twitter:label1\" content=\"Precio\" \/>\n\t<meta name=\"twitter:data1\" content=\"&#36;1,069 con IVA\" \/>\n\t<meta name=\"twitter:label2\" content=\"Availability\" \/>\n\t<meta name=\"twitter:data2\" content=\"In stock\" \/>\n<script type=\"application\/ld+json\" class=\"yoast-schema-graph\">{\"@context\":\"https:\/\/schema.org\",\"@graph\":[{\"@type\":\"WebPage\",\"@id\":\"https:\/\/compuviper.mx\/tienda\/producto\/msi-oem-pro-h610m-s-ddr4-mb-msi-h610-intel-s-1700-14a-gen-2xddr4-64max-3200mhz-pcie-4-0-hdmi-dp-2xusb-3-2-m-2-micro-atx-gama-basica\/\",\"url\":\"https:\/\/compuviper.mx\/tienda\/producto\/msi-oem-pro-h610m-s-ddr4-mb-msi-h610-intel-s-1700-14a-gen-2xddr4-64max-3200mhz-pcie-4-0-hdmi-dp-2xusb-3-2-m-2-micro-atx-gama-basica\/\",\"name\":\"[ Msi Oem ] &#129351; Pro H610m-s Ddr4 Mb Msi H610 Intel S-1700 14a Gen\/2xddr4 64max 3200mhz\/pcie 4.0\/hdmi\/dp\/2xusb 3.2\/m.2\/micro Atx\/gama Basica\",\"isPartOf\":{\"@id\":\"https:\/\/compuviper.mx\/tienda\/#website\"},\"datePublished\":\"2026-04-16T06:48:21+00:00\",\"dateModified\":\"2026-04-16T06:48:21+00:00\",\"description\":\"Compra Pro H610m-s Ddr4 Mb Msi H610 Intel S-1700 14a Gen\/2xddr4 64max 3200mhz\/pcie 4.0\/hdmi\/dp\/2xusb 3.2\/m.2\/micro Atx\/gama Basica + Env\u00edo a domicilio + Pago seguro + Garant\u00eda\",\"breadcrumb\":{\"@id\":\"https:\/\/compuviper.mx\/tienda\/producto\/msi-oem-pro-h610m-s-ddr4-mb-msi-h610-intel-s-1700-14a-gen-2xddr4-64max-3200mhz-pcie-4-0-hdmi-dp-2xusb-3-2-m-2-micro-atx-gama-basica\/#breadcrumb\"},\"inLanguage\":\"es-MX\",\"potentialAction\":[{\"@type\":\"ReadAction\",\"target\":[\"https:\/\/compuviper.mx\/tienda\/producto\/msi-oem-pro-h610m-s-ddr4-mb-msi-h610-intel-s-1700-14a-gen-2xddr4-64max-3200mhz-pcie-4-0-hdmi-dp-2xusb-3-2-m-2-micro-atx-gama-basica\/\"]}]},{\"@type\":\"BreadcrumbList\",\"@id\":\"https:\/\/compuviper.mx\/tienda\/producto\/msi-oem-pro-h610m-s-ddr4-mb-msi-h610-intel-s-1700-14a-gen-2xddr4-64max-3200mhz-pcie-4-0-hdmi-dp-2xusb-3-2-m-2-micro-atx-gama-basica\/#breadcrumb\",\"itemListElement\":[{\"@type\":\"ListItem\",\"position\":1,\"name\":\"Inicio\",\"item\":\"https:\/\/compuviper.mx\/tienda\/\"},{\"@type\":\"ListItem\",\"position\":2,\"name\":\"Productos\",\"item\":\"https:\/\/compuviper.mx\/tienda\/productos\/\"},{\"@type\":\"ListItem\",\"position\":3,\"name\":\"Tarjeta Madre\",\"item\":\"https:\/\/compuviper.mx\/tienda\/categoria-producto\/tarjeta-madre\/\"},{\"@type\":\"ListItem\",\"position\":4,\"name\":\"Socket 1700\",\"item\":\"https:\/\/compuviper.mx\/tienda\/categoria-producto\/tarjeta-madre\/socket-1700\/\"},{\"@type\":\"ListItem\",\"position\":5,\"name\":\"Msi Oem Pro H610m-s Ddr4 Mb Msi H610 Intel S-1700 14a Gen\/2xddr4 64max 3200mhz\/pcie 4.0\/hdmi\/dp\/2xusb 3.2\/m.2\/micro Atx\/gama Basica\"}]},{\"@type\":\"WebSite\",\"@id\":\"https:\/\/compuviper.mx\/tienda\/#website\",\"url\":\"https:\/\/compuviper.mx\/tienda\/\",\"name\":\"Compuviper\",\"description\":\"Proveedor de Computadoras, Laptops, Servidores, Monitores, Puntos de Venta, Teclados,   Impresoras, T\u00f3ner, C\u00e1maras de Seguridad y m\u00e1s en tu tienda en l\u00ednea\",\"publisher\":{\"@id\":\"https:\/\/compuviper.mx\/tienda\/#organization\"},\"potentialAction\":[{\"@type\":\"SearchAction\",\"target\":{\"@type\":\"EntryPoint\",\"urlTemplate\":\"https:\/\/compuviper.mx\/tienda\/?s={search_term_string}\"},\"query-input\":\"required name=search_term_string\"}],\"inLanguage\":\"es-MX\"},{\"@type\":\"Organization\",\"@id\":\"https:\/\/compuviper.mx\/tienda\/#organization\",\"name\":\"Compuviper\",\"url\":\"https:\/\/compuviper.mx\/tienda\/\",\"logo\":{\"@type\":\"ImageObject\",\"inLanguage\":\"es-MX\",\"@id\":\"https:\/\/compuviper.mx\/tienda\/#\/schema\/logo\/image\/\",\"url\":\"https:\/\/compuviper.mx\/tienda\/wp-content\/uploads\/2021\/08\/Logo-Compuviper-10.png\",\"contentUrl\":\"https:\/\/compuviper.mx\/tienda\/wp-content\/uploads\/2021\/08\/Logo-Compuviper-10.png\",\"width\":1000,\"height\":500,\"caption\":\"Compuviper\"},\"image\":{\"@id\":\"https:\/\/compuviper.mx\/tienda\/#\/schema\/logo\/image\/\"},\"sameAs\":[\"https:\/\/www.facebook.com\/compuviper\",\"https:\/\/www.youtube.com\/channel\/UCf73dERp9Y3cfOq7q8BhLjA?view_as=subscriber\"]}]}<\/script>\n<meta property=\"product:brand\" content=\"Msi Oem\" \/>\n<meta property=\"product:price:amount\" content=\"1069\" \/>\n<meta property=\"product:price:currency\" content=\"MXN\" \/>\n<meta property=\"og:availability\" content=\"instock\" \/>\n<meta property=\"product:availability\" content=\"instock\" \/>\n<meta property=\"product:retailer_item_id\" content=\"PRO H610M-S DDR4\" \/>\n<meta property=\"product:condition\" content=\"new\" \/>\n<!-- \/ Yoast SEO plugin. -->","yoast_head_json":{"title":"[ Msi Oem ] &#129351; Pro H610m-s Ddr4 Mb Msi H610 Intel S-1700 14a Gen\/2xddr4 64max 3200mhz\/pcie 4.0\/hdmi\/dp\/2xusb 3.2\/m.2\/micro Atx\/gama Basica","description":"Compra Pro H610m-s Ddr4 Mb Msi H610 Intel S-1700 14a Gen\/2xddr4 64max 3200mhz\/pcie 4.0\/hdmi\/dp\/2xusb 3.2\/m.2\/micro Atx\/gama Basica + Env\u00edo a domicilio + Pago seguro + Garant\u00eda","robots":{"index":"index","follow":"follow","max-snippet":"max-snippet:-1","max-image-preview":"max-image-preview:large","max-video-preview":"max-video-preview:-1"},"canonical":"https:\/\/compuviper.mx\/tienda\/producto\/msi-oem-pro-h610m-s-ddr4-mb-msi-h610-intel-s-1700-14a-gen-2xddr4-64max-3200mhz-pcie-4-0-hdmi-dp-2xusb-3-2-m-2-micro-atx-gama-basica\/","og_locale":"es_MX","og_type":"article","og_title":"[ Msi Oem ] &#129351; Pro H610m-s Ddr4 Mb Msi H610 Intel S-1700 14a Gen\/2xddr4 64max 3200mhz\/pcie 4.0\/hdmi\/dp\/2xusb 3.2\/m.2\/micro Atx\/gama Basica","og_description":"Compra Pro H610m-s Ddr4 Mb Msi H610 Intel S-1700 14a Gen\/2xddr4 64max 3200mhz\/pcie 4.0\/hdmi\/dp\/2xusb 3.2\/m.2\/micro Atx\/gama Basica + Env\u00edo a domicilio + Pago seguro + Garant\u00eda","og_url":"https:\/\/compuviper.mx\/tienda\/producto\/msi-oem-pro-h610m-s-ddr4-mb-msi-h610-intel-s-1700-14a-gen-2xddr4-64max-3200mhz-pcie-4-0-hdmi-dp-2xusb-3-2-m-2-micro-atx-gama-basica\/","og_site_name":"Compuviper","article_publisher":"https:\/\/www.facebook.com\/compuviper","og_image":[{"width":200,"height":200,"url":"https:\/\/compuviper.mx\/tienda\/wp-content\/uploads\/2026\/03\/Mb-msi-h610-intel-s-1700-14a-gen2xddr4-64max-3200mhzpcie-4.0hdmidp2xusb-3.2m.2micro-atxgama-basica.jpg","type":"image\/jpeg"}],"twitter_card":"summary_large_image","twitter_misc":{"Precio":"&#36;1,069 con IVA","Availability":"In stock"},"schema":{"@context":"https:\/\/schema.org","@graph":[{"@type":"WebPage","@id":"https:\/\/compuviper.mx\/tienda\/producto\/msi-oem-pro-h610m-s-ddr4-mb-msi-h610-intel-s-1700-14a-gen-2xddr4-64max-3200mhz-pcie-4-0-hdmi-dp-2xusb-3-2-m-2-micro-atx-gama-basica\/","url":"https:\/\/compuviper.mx\/tienda\/producto\/msi-oem-pro-h610m-s-ddr4-mb-msi-h610-intel-s-1700-14a-gen-2xddr4-64max-3200mhz-pcie-4-0-hdmi-dp-2xusb-3-2-m-2-micro-atx-gama-basica\/","name":"[ Msi Oem ] &#129351; Pro H610m-s Ddr4 Mb Msi H610 Intel S-1700 14a Gen\/2xddr4 64max 3200mhz\/pcie 4.0\/hdmi\/dp\/2xusb 3.2\/m.2\/micro Atx\/gama Basica","isPartOf":{"@id":"https:\/\/compuviper.mx\/tienda\/#website"},"datePublished":"2026-04-16T06:48:21+00:00","dateModified":"2026-04-16T06:48:21+00:00","description":"Compra Pro H610m-s Ddr4 Mb Msi H610 Intel S-1700 14a Gen\/2xddr4 64max 3200mhz\/pcie 4.0\/hdmi\/dp\/2xusb 3.2\/m.2\/micro Atx\/gama Basica + Env\u00edo a domicilio + Pago seguro + Garant\u00eda","breadcrumb":{"@id":"https:\/\/compuviper.mx\/tienda\/producto\/msi-oem-pro-h610m-s-ddr4-mb-msi-h610-intel-s-1700-14a-gen-2xddr4-64max-3200mhz-pcie-4-0-hdmi-dp-2xusb-3-2-m-2-micro-atx-gama-basica\/#breadcrumb"},"inLanguage":"es-MX","potentialAction":[{"@type":"ReadAction","target":["https:\/\/compuviper.mx\/tienda\/producto\/msi-oem-pro-h610m-s-ddr4-mb-msi-h610-intel-s-1700-14a-gen-2xddr4-64max-3200mhz-pcie-4-0-hdmi-dp-2xusb-3-2-m-2-micro-atx-gama-basica\/"]}]},{"@type":"BreadcrumbList","@id":"https:\/\/compuviper.mx\/tienda\/producto\/msi-oem-pro-h610m-s-ddr4-mb-msi-h610-intel-s-1700-14a-gen-2xddr4-64max-3200mhz-pcie-4-0-hdmi-dp-2xusb-3-2-m-2-micro-atx-gama-basica\/#breadcrumb","itemListElement":[{"@type":"ListItem","position":1,"name":"Inicio","item":"https:\/\/compuviper.mx\/tienda\/"},{"@type":"ListItem","position":2,"name":"Productos","item":"https:\/\/compuviper.mx\/tienda\/productos\/"},{"@type":"ListItem","position":3,"name":"Tarjeta Madre","item":"https:\/\/compuviper.mx\/tienda\/categoria-producto\/tarjeta-madre\/"},{"@type":"ListItem","position":4,"name":"Socket 1700","item":"https:\/\/compuviper.mx\/tienda\/categoria-producto\/tarjeta-madre\/socket-1700\/"},{"@type":"ListItem","position":5,"name":"Msi Oem Pro H610m-s Ddr4 Mb Msi H610 Intel S-1700 14a Gen\/2xddr4 64max 3200mhz\/pcie 4.0\/hdmi\/dp\/2xusb 3.2\/m.2\/micro Atx\/gama Basica"}]},{"@type":"WebSite","@id":"https:\/\/compuviper.mx\/tienda\/#website","url":"https:\/\/compuviper.mx\/tienda\/","name":"Compuviper","description":"Proveedor de Computadoras, Laptops, Servidores, Monitores, Puntos de Venta, Teclados,   Impresoras, T\u00f3ner, C\u00e1maras de Seguridad y m\u00e1s en tu tienda en l\u00ednea","publisher":{"@id":"https:\/\/compuviper.mx\/tienda\/#organization"},"potentialAction":[{"@type":"SearchAction","target":{"@type":"EntryPoint","urlTemplate":"https:\/\/compuviper.mx\/tienda\/?s={search_term_string}"},"query-input":"required name=search_term_string"}],"inLanguage":"es-MX"},{"@type":"Organization","@id":"https:\/\/compuviper.mx\/tienda\/#organization","name":"Compuviper","url":"https:\/\/compuviper.mx\/tienda\/","logo":{"@type":"ImageObject","inLanguage":"es-MX","@id":"https:\/\/compuviper.mx\/tienda\/#\/schema\/logo\/image\/","url":"https:\/\/compuviper.mx\/tienda\/wp-content\/uploads\/2021\/08\/Logo-Compuviper-10.png","contentUrl":"https:\/\/compuviper.mx\/tienda\/wp-content\/uploads\/2021\/08\/Logo-Compuviper-10.png","width":1000,"height":500,"caption":"Compuviper"},"image":{"@id":"https:\/\/compuviper.mx\/tienda\/#\/schema\/logo\/image\/"},"sameAs":["https:\/\/www.facebook.com\/compuviper","https:\/\/www.youtube.com\/channel\/UCf73dERp9Y3cfOq7q8BhLjA?view_as=subscriber"]}]},"product_brand":"Msi Oem","product_price_amount":"1069","product_price_currency":"MXN","og_availability":"instock","product_availability":"instock","product_retailer_item_id":"PRO H610M-S DDR4","product_condition":"new"},"_links":{"self":[{"href":"https:\/\/compuviper.mx\/tienda\/wp-json\/wp\/v2\/product\/267649"}],"collection":[{"href":"https:\/\/compuviper.mx\/tienda\/wp-json\/wp\/v2\/product"}],"about":[{"href":"https:\/\/compuviper.mx\/tienda\/wp-json\/wp\/v2\/types\/product"}],"replies":[{"embeddable":true,"href":"https:\/\/compuviper.mx\/tienda\/wp-json\/wp\/v2\/comments?post=267649"}],"wp:featuredmedia":[{"embeddable":true,"href":"https:\/\/compuviper.mx\/tienda\/wp-json\/wp\/v2\/media\/267650"}],"wp:attachment":[{"href":"https:\/\/compuviper.mx\/tienda\/wp-json\/wp\/v2\/media?parent=267649"}],"wp:term":[{"taxonomy":"product_cat","embeddable":true,"href":"https:\/\/compuviper.mx\/tienda\/wp-json\/wp\/v2\/product_cat?post=267649"},{"taxonomy":"product_tag","embeddable":true,"href":"https:\/\/compuviper.mx\/tienda\/wp-json\/wp\/v2\/product_tag?post=267649"}],"curies":[{"name":"wp","href":"https:\/\/api.w.org\/{rel}","templated":true}]}}