{"id":267645,"date":"2026-04-25T00:40:15","date_gmt":"2026-04-25T06:40:15","guid":{"rendered":"https:\/\/compuviper.mx\/tienda\/producto\/asrock-a520m-hdv-mb-a520m-amd-am4-ddr4-4733-1-x-pcie-3-0-x16-d-sub-dvi-d-hdmi-6-x-usb-3-2-gama-baja\/"},"modified":"2026-04-26T00:00:19","modified_gmt":"2026-04-26T06:00:19","slug":"asrock-a520m-hdv-mb-a520m-amd-am4-ddr4-4733-1-x-pcie-3-0-x16-d-sub-dvi-d-hdmi-6-x-usb-3-2-gama-baja","status":"publish","type":"product","link":"https:\/\/compuviper.mx\/tienda\/producto\/asrock-a520m-hdv-mb-a520m-amd-am4-ddr4-4733-1-x-pcie-3-0-x16-d-sub-dvi-d-hdmi-6-x-usb-3-2-gama-baja\/","title":{"rendered":"Asrock A520m-hdv Mb  A520m Amd Am4 \/ Ddr4 4733 \/ 1 X Pcie 3.0 X16 \/ D-sub \/ Dvi-d \/ Hdmi \/ 6 X Usb 3.2 \/ Gama Baja"},"content":{"rendered":"<table class=\"descripcion\">\n<tr>\n<td>Caracter\u00edstica \u00fanica<\/td>\n<\/tr>\n<tr>\n<td>Asrock s\u00faper aleaci\u00f3n<\/td>\n<\/tr>\n<tr>\n<td>&#8211; estrangulador de potencia premium 50a<\/td>\n<\/tr>\n<tr>\n<td>&#8211; pcb negro zafiro<\/td>\n<\/tr>\n<tr>\n<td>&#8211; pcb de tela de vidrio de alta densidad<\/td>\n<\/tr>\n<tr>\n<td>Asrock ultra m.2 (pcie gen3 x4 y sata3)<\/td>\n<\/tr>\n<tr>\n<td>Asrock full spike protection (para todos los puertos usb, audio, lan)<\/td>\n<\/tr>\n<tr>\n<td>Actualizaci\u00f3n en vivo de asrock y tienda de aplicaciones<\/td>\n<\/tr>\n<tr>\n<td>Upc<\/td>\n<\/tr>\n<tr>\n<td>&#8211; compatible con procesadores de escritorio amd am4 socket ryzen\u0099 3000, 4000 g-series y 5000 y 5000 g-series*<\/td>\n<\/tr>\n<tr>\n<td>&#8211; dise\u00f1o de 6 fases de potencia<\/td>\n<\/tr>\n<tr>\n<td>*no compatible con amd ryzen\u0099 5 3400g y ryzen\u0099 3 3200g.<\/td>\n<\/tr>\n<tr>\n<td>Conjunto de chips<\/td>\n<\/tr>\n<tr>\n<td>-amd a520<\/td>\n<\/tr>\n<tr>\n<td>Memoria<\/td>\n<\/tr>\n<tr>\n<td>&#8211; tecnolog\u00eda de memoria ddr4 de doble canal<\/td>\n<\/tr>\n<tr>\n<td>&#8211; 2 ranuras dimm ddr4<\/td>\n<\/tr>\n<tr>\n<td>&#8211; las cpu de la serie amd ryzen (vermeer) admiten ddr4 4600+ (oc) \/ 4533 (oc) \/ 4466 (oc) \/ 4400 (oc) \/ 4333 (oc) \/ 4266 (oc) \/ 4200 (oc) \/ 4133 (oc) \/ 4000(oc) \/ 3866(oc) \/ 3800(oc) \/ 3733(oc) \/ 3600(oc) \/ 3466(oc) \/ 3200 \/ 2933 \/ 2667 \/ 2400 \/ 2133 ecc y no ecc, memoria sin b\u00fafer *<\/td>\n<\/tr>\n<tr>\n<td>&#8211; las cpu de la serie amd ryzen (matisse) admiten ddr4 4600+ (oc) \/ 4533 (oc) \/ 4466 (oc) \/ 4400 (oc) \/ 4333 (oc) \/ 4333 (oc) \/ 4266 (oc) \/ 4200 (oc) \/ 4133(oc) \/ 4000(oc) \/ 3866(oc) \/ 3800(oc) \/ 3733(oc) \/ 3600(oc) \/ 3466(oc) \/ 3200 \/ 2933 \/ 2667 \/ 2400 \/ 2133 ecc y no ecc , memoria sin b\u00fafer*<\/td>\n<\/tr>\n<tr>\n<td>&#8211; las apu de la serie amd ryzen (cezanne) son compatibles con ddr4 4733+(oc) \/ 4666(oc) \/ 4600(oc) \/ 4533(oc) \/ 4466(oc) \/ 4400(oc) \/ 4333(oc) \/ 4266(oc) \/ 4200(oc) \/ 4133(oc) \/ 4000(oc) \/ 3866(oc) \/ 3800(oc) \/ 3733(oc) \/ 3600(oc) \/ 3466(oc) \/ 3200 \/ 2933 \/ 2667 \/ 2400 \/ 2133 ecc y no ecc, memoria sin b\u00fafer*<\/td>\n<\/tr>\n<tr>\n<td>&#8211; las apu de la serie amd ryzen (renoir) son compatibles con ddr4 4733+(oc) \/ 4666(oc) \/ 4600(oc) \/ 4533(oc) \/ 4466(oc) \/ 4400(oc) \/ 4333(oc) \/ 4266(oc) \/ 4200(oc) \/ 4133(oc) \/ 4000(oc) \/ 3866(oc) \/ 3800(oc) \/ 3733(oc) \/ 3600(oc) \/ 3466(oc) \/ 3200 \/ 2933 \/ 2667 \/ 2400 \/ 2133 ecc y no ecc, memoria sin b\u00fafer*<\/td>\n<\/tr>\n<tr>\n<td>&#8211; m\u00e1x. capacidad de la memoria del sistema: 64gb**<\/td>\n<\/tr>\n<tr>\n<td>&#8211; admite m\u00f3dulos de memoria extreme memory profile (xmp)<\/td>\n<\/tr>\n<tr>\n<td>&#8211; contacto dorado de 15  and #956; en ranuras dimm<\/td>\n<\/tr>\n<tr>\n<td>*para las apu de la serie ryzen (cezanne y renoir), ecc solo es compatible con las cpu pro.<\/td>\n<\/tr>\n<tr>\n<td>Consulte la tabla a continuaci\u00f3n para conocer la compatibilidad con frecuencias de memoria no xmp de amd. para m\u00e1s detalles.<\/td>\n<\/tr>\n<tr>\n<td>Cpu de la serie ryzen (vermeer):<\/td>\n<\/tr>\n<tr>\n<td>Cpu de la serie ryzen (matisse):<\/td>\n<\/tr>\n<tr>\n<td>Apu de la serie ryzen (cezanne):<\/td>\n<\/tr>\n<tr>\n<td>Cpu de la serie ryzen:<\/td>\n<\/tr>\n<tr>\n<td>Sr: dimm de rango \u00fanico, 1rx4 o 1rx8 en la etiqueta del m\u00f3dulo dimm<\/td>\n<\/tr>\n<tr>\n<td>Dr: dimm de rango doble, 2rx4 o 2rx8 en la etiqueta del m\u00f3dulo dimm<\/td>\n<\/tr>\n<tr>\n<td>**debido a la limitaci\u00f3n del sistema operativo, el tama\u00f1o real de la memoria puede ser inferior a 4 gb para la reserva de uso del sistema con el sistema operativo windows\u00ae de 32 bits. para el sistema operativo windows\u00ae de 64 bits con cpu de 64 bits, no existe tal limitaci\u00f3n.<\/td>\n<\/tr>\n<tr>\n<td>Bios<\/td>\n<\/tr>\n<tr>\n<td>&#8211; 128mb ami uefi legal bios con soporte gui<\/td>\n<\/tr>\n<tr>\n<td>&#8211; soporta plug and play<\/td>\n<\/tr>\n<tr>\n<td>&#8211; eventos de activaci\u00f3n de cumplimiento de acpi 5.1<\/td>\n<\/tr>\n<tr>\n<td>&#8211; soporta sin puentes<\/td>\n<\/tr>\n<tr>\n<td>&#8211; compatibilidad con smbios 2.3<\/td>\n<\/tr>\n<tr>\n<td>&#8211; cpu, cpu vddcr_soc, dram, vddp voltaje multi-ajuste<\/td>\n<\/tr>\n<tr>\n<td>Gr\u00e1ficos<\/td>\n<\/tr>\n<tr>\n<td>&#8211; gr\u00e1ficos de la serie amd radeon\u0099 vega integrados en la apu de la serie ryzen*<\/td>\n<\/tr>\n<tr>\n<td>&#8211; directx 12, sombreador de p\u00edxeles 5.0<\/td>\n<\/tr>\n<tr>\n<td>&#8211; memoria compartida por defecto 2gb. la memoria max shared admite hasta 16 gb.**<\/td>\n<\/tr>\n<tr>\n<td>&#8211; tres opciones de salida de gr\u00e1ficos: d-sub, dvi-d y hdmi<\/td>\n<\/tr>\n<tr>\n<td>&#8211; soporta triple monitor<\/td>\n<\/tr>\n<tr>\n<td>&#8211; admite hdmi 2.1 con m\u00e1x. resoluci\u00f3n de hasta 4k x 2k (4096&#215;2160) @ 60hz<\/td>\n<\/tr>\n<tr>\n<td>&#8211; admite dvi-d con m\u00e1x. resoluci\u00f3n hasta 1920&#215;1200 @ 60hz<\/td>\n<\/tr>\n<tr>\n<td>&#8211; admite d-sub con m\u00e1x. resoluci\u00f3n hasta 1920&#215;1200 @ 60hz<\/td>\n<\/tr>\n<tr>\n<td>&#8211; admite auto lip sync, deep color (12bpc), xvycc y hbr (audio de alta tasa de bits) con puerto hdmi 2.1 (se requiere un monitor hdmi compatible)<\/td>\n<\/tr>\n<tr>\n<td>&#8211; soporta hdr (alto rango din\u00e1mico) con hdmi 2.1<\/td>\n<\/tr>\n<tr>\n<td>&#8211; admite hdcp 2.3 con puertos dvi-d y hdmi 2.1<\/td>\n<\/tr>\n<tr>\n<td>&#8211; admite reproducci\u00f3n 4k ultra hd (uhd) con puerto hdmi 2.1<\/td>\n<\/tr>\n<tr>\n<td>&#8211; compatible con microsoft\u00ae playready<\/td>\n<\/tr>\n<tr>\n<td>*el soporte real puede variar seg\u00fan la cpu<\/td>\n<\/tr>\n<tr>\n<td>**la memoria compartida m\u00e1xima de 16 gb requiere una memoria de sistema de 32 gb instalada.<\/td>\n<\/tr>\n<tr>\n<td>Audio<\/td>\n<\/tr>\n<tr>\n<td>&#8211; audio hd de 7.1 canales (c\u00f3dec de audio realtek alc887\/897)<\/td>\n<\/tr>\n<tr>\n<td>&#8211; admite protecci\u00f3n contra sobretensiones<\/td>\n<\/tr>\n<tr>\n<td>Lan<\/td>\n<\/tr>\n<tr>\n<td>&#8211; pcie x1 gigabit lan 10\/100\/1000 mb\/s<\/td>\n<\/tr>\n<tr>\n<td>-realtek rtl8111h<\/td>\n<\/tr>\n<tr>\n<td>&#8211; soporta wake-on-lan<\/td>\n<\/tr>\n<tr>\n<td>&#8211; admite protecci\u00f3n contra rayos\/esd<\/td>\n<\/tr>\n<tr>\n<td>&#8211; admite ethernet de bajo consumo 802.3az<\/td>\n<\/tr>\n<tr>\n<td>&#8211; soporta pxe<\/td>\n<\/tr>\n<tr>\n<td>Tragamonedas<\/td>\n<\/tr>\n<tr>\n<td>&#8211; 1 ranura pci express 3.0 x16 (pcie2: modo x16)*<\/td>\n<\/tr>\n<tr>\n<td>&#8211; 1 ranura pci express 3.0 x1<\/td>\n<\/tr>\n<tr>\n<td>* admite ssd nvme como discos de arranque<\/td>\n<\/tr>\n<tr>\n<td>Almacenamiento<\/td>\n<\/tr>\n<tr>\n<td>Upc:<\/td>\n<\/tr>\n<tr>\n<td>&#8211; 1 x ultra m.2 socket (m2_1, key m), compatible con los modos tipo 2242\/2260\/2280 sata3 6.0 gb\/s y pcie gen3x4 (32 gb\/s)*<\/td>\n<\/tr>\n<tr>\n<td>Conjunto de chips:<\/td>\n<\/tr>\n<tr>\n<td>&#8211; 4 conectores sata3 de 6,0 gb\/s<\/td>\n<\/tr>\n<tr>\n<td>* admite ssd nvme como discos de arranque<\/td>\n<\/tr>\n<tr>\n<td>Compatible con el kit asrock u.2<\/td>\n<\/tr>\n<tr>\n<td>Redada<\/td>\n<\/tr>\n<tr>\n<td>&#8211; admite raid 0, raid 1 y raid 10 para dispositivos de almacenamiento sata<\/td>\n<\/tr>\n<tr>\n<td>Conector<\/td>\n<\/tr>\n<tr>\n<td>&#8211; 1 encabezado spi tpm<\/td>\n<\/tr>\n<tr>\n<td>&#8211; 1 encabezado de puerto com<\/td>\n<\/tr>\n<tr>\n<td>&#8211; 1 x cabezal de altavoz e intrusi\u00f3n de chasis<\/td>\n<\/tr>\n<tr>\n<td>&#8211; 1 conector de ventilador de cpu (4 pines)*<\/td>\n<\/tr>\n<tr>\n<td>&#8211; 2 x conectores de ventilador de chasis (4 pines) (control de velocidad de ventilador inteligente)**<\/td>\n<\/tr>\n<tr>\n<td>&#8211; 1 conector de alimentaci\u00f3n atx de 24 pines<\/td>\n<\/tr>\n<tr>\n<td>&#8211; 1 conector de alimentaci\u00f3n de 12 v de 4 pines.<\/td>\n<\/tr>\n<tr>\n<td>&#8211; 1 x conector de audio del panel frontal<\/td>\n<\/tr>\n<tr>\n<td>&#8211; 2 cabezales usb 2.0 (compatible con 4 puertos usb 2.0) (compatible con protecci\u00f3n esd)<\/td>\n<\/tr>\n<tr>\n<td>&#8211; 1 cabezal usb 3.2 gen1 (admite 2 puertos usb 3.2 gen1) (admite protecci\u00f3n esd)<\/td>\n<\/tr>\n<tr>\n<td>*el conector del ventilador de la cpu admite el ventilador de la cpu con una potencia m\u00e1xima de ventilador de 1 a (12 w).<\/td>\n<\/tr>\n<tr>\n<td>**el ventilador del chasis es compatible con el ventilador del enfriador de agua con una potencia m\u00e1xima de ventilador de 1 a (12 w).<\/td>\n<\/tr>\n<tr>\n<td>Cha_fan2 puede detectar autom\u00e1ticamente si se est\u00e1 utilizando un ventilador de 3 o 4 pines.<\/td>\n<\/tr>\n<tr>\n<td>E\/s del panel posterior<\/td>\n<\/tr>\n<tr>\n<td>&#8211; 1 puerto para teclado\/rat\u00f3n ps\/2<\/td>\n<\/tr>\n<tr>\n<td>&#8211; 1 puerto d-sub<\/td>\n<\/tr>\n<tr>\n<td>&#8211; 1 puerto dvi-d<\/td>\n<\/tr>\n<tr>\n<td>&#8211; 1 puerto hdmi<\/td>\n<\/tr>\n<tr>\n<td>&#8211; 2 puertos usb 2.0 (compatible con protecci\u00f3n esd)<\/td>\n<\/tr>\n<tr>\n<td>&#8211; 4 x usb 3.2 gen1p<\/td>\n<\/tr>\n<\/table>\n","protected":false},"excerpt":{"rendered":"<p>Admite procesadores de escritorio amd am4 socket ryzen\u0099 3000, 4000 g-series y 5000 y 5000 g-series. Dise\u00f1o de potencia de 6 fases. Compatible con ddr4 4733+ (oc. 1 x pcie 3.0 x16, 1 x pcie 3.0 x1. Opciones de salida de gr\u00e1ficos: d-sub, dvi-d, hdmi. Audio hd de 7.1 canales (c\u00f3dec de audio realtek alc887. 4 x sata3, 1 x ultra m.2 (gen3 x4 y sata3. 6 x usb 3.2 gen1 (4 x traseros, 2 x delanteros. 6 x usb 2.0 (2 x traseros, 4 x delanteros. Lan gigabit realtek. *no compatible con amd ryzen\u0099 5 3400g y ryzen\u0099 3 3200g.<\/p>\n","protected":false},"featured_media":267646,"comment_status":"open","ping_status":"open","template":"","meta":[],"product_cat":[2025,1727],"product_tag":[2148],"acf":[],"yoast_head":"<!-- This site is optimized with the Yoast SEO plugin v21.7 - https:\/\/yoast.com\/wordpress\/plugins\/seo\/ -->\n<title>[ Asrock ] &#129351; A520m-hdv Mb A520m Amd Am4 \/ Ddr4 4733 \/ 1 X Pcie 3.0 X16 \/ D-sub \/ Dvi-d \/ Hdmi \/ 6 X Usb 3.2 \/ Gama Baja<\/title>\n<meta name=\"description\" content=\"Compra A520m-hdv Mb A520m Amd Am4 \/ Ddr4 4733 \/ 1 X Pcie 3.0 X16 \/ D-sub \/ Dvi-d \/ Hdmi \/ 6 X Usb 3.2 \/ Gama Baja + Env\u00edo a domicilio + Pago seguro + Garant\u00eda\" \/>\n<meta name=\"robots\" content=\"index, follow, max-snippet:-1, max-image-preview:large, max-video-preview:-1\" \/>\n<link rel=\"canonical\" href=\"https:\/\/compuviper.mx\/tienda\/producto\/asrock-a520m-hdv-mb-a520m-amd-am4-ddr4-4733-1-x-pcie-3-0-x16-d-sub-dvi-d-hdmi-6-x-usb-3-2-gama-baja\/\" \/>\n<meta property=\"og:locale\" content=\"es_MX\" \/>\n<meta property=\"og:type\" content=\"article\" \/>\n<meta property=\"og:title\" content=\"[ Asrock ] &#129351; A520m-hdv Mb A520m Amd Am4 \/ Ddr4 4733 \/ 1 X Pcie 3.0 X16 \/ D-sub \/ Dvi-d \/ Hdmi \/ 6 X Usb 3.2 \/ Gama Baja\" \/>\n<meta property=\"og:description\" content=\"Compra A520m-hdv Mb A520m Amd Am4 \/ Ddr4 4733 \/ 1 X Pcie 3.0 X16 \/ D-sub \/ Dvi-d \/ Hdmi \/ 6 X Usb 3.2 \/ Gama Baja + Env\u00edo a domicilio + Pago seguro + Garant\u00eda\" \/>\n<meta property=\"og:url\" content=\"https:\/\/compuviper.mx\/tienda\/producto\/asrock-a520m-hdv-mb-a520m-amd-am4-ddr4-4733-1-x-pcie-3-0-x16-d-sub-dvi-d-hdmi-6-x-usb-3-2-gama-baja\/\" \/>\n<meta property=\"og:site_name\" content=\"Compuviper\" \/>\n<meta property=\"article:publisher\" content=\"https:\/\/www.facebook.com\/compuviper\" \/>\n<meta property=\"article:modified_time\" content=\"2026-04-26T06:00:19+00:00\" \/>\n<meta property=\"og:image\" content=\"https:\/\/compuviper.mx\/tienda\/wp-content\/uploads\/2026\/03\/Mb-asrock-a520m-amd-am4-ddr4-4733-1-x-pcie-3.0-x16-d-sub-dvi-d-hdmi-6-x-usb-3.2-gama-baja.jpg\" \/>\n\t<meta property=\"og:image:width\" content=\"200\" \/>\n\t<meta property=\"og:image:height\" content=\"200\" \/>\n\t<meta property=\"og:image:type\" content=\"image\/jpeg\" \/>\n<meta name=\"twitter:card\" content=\"summary_large_image\" \/>\n<meta name=\"twitter:label1\" content=\"Precio\" \/>\n\t<meta name=\"twitter:data1\" content=\"&#36;811 con IVA\" \/>\n\t<meta name=\"twitter:label2\" content=\"Availability\" \/>\n\t<meta name=\"twitter:data2\" content=\"In stock\" \/>\n<script type=\"application\/ld+json\" class=\"yoast-schema-graph\">{\"@context\":\"https:\/\/schema.org\",\"@graph\":[{\"@type\":\"WebPage\",\"@id\":\"https:\/\/compuviper.mx\/tienda\/producto\/asrock-a520m-hdv-mb-a520m-amd-am4-ddr4-4733-1-x-pcie-3-0-x16-d-sub-dvi-d-hdmi-6-x-usb-3-2-gama-baja\/\",\"url\":\"https:\/\/compuviper.mx\/tienda\/producto\/asrock-a520m-hdv-mb-a520m-amd-am4-ddr4-4733-1-x-pcie-3-0-x16-d-sub-dvi-d-hdmi-6-x-usb-3-2-gama-baja\/\",\"name\":\"[ Asrock ] &#129351; A520m-hdv Mb A520m Amd Am4 \/ Ddr4 4733 \/ 1 X Pcie 3.0 X16 \/ D-sub \/ Dvi-d \/ Hdmi \/ 6 X Usb 3.2 \/ Gama Baja\",\"isPartOf\":{\"@id\":\"https:\/\/compuviper.mx\/tienda\/#website\"},\"datePublished\":\"2026-04-25T06:40:15+00:00\",\"dateModified\":\"2026-04-26T06:00:19+00:00\",\"description\":\"Compra A520m-hdv Mb A520m Amd Am4 \/ Ddr4 4733 \/ 1 X Pcie 3.0 X16 \/ D-sub \/ Dvi-d \/ Hdmi \/ 6 X Usb 3.2 \/ Gama Baja + Env\u00edo a domicilio + Pago seguro + Garant\u00eda\",\"breadcrumb\":{\"@id\":\"https:\/\/compuviper.mx\/tienda\/producto\/asrock-a520m-hdv-mb-a520m-amd-am4-ddr4-4733-1-x-pcie-3-0-x16-d-sub-dvi-d-hdmi-6-x-usb-3-2-gama-baja\/#breadcrumb\"},\"inLanguage\":\"es-MX\",\"potentialAction\":[{\"@type\":\"ReadAction\",\"target\":[\"https:\/\/compuviper.mx\/tienda\/producto\/asrock-a520m-hdv-mb-a520m-amd-am4-ddr4-4733-1-x-pcie-3-0-x16-d-sub-dvi-d-hdmi-6-x-usb-3-2-gama-baja\/\"]}]},{\"@type\":\"BreadcrumbList\",\"@id\":\"https:\/\/compuviper.mx\/tienda\/producto\/asrock-a520m-hdv-mb-a520m-amd-am4-ddr4-4733-1-x-pcie-3-0-x16-d-sub-dvi-d-hdmi-6-x-usb-3-2-gama-baja\/#breadcrumb\",\"itemListElement\":[{\"@type\":\"ListItem\",\"position\":1,\"name\":\"Inicio\",\"item\":\"https:\/\/compuviper.mx\/tienda\/\"},{\"@type\":\"ListItem\",\"position\":2,\"name\":\"Productos\",\"item\":\"https:\/\/compuviper.mx\/tienda\/productos\/\"},{\"@type\":\"ListItem\",\"position\":3,\"name\":\"Tarjeta Madre\",\"item\":\"https:\/\/compuviper.mx\/tienda\/categoria-producto\/tarjeta-madre\/\"},{\"@type\":\"ListItem\",\"position\":4,\"name\":\"Sin Categor\u00eda\",\"item\":\"https:\/\/compuviper.mx\/tienda\/categoria-producto\/tarjeta-madre\/sin-categoria-tarjeta-madre\/\"},{\"@type\":\"ListItem\",\"position\":5,\"name\":\"Asrock A520m-hdv Mb A520m Amd Am4 \/ Ddr4 4733 \/ 1 X Pcie 3.0 X16 \/ D-sub \/ Dvi-d \/ Hdmi \/ 6 X Usb 3.2 \/ Gama Baja\"}]},{\"@type\":\"WebSite\",\"@id\":\"https:\/\/compuviper.mx\/tienda\/#website\",\"url\":\"https:\/\/compuviper.mx\/tienda\/\",\"name\":\"Compuviper\",\"description\":\"Proveedor de Computadoras, Laptops, Servidores, Monitores, Puntos de Venta, Teclados,   Impresoras, T\u00f3ner, C\u00e1maras de Seguridad y m\u00e1s en tu tienda en l\u00ednea\",\"publisher\":{\"@id\":\"https:\/\/compuviper.mx\/tienda\/#organization\"},\"potentialAction\":[{\"@type\":\"SearchAction\",\"target\":{\"@type\":\"EntryPoint\",\"urlTemplate\":\"https:\/\/compuviper.mx\/tienda\/?s={search_term_string}\"},\"query-input\":\"required name=search_term_string\"}],\"inLanguage\":\"es-MX\"},{\"@type\":\"Organization\",\"@id\":\"https:\/\/compuviper.mx\/tienda\/#organization\",\"name\":\"Compuviper\",\"url\":\"https:\/\/compuviper.mx\/tienda\/\",\"logo\":{\"@type\":\"ImageObject\",\"inLanguage\":\"es-MX\",\"@id\":\"https:\/\/compuviper.mx\/tienda\/#\/schema\/logo\/image\/\",\"url\":\"https:\/\/compuviper.mx\/tienda\/wp-content\/uploads\/2021\/08\/Logo-Compuviper-10.png\",\"contentUrl\":\"https:\/\/compuviper.mx\/tienda\/wp-content\/uploads\/2021\/08\/Logo-Compuviper-10.png\",\"width\":1000,\"height\":500,\"caption\":\"Compuviper\"},\"image\":{\"@id\":\"https:\/\/compuviper.mx\/tienda\/#\/schema\/logo\/image\/\"},\"sameAs\":[\"https:\/\/www.facebook.com\/compuviper\",\"https:\/\/www.youtube.com\/channel\/UCf73dERp9Y3cfOq7q8BhLjA?view_as=subscriber\"]}]}<\/script>\n<meta property=\"product:brand\" content=\"Asrock\" \/>\n<meta property=\"product:price:amount\" content=\"811\" \/>\n<meta property=\"product:price:currency\" content=\"MXN\" \/>\n<meta property=\"og:availability\" content=\"instock\" \/>\n<meta property=\"product:availability\" content=\"instock\" \/>\n<meta property=\"product:retailer_item_id\" content=\"A520M-HDV\" \/>\n<meta property=\"product:condition\" content=\"new\" \/>\n<!-- \/ Yoast SEO plugin. -->","yoast_head_json":{"title":"[ Asrock ] &#129351; A520m-hdv Mb A520m Amd Am4 \/ Ddr4 4733 \/ 1 X Pcie 3.0 X16 \/ D-sub \/ Dvi-d \/ Hdmi \/ 6 X Usb 3.2 \/ Gama Baja","description":"Compra A520m-hdv Mb A520m Amd Am4 \/ Ddr4 4733 \/ 1 X Pcie 3.0 X16 \/ D-sub \/ Dvi-d \/ Hdmi \/ 6 X Usb 3.2 \/ Gama Baja + Env\u00edo a domicilio + Pago seguro + Garant\u00eda","robots":{"index":"index","follow":"follow","max-snippet":"max-snippet:-1","max-image-preview":"max-image-preview:large","max-video-preview":"max-video-preview:-1"},"canonical":"https:\/\/compuviper.mx\/tienda\/producto\/asrock-a520m-hdv-mb-a520m-amd-am4-ddr4-4733-1-x-pcie-3-0-x16-d-sub-dvi-d-hdmi-6-x-usb-3-2-gama-baja\/","og_locale":"es_MX","og_type":"article","og_title":"[ Asrock ] &#129351; A520m-hdv Mb A520m Amd Am4 \/ Ddr4 4733 \/ 1 X Pcie 3.0 X16 \/ D-sub \/ Dvi-d \/ Hdmi \/ 6 X Usb 3.2 \/ Gama Baja","og_description":"Compra A520m-hdv Mb A520m Amd Am4 \/ Ddr4 4733 \/ 1 X Pcie 3.0 X16 \/ D-sub \/ Dvi-d \/ Hdmi \/ 6 X Usb 3.2 \/ Gama Baja + Env\u00edo a domicilio + Pago seguro + Garant\u00eda","og_url":"https:\/\/compuviper.mx\/tienda\/producto\/asrock-a520m-hdv-mb-a520m-amd-am4-ddr4-4733-1-x-pcie-3-0-x16-d-sub-dvi-d-hdmi-6-x-usb-3-2-gama-baja\/","og_site_name":"Compuviper","article_publisher":"https:\/\/www.facebook.com\/compuviper","article_modified_time":"2026-04-26T06:00:19+00:00","og_image":[{"width":200,"height":200,"url":"https:\/\/compuviper.mx\/tienda\/wp-content\/uploads\/2026\/03\/Mb-asrock-a520m-amd-am4-ddr4-4733-1-x-pcie-3.0-x16-d-sub-dvi-d-hdmi-6-x-usb-3.2-gama-baja.jpg","type":"image\/jpeg"}],"twitter_card":"summary_large_image","twitter_misc":{"Precio":"&#36;811 con IVA","Availability":"In stock"},"schema":{"@context":"https:\/\/schema.org","@graph":[{"@type":"WebPage","@id":"https:\/\/compuviper.mx\/tienda\/producto\/asrock-a520m-hdv-mb-a520m-amd-am4-ddr4-4733-1-x-pcie-3-0-x16-d-sub-dvi-d-hdmi-6-x-usb-3-2-gama-baja\/","url":"https:\/\/compuviper.mx\/tienda\/producto\/asrock-a520m-hdv-mb-a520m-amd-am4-ddr4-4733-1-x-pcie-3-0-x16-d-sub-dvi-d-hdmi-6-x-usb-3-2-gama-baja\/","name":"[ Asrock ] &#129351; A520m-hdv Mb A520m Amd Am4 \/ Ddr4 4733 \/ 1 X Pcie 3.0 X16 \/ D-sub \/ Dvi-d \/ Hdmi \/ 6 X Usb 3.2 \/ Gama Baja","isPartOf":{"@id":"https:\/\/compuviper.mx\/tienda\/#website"},"datePublished":"2026-04-25T06:40:15+00:00","dateModified":"2026-04-26T06:00:19+00:00","description":"Compra A520m-hdv Mb A520m Amd Am4 \/ Ddr4 4733 \/ 1 X Pcie 3.0 X16 \/ D-sub \/ Dvi-d \/ Hdmi \/ 6 X Usb 3.2 \/ Gama Baja + Env\u00edo a domicilio + Pago seguro + Garant\u00eda","breadcrumb":{"@id":"https:\/\/compuviper.mx\/tienda\/producto\/asrock-a520m-hdv-mb-a520m-amd-am4-ddr4-4733-1-x-pcie-3-0-x16-d-sub-dvi-d-hdmi-6-x-usb-3-2-gama-baja\/#breadcrumb"},"inLanguage":"es-MX","potentialAction":[{"@type":"ReadAction","target":["https:\/\/compuviper.mx\/tienda\/producto\/asrock-a520m-hdv-mb-a520m-amd-am4-ddr4-4733-1-x-pcie-3-0-x16-d-sub-dvi-d-hdmi-6-x-usb-3-2-gama-baja\/"]}]},{"@type":"BreadcrumbList","@id":"https:\/\/compuviper.mx\/tienda\/producto\/asrock-a520m-hdv-mb-a520m-amd-am4-ddr4-4733-1-x-pcie-3-0-x16-d-sub-dvi-d-hdmi-6-x-usb-3-2-gama-baja\/#breadcrumb","itemListElement":[{"@type":"ListItem","position":1,"name":"Inicio","item":"https:\/\/compuviper.mx\/tienda\/"},{"@type":"ListItem","position":2,"name":"Productos","item":"https:\/\/compuviper.mx\/tienda\/productos\/"},{"@type":"ListItem","position":3,"name":"Tarjeta Madre","item":"https:\/\/compuviper.mx\/tienda\/categoria-producto\/tarjeta-madre\/"},{"@type":"ListItem","position":4,"name":"Sin Categor\u00eda","item":"https:\/\/compuviper.mx\/tienda\/categoria-producto\/tarjeta-madre\/sin-categoria-tarjeta-madre\/"},{"@type":"ListItem","position":5,"name":"Asrock A520m-hdv Mb A520m Amd Am4 \/ Ddr4 4733 \/ 1 X Pcie 3.0 X16 \/ D-sub \/ Dvi-d \/ Hdmi \/ 6 X Usb 3.2 \/ Gama Baja"}]},{"@type":"WebSite","@id":"https:\/\/compuviper.mx\/tienda\/#website","url":"https:\/\/compuviper.mx\/tienda\/","name":"Compuviper","description":"Proveedor de Computadoras, Laptops, Servidores, Monitores, Puntos de Venta, Teclados,   Impresoras, T\u00f3ner, C\u00e1maras de Seguridad y m\u00e1s en tu tienda en l\u00ednea","publisher":{"@id":"https:\/\/compuviper.mx\/tienda\/#organization"},"potentialAction":[{"@type":"SearchAction","target":{"@type":"EntryPoint","urlTemplate":"https:\/\/compuviper.mx\/tienda\/?s={search_term_string}"},"query-input":"required name=search_term_string"}],"inLanguage":"es-MX"},{"@type":"Organization","@id":"https:\/\/compuviper.mx\/tienda\/#organization","name":"Compuviper","url":"https:\/\/compuviper.mx\/tienda\/","logo":{"@type":"ImageObject","inLanguage":"es-MX","@id":"https:\/\/compuviper.mx\/tienda\/#\/schema\/logo\/image\/","url":"https:\/\/compuviper.mx\/tienda\/wp-content\/uploads\/2021\/08\/Logo-Compuviper-10.png","contentUrl":"https:\/\/compuviper.mx\/tienda\/wp-content\/uploads\/2021\/08\/Logo-Compuviper-10.png","width":1000,"height":500,"caption":"Compuviper"},"image":{"@id":"https:\/\/compuviper.mx\/tienda\/#\/schema\/logo\/image\/"},"sameAs":["https:\/\/www.facebook.com\/compuviper","https:\/\/www.youtube.com\/channel\/UCf73dERp9Y3cfOq7q8BhLjA?view_as=subscriber"]}]},"product_brand":"Asrock","product_price_amount":"811","product_price_currency":"MXN","og_availability":"instock","product_availability":"instock","product_retailer_item_id":"A520M-HDV","product_condition":"new"},"_links":{"self":[{"href":"https:\/\/compuviper.mx\/tienda\/wp-json\/wp\/v2\/product\/267645"}],"collection":[{"href":"https:\/\/compuviper.mx\/tienda\/wp-json\/wp\/v2\/product"}],"about":[{"href":"https:\/\/compuviper.mx\/tienda\/wp-json\/wp\/v2\/types\/product"}],"replies":[{"embeddable":true,"href":"https:\/\/compuviper.mx\/tienda\/wp-json\/wp\/v2\/comments?post=267645"}],"wp:featuredmedia":[{"embeddable":true,"href":"https:\/\/compuviper.mx\/tienda\/wp-json\/wp\/v2\/media\/267646"}],"wp:attachment":[{"href":"https:\/\/compuviper.mx\/tienda\/wp-json\/wp\/v2\/media?parent=267645"}],"wp:term":[{"taxonomy":"product_cat","embeddable":true,"href":"https:\/\/compuviper.mx\/tienda\/wp-json\/wp\/v2\/product_cat?post=267645"},{"taxonomy":"product_tag","embeddable":true,"href":"https:\/\/compuviper.mx\/tienda\/wp-json\/wp\/v2\/product_tag?post=267645"}],"curies":[{"name":"wp","href":"https:\/\/api.w.org\/{rel}","templated":true}]}}