{"id":267553,"date":"2026-05-12T01:27:50","date_gmt":"2026-05-12T07:27:50","guid":{"rendered":"https:\/\/compuviper.mx\/tienda\/producto\/asus-oem-pn42-bbfn1000x1fc197105799660-mini-pc-asus-expertcenter-pn42-processor-n100-hasta-3-4-ghz-4-cores-sodimm-ddr4-3200-hdmi-dp-4x-usb-3-2-2x-lan-2-5g-puerto-serial\/"},"modified":"2026-05-12T01:27:51","modified_gmt":"2026-05-12T07:27:51","slug":"asus-oem-pn42-bbfn1000x1fc197105799660-mini-pc-asus-expertcenter-pn42-processor-n100-hasta-3-4-ghz-4-cores-sodimm-ddr4-3200-hdmi-dp-4x-usb-3-2-2x-lan-2-5g-puerto-serial-fanless","status":"publish","type":"product","link":"https:\/\/compuviper.mx\/tienda\/producto\/asus-oem-pn42-bbfn1000x1fc197105799660-mini-pc-asus-expertcenter-pn42-processor-n100-hasta-3-4-ghz-4-cores-sodimm-ddr4-3200-hdmi-dp-4x-usb-3-2-2x-lan-2-5g-puerto-serial-fanless\/","title":{"rendered":"Asus Oem Pn42-bbfn1000x1fc,197105799660 Mini Pc Asus Expertcenter Pn42 Processor N100 Hasta 3.4 Ghz \/4 Cores \/sodimm Ddr4 3200 \/hdmi \/dp \/4x Usb 3.2 \/2x Lan 2.5g \/puerto Serial \/fanless"},"content":{"rendered":"<table class=\"descripcion\">\n<tr>\n<td>Asus expertcenter pn42-bbfn1000x1fc<\/td>\n<\/tr>\n<tr>\n<td>Sistema operativo<\/td>\n<\/tr>\n<tr>\n<td>No incluido, soporta windows10\/11<\/td>\n<\/tr>\n<tr>\n<td>Procesador<\/td>\n<\/tr>\n<tr>\n<td>Intel processor n100 \u0096 hasta 3.40 ghz (4 cores, 4 threads), tdp 6w chipset integrado<\/td>\n<\/tr>\n<tr>\n<td>Graficos<\/td>\n<\/tr>\n<tr>\n<td>Intel uhd graphics<\/td>\n<\/tr>\n<tr>\n<td>Memor\u00eda ram<\/td>\n<\/tr>\n<tr>\n<td>No incluido, soporta hasta 1 x ddr4 so-dimm, max. 16gb x 1<\/td>\n<\/tr>\n<tr>\n<td>Almacenamiento<\/td>\n<\/tr>\n<tr>\n<td>No incluido, soporta 1 x m.2 2280 pcie gen3x4, nvme\u0099 ssd<\/td>\n<\/tr>\n<tr>\n<td>Red inalambrica<\/td>\n<\/tr>\n<tr>\n<td>Intel ax211 (gig+), wi-fi 6e, 2&#215;2 y bluetooth 5.2<\/td>\n<\/tr>\n<tr>\n<td>Lan<\/td>\n<\/tr>\n<tr>\n<td>2 x realtek rtl8125b-cg (2.5 gbe)<\/td>\n<\/tr>\n<tr>\n<td>Puertos frontales<\/td>\n<\/tr>\n<tr>\n<td>2 x usb 3.2 gen2 type-a (5v\/0.9a, 10gbps)<\/td>\n<\/tr>\n<tr>\n<td>1 x audio jack (mic in)<\/td>\n<\/tr>\n<tr>\n<td>1 x audio jack (line out\/mic in\/headphone out)<\/td>\n<\/tr>\n<tr>\n<td>1 x ir receiver<\/td>\n<\/tr>\n<tr>\n<td>Puertos posteriores<\/td>\n<\/tr>\n<tr>\n<td>2 x usb 3.2 gen1 type-a (5v\/0.9a, 5gbps)<\/td>\n<\/tr>\n<tr>\n<td>3 x usb 2.0 type-a (5v\/0.5a, 480mbps)<\/td>\n<\/tr>\n<tr>\n<td>1 x displayport 1.4<\/td>\n<\/tr>\n<tr>\n<td>1 x hdmi (up to 4k@60hz)<\/td>\n<\/tr>\n<tr>\n<td>2 x realtek\u00ae 2.5g lan (rj45)<\/td>\n<\/tr>\n<tr>\n<td>1 x port com<\/td>\n<\/tr>\n<tr>\n<td>1 x kensington lock slot<\/td>\n<\/tr>\n<tr>\n<td>1 x padlock ring<\/td>\n<\/tr>\n<tr>\n<td>Fuente de energ\u00eda<\/td>\n<\/tr>\n<tr>\n<td>Adaptador de energ\u00eda de 65w (19vdc, 3.42a)<\/td>\n<\/tr>\n<tr>\n<td>Dimensiones<\/td>\n<\/tr>\n<tr>\n<td>127.5 x 132 x 57.6 mm; 1.0kg<\/td>\n<\/tr>\n<tr>\n<td>Accesorios<\/td>\n<\/tr>\n<tr>\n<td>Adaptador de ca y cable de alimentaci\u00f3n<\/td>\n<\/tr>\n<tr>\n<td>Tarjeta de garant\u00eda<\/td>\n<\/tr>\n<tr>\n<td>Gu\u00eda de inicio r\u00e1pido<\/td>\n<\/tr>\n<tr>\n<td>Montaje vesa<\/td>\n<\/tr>\n<tr>\n<td>Garant\u00eda<\/td>\n<\/tr>\n<tr>\n<td>3 a\u00f1os<\/td>\n<\/tr>\n<\/table>\n","protected":false},"excerpt":{"rendered":"<p>Mini pc ultracompacta sin ventilador con procesador intel n100 y graficos intel uhd, admite pantallas triples o pantallas duales 4k, 1 ssd pcie gen3 x4 m.2 nvme, lan dual de 2.5 gb, wifi 6e<\/p>\n","protected":false},"featured_media":267554,"comment_status":"open","ping_status":"open","template":"","meta":[],"product_cat":[1971,1978],"product_tag":[2096],"acf":[],"yoast_head":"<!-- This site is optimized with the Yoast SEO plugin v21.7 - https:\/\/yoast.com\/wordpress\/plugins\/seo\/ -->\n<title>[ Asus Oem ] &#129351; Pn42-bbfn1000x1fc,197105799660 Mini Pc Asus Expertcenter Pn42 Processor N100 Hasta 3.4 Ghz \/4 Cores \/sodimm Ddr4 3200 \/hdmi \/dp \/4x Usb 3.2 \/2x Lan 2.5g \/puerto Serial \/fanless<\/title>\n<meta name=\"description\" content=\"Compra Pn42-bbfn1000x1fc,197105799660 Mini Pc Asus Expertcenter Pn42 Processor N100 Hasta 3.4 Ghz \/4 Cores \/sodimm Ddr4 3200 \/hdmi \/dp \/4x Usb 3.2 \/2x Lan 2.5g \/puerto Serial \/fanless + Env\u00edo a domicilio + Pago seguro + Garant\u00eda\" \/>\n<meta name=\"robots\" content=\"index, follow, max-snippet:-1, max-image-preview:large, max-video-preview:-1\" \/>\n<link rel=\"canonical\" href=\"https:\/\/compuviper.mx\/tienda\/producto\/asus-oem-pn42-bbfn1000x1fc197105799660-mini-pc-asus-expertcenter-pn42-processor-n100-hasta-3-4-ghz-4-cores-sodimm-ddr4-3200-hdmi-dp-4x-usb-3-2-2x-lan-2-5g-puerto-serial-fanless\/\" \/>\n<meta property=\"og:locale\" content=\"es_MX\" \/>\n<meta property=\"og:type\" content=\"article\" \/>\n<meta property=\"og:title\" content=\"[ Asus Oem ] &#129351; Pn42-bbfn1000x1fc,197105799660 Mini Pc Asus Expertcenter Pn42 Processor N100 Hasta 3.4 Ghz \/4 Cores \/sodimm Ddr4 3200 \/hdmi \/dp \/4x Usb 3.2 \/2x Lan 2.5g \/puerto Serial \/fanless\" \/>\n<meta property=\"og:description\" content=\"Compra Pn42-bbfn1000x1fc,197105799660 Mini Pc Asus Expertcenter Pn42 Processor N100 Hasta 3.4 Ghz \/4 Cores \/sodimm Ddr4 3200 \/hdmi \/dp \/4x Usb 3.2 \/2x Lan 2.5g \/puerto Serial \/fanless + Env\u00edo a domicilio + Pago seguro + Garant\u00eda\" \/>\n<meta property=\"og:url\" content=\"https:\/\/compuviper.mx\/tienda\/producto\/asus-oem-pn42-bbfn1000x1fc197105799660-mini-pc-asus-expertcenter-pn42-processor-n100-hasta-3-4-ghz-4-cores-sodimm-ddr4-3200-hdmi-dp-4x-usb-3-2-2x-lan-2-5g-puerto-serial-fanless\/\" \/>\n<meta property=\"og:site_name\" content=\"Compuviper\" \/>\n<meta property=\"article:publisher\" content=\"https:\/\/www.facebook.com\/compuviper\" \/>\n<meta property=\"article:modified_time\" content=\"2026-05-12T07:27:51+00:00\" \/>\n<meta property=\"og:image\" content=\"https:\/\/compuviper.mx\/tienda\/wp-content\/uploads\/2026\/02\/Mini-pc-asus-expertcenter-pn42-processor-n100-hasta-3.4-ghz-4-cores-sodimm-ddr4-3200-hdmi-dp-4x-usb-3.2-2x-lan-2.5g-puerto-serial.jpg\" \/>\n\t<meta property=\"og:image:width\" content=\"200\" \/>\n\t<meta property=\"og:image:height\" content=\"200\" \/>\n\t<meta property=\"og:image:type\" content=\"image\/jpeg\" \/>\n<meta name=\"twitter:card\" content=\"summary_large_image\" \/>\n<meta name=\"twitter:label1\" content=\"Precio\" \/>\n\t<meta name=\"twitter:data1\" content=\"&#36;2,691 con IVA\" \/>\n\t<meta name=\"twitter:label2\" content=\"Availability\" \/>\n\t<meta name=\"twitter:data2\" content=\"In stock\" \/>\n<script type=\"application\/ld+json\" class=\"yoast-schema-graph\">{\"@context\":\"https:\/\/schema.org\",\"@graph\":[{\"@type\":\"WebPage\",\"@id\":\"https:\/\/compuviper.mx\/tienda\/producto\/asus-oem-pn42-bbfn1000x1fc197105799660-mini-pc-asus-expertcenter-pn42-processor-n100-hasta-3-4-ghz-4-cores-sodimm-ddr4-3200-hdmi-dp-4x-usb-3-2-2x-lan-2-5g-puerto-serial-fanless\/\",\"url\":\"https:\/\/compuviper.mx\/tienda\/producto\/asus-oem-pn42-bbfn1000x1fc197105799660-mini-pc-asus-expertcenter-pn42-processor-n100-hasta-3-4-ghz-4-cores-sodimm-ddr4-3200-hdmi-dp-4x-usb-3-2-2x-lan-2-5g-puerto-serial-fanless\/\",\"name\":\"[ Asus Oem ] &#129351; Pn42-bbfn1000x1fc,197105799660 Mini Pc Asus Expertcenter Pn42 Processor N100 Hasta 3.4 Ghz \/4 Cores \/sodimm Ddr4 3200 \/hdmi \/dp \/4x Usb 3.2 \/2x Lan 2.5g \/puerto Serial \/fanless\",\"isPartOf\":{\"@id\":\"https:\/\/compuviper.mx\/tienda\/#website\"},\"datePublished\":\"2026-05-12T07:27:50+00:00\",\"dateModified\":\"2026-05-12T07:27:51+00:00\",\"description\":\"Compra Pn42-bbfn1000x1fc,197105799660 Mini Pc Asus Expertcenter Pn42 Processor N100 Hasta 3.4 Ghz \/4 Cores \/sodimm Ddr4 3200 \/hdmi \/dp \/4x Usb 3.2 \/2x Lan 2.5g \/puerto Serial \/fanless + Env\u00edo a domicilio + Pago seguro + Garant\u00eda\",\"breadcrumb\":{\"@id\":\"https:\/\/compuviper.mx\/tienda\/producto\/asus-oem-pn42-bbfn1000x1fc197105799660-mini-pc-asus-expertcenter-pn42-processor-n100-hasta-3-4-ghz-4-cores-sodimm-ddr4-3200-hdmi-dp-4x-usb-3-2-2x-lan-2-5g-puerto-serial-fanless\/#breadcrumb\"},\"inLanguage\":\"es-MX\",\"potentialAction\":[{\"@type\":\"ReadAction\",\"target\":[\"https:\/\/compuviper.mx\/tienda\/producto\/asus-oem-pn42-bbfn1000x1fc197105799660-mini-pc-asus-expertcenter-pn42-processor-n100-hasta-3-4-ghz-4-cores-sodimm-ddr4-3200-hdmi-dp-4x-usb-3-2-2x-lan-2-5g-puerto-serial-fanless\/\"]}]},{\"@type\":\"BreadcrumbList\",\"@id\":\"https:\/\/compuviper.mx\/tienda\/producto\/asus-oem-pn42-bbfn1000x1fc197105799660-mini-pc-asus-expertcenter-pn42-processor-n100-hasta-3-4-ghz-4-cores-sodimm-ddr4-3200-hdmi-dp-4x-usb-3-2-2x-lan-2-5g-puerto-serial-fanless\/#breadcrumb\",\"itemListElement\":[{\"@type\":\"ListItem\",\"position\":1,\"name\":\"Inicio\",\"item\":\"https:\/\/compuviper.mx\/tienda\/\"},{\"@type\":\"ListItem\",\"position\":2,\"name\":\"Productos\",\"item\":\"https:\/\/compuviper.mx\/tienda\/productos\/\"},{\"@type\":\"ListItem\",\"position\":3,\"name\":\"Computadoras\",\"item\":\"https:\/\/compuviper.mx\/tienda\/categoria-producto\/computadoras\/\"},{\"@type\":\"ListItem\",\"position\":4,\"name\":\"Mini Pc\u00b4s\",\"item\":\"https:\/\/compuviper.mx\/tienda\/categoria-producto\/computadoras\/mini-pcs\/\"},{\"@type\":\"ListItem\",\"position\":5,\"name\":\"Asus Oem Pn42-bbfn1000x1fc,197105799660 Mini Pc Asus Expertcenter Pn42 Processor N100 Hasta 3.4 Ghz \/4 Cores \/sodimm Ddr4 3200 \/hdmi \/dp \/4x Usb 3.2 \/2x Lan 2.5g \/puerto Serial \/fanless\"}]},{\"@type\":\"WebSite\",\"@id\":\"https:\/\/compuviper.mx\/tienda\/#website\",\"url\":\"https:\/\/compuviper.mx\/tienda\/\",\"name\":\"Compuviper\",\"description\":\"Proveedor de Computadoras, Laptops, Servidores, Monitores, Puntos de Venta, Teclados,   Impresoras, T\u00f3ner, C\u00e1maras de Seguridad y m\u00e1s en tu tienda en l\u00ednea\",\"publisher\":{\"@id\":\"https:\/\/compuviper.mx\/tienda\/#organization\"},\"potentialAction\":[{\"@type\":\"SearchAction\",\"target\":{\"@type\":\"EntryPoint\",\"urlTemplate\":\"https:\/\/compuviper.mx\/tienda\/?s={search_term_string}\"},\"query-input\":\"required name=search_term_string\"}],\"inLanguage\":\"es-MX\"},{\"@type\":\"Organization\",\"@id\":\"https:\/\/compuviper.mx\/tienda\/#organization\",\"name\":\"Compuviper\",\"url\":\"https:\/\/compuviper.mx\/tienda\/\",\"logo\":{\"@type\":\"ImageObject\",\"inLanguage\":\"es-MX\",\"@id\":\"https:\/\/compuviper.mx\/tienda\/#\/schema\/logo\/image\/\",\"url\":\"https:\/\/compuviper.mx\/tienda\/wp-content\/uploads\/2021\/08\/Logo-Compuviper-10.png\",\"contentUrl\":\"https:\/\/compuviper.mx\/tienda\/wp-content\/uploads\/2021\/08\/Logo-Compuviper-10.png\",\"width\":1000,\"height\":500,\"caption\":\"Compuviper\"},\"image\":{\"@id\":\"https:\/\/compuviper.mx\/tienda\/#\/schema\/logo\/image\/\"},\"sameAs\":[\"https:\/\/www.facebook.com\/compuviper\",\"https:\/\/www.youtube.com\/channel\/UCf73dERp9Y3cfOq7q8BhLjA?view_as=subscriber\"]}]}<\/script>\n<meta property=\"product:brand\" content=\"Asus Oem\" \/>\n<meta property=\"product:price:amount\" content=\"2691\" \/>\n<meta property=\"product:price:currency\" content=\"MXN\" \/>\n<meta property=\"og:availability\" content=\"instock\" \/>\n<meta property=\"product:availability\" content=\"instock\" \/>\n<meta property=\"product:retailer_item_id\" content=\"PN42-BBFN1000X1FC,197105799660\" \/>\n<meta property=\"product:condition\" content=\"new\" \/>\n<!-- \/ Yoast SEO plugin. -->","yoast_head_json":{"title":"[ Asus Oem ] &#129351; Pn42-bbfn1000x1fc,197105799660 Mini Pc Asus Expertcenter Pn42 Processor N100 Hasta 3.4 Ghz \/4 Cores \/sodimm Ddr4 3200 \/hdmi \/dp \/4x Usb 3.2 \/2x Lan 2.5g \/puerto Serial \/fanless","description":"Compra Pn42-bbfn1000x1fc,197105799660 Mini Pc Asus Expertcenter Pn42 Processor N100 Hasta 3.4 Ghz \/4 Cores \/sodimm Ddr4 3200 \/hdmi \/dp \/4x Usb 3.2 \/2x Lan 2.5g \/puerto Serial \/fanless + Env\u00edo a domicilio + Pago seguro + Garant\u00eda","robots":{"index":"index","follow":"follow","max-snippet":"max-snippet:-1","max-image-preview":"max-image-preview:large","max-video-preview":"max-video-preview:-1"},"canonical":"https:\/\/compuviper.mx\/tienda\/producto\/asus-oem-pn42-bbfn1000x1fc197105799660-mini-pc-asus-expertcenter-pn42-processor-n100-hasta-3-4-ghz-4-cores-sodimm-ddr4-3200-hdmi-dp-4x-usb-3-2-2x-lan-2-5g-puerto-serial-fanless\/","og_locale":"es_MX","og_type":"article","og_title":"[ Asus Oem ] &#129351; Pn42-bbfn1000x1fc,197105799660 Mini Pc Asus Expertcenter Pn42 Processor N100 Hasta 3.4 Ghz \/4 Cores \/sodimm Ddr4 3200 \/hdmi \/dp \/4x Usb 3.2 \/2x Lan 2.5g \/puerto Serial \/fanless","og_description":"Compra Pn42-bbfn1000x1fc,197105799660 Mini Pc Asus Expertcenter Pn42 Processor N100 Hasta 3.4 Ghz \/4 Cores \/sodimm Ddr4 3200 \/hdmi \/dp \/4x Usb 3.2 \/2x Lan 2.5g \/puerto Serial \/fanless + Env\u00edo a domicilio + Pago seguro + Garant\u00eda","og_url":"https:\/\/compuviper.mx\/tienda\/producto\/asus-oem-pn42-bbfn1000x1fc197105799660-mini-pc-asus-expertcenter-pn42-processor-n100-hasta-3-4-ghz-4-cores-sodimm-ddr4-3200-hdmi-dp-4x-usb-3-2-2x-lan-2-5g-puerto-serial-fanless\/","og_site_name":"Compuviper","article_publisher":"https:\/\/www.facebook.com\/compuviper","article_modified_time":"2026-05-12T07:27:51+00:00","og_image":[{"width":200,"height":200,"url":"https:\/\/compuviper.mx\/tienda\/wp-content\/uploads\/2026\/02\/Mini-pc-asus-expertcenter-pn42-processor-n100-hasta-3.4-ghz-4-cores-sodimm-ddr4-3200-hdmi-dp-4x-usb-3.2-2x-lan-2.5g-puerto-serial.jpg","type":"image\/jpeg"}],"twitter_card":"summary_large_image","twitter_misc":{"Precio":"&#36;2,691 con IVA","Availability":"In stock"},"schema":{"@context":"https:\/\/schema.org","@graph":[{"@type":"WebPage","@id":"https:\/\/compuviper.mx\/tienda\/producto\/asus-oem-pn42-bbfn1000x1fc197105799660-mini-pc-asus-expertcenter-pn42-processor-n100-hasta-3-4-ghz-4-cores-sodimm-ddr4-3200-hdmi-dp-4x-usb-3-2-2x-lan-2-5g-puerto-serial-fanless\/","url":"https:\/\/compuviper.mx\/tienda\/producto\/asus-oem-pn42-bbfn1000x1fc197105799660-mini-pc-asus-expertcenter-pn42-processor-n100-hasta-3-4-ghz-4-cores-sodimm-ddr4-3200-hdmi-dp-4x-usb-3-2-2x-lan-2-5g-puerto-serial-fanless\/","name":"[ Asus Oem ] &#129351; Pn42-bbfn1000x1fc,197105799660 Mini Pc Asus Expertcenter Pn42 Processor N100 Hasta 3.4 Ghz \/4 Cores \/sodimm Ddr4 3200 \/hdmi \/dp \/4x Usb 3.2 \/2x Lan 2.5g \/puerto Serial \/fanless","isPartOf":{"@id":"https:\/\/compuviper.mx\/tienda\/#website"},"datePublished":"2026-05-12T07:27:50+00:00","dateModified":"2026-05-12T07:27:51+00:00","description":"Compra Pn42-bbfn1000x1fc,197105799660 Mini Pc Asus Expertcenter Pn42 Processor N100 Hasta 3.4 Ghz \/4 Cores \/sodimm Ddr4 3200 \/hdmi \/dp \/4x Usb 3.2 \/2x Lan 2.5g \/puerto Serial \/fanless + Env\u00edo a domicilio + Pago seguro + Garant\u00eda","breadcrumb":{"@id":"https:\/\/compuviper.mx\/tienda\/producto\/asus-oem-pn42-bbfn1000x1fc197105799660-mini-pc-asus-expertcenter-pn42-processor-n100-hasta-3-4-ghz-4-cores-sodimm-ddr4-3200-hdmi-dp-4x-usb-3-2-2x-lan-2-5g-puerto-serial-fanless\/#breadcrumb"},"inLanguage":"es-MX","potentialAction":[{"@type":"ReadAction","target":["https:\/\/compuviper.mx\/tienda\/producto\/asus-oem-pn42-bbfn1000x1fc197105799660-mini-pc-asus-expertcenter-pn42-processor-n100-hasta-3-4-ghz-4-cores-sodimm-ddr4-3200-hdmi-dp-4x-usb-3-2-2x-lan-2-5g-puerto-serial-fanless\/"]}]},{"@type":"BreadcrumbList","@id":"https:\/\/compuviper.mx\/tienda\/producto\/asus-oem-pn42-bbfn1000x1fc197105799660-mini-pc-asus-expertcenter-pn42-processor-n100-hasta-3-4-ghz-4-cores-sodimm-ddr4-3200-hdmi-dp-4x-usb-3-2-2x-lan-2-5g-puerto-serial-fanless\/#breadcrumb","itemListElement":[{"@type":"ListItem","position":1,"name":"Inicio","item":"https:\/\/compuviper.mx\/tienda\/"},{"@type":"ListItem","position":2,"name":"Productos","item":"https:\/\/compuviper.mx\/tienda\/productos\/"},{"@type":"ListItem","position":3,"name":"Computadoras","item":"https:\/\/compuviper.mx\/tienda\/categoria-producto\/computadoras\/"},{"@type":"ListItem","position":4,"name":"Mini Pc\u00b4s","item":"https:\/\/compuviper.mx\/tienda\/categoria-producto\/computadoras\/mini-pcs\/"},{"@type":"ListItem","position":5,"name":"Asus Oem Pn42-bbfn1000x1fc,197105799660 Mini Pc Asus Expertcenter Pn42 Processor N100 Hasta 3.4 Ghz \/4 Cores \/sodimm Ddr4 3200 \/hdmi \/dp \/4x Usb 3.2 \/2x Lan 2.5g \/puerto Serial \/fanless"}]},{"@type":"WebSite","@id":"https:\/\/compuviper.mx\/tienda\/#website","url":"https:\/\/compuviper.mx\/tienda\/","name":"Compuviper","description":"Proveedor de Computadoras, Laptops, Servidores, Monitores, Puntos de Venta, Teclados,   Impresoras, T\u00f3ner, C\u00e1maras de Seguridad y m\u00e1s en tu tienda en l\u00ednea","publisher":{"@id":"https:\/\/compuviper.mx\/tienda\/#organization"},"potentialAction":[{"@type":"SearchAction","target":{"@type":"EntryPoint","urlTemplate":"https:\/\/compuviper.mx\/tienda\/?s={search_term_string}"},"query-input":"required name=search_term_string"}],"inLanguage":"es-MX"},{"@type":"Organization","@id":"https:\/\/compuviper.mx\/tienda\/#organization","name":"Compuviper","url":"https:\/\/compuviper.mx\/tienda\/","logo":{"@type":"ImageObject","inLanguage":"es-MX","@id":"https:\/\/compuviper.mx\/tienda\/#\/schema\/logo\/image\/","url":"https:\/\/compuviper.mx\/tienda\/wp-content\/uploads\/2021\/08\/Logo-Compuviper-10.png","contentUrl":"https:\/\/compuviper.mx\/tienda\/wp-content\/uploads\/2021\/08\/Logo-Compuviper-10.png","width":1000,"height":500,"caption":"Compuviper"},"image":{"@id":"https:\/\/compuviper.mx\/tienda\/#\/schema\/logo\/image\/"},"sameAs":["https:\/\/www.facebook.com\/compuviper","https:\/\/www.youtube.com\/channel\/UCf73dERp9Y3cfOq7q8BhLjA?view_as=subscriber"]}]},"product_brand":"Asus Oem","product_price_amount":"2691","product_price_currency":"MXN","og_availability":"instock","product_availability":"instock","product_retailer_item_id":"PN42-BBFN1000X1FC,197105799660","product_condition":"new"},"_links":{"self":[{"href":"https:\/\/compuviper.mx\/tienda\/wp-json\/wp\/v2\/product\/267553"}],"collection":[{"href":"https:\/\/compuviper.mx\/tienda\/wp-json\/wp\/v2\/product"}],"about":[{"href":"https:\/\/compuviper.mx\/tienda\/wp-json\/wp\/v2\/types\/product"}],"replies":[{"embeddable":true,"href":"https:\/\/compuviper.mx\/tienda\/wp-json\/wp\/v2\/comments?post=267553"}],"wp:featuredmedia":[{"embeddable":true,"href":"https:\/\/compuviper.mx\/tienda\/wp-json\/wp\/v2\/media\/267554"}],"wp:attachment":[{"href":"https:\/\/compuviper.mx\/tienda\/wp-json\/wp\/v2\/media?parent=267553"}],"wp:term":[{"taxonomy":"product_cat","embeddable":true,"href":"https:\/\/compuviper.mx\/tienda\/wp-json\/wp\/v2\/product_cat?post=267553"},{"taxonomy":"product_tag","embeddable":true,"href":"https:\/\/compuviper.mx\/tienda\/wp-json\/wp\/v2\/product_tag?post=267553"}],"curies":[{"name":"wp","href":"https:\/\/api.w.org\/{rel}","templated":true}]}}