{"id":267549,"date":"2026-04-16T00:48:11","date_gmt":"2026-04-16T06:48:11","guid":{"rendered":"https:\/\/compuviper.mx\/tienda\/producto\/msi-pro-b760m-e-ddr4-mb-b760-intel-s-1700-14a-13a-12a-gen-2x-ddr4-4800-hdmi-m-2-4x-usb3-2-matx-gama-media\/"},"modified":"2026-04-16T00:48:12","modified_gmt":"2026-04-16T06:48:12","slug":"msi-oem-pro-b760m-e-ddr4-mb-msi-b760-intel-s-1700-14a-13a-12a-gen-2x-ddr4-4800-hdmi-m-2-4x-usb3-2-matx-gama-media","status":"publish","type":"product","link":"https:\/\/compuviper.mx\/tienda\/producto\/msi-oem-pro-b760m-e-ddr4-mb-msi-b760-intel-s-1700-14a-13a-12a-gen-2x-ddr4-4800-hdmi-m-2-4x-usb3-2-matx-gama-media\/","title":{"rendered":"Msi Oem Pro B760m-e Ddr4 Mb Msi B760 Intel S-1700 14a\/13a\/12a Gen\/2x Ddr4 4800\/hdmi\/m.2\/4x Usb3.2\/matx\/gama Media"},"content":{"rendered":"<table class=\"descripcion\">\n<tr>\n<td>Conjunto de chips:intel b760<\/td>\n<\/tr>\n<tr>\n<td>Upc:compatible con procesadores intel\u00ae core\u0099 de 14.\u00aa, 13.\u00aa y 12.\u00aa generaci\u00f3n, procesadores intel\u00ae pentium\u00ae gold y celeron\u00ae<\/td>\n<\/tr>\n<tr>\n<td>Lga 1700<\/td>\n<\/tr>\n<tr>\n<td>Memoria:2x ddr4, capacidad m\u00e1xima de memoria 64 gb.<\/td>\n<\/tr>\n<tr>\n<td>Compatibilidad con memoria 4800(oc)\/ 4600(oc)\/ 4400(oc)\/ 4266(oc)\/ 4200(oc)\/ 4000(oc)\/ 3800(oc)\/ 3733(oc)\/ 3600(oc)\/ 3466(oc)\/ 3400(oc)\/ 3333(oc)\/ 3200(jedec)\/ 2933(jedec)\/ 2666(jedec)\/ 2400(jedec)\/ 2133(jedec)<\/td>\n<\/tr>\n<tr>\n<td>M\u00e1x. frecuencia de overclocking:<\/td>\n<\/tr>\n<tr>\n<td>\u0095 1dpc 1r velocidad m\u00e1xima hasta 4800+ mhz<\/td>\n<\/tr>\n<tr>\n<td>\u0095 1dpc 2r velocidad m\u00e1xima hasta 4600+ mhz<\/td>\n<\/tr>\n<tr>\n<td>Admite modo de doble canal<\/td>\n<\/tr>\n<tr>\n<td>Admite memoria sin b\u00fafer y sin ecc<\/td>\n<\/tr>\n<tr>\n<td>Admite intel \u00ae extreme memory profile (xmp)<\/td>\n<\/tr>\n<tr>\n<td>Gr\u00e1ficos integrados 1x hdmi\u0099<\/td>\n<\/tr>\n<tr>\n<td>Compatible con hdmi\u0099 1.4 con hdr, resoluci\u00f3n m\u00e1xima de 4k 30 hz*<\/td>\n<\/tr>\n<tr>\n<td>1x vga<\/td>\n<\/tr>\n<tr>\n<td>Compatible con vga, resoluci\u00f3n m\u00e1xima de 2048&#215;1536 50 hz, 2048&#215;1280 60 hz, 1920&#215;1200 60 hz<\/td>\n<\/tr>\n<tr>\n<td>*disponible solo en procesadores con gr\u00e1ficos integrados. las especificaciones de gr\u00e1ficos pueden variar seg\u00fan la cpu instalada.<\/td>\n<\/tr>\n<tr>\n<td>Ranura 1 ranura pci-e x16<\/td>\n<\/tr>\n<tr>\n<td>1 ranura pci-e x1<\/td>\n<\/tr>\n<tr>\n<td>Pci_e1 gen pcie 4.0 admite hasta (desde la cpu)<\/td>\n<\/tr>\n<tr>\n<td>Pci_e2 gen pcie 3.0 admite hasta (desde el chipset)<\/td>\n<\/tr>\n<tr>\n<td>Audio c\u00f3dec realtek \u00ae<\/td>\n<\/tr>\n<tr>\n<td>Alc897 audio de alta definici\u00f3n de 7.1 canales<\/td>\n<\/tr>\n<tr>\n<td>Almacenamiento 1x m.2<\/td>\n<\/tr>\n<tr>\n<td>M.2_1 fuente (desde el chipset) admite hasta el modo pcie 4.0 x4 \/ sata, admite dispositivos 2280\/2260\/2242<\/td>\n<\/tr>\n<tr>\n<td>4x sata 6g<\/td>\n<\/tr>\n<tr>\n<td>* sata5 no estar\u00e1 disponible al instalar m.2 sata ssd en la ranura m2_1.<\/td>\n<\/tr>\n<tr>\n<td>Raid admite raid 0, raid 1, raid 5 y raid 10 para dispositivos de almacenamiento sata<\/td>\n<\/tr>\n<tr>\n<td>Usb:4x usb 2.0 (trasero)<\/td>\n<\/tr>\n<tr>\n<td>4x usb 2.0 (frontal)<\/td>\n<\/tr>\n<tr>\n<td>2x usb 5 gbps tipo a (trasero)<\/td>\n<\/tr>\n<tr>\n<td>2x usb 5 gbps tipo a (frontal)<\/td>\n<\/tr>\n<tr>\n<td>Red local:red de \u00e1rea local gigabit realtek\u00ae rtl8111h<\/td>\n<\/tr>\n<tr>\n<td>E\/s interna 1x conector de alimentaci\u00f3n (atx_pwr)<\/td>\n<\/tr>\n<tr>\n<td>1x conector de alimentaci\u00f3n (cpu_pwr)<\/td>\n<\/tr>\n<tr>\n<td>1x ventilador de cpu<\/td>\n<\/tr>\n<tr>\n<td>2x ventiladores del sistema<\/td>\n<\/tr>\n<tr>\n<td>2x panel frontal (jfp)<\/td>\n<\/tr>\n<tr>\n<td>1x intrusi\u00f3n de chasis (jci)<\/td>\n<\/tr>\n<tr>\n<td>1x audio frontal (jaud)<\/td>\n<\/tr>\n<tr>\n<td>1x puerto com (jcom)<\/td>\n<\/tr>\n<tr>\n<td>1x conector led rgb (jrgb)<\/td>\n<\/tr>\n<tr>\n<td>1x cabezal de pines tpm (compatible con tpm 2.0)<\/td>\n<\/tr>\n<tr>\n<td>2x puertos usb 2.0<\/td>\n<\/tr>\n<tr>\n<td>1x puerto usb 5 gbps tipo a<\/td>\n<\/tr>\n<tr>\n<td>Funci\u00f3n led 4 led de depuraci\u00f3n f\u00e1cil<\/td>\n<\/tr>\n<tr>\n<td>Puertos del panel trasero<\/td>\n<\/tr>\n<tr>\n<td>Hdmi\u0099<\/td>\n<\/tr>\n<tr>\n<td>Vga<\/td>\n<\/tr>\n<tr>\n<td>Teclado \/ rat\u00f3n<\/td>\n<\/tr>\n<tr>\n<td>Usb 3.2 gen 1 5 gbps (tipo a)<\/td>\n<\/tr>\n<tr>\n<td>Puerto lan<\/td>\n<\/tr>\n<tr>\n<td>Conectores de audio<\/td>\n<\/tr>\n<tr>\n<td>Usb 2.0<\/td>\n<\/tr>\n<tr>\n<td>Usb 2.0<\/td>\n<\/tr>\n<tr>\n<td>Sistema operativo compatibilidad con windows\u00ae 11 de 64 bits, windows\u00ae 10 de 64 bits<\/td>\n<\/tr>\n<tr>\n<td>Contenido de la caja<\/td>\n<\/tr>\n<tr>\n<td>Informaci\u00f3n de pcb matx<\/td>\n<\/tr>\n<tr>\n<td>200 mm x 236,16 mm<\/td>\n<\/tr>\n<\/table>\n","protected":false},"excerpt":{"rendered":"<p>Pro b760m-e ddr4 est\u00e1 dise\u00f1ado con toneladas de herramientas flexibles con la versi\u00f3n de memoria ddr4. Logotipo de la placa base msi pro series. Elegancia empresarial. La serie pro est\u00e1 dise\u00f1ada para profesionales de todos los \u00e1mbitos. La l\u00ednea ofrece un rendimiento impresionante y una alta calidad, al tiempo que apunta a brindar a los usuarios una experiencia incre\u00edble. Los usuarios que se preocupan por la productividad y la eficiencia definitivamente pueden contar con la serie pro de msi para ayudarlos con la multitarea y aumentar la eficiencia. Disipador de calor del chipset. El disipador de calor del chipset est\u00e1 dise\u00f1ado para reducir el polvo y el ruido y tambi\u00e9n es capaz de mantener una alta eficiencia de pch. Rel\u00e1mpago gen 4 pci-e. Duplicando la generaci\u00f3n anterior, el ancho de banda de una interfaz x16 puede alcanzar los 64 gb\/s. Conexiones soldadas pesadas y reforzadas. Se fija a la placa base con puntos de soldadura adicionales y soporta el peso de tarjetas gr\u00e1ficas pesadas. Pro b760m-e ddr4. Compatible con procesadores intel \u00ae core\u0099 de 14.\u00aa, 13.\u00aa y 12.\u00aa generaci\u00f3n, procesadores intel \u00ae pentium \u00ae gold y celeron \u00ae para socket lga 1700. Admite memoria ddr4, canal dual ddr4 4800+mhz (oc. Core boost: con dise\u00f1o premium y dise\u00f1o de energ\u00eda digital para admitir m\u00e1s n\u00facleos y brindar un mejor rendimiento. Memory boost: tecnolog\u00eda avanzada para brindar se\u00f1ales de datos puras para el mejor rendimiento, estabilidad y compatibilidad. Experiencia ultrarr\u00e1pida: pcie 4.0, lightning gen4 x4 m.2. Audio boost: premia tus o\u00eddos con una calidad de sonido de calidad de estudio para la experiencia de juego m\u00e1s inmersiva. Armadura de acero: protege las tarjetas vga contra dobleces y emi para un mejor rendimiento, estabilidad y resistencia<\/p>\n","protected":false},"featured_media":267550,"comment_status":"open","ping_status":"open","template":"","meta":[],"product_cat":[2239,1727],"product_tag":[2322],"acf":[],"yoast_head":"<!-- This site is optimized with the Yoast SEO plugin v21.7 - https:\/\/yoast.com\/wordpress\/plugins\/seo\/ -->\n<title>[ Msi Oem ] &#129351; Pro B760m-e Ddr4 Mb Msi B760 Intel S-1700 14a\/13a\/12a Gen\/2x Ddr4 4800\/hdmi\/m.2\/4x Usb3.2\/matx\/gama Media<\/title>\n<meta name=\"description\" content=\"Compra Pro B760m-e Ddr4 Mb Msi B760 Intel S-1700 14a\/13a\/12a Gen\/2x Ddr4 4800\/hdmi\/m.2\/4x Usb3.2\/matx\/gama Media + Env\u00edo a domicilio + Pago seguro + Garant\u00eda\" \/>\n<meta name=\"robots\" content=\"index, follow, max-snippet:-1, max-image-preview:large, max-video-preview:-1\" \/>\n<link rel=\"canonical\" href=\"https:\/\/compuviper.mx\/tienda\/producto\/msi-oem-pro-b760m-e-ddr4-mb-msi-b760-intel-s-1700-14a-13a-12a-gen-2x-ddr4-4800-hdmi-m-2-4x-usb3-2-matx-gama-media\/\" \/>\n<meta property=\"og:locale\" content=\"es_MX\" \/>\n<meta property=\"og:type\" content=\"article\" \/>\n<meta property=\"og:title\" content=\"[ Msi Oem ] &#129351; Pro B760m-e Ddr4 Mb Msi B760 Intel S-1700 14a\/13a\/12a Gen\/2x Ddr4 4800\/hdmi\/m.2\/4x Usb3.2\/matx\/gama Media\" \/>\n<meta property=\"og:description\" content=\"Compra Pro B760m-e Ddr4 Mb Msi B760 Intel S-1700 14a\/13a\/12a Gen\/2x Ddr4 4800\/hdmi\/m.2\/4x Usb3.2\/matx\/gama Media + Env\u00edo a domicilio + Pago seguro + Garant\u00eda\" \/>\n<meta property=\"og:url\" content=\"https:\/\/compuviper.mx\/tienda\/producto\/msi-oem-pro-b760m-e-ddr4-mb-msi-b760-intel-s-1700-14a-13a-12a-gen-2x-ddr4-4800-hdmi-m-2-4x-usb3-2-matx-gama-media\/\" \/>\n<meta property=\"og:site_name\" content=\"Compuviper\" \/>\n<meta property=\"article:publisher\" content=\"https:\/\/www.facebook.com\/compuviper\" \/>\n<meta property=\"article:modified_time\" content=\"2026-04-16T06:48:12+00:00\" \/>\n<meta property=\"og:image\" content=\"https:\/\/compuviper.mx\/tienda\/wp-content\/uploads\/2026\/02\/Mb-msi-b760-intel-s-1700-14a13a12a-gen2x-ddr4-4800hdmim.24x-usb3.2matxgama-media.jpg\" \/>\n\t<meta property=\"og:image:width\" content=\"200\" \/>\n\t<meta property=\"og:image:height\" content=\"200\" \/>\n\t<meta property=\"og:image:type\" content=\"image\/jpeg\" \/>\n<meta name=\"twitter:card\" content=\"summary_large_image\" \/>\n<meta name=\"twitter:label1\" content=\"Precio\" \/>\n\t<meta name=\"twitter:data1\" content=\"&#36;1,354 con IVA\" \/>\n\t<meta name=\"twitter:label2\" content=\"Availability\" \/>\n\t<meta name=\"twitter:data2\" content=\"In stock\" \/>\n<script type=\"application\/ld+json\" class=\"yoast-schema-graph\">{\"@context\":\"https:\/\/schema.org\",\"@graph\":[{\"@type\":\"WebPage\",\"@id\":\"https:\/\/compuviper.mx\/tienda\/producto\/msi-oem-pro-b760m-e-ddr4-mb-msi-b760-intel-s-1700-14a-13a-12a-gen-2x-ddr4-4800-hdmi-m-2-4x-usb3-2-matx-gama-media\/\",\"url\":\"https:\/\/compuviper.mx\/tienda\/producto\/msi-oem-pro-b760m-e-ddr4-mb-msi-b760-intel-s-1700-14a-13a-12a-gen-2x-ddr4-4800-hdmi-m-2-4x-usb3-2-matx-gama-media\/\",\"name\":\"[ Msi Oem ] &#129351; Pro B760m-e Ddr4 Mb Msi B760 Intel S-1700 14a\/13a\/12a Gen\/2x Ddr4 4800\/hdmi\/m.2\/4x Usb3.2\/matx\/gama Media\",\"isPartOf\":{\"@id\":\"https:\/\/compuviper.mx\/tienda\/#website\"},\"datePublished\":\"2026-04-16T06:48:11+00:00\",\"dateModified\":\"2026-04-16T06:48:12+00:00\",\"description\":\"Compra Pro B760m-e Ddr4 Mb Msi B760 Intel S-1700 14a\/13a\/12a Gen\/2x Ddr4 4800\/hdmi\/m.2\/4x Usb3.2\/matx\/gama Media + Env\u00edo a domicilio + Pago seguro + Garant\u00eda\",\"breadcrumb\":{\"@id\":\"https:\/\/compuviper.mx\/tienda\/producto\/msi-oem-pro-b760m-e-ddr4-mb-msi-b760-intel-s-1700-14a-13a-12a-gen-2x-ddr4-4800-hdmi-m-2-4x-usb3-2-matx-gama-media\/#breadcrumb\"},\"inLanguage\":\"es-MX\",\"potentialAction\":[{\"@type\":\"ReadAction\",\"target\":[\"https:\/\/compuviper.mx\/tienda\/producto\/msi-oem-pro-b760m-e-ddr4-mb-msi-b760-intel-s-1700-14a-13a-12a-gen-2x-ddr4-4800-hdmi-m-2-4x-usb3-2-matx-gama-media\/\"]}]},{\"@type\":\"BreadcrumbList\",\"@id\":\"https:\/\/compuviper.mx\/tienda\/producto\/msi-oem-pro-b760m-e-ddr4-mb-msi-b760-intel-s-1700-14a-13a-12a-gen-2x-ddr4-4800-hdmi-m-2-4x-usb3-2-matx-gama-media\/#breadcrumb\",\"itemListElement\":[{\"@type\":\"ListItem\",\"position\":1,\"name\":\"Inicio\",\"item\":\"https:\/\/compuviper.mx\/tienda\/\"},{\"@type\":\"ListItem\",\"position\":2,\"name\":\"Productos\",\"item\":\"https:\/\/compuviper.mx\/tienda\/productos\/\"},{\"@type\":\"ListItem\",\"position\":3,\"name\":\"Tarjeta Madre\",\"item\":\"https:\/\/compuviper.mx\/tienda\/categoria-producto\/tarjeta-madre\/\"},{\"@type\":\"ListItem\",\"position\":4,\"name\":\"Socket 1700\",\"item\":\"https:\/\/compuviper.mx\/tienda\/categoria-producto\/tarjeta-madre\/socket-1700\/\"},{\"@type\":\"ListItem\",\"position\":5,\"name\":\"Msi Oem Pro B760m-e Ddr4 Mb Msi B760 Intel S-1700 14a\/13a\/12a Gen\/2x Ddr4 4800\/hdmi\/m.2\/4x Usb3.2\/matx\/gama Media\"}]},{\"@type\":\"WebSite\",\"@id\":\"https:\/\/compuviper.mx\/tienda\/#website\",\"url\":\"https:\/\/compuviper.mx\/tienda\/\",\"name\":\"Compuviper\",\"description\":\"Proveedor de Computadoras, Laptops, Servidores, Monitores, Puntos de Venta, Teclados,   Impresoras, T\u00f3ner, C\u00e1maras de Seguridad y m\u00e1s en tu tienda en l\u00ednea\",\"publisher\":{\"@id\":\"https:\/\/compuviper.mx\/tienda\/#organization\"},\"potentialAction\":[{\"@type\":\"SearchAction\",\"target\":{\"@type\":\"EntryPoint\",\"urlTemplate\":\"https:\/\/compuviper.mx\/tienda\/?s={search_term_string}\"},\"query-input\":\"required name=search_term_string\"}],\"inLanguage\":\"es-MX\"},{\"@type\":\"Organization\",\"@id\":\"https:\/\/compuviper.mx\/tienda\/#organization\",\"name\":\"Compuviper\",\"url\":\"https:\/\/compuviper.mx\/tienda\/\",\"logo\":{\"@type\":\"ImageObject\",\"inLanguage\":\"es-MX\",\"@id\":\"https:\/\/compuviper.mx\/tienda\/#\/schema\/logo\/image\/\",\"url\":\"https:\/\/compuviper.mx\/tienda\/wp-content\/uploads\/2021\/08\/Logo-Compuviper-10.png\",\"contentUrl\":\"https:\/\/compuviper.mx\/tienda\/wp-content\/uploads\/2021\/08\/Logo-Compuviper-10.png\",\"width\":1000,\"height\":500,\"caption\":\"Compuviper\"},\"image\":{\"@id\":\"https:\/\/compuviper.mx\/tienda\/#\/schema\/logo\/image\/\"},\"sameAs\":[\"https:\/\/www.facebook.com\/compuviper\",\"https:\/\/www.youtube.com\/channel\/UCf73dERp9Y3cfOq7q8BhLjA?view_as=subscriber\"]}]}<\/script>\n<meta property=\"product:brand\" content=\"Msi Oem\" \/>\n<meta property=\"product:price:amount\" content=\"1354\" \/>\n<meta property=\"product:price:currency\" content=\"MXN\" \/>\n<meta property=\"og:availability\" content=\"instock\" \/>\n<meta property=\"product:availability\" content=\"instock\" \/>\n<meta property=\"product:retailer_item_id\" content=\"PRO B760M-E DDR4\" \/>\n<meta property=\"product:condition\" content=\"new\" \/>\n<!-- \/ Yoast SEO plugin. -->","yoast_head_json":{"title":"[ Msi Oem ] &#129351; Pro B760m-e Ddr4 Mb Msi B760 Intel S-1700 14a\/13a\/12a Gen\/2x Ddr4 4800\/hdmi\/m.2\/4x Usb3.2\/matx\/gama Media","description":"Compra Pro B760m-e Ddr4 Mb Msi B760 Intel S-1700 14a\/13a\/12a Gen\/2x Ddr4 4800\/hdmi\/m.2\/4x Usb3.2\/matx\/gama Media + Env\u00edo a domicilio + Pago seguro + Garant\u00eda","robots":{"index":"index","follow":"follow","max-snippet":"max-snippet:-1","max-image-preview":"max-image-preview:large","max-video-preview":"max-video-preview:-1"},"canonical":"https:\/\/compuviper.mx\/tienda\/producto\/msi-oem-pro-b760m-e-ddr4-mb-msi-b760-intel-s-1700-14a-13a-12a-gen-2x-ddr4-4800-hdmi-m-2-4x-usb3-2-matx-gama-media\/","og_locale":"es_MX","og_type":"article","og_title":"[ Msi Oem ] &#129351; Pro B760m-e Ddr4 Mb Msi B760 Intel S-1700 14a\/13a\/12a Gen\/2x Ddr4 4800\/hdmi\/m.2\/4x Usb3.2\/matx\/gama Media","og_description":"Compra Pro B760m-e Ddr4 Mb Msi B760 Intel S-1700 14a\/13a\/12a Gen\/2x Ddr4 4800\/hdmi\/m.2\/4x Usb3.2\/matx\/gama Media + Env\u00edo a domicilio + Pago seguro + Garant\u00eda","og_url":"https:\/\/compuviper.mx\/tienda\/producto\/msi-oem-pro-b760m-e-ddr4-mb-msi-b760-intel-s-1700-14a-13a-12a-gen-2x-ddr4-4800-hdmi-m-2-4x-usb3-2-matx-gama-media\/","og_site_name":"Compuviper","article_publisher":"https:\/\/www.facebook.com\/compuviper","article_modified_time":"2026-04-16T06:48:12+00:00","og_image":[{"width":200,"height":200,"url":"https:\/\/compuviper.mx\/tienda\/wp-content\/uploads\/2026\/02\/Mb-msi-b760-intel-s-1700-14a13a12a-gen2x-ddr4-4800hdmim.24x-usb3.2matxgama-media.jpg","type":"image\/jpeg"}],"twitter_card":"summary_large_image","twitter_misc":{"Precio":"&#36;1,354 con IVA","Availability":"In stock"},"schema":{"@context":"https:\/\/schema.org","@graph":[{"@type":"WebPage","@id":"https:\/\/compuviper.mx\/tienda\/producto\/msi-oem-pro-b760m-e-ddr4-mb-msi-b760-intel-s-1700-14a-13a-12a-gen-2x-ddr4-4800-hdmi-m-2-4x-usb3-2-matx-gama-media\/","url":"https:\/\/compuviper.mx\/tienda\/producto\/msi-oem-pro-b760m-e-ddr4-mb-msi-b760-intel-s-1700-14a-13a-12a-gen-2x-ddr4-4800-hdmi-m-2-4x-usb3-2-matx-gama-media\/","name":"[ Msi Oem ] &#129351; Pro B760m-e Ddr4 Mb Msi B760 Intel S-1700 14a\/13a\/12a Gen\/2x Ddr4 4800\/hdmi\/m.2\/4x Usb3.2\/matx\/gama Media","isPartOf":{"@id":"https:\/\/compuviper.mx\/tienda\/#website"},"datePublished":"2026-04-16T06:48:11+00:00","dateModified":"2026-04-16T06:48:12+00:00","description":"Compra Pro B760m-e Ddr4 Mb Msi B760 Intel S-1700 14a\/13a\/12a Gen\/2x Ddr4 4800\/hdmi\/m.2\/4x Usb3.2\/matx\/gama Media + Env\u00edo a domicilio + Pago seguro + Garant\u00eda","breadcrumb":{"@id":"https:\/\/compuviper.mx\/tienda\/producto\/msi-oem-pro-b760m-e-ddr4-mb-msi-b760-intel-s-1700-14a-13a-12a-gen-2x-ddr4-4800-hdmi-m-2-4x-usb3-2-matx-gama-media\/#breadcrumb"},"inLanguage":"es-MX","potentialAction":[{"@type":"ReadAction","target":["https:\/\/compuviper.mx\/tienda\/producto\/msi-oem-pro-b760m-e-ddr4-mb-msi-b760-intel-s-1700-14a-13a-12a-gen-2x-ddr4-4800-hdmi-m-2-4x-usb3-2-matx-gama-media\/"]}]},{"@type":"BreadcrumbList","@id":"https:\/\/compuviper.mx\/tienda\/producto\/msi-oem-pro-b760m-e-ddr4-mb-msi-b760-intel-s-1700-14a-13a-12a-gen-2x-ddr4-4800-hdmi-m-2-4x-usb3-2-matx-gama-media\/#breadcrumb","itemListElement":[{"@type":"ListItem","position":1,"name":"Inicio","item":"https:\/\/compuviper.mx\/tienda\/"},{"@type":"ListItem","position":2,"name":"Productos","item":"https:\/\/compuviper.mx\/tienda\/productos\/"},{"@type":"ListItem","position":3,"name":"Tarjeta Madre","item":"https:\/\/compuviper.mx\/tienda\/categoria-producto\/tarjeta-madre\/"},{"@type":"ListItem","position":4,"name":"Socket 1700","item":"https:\/\/compuviper.mx\/tienda\/categoria-producto\/tarjeta-madre\/socket-1700\/"},{"@type":"ListItem","position":5,"name":"Msi Oem Pro B760m-e Ddr4 Mb Msi B760 Intel S-1700 14a\/13a\/12a Gen\/2x Ddr4 4800\/hdmi\/m.2\/4x Usb3.2\/matx\/gama Media"}]},{"@type":"WebSite","@id":"https:\/\/compuviper.mx\/tienda\/#website","url":"https:\/\/compuviper.mx\/tienda\/","name":"Compuviper","description":"Proveedor de Computadoras, Laptops, Servidores, Monitores, Puntos de Venta, Teclados,   Impresoras, T\u00f3ner, C\u00e1maras de Seguridad y m\u00e1s en tu tienda en l\u00ednea","publisher":{"@id":"https:\/\/compuviper.mx\/tienda\/#organization"},"potentialAction":[{"@type":"SearchAction","target":{"@type":"EntryPoint","urlTemplate":"https:\/\/compuviper.mx\/tienda\/?s={search_term_string}"},"query-input":"required name=search_term_string"}],"inLanguage":"es-MX"},{"@type":"Organization","@id":"https:\/\/compuviper.mx\/tienda\/#organization","name":"Compuviper","url":"https:\/\/compuviper.mx\/tienda\/","logo":{"@type":"ImageObject","inLanguage":"es-MX","@id":"https:\/\/compuviper.mx\/tienda\/#\/schema\/logo\/image\/","url":"https:\/\/compuviper.mx\/tienda\/wp-content\/uploads\/2021\/08\/Logo-Compuviper-10.png","contentUrl":"https:\/\/compuviper.mx\/tienda\/wp-content\/uploads\/2021\/08\/Logo-Compuviper-10.png","width":1000,"height":500,"caption":"Compuviper"},"image":{"@id":"https:\/\/compuviper.mx\/tienda\/#\/schema\/logo\/image\/"},"sameAs":["https:\/\/www.facebook.com\/compuviper","https:\/\/www.youtube.com\/channel\/UCf73dERp9Y3cfOq7q8BhLjA?view_as=subscriber"]}]},"product_brand":"Msi Oem","product_price_amount":"1354","product_price_currency":"MXN","og_availability":"instock","product_availability":"instock","product_retailer_item_id":"PRO B760M-E DDR4","product_condition":"new"},"_links":{"self":[{"href":"https:\/\/compuviper.mx\/tienda\/wp-json\/wp\/v2\/product\/267549"}],"collection":[{"href":"https:\/\/compuviper.mx\/tienda\/wp-json\/wp\/v2\/product"}],"about":[{"href":"https:\/\/compuviper.mx\/tienda\/wp-json\/wp\/v2\/types\/product"}],"replies":[{"embeddable":true,"href":"https:\/\/compuviper.mx\/tienda\/wp-json\/wp\/v2\/comments?post=267549"}],"wp:featuredmedia":[{"embeddable":true,"href":"https:\/\/compuviper.mx\/tienda\/wp-json\/wp\/v2\/media\/267550"}],"wp:attachment":[{"href":"https:\/\/compuviper.mx\/tienda\/wp-json\/wp\/v2\/media?parent=267549"}],"wp:term":[{"taxonomy":"product_cat","embeddable":true,"href":"https:\/\/compuviper.mx\/tienda\/wp-json\/wp\/v2\/product_cat?post=267549"},{"taxonomy":"product_tag","embeddable":true,"href":"https:\/\/compuviper.mx\/tienda\/wp-json\/wp\/v2\/product_tag?post=267549"}],"curies":[{"name":"wp","href":"https:\/\/api.w.org\/{rel}","templated":true}]}}