{"id":267525,"date":"2026-04-10T00:05:23","date_gmt":"2026-04-10T06:05:23","guid":{"rendered":"https:\/\/compuviper.mx\/tienda\/producto\/cooler-master-e600-kgnn-s02-gabinete-elite-600-argb-fan-7-negro-torre-intermedia-mini-itx-mini-dtx-micro-atx-atx-panel-panoramico-vidrio-templado\/"},"modified":"2026-04-10T00:05:23","modified_gmt":"2026-04-10T06:05:23","slug":"cooler-master-e600-kgnn-s02-gabinete-elite-600-argb-fan-7-negro-torre-intermedia-mini-itx-mini-dtx-micro-atx-atx-panel-panoramico-vidrio-templado","status":"publish","type":"product","link":"https:\/\/compuviper.mx\/tienda\/producto\/cooler-master-e600-kgnn-s02-gabinete-elite-600-argb-fan-7-negro-torre-intermedia-mini-itx-mini-dtx-micro-atx-atx-panel-panoramico-vidrio-templado\/","title":{"rendered":"Cooler Master E600-kgnn-s02 Gabinete  Elite 600, Argb Fan 7 \/ Negro \/ Torre Intermedia \/ Mini-itx \/ Mini-dtx \/ Micro-atx \/ Atx \/ Panel Panoramico Vidrio Templado"},"content":{"rendered":"<table class=\"descripcion\">\n<tr>\n<td>Nombre del producto: elite 600<\/td>\n<\/tr>\n<tr>\n<td>Color(es): negro<\/td>\n<\/tr>\n<tr>\n<td>Numero de modelo: e600-kgnn-s02<\/td>\n<\/tr>\n<tr>\n<td>Materiales \u0096 exterior: sgpcc steel<\/td>\n<\/tr>\n<tr>\n<td>Materiales &#8211; panel lateral (derecho \/ izquierdo): acero \/ vidrio templado<\/td>\n<\/tr>\n<tr>\n<td>Dimensiones (l x anla x e): 445 x 285 x 410 mm (incluyendo protuberancias), 445 x 285 x 400 mm (excluyendo protuberancias)<\/td>\n<\/tr>\n<tr>\n<td>Volumen: 50,73 l<\/td>\n<\/tr>\n<tr>\n<td>Soporte para placas base: mini-itx, mini-dtx, micro-atx, atx<\/td>\n<\/tr>\n<tr>\n<td>Soporte de suministro electrico: atx<\/td>\n<\/tr>\n<tr>\n<td>Ranuras de expansion: 7<\/td>\n<\/tr>\n<tr>\n<td>Bahias de transmision de 5,25: n\/a<\/td>\n<\/tr>\n<tr>\n<td>Bahias de transmision de 3,5: 1<\/td>\n<\/tr>\n<tr>\n<td>Bahias de transmision de 2,5 \/ 3,5 (combo):1<\/td>\n<\/tr>\n<tr>\n<td>Bahias de transmision de 2,5: 2<\/td>\n<\/tr>\n<tr>\n<td>Panel de e\/s: 2x usb 3.1 gen 1 tipo-a, 1x usb 3.2 gen 2 tipo-c<\/td>\n<\/tr>\n<tr>\n<td>Panel de e\/s &#8211; entrada \/ salida de audio: 1x jackjack-auricular de 3,5 mm (audio+micr\u00f3fono)<\/td>\n<\/tr>\n<tr>\n<td>Ventiladores preinstalados \u0096 abajo: version inversa de 3 mm argb de 120 mm<\/td>\n<\/tr>\n<tr>\n<td>Ventiladores preinstalados \u0096 trasero: 1x 120mm argb<\/td>\n<\/tr>\n<tr>\n<td>Ventiladores preinstalados &#8211; montados lateralmente: version inversa de 3 mm argb de 120 mm<\/td>\n<\/tr>\n<tr>\n<td>Apoyo de los aficionados \u0096 abajo: 3x 120mm<\/td>\n<\/tr>\n<tr>\n<td>Apoyo de los fans \u0096 top: 3x 120mm \/ 2x 140mm<\/td>\n<\/tr>\n<tr>\n<td>Apoyo de los aficionados &#8211; parte trasera: 1x 120mm<\/td>\n<\/tr>\n<tr>\n<td>Apoyo de los aficionados \u0096 equipo: 3x 120mm \/ 2x 140mm<\/td>\n<\/tr>\n<tr>\n<td>Soporte del radiador &#8211; parte inferior: 240 \/ 360mm<\/td>\n<\/tr>\n<tr>\n<td>Soporte del radiador \u0096 arriba: 240 \/ 280 \/ 360 mm<\/td>\n<\/tr>\n<tr>\n<td>Soporte del radiador \u0096 trasero: 120mm<\/td>\n<\/tr>\n<tr>\n<td>Soporte del radiador \u0096 lateral: 240 \/ 280 \/ 360 mm<\/td>\n<\/tr>\n<tr>\n<td>Filtros de polvo: panel superior, inferior y lateral derecho<\/td>\n<\/tr>\n<tr>\n<td>Espacio libre &#8211; disipador de cpu: 160mm<\/td>\n<\/tr>\n<tr>\n<td>Autorizacion &#8211; psu: 240mm<\/td>\n<\/tr>\n<tr>\n<td>Espacios libres &#8211; tarjeta grafica: l: 425 mm (incluyendo conector de alimentaci\u00f3n), h: 160 mm (incluyendo conector de alimentacion)<\/td>\n<\/tr>\n<tr>\n<td>Enrutamiento de cables &#8211; detras de la bandeja de la placa de carga: 11mm<\/td>\n<\/tr>\n<tr>\n<td>Garantia: 2 a\u00f1os<\/td>\n<\/tr>\n<tr>\n<td>Serie: serie elite<\/td>\n<\/tr>\n<tr>\n<td>Tama\u00f1o: torre intermedia<\/td>\n<\/tr>\n<\/table>\n","protected":false},"excerpt":{"rendered":"<p>Esencial por dise\u00f1o. Elite por naturaleza. Elite 600. La elite 600 es una caja atx de torre media dise\u00f1ada para constructores que exigen rendimiento y estilo. Con un panel lateral de vidrio templado y un dise\u00f1o moderno y elegante, ofrece un impresionante potencial de refrigeracion, soportando radiadores de hasta 360 mm para un flujo de aire eficiente. La caja cuenta con usb 3.2 gen 2&#215;2 type-c para una conectividad rapida y amplias opciones de almacenamiento, incluyendo espacio para 1 disco duro de 3,5, 1 unidad de 2,5\/3,5 y 2 ssd de 2,5. Dise\u00f1ado para gpus de tama\u00f1o completo de hasta 425 mm, est\u00e1 dise\u00f1ado para acomodar hardware exigente manteniendo una estetica limpia y funcional para cualquier montaje. Panel panoramico de vidrio templado. El panel lateral de vidrio templado premium ofrece una vista clara y despejada de tu construcci\u00f3n, mostrando tus componentes en un estilo moderno y elegante.<\/p>\n","protected":false},"featured_media":0,"comment_status":"open","ping_status":"open","template":"","meta":[],"product_cat":[1674,1676],"product_tag":[1615],"acf":[],"yoast_head":"<!-- This site is optimized with the Yoast SEO plugin v21.7 - https:\/\/yoast.com\/wordpress\/plugins\/seo\/ -->\n<title>[ Cooler Master ] &#129351; E600-kgnn-s02 Gabinete Elite 600, Argb Fan 7 \/ Negro \/ Torre Intermedia \/ Mini-itx \/ Mini-dtx \/ Micro-atx \/ Atx \/ Panel Panoramico Vidrio Templado<\/title>\n<meta name=\"description\" content=\"Compra E600-kgnn-s02 Gabinete Elite 600, Argb Fan 7 \/ Negro \/ Torre Intermedia \/ Mini-itx \/ Mini-dtx \/ Micro-atx \/ Atx \/ Panel Panoramico Vidrio Templado + Env\u00edo a domicilio + Pago seguro + Garant\u00eda\" \/>\n<meta name=\"robots\" content=\"index, follow, max-snippet:-1, max-image-preview:large, max-video-preview:-1\" \/>\n<link rel=\"canonical\" href=\"https:\/\/compuviper.mx\/tienda\/producto\/cooler-master-e600-kgnn-s02-gabinete-elite-600-argb-fan-7-negro-torre-intermedia-mini-itx-mini-dtx-micro-atx-atx-panel-panoramico-vidrio-templado\/\" \/>\n<meta property=\"og:locale\" content=\"es_MX\" \/>\n<meta property=\"og:type\" content=\"article\" \/>\n<meta property=\"og:title\" content=\"[ Cooler Master ] &#129351; E600-kgnn-s02 Gabinete Elite 600, Argb Fan 7 \/ Negro \/ Torre Intermedia \/ Mini-itx \/ Mini-dtx \/ Micro-atx \/ Atx \/ Panel Panoramico Vidrio Templado\" \/>\n<meta property=\"og:description\" content=\"Compra E600-kgnn-s02 Gabinete Elite 600, Argb Fan 7 \/ Negro \/ Torre Intermedia \/ Mini-itx \/ Mini-dtx \/ Micro-atx \/ Atx \/ Panel Panoramico Vidrio Templado + Env\u00edo a domicilio + Pago seguro + Garant\u00eda\" \/>\n<meta property=\"og:url\" content=\"https:\/\/compuviper.mx\/tienda\/producto\/cooler-master-e600-kgnn-s02-gabinete-elite-600-argb-fan-7-negro-torre-intermedia-mini-itx-mini-dtx-micro-atx-atx-panel-panoramico-vidrio-templado\/\" \/>\n<meta property=\"og:site_name\" content=\"Compuviper\" \/>\n<meta property=\"article:publisher\" content=\"https:\/\/www.facebook.com\/compuviper\" \/>\n<meta name=\"twitter:card\" content=\"summary_large_image\" \/>\n<meta name=\"twitter:label1\" content=\"Precio\" \/>\n\t<meta name=\"twitter:data1\" content=\"&#36;1,721 con IVA\" \/>\n\t<meta name=\"twitter:label2\" content=\"Availability\" \/>\n\t<meta name=\"twitter:data2\" content=\"In stock\" \/>\n<script type=\"application\/ld+json\" class=\"yoast-schema-graph\">{\"@context\":\"https:\/\/schema.org\",\"@graph\":[{\"@type\":\"WebPage\",\"@id\":\"https:\/\/compuviper.mx\/tienda\/producto\/cooler-master-e600-kgnn-s02-gabinete-elite-600-argb-fan-7-negro-torre-intermedia-mini-itx-mini-dtx-micro-atx-atx-panel-panoramico-vidrio-templado\/\",\"url\":\"https:\/\/compuviper.mx\/tienda\/producto\/cooler-master-e600-kgnn-s02-gabinete-elite-600-argb-fan-7-negro-torre-intermedia-mini-itx-mini-dtx-micro-atx-atx-panel-panoramico-vidrio-templado\/\",\"name\":\"[ Cooler Master ] &#129351; E600-kgnn-s02 Gabinete Elite 600, Argb Fan 7 \/ Negro \/ Torre Intermedia \/ Mini-itx \/ Mini-dtx \/ Micro-atx \/ Atx \/ Panel Panoramico Vidrio Templado\",\"isPartOf\":{\"@id\":\"https:\/\/compuviper.mx\/tienda\/#website\"},\"datePublished\":\"2026-04-10T06:05:23+00:00\",\"dateModified\":\"2026-04-10T06:05:23+00:00\",\"description\":\"Compra E600-kgnn-s02 Gabinete Elite 600, Argb Fan 7 \/ Negro \/ Torre Intermedia \/ Mini-itx \/ Mini-dtx \/ Micro-atx \/ Atx \/ Panel Panoramico Vidrio Templado + Env\u00edo a domicilio + Pago seguro + Garant\u00eda\",\"breadcrumb\":{\"@id\":\"https:\/\/compuviper.mx\/tienda\/producto\/cooler-master-e600-kgnn-s02-gabinete-elite-600-argb-fan-7-negro-torre-intermedia-mini-itx-mini-dtx-micro-atx-atx-panel-panoramico-vidrio-templado\/#breadcrumb\"},\"inLanguage\":\"es-MX\",\"potentialAction\":[{\"@type\":\"ReadAction\",\"target\":[\"https:\/\/compuviper.mx\/tienda\/producto\/cooler-master-e600-kgnn-s02-gabinete-elite-600-argb-fan-7-negro-torre-intermedia-mini-itx-mini-dtx-micro-atx-atx-panel-panoramico-vidrio-templado\/\"]}]},{\"@type\":\"BreadcrumbList\",\"@id\":\"https:\/\/compuviper.mx\/tienda\/producto\/cooler-master-e600-kgnn-s02-gabinete-elite-600-argb-fan-7-negro-torre-intermedia-mini-itx-mini-dtx-micro-atx-atx-panel-panoramico-vidrio-templado\/#breadcrumb\",\"itemListElement\":[{\"@type\":\"ListItem\",\"position\":1,\"name\":\"Inicio\",\"item\":\"https:\/\/compuviper.mx\/tienda\/\"},{\"@type\":\"ListItem\",\"position\":2,\"name\":\"Productos\",\"item\":\"https:\/\/compuviper.mx\/tienda\/productos\/\"},{\"@type\":\"ListItem\",\"position\":3,\"name\":\"Gabinetes\",\"item\":\"https:\/\/compuviper.mx\/tienda\/categoria-producto\/gabinetes\/\"},{\"@type\":\"ListItem\",\"position\":4,\"name\":\"Media Torre\",\"item\":\"https:\/\/compuviper.mx\/tienda\/categoria-producto\/gabinetes\/media-torre\/\"},{\"@type\":\"ListItem\",\"position\":5,\"name\":\"Cooler Master E600-kgnn-s02 Gabinete Elite 600, Argb Fan 7 \/ Negro \/ Torre Intermedia \/ Mini-itx \/ Mini-dtx \/ Micro-atx \/ Atx \/ Panel Panoramico Vidrio Templado\"}]},{\"@type\":\"WebSite\",\"@id\":\"https:\/\/compuviper.mx\/tienda\/#website\",\"url\":\"https:\/\/compuviper.mx\/tienda\/\",\"name\":\"Compuviper\",\"description\":\"Proveedor de Computadoras, Laptops, Servidores, Monitores, Puntos de Venta, Teclados,   Impresoras, T\u00f3ner, C\u00e1maras de Seguridad y m\u00e1s en tu tienda en l\u00ednea\",\"publisher\":{\"@id\":\"https:\/\/compuviper.mx\/tienda\/#organization\"},\"potentialAction\":[{\"@type\":\"SearchAction\",\"target\":{\"@type\":\"EntryPoint\",\"urlTemplate\":\"https:\/\/compuviper.mx\/tienda\/?s={search_term_string}\"},\"query-input\":\"required name=search_term_string\"}],\"inLanguage\":\"es-MX\"},{\"@type\":\"Organization\",\"@id\":\"https:\/\/compuviper.mx\/tienda\/#organization\",\"name\":\"Compuviper\",\"url\":\"https:\/\/compuviper.mx\/tienda\/\",\"logo\":{\"@type\":\"ImageObject\",\"inLanguage\":\"es-MX\",\"@id\":\"https:\/\/compuviper.mx\/tienda\/#\/schema\/logo\/image\/\",\"url\":\"https:\/\/compuviper.mx\/tienda\/wp-content\/uploads\/2021\/08\/Logo-Compuviper-10.png\",\"contentUrl\":\"https:\/\/compuviper.mx\/tienda\/wp-content\/uploads\/2021\/08\/Logo-Compuviper-10.png\",\"width\":1000,\"height\":500,\"caption\":\"Compuviper\"},\"image\":{\"@id\":\"https:\/\/compuviper.mx\/tienda\/#\/schema\/logo\/image\/\"},\"sameAs\":[\"https:\/\/www.facebook.com\/compuviper\",\"https:\/\/www.youtube.com\/channel\/UCf73dERp9Y3cfOq7q8BhLjA?view_as=subscriber\"]}]}<\/script>\n<meta property=\"product:brand\" content=\"COOLER MASTER\" \/>\n<meta property=\"product:price:amount\" content=\"1721\" \/>\n<meta property=\"product:price:currency\" content=\"MXN\" \/>\n<meta property=\"og:availability\" content=\"instock\" \/>\n<meta property=\"product:availability\" content=\"instock\" \/>\n<meta property=\"product:retailer_item_id\" content=\"E600-KGNN-S02\" \/>\n<meta property=\"product:condition\" content=\"new\" \/>\n<!-- \/ Yoast SEO plugin. -->","yoast_head_json":{"title":"[ Cooler Master ] &#129351; E600-kgnn-s02 Gabinete Elite 600, Argb Fan 7 \/ Negro \/ Torre Intermedia \/ Mini-itx \/ Mini-dtx \/ Micro-atx \/ Atx \/ Panel Panoramico Vidrio Templado","description":"Compra E600-kgnn-s02 Gabinete Elite 600, Argb Fan 7 \/ Negro \/ Torre Intermedia \/ Mini-itx \/ Mini-dtx \/ Micro-atx \/ Atx \/ Panel Panoramico Vidrio Templado + Env\u00edo a domicilio + Pago seguro + Garant\u00eda","robots":{"index":"index","follow":"follow","max-snippet":"max-snippet:-1","max-image-preview":"max-image-preview:large","max-video-preview":"max-video-preview:-1"},"canonical":"https:\/\/compuviper.mx\/tienda\/producto\/cooler-master-e600-kgnn-s02-gabinete-elite-600-argb-fan-7-negro-torre-intermedia-mini-itx-mini-dtx-micro-atx-atx-panel-panoramico-vidrio-templado\/","og_locale":"es_MX","og_type":"article","og_title":"[ Cooler Master ] &#129351; E600-kgnn-s02 Gabinete Elite 600, Argb Fan 7 \/ Negro \/ Torre Intermedia \/ Mini-itx \/ Mini-dtx \/ Micro-atx \/ Atx \/ Panel Panoramico Vidrio Templado","og_description":"Compra E600-kgnn-s02 Gabinete Elite 600, Argb Fan 7 \/ Negro \/ Torre Intermedia \/ Mini-itx \/ Mini-dtx \/ Micro-atx \/ Atx \/ Panel Panoramico Vidrio Templado + Env\u00edo a domicilio + Pago seguro + Garant\u00eda","og_url":"https:\/\/compuviper.mx\/tienda\/producto\/cooler-master-e600-kgnn-s02-gabinete-elite-600-argb-fan-7-negro-torre-intermedia-mini-itx-mini-dtx-micro-atx-atx-panel-panoramico-vidrio-templado\/","og_site_name":"Compuviper","article_publisher":"https:\/\/www.facebook.com\/compuviper","twitter_card":"summary_large_image","twitter_misc":{"Precio":"&#36;1,721 con IVA","Availability":"In stock"},"schema":{"@context":"https:\/\/schema.org","@graph":[{"@type":"WebPage","@id":"https:\/\/compuviper.mx\/tienda\/producto\/cooler-master-e600-kgnn-s02-gabinete-elite-600-argb-fan-7-negro-torre-intermedia-mini-itx-mini-dtx-micro-atx-atx-panel-panoramico-vidrio-templado\/","url":"https:\/\/compuviper.mx\/tienda\/producto\/cooler-master-e600-kgnn-s02-gabinete-elite-600-argb-fan-7-negro-torre-intermedia-mini-itx-mini-dtx-micro-atx-atx-panel-panoramico-vidrio-templado\/","name":"[ Cooler Master ] &#129351; E600-kgnn-s02 Gabinete Elite 600, Argb Fan 7 \/ Negro \/ Torre Intermedia \/ Mini-itx \/ Mini-dtx \/ Micro-atx \/ Atx \/ Panel Panoramico Vidrio Templado","isPartOf":{"@id":"https:\/\/compuviper.mx\/tienda\/#website"},"datePublished":"2026-04-10T06:05:23+00:00","dateModified":"2026-04-10T06:05:23+00:00","description":"Compra E600-kgnn-s02 Gabinete Elite 600, Argb Fan 7 \/ Negro \/ Torre Intermedia \/ Mini-itx \/ Mini-dtx \/ Micro-atx \/ Atx \/ Panel Panoramico Vidrio Templado + Env\u00edo a domicilio + Pago seguro + Garant\u00eda","breadcrumb":{"@id":"https:\/\/compuviper.mx\/tienda\/producto\/cooler-master-e600-kgnn-s02-gabinete-elite-600-argb-fan-7-negro-torre-intermedia-mini-itx-mini-dtx-micro-atx-atx-panel-panoramico-vidrio-templado\/#breadcrumb"},"inLanguage":"es-MX","potentialAction":[{"@type":"ReadAction","target":["https:\/\/compuviper.mx\/tienda\/producto\/cooler-master-e600-kgnn-s02-gabinete-elite-600-argb-fan-7-negro-torre-intermedia-mini-itx-mini-dtx-micro-atx-atx-panel-panoramico-vidrio-templado\/"]}]},{"@type":"BreadcrumbList","@id":"https:\/\/compuviper.mx\/tienda\/producto\/cooler-master-e600-kgnn-s02-gabinete-elite-600-argb-fan-7-negro-torre-intermedia-mini-itx-mini-dtx-micro-atx-atx-panel-panoramico-vidrio-templado\/#breadcrumb","itemListElement":[{"@type":"ListItem","position":1,"name":"Inicio","item":"https:\/\/compuviper.mx\/tienda\/"},{"@type":"ListItem","position":2,"name":"Productos","item":"https:\/\/compuviper.mx\/tienda\/productos\/"},{"@type":"ListItem","position":3,"name":"Gabinetes","item":"https:\/\/compuviper.mx\/tienda\/categoria-producto\/gabinetes\/"},{"@type":"ListItem","position":4,"name":"Media Torre","item":"https:\/\/compuviper.mx\/tienda\/categoria-producto\/gabinetes\/media-torre\/"},{"@type":"ListItem","position":5,"name":"Cooler Master E600-kgnn-s02 Gabinete Elite 600, Argb Fan 7 \/ Negro \/ Torre Intermedia \/ Mini-itx \/ Mini-dtx \/ Micro-atx \/ Atx \/ Panel Panoramico Vidrio Templado"}]},{"@type":"WebSite","@id":"https:\/\/compuviper.mx\/tienda\/#website","url":"https:\/\/compuviper.mx\/tienda\/","name":"Compuviper","description":"Proveedor de Computadoras, Laptops, Servidores, Monitores, Puntos de Venta, Teclados,   Impresoras, T\u00f3ner, C\u00e1maras de Seguridad y m\u00e1s en tu tienda en l\u00ednea","publisher":{"@id":"https:\/\/compuviper.mx\/tienda\/#organization"},"potentialAction":[{"@type":"SearchAction","target":{"@type":"EntryPoint","urlTemplate":"https:\/\/compuviper.mx\/tienda\/?s={search_term_string}"},"query-input":"required name=search_term_string"}],"inLanguage":"es-MX"},{"@type":"Organization","@id":"https:\/\/compuviper.mx\/tienda\/#organization","name":"Compuviper","url":"https:\/\/compuviper.mx\/tienda\/","logo":{"@type":"ImageObject","inLanguage":"es-MX","@id":"https:\/\/compuviper.mx\/tienda\/#\/schema\/logo\/image\/","url":"https:\/\/compuviper.mx\/tienda\/wp-content\/uploads\/2021\/08\/Logo-Compuviper-10.png","contentUrl":"https:\/\/compuviper.mx\/tienda\/wp-content\/uploads\/2021\/08\/Logo-Compuviper-10.png","width":1000,"height":500,"caption":"Compuviper"},"image":{"@id":"https:\/\/compuviper.mx\/tienda\/#\/schema\/logo\/image\/"},"sameAs":["https:\/\/www.facebook.com\/compuviper","https:\/\/www.youtube.com\/channel\/UCf73dERp9Y3cfOq7q8BhLjA?view_as=subscriber"]}]},"product_brand":"COOLER MASTER","product_price_amount":"1721","product_price_currency":"MXN","og_availability":"instock","product_availability":"instock","product_retailer_item_id":"E600-KGNN-S02","product_condition":"new"},"_links":{"self":[{"href":"https:\/\/compuviper.mx\/tienda\/wp-json\/wp\/v2\/product\/267525"}],"collection":[{"href":"https:\/\/compuviper.mx\/tienda\/wp-json\/wp\/v2\/product"}],"about":[{"href":"https:\/\/compuviper.mx\/tienda\/wp-json\/wp\/v2\/types\/product"}],"replies":[{"embeddable":true,"href":"https:\/\/compuviper.mx\/tienda\/wp-json\/wp\/v2\/comments?post=267525"}],"wp:attachment":[{"href":"https:\/\/compuviper.mx\/tienda\/wp-json\/wp\/v2\/media?parent=267525"}],"wp:term":[{"taxonomy":"product_cat","embeddable":true,"href":"https:\/\/compuviper.mx\/tienda\/wp-json\/wp\/v2\/product_cat?post=267525"},{"taxonomy":"product_tag","embeddable":true,"href":"https:\/\/compuviper.mx\/tienda\/wp-json\/wp\/v2\/product_tag?post=267525"}],"curies":[{"name":"wp","href":"https:\/\/api.w.org\/{rel}","templated":true}]}}