{"id":267517,"date":"2026-04-09T23:45:47","date_gmt":"2026-04-10T05:45:47","guid":{"rendered":"https:\/\/compuviper.mx\/tienda\/producto\/cooler-master-mlx-d24m-a25sz-l1-disipador-de-enfriamiento-liquido-masterliquid-atmos-ii-lcd-240-argb-negro-gamer\/"},"modified":"2026-04-10T00:00:42","modified_gmt":"2026-04-10T06:00:42","slug":"cooler-master-mlx-d24m-a25sz-l1-disipador-de-enfriamiento-liquido-masterliquid-atmos-ii-lcd-240-argb-negro-gamer","status":"publish","type":"product","link":"https:\/\/compuviper.mx\/tienda\/producto\/cooler-master-mlx-d24m-a25sz-l1-disipador-de-enfriamiento-liquido-masterliquid-atmos-ii-lcd-240-argb-negro-gamer\/","title":{"rendered":"Cooler Master Mlx-d24m-a25sz-l1 Disipador De Enfriamiento Liquido  Masterliquid Atmos Ii Lcd 240 \/ Argb \/ Negro \/ Gamer"},"content":{"rendered":"<table class=\"descripcion\">\n<tr>\n<td>Numero de producto: (240 lcd negro) mlx-d24m-a25sz-l1<\/td>\n<\/tr>\n<tr>\n<td>Cpu socket: intel lga 1851 \/ 1700 \/ 1200 \/ 1150 \/ 1151 \/ 1155 \/ 1156<\/td>\n<\/tr>\n<tr>\n<td>Cpu socket: amd am5 \/ am4<\/td>\n<\/tr>\n<tr>\n<td>Material del radiador: aluminio<\/td>\n<\/tr>\n<tr>\n<td>Dimensiones del radiador: (240) &#8211; 277 x 119,2 x 27 mm (10,9 x 4,7 x 1,1 pulgadas)<\/td>\n<\/tr>\n<tr>\n<td>Dimensiones de la bomba: 92,5 x 87 x 38,5 mm (3,6 x 3,4 x 1,5 pulgadas)<\/td>\n<\/tr>\n<tr>\n<td>Perfiles de bombas: rgb direccionable gen2<\/td>\n<\/tr>\n<tr>\n<td>Velocidad de la bomba: 3400 \u00b1 300 rpm<\/td>\n<\/tr>\n<tr>\n<td>Bombear mttf:  210.000 horas<\/td>\n<\/tr>\n<tr>\n<td>Nivel de ruido de la bomba: 25 dba (m\u00e1ximo)<\/td>\n<\/tr>\n<tr>\n<td>Voltaje nominal de la bomba:12 vdc<\/td>\n<\/tr>\n<tr>\n<td>Consumo de potencia de la bomba: 3,84 w<\/td>\n<\/tr>\n<tr>\n<td>Conector de bomba: argb de 3 pines + pwm de 4 pines<\/td>\n<\/tr>\n<tr>\n<td>Longitud del tubo: (240) 350 mm<\/td>\n<\/tr>\n<tr>\n<td>Dimensiones del ventilador (l x anla x e): (240) 241 x 122 x 26,5 mm (9,5 x 4,8 x 1 pulgada)<\/td>\n<\/tr>\n<tr>\n<td>Perfil: rgb direccionable de la gen 2<\/td>\n<\/tr>\n<tr>\n<td>Cantidad de aficionados: 1 pc<\/td>\n<\/tr>\n<tr>\n<td>Velocidad del ventilador: 690 ~ 2500 rpm \u00b1 15%<\/td>\n<\/tr>\n<tr>\n<td>Flujo de aire del ventilador: (240) 240,35 m\u00b3\/h (141,4 cfm)<\/td>\n<\/tr>\n<tr>\n<td>Presion del aire del ventilador: 3,61 mmh2o<\/td>\n<\/tr>\n<tr>\n<td>Fan mttf:  160.000 horas<\/td>\n<\/tr>\n<tr>\n<td>Nivel de ruido del ventilador: (240) 36 db(a)<\/td>\n<\/tr>\n<tr>\n<td>Tipo de rodamiento de abanicorodamiento dinamico de lazo<\/td>\n<\/tr>\n<tr>\n<td>Conector de ventilador: pwm de 7 pines + argb<\/td>\n<\/tr>\n<tr>\n<td>Voltaje nominal para ventiladores: 12 vdc<\/td>\n<\/tr>\n<tr>\n<td>Corriente nominal para ventiladores: 0,5 a<\/td>\n<\/tr>\n<tr>\n<td>Corriente de seguridad del ventilador: 0,8 a<\/td>\n<\/tr>\n<tr>\n<td>Consumo de potencia del ventilador: 6 w<\/td>\n<\/tr>\n<tr>\n<td>Tama\u00f1o del radiador: 240<\/td>\n<\/tr>\n<tr>\n<td>Tipo refrigerador: enfriador de liquido<\/td>\n<\/tr>\n<tr>\n<td>Serie: masterliquid<\/td>\n<\/tr>\n<tr>\n<td>Lcd exterior color: negro<\/td>\n<\/tr>\n<tr>\n<td>Dimensiones del lcd: 85 x 79,2 x 18,7 mm (3,4 x 3,1 x 0,7 pulgadas)<\/td>\n<\/tr>\n<tr>\n<td>Conector lcd: usb tipo-c a la placa base de 9 pines<\/td>\n<\/tr>\n<tr>\n<td>Tama\u00f1o de la pantalla lcd: 2,1 pulgadas \/ diametro 53,3 mm<\/td>\n<\/tr>\n<tr>\n<td>Resolucion de pantalla lcd: 480 x 480 px<\/td>\n<\/tr>\n<tr>\n<td>Luminancia de pantallas lcd: 300 cd\/m\u00b2<\/td>\n<\/tr>\n<tr>\n<td>Tasa de refresco de la pantalla lcd: 60 hz<\/td>\n<\/tr>\n<tr>\n<td>Orientacion a la pantalla lcd: software-masterctrl ajustable<\/td>\n<\/tr>\n<tr>\n<td>Voltaje clasificado para lcd: 5 vdc<\/td>\n<\/tr>\n<tr>\n<td>Corriente nominal para lcd: 0,3 a<\/td>\n<\/tr>\n<tr>\n<td>Corriente de seguridad lcd: 0,5 a<\/td>\n<\/tr>\n<tr>\n<td>Consumo de energia de los lcd: 1,5 w<\/td>\n<\/tr>\n<tr>\n<td>Garantia: 6 a\u00f1os<\/td>\n<\/tr>\n<\/table>\n","protected":false},"excerpt":{"rendered":"<p>360 grados de frescura. Masterliquid atmos ii lcd. Presentamos el nuevo disipador de cpu atmos ii lcd de cooler master, dise\u00f1ado para mejorar tu experiencia de refrigeracion. La pantalla lcd masterliquid atmos ii ofrece una personalizacion mejorada, permitiendo a los usuarios cambiar la informaci\u00f3n del panel a estadisticas del sistema, gifs, imagenes, texto desplazable y mas. El dise\u00f1o de la bomba de perfil bajo la hace ideal para caber en cajas compactas. La pantalla lcd masterliquid atmos ii ofrece un rendimiento excepcional en refrigeracion, un funcionamiento mas silencioso y la flexibilidad para personalizar tu montaje. Hazlo tuyo con la pantalla lcd atmos ii: la combinaci\u00f3n perfecta de rendimiento, personalizacion y silencio. Lcd. El panel lcd proporciona una pantalla en tiempo real, y el software masterctrl permite la creaci\u00f3n de gifs, pngs, jpg, texto desplazable y la visualizacion de tu m\u00fasica o fuente de video. Dificil. Fidedigno. Construido para resistir. Dise\u00f1ada con pps y fibra de vidrio, la carcasa de la bomba masterliquid atmos ii ofrece resistencia industrial, resistencia al calor excepcional y una durabilidad inigualable, dise\u00f1ada para constructores que requieren refrigeracion de alto rendimiento y larga duracion. Tambien supera pruebas extremas a 70 \u00b0c durante 3.000 horas y 120 \u00b0c durante 12 horas*, asegurando un rendimiento fiable en las condiciones m\u00e1s duras.<\/p>\n","protected":false},"featured_media":0,"comment_status":"open","ping_status":"open","template":"","meta":[],"product_cat":[1612,1859],"product_tag":[1615],"acf":[],"yoast_head":"<!-- This site is optimized with the Yoast SEO plugin v21.7 - https:\/\/yoast.com\/wordpress\/plugins\/seo\/ -->\n<title>[ Cooler Master ] &#129351; Mlx-d24m-a25sz-l1 Disipador De Enfriamiento Liquido Masterliquid Atmos Ii Lcd 240 \/ Argb \/ Negro \/ Gamer<\/title>\n<meta name=\"description\" content=\"Compra Mlx-d24m-a25sz-l1 Disipador De Enfriamiento Liquido Masterliquid Atmos Ii Lcd 240 \/ Argb \/ Negro \/ Gamer + Env\u00edo a domicilio + Pago seguro + Garant\u00eda\" \/>\n<meta name=\"robots\" content=\"index, follow, max-snippet:-1, max-image-preview:large, max-video-preview:-1\" \/>\n<link rel=\"canonical\" href=\"https:\/\/compuviper.mx\/tienda\/producto\/cooler-master-mlx-d24m-a25sz-l1-disipador-de-enfriamiento-liquido-masterliquid-atmos-ii-lcd-240-argb-negro-gamer\/\" \/>\n<meta property=\"og:locale\" content=\"es_MX\" \/>\n<meta property=\"og:type\" content=\"article\" \/>\n<meta property=\"og:title\" content=\"[ Cooler Master ] &#129351; Mlx-d24m-a25sz-l1 Disipador De Enfriamiento Liquido Masterliquid Atmos Ii Lcd 240 \/ Argb \/ Negro \/ Gamer\" \/>\n<meta property=\"og:description\" content=\"Compra Mlx-d24m-a25sz-l1 Disipador De Enfriamiento Liquido Masterliquid Atmos Ii Lcd 240 \/ Argb \/ Negro \/ Gamer + Env\u00edo a domicilio + Pago seguro + Garant\u00eda\" \/>\n<meta property=\"og:url\" content=\"https:\/\/compuviper.mx\/tienda\/producto\/cooler-master-mlx-d24m-a25sz-l1-disipador-de-enfriamiento-liquido-masterliquid-atmos-ii-lcd-240-argb-negro-gamer\/\" \/>\n<meta property=\"og:site_name\" content=\"Compuviper\" \/>\n<meta property=\"article:publisher\" content=\"https:\/\/www.facebook.com\/compuviper\" \/>\n<meta property=\"article:modified_time\" content=\"2026-04-10T06:00:42+00:00\" \/>\n<meta name=\"twitter:card\" content=\"summary_large_image\" \/>\n<meta name=\"twitter:label1\" content=\"Precio\" \/>\n\t<meta name=\"twitter:data1\" content=\"&#36;2,724 con IVA\" \/>\n\t<meta name=\"twitter:label2\" content=\"Availability\" \/>\n\t<meta name=\"twitter:data2\" content=\"In stock\" \/>\n<script type=\"application\/ld+json\" class=\"yoast-schema-graph\">{\"@context\":\"https:\/\/schema.org\",\"@graph\":[{\"@type\":\"WebPage\",\"@id\":\"https:\/\/compuviper.mx\/tienda\/producto\/cooler-master-mlx-d24m-a25sz-l1-disipador-de-enfriamiento-liquido-masterliquid-atmos-ii-lcd-240-argb-negro-gamer\/\",\"url\":\"https:\/\/compuviper.mx\/tienda\/producto\/cooler-master-mlx-d24m-a25sz-l1-disipador-de-enfriamiento-liquido-masterliquid-atmos-ii-lcd-240-argb-negro-gamer\/\",\"name\":\"[ Cooler Master ] &#129351; Mlx-d24m-a25sz-l1 Disipador De Enfriamiento Liquido Masterliquid Atmos Ii Lcd 240 \/ Argb \/ Negro \/ Gamer\",\"isPartOf\":{\"@id\":\"https:\/\/compuviper.mx\/tienda\/#website\"},\"datePublished\":\"2026-04-10T05:45:47+00:00\",\"dateModified\":\"2026-04-10T06:00:42+00:00\",\"description\":\"Compra Mlx-d24m-a25sz-l1 Disipador De Enfriamiento Liquido Masterliquid Atmos Ii Lcd 240 \/ Argb \/ Negro \/ Gamer + Env\u00edo a domicilio + Pago seguro + Garant\u00eda\",\"breadcrumb\":{\"@id\":\"https:\/\/compuviper.mx\/tienda\/producto\/cooler-master-mlx-d24m-a25sz-l1-disipador-de-enfriamiento-liquido-masterliquid-atmos-ii-lcd-240-argb-negro-gamer\/#breadcrumb\"},\"inLanguage\":\"es-MX\",\"potentialAction\":[{\"@type\":\"ReadAction\",\"target\":[\"https:\/\/compuviper.mx\/tienda\/producto\/cooler-master-mlx-d24m-a25sz-l1-disipador-de-enfriamiento-liquido-masterliquid-atmos-ii-lcd-240-argb-negro-gamer\/\"]}]},{\"@type\":\"BreadcrumbList\",\"@id\":\"https:\/\/compuviper.mx\/tienda\/producto\/cooler-master-mlx-d24m-a25sz-l1-disipador-de-enfriamiento-liquido-masterliquid-atmos-ii-lcd-240-argb-negro-gamer\/#breadcrumb\",\"itemListElement\":[{\"@type\":\"ListItem\",\"position\":1,\"name\":\"Inicio\",\"item\":\"https:\/\/compuviper.mx\/tienda\/\"},{\"@type\":\"ListItem\",\"position\":2,\"name\":\"Productos\",\"item\":\"https:\/\/compuviper.mx\/tienda\/productos\/\"},{\"@type\":\"ListItem\",\"position\":3,\"name\":\"Ventiladores\",\"item\":\"https:\/\/compuviper.mx\/tienda\/categoria-producto\/ventiladores\/\"},{\"@type\":\"ListItem\",\"position\":4,\"name\":\"Disipador\",\"item\":\"https:\/\/compuviper.mx\/tienda\/categoria-producto\/ventiladores\/disipador\/\"},{\"@type\":\"ListItem\",\"position\":5,\"name\":\"Cooler Master Mlx-d24m-a25sz-l1 Disipador De Enfriamiento Liquido Masterliquid Atmos Ii Lcd 240 \/ Argb \/ Negro \/ Gamer\"}]},{\"@type\":\"WebSite\",\"@id\":\"https:\/\/compuviper.mx\/tienda\/#website\",\"url\":\"https:\/\/compuviper.mx\/tienda\/\",\"name\":\"Compuviper\",\"description\":\"Proveedor de Computadoras, Laptops, Servidores, Monitores, Puntos de Venta, Teclados,   Impresoras, T\u00f3ner, C\u00e1maras de Seguridad y m\u00e1s en tu tienda en l\u00ednea\",\"publisher\":{\"@id\":\"https:\/\/compuviper.mx\/tienda\/#organization\"},\"potentialAction\":[{\"@type\":\"SearchAction\",\"target\":{\"@type\":\"EntryPoint\",\"urlTemplate\":\"https:\/\/compuviper.mx\/tienda\/?s={search_term_string}\"},\"query-input\":\"required name=search_term_string\"}],\"inLanguage\":\"es-MX\"},{\"@type\":\"Organization\",\"@id\":\"https:\/\/compuviper.mx\/tienda\/#organization\",\"name\":\"Compuviper\",\"url\":\"https:\/\/compuviper.mx\/tienda\/\",\"logo\":{\"@type\":\"ImageObject\",\"inLanguage\":\"es-MX\",\"@id\":\"https:\/\/compuviper.mx\/tienda\/#\/schema\/logo\/image\/\",\"url\":\"https:\/\/compuviper.mx\/tienda\/wp-content\/uploads\/2021\/08\/Logo-Compuviper-10.png\",\"contentUrl\":\"https:\/\/compuviper.mx\/tienda\/wp-content\/uploads\/2021\/08\/Logo-Compuviper-10.png\",\"width\":1000,\"height\":500,\"caption\":\"Compuviper\"},\"image\":{\"@id\":\"https:\/\/compuviper.mx\/tienda\/#\/schema\/logo\/image\/\"},\"sameAs\":[\"https:\/\/www.facebook.com\/compuviper\",\"https:\/\/www.youtube.com\/channel\/UCf73dERp9Y3cfOq7q8BhLjA?view_as=subscriber\"]}]}<\/script>\n<meta property=\"product:brand\" content=\"COOLER MASTER\" \/>\n<meta property=\"product:price:amount\" content=\"2724\" \/>\n<meta property=\"product:price:currency\" content=\"MXN\" \/>\n<meta property=\"og:availability\" content=\"instock\" \/>\n<meta property=\"product:availability\" content=\"instock\" \/>\n<meta property=\"product:retailer_item_id\" content=\"MLX-D24M-A25SZ-L1\" \/>\n<meta property=\"product:condition\" content=\"new\" \/>\n<!-- \/ Yoast SEO plugin. -->","yoast_head_json":{"title":"[ Cooler Master ] &#129351; Mlx-d24m-a25sz-l1 Disipador De Enfriamiento Liquido Masterliquid Atmos Ii Lcd 240 \/ Argb \/ Negro \/ Gamer","description":"Compra Mlx-d24m-a25sz-l1 Disipador De Enfriamiento Liquido Masterliquid Atmos Ii Lcd 240 \/ Argb \/ Negro \/ Gamer + Env\u00edo a domicilio + Pago seguro + Garant\u00eda","robots":{"index":"index","follow":"follow","max-snippet":"max-snippet:-1","max-image-preview":"max-image-preview:large","max-video-preview":"max-video-preview:-1"},"canonical":"https:\/\/compuviper.mx\/tienda\/producto\/cooler-master-mlx-d24m-a25sz-l1-disipador-de-enfriamiento-liquido-masterliquid-atmos-ii-lcd-240-argb-negro-gamer\/","og_locale":"es_MX","og_type":"article","og_title":"[ Cooler Master ] &#129351; Mlx-d24m-a25sz-l1 Disipador De Enfriamiento Liquido Masterliquid Atmos Ii Lcd 240 \/ Argb \/ Negro \/ Gamer","og_description":"Compra Mlx-d24m-a25sz-l1 Disipador De Enfriamiento Liquido Masterliquid Atmos Ii Lcd 240 \/ Argb \/ Negro \/ Gamer + Env\u00edo a domicilio + Pago seguro + Garant\u00eda","og_url":"https:\/\/compuviper.mx\/tienda\/producto\/cooler-master-mlx-d24m-a25sz-l1-disipador-de-enfriamiento-liquido-masterliquid-atmos-ii-lcd-240-argb-negro-gamer\/","og_site_name":"Compuviper","article_publisher":"https:\/\/www.facebook.com\/compuviper","article_modified_time":"2026-04-10T06:00:42+00:00","twitter_card":"summary_large_image","twitter_misc":{"Precio":"&#36;2,724 con IVA","Availability":"In stock"},"schema":{"@context":"https:\/\/schema.org","@graph":[{"@type":"WebPage","@id":"https:\/\/compuviper.mx\/tienda\/producto\/cooler-master-mlx-d24m-a25sz-l1-disipador-de-enfriamiento-liquido-masterliquid-atmos-ii-lcd-240-argb-negro-gamer\/","url":"https:\/\/compuviper.mx\/tienda\/producto\/cooler-master-mlx-d24m-a25sz-l1-disipador-de-enfriamiento-liquido-masterliquid-atmos-ii-lcd-240-argb-negro-gamer\/","name":"[ Cooler Master ] &#129351; Mlx-d24m-a25sz-l1 Disipador De Enfriamiento Liquido Masterliquid Atmos Ii Lcd 240 \/ Argb \/ Negro \/ Gamer","isPartOf":{"@id":"https:\/\/compuviper.mx\/tienda\/#website"},"datePublished":"2026-04-10T05:45:47+00:00","dateModified":"2026-04-10T06:00:42+00:00","description":"Compra Mlx-d24m-a25sz-l1 Disipador De Enfriamiento Liquido Masterliquid Atmos Ii Lcd 240 \/ Argb \/ Negro \/ Gamer + Env\u00edo a domicilio + Pago seguro + Garant\u00eda","breadcrumb":{"@id":"https:\/\/compuviper.mx\/tienda\/producto\/cooler-master-mlx-d24m-a25sz-l1-disipador-de-enfriamiento-liquido-masterliquid-atmos-ii-lcd-240-argb-negro-gamer\/#breadcrumb"},"inLanguage":"es-MX","potentialAction":[{"@type":"ReadAction","target":["https:\/\/compuviper.mx\/tienda\/producto\/cooler-master-mlx-d24m-a25sz-l1-disipador-de-enfriamiento-liquido-masterliquid-atmos-ii-lcd-240-argb-negro-gamer\/"]}]},{"@type":"BreadcrumbList","@id":"https:\/\/compuviper.mx\/tienda\/producto\/cooler-master-mlx-d24m-a25sz-l1-disipador-de-enfriamiento-liquido-masterliquid-atmos-ii-lcd-240-argb-negro-gamer\/#breadcrumb","itemListElement":[{"@type":"ListItem","position":1,"name":"Inicio","item":"https:\/\/compuviper.mx\/tienda\/"},{"@type":"ListItem","position":2,"name":"Productos","item":"https:\/\/compuviper.mx\/tienda\/productos\/"},{"@type":"ListItem","position":3,"name":"Ventiladores","item":"https:\/\/compuviper.mx\/tienda\/categoria-producto\/ventiladores\/"},{"@type":"ListItem","position":4,"name":"Disipador","item":"https:\/\/compuviper.mx\/tienda\/categoria-producto\/ventiladores\/disipador\/"},{"@type":"ListItem","position":5,"name":"Cooler Master Mlx-d24m-a25sz-l1 Disipador De Enfriamiento Liquido Masterliquid Atmos Ii Lcd 240 \/ Argb \/ Negro \/ Gamer"}]},{"@type":"WebSite","@id":"https:\/\/compuviper.mx\/tienda\/#website","url":"https:\/\/compuviper.mx\/tienda\/","name":"Compuviper","description":"Proveedor de Computadoras, Laptops, Servidores, Monitores, Puntos de Venta, Teclados,   Impresoras, T\u00f3ner, C\u00e1maras de Seguridad y m\u00e1s en tu tienda en l\u00ednea","publisher":{"@id":"https:\/\/compuviper.mx\/tienda\/#organization"},"potentialAction":[{"@type":"SearchAction","target":{"@type":"EntryPoint","urlTemplate":"https:\/\/compuviper.mx\/tienda\/?s={search_term_string}"},"query-input":"required name=search_term_string"}],"inLanguage":"es-MX"},{"@type":"Organization","@id":"https:\/\/compuviper.mx\/tienda\/#organization","name":"Compuviper","url":"https:\/\/compuviper.mx\/tienda\/","logo":{"@type":"ImageObject","inLanguage":"es-MX","@id":"https:\/\/compuviper.mx\/tienda\/#\/schema\/logo\/image\/","url":"https:\/\/compuviper.mx\/tienda\/wp-content\/uploads\/2021\/08\/Logo-Compuviper-10.png","contentUrl":"https:\/\/compuviper.mx\/tienda\/wp-content\/uploads\/2021\/08\/Logo-Compuviper-10.png","width":1000,"height":500,"caption":"Compuviper"},"image":{"@id":"https:\/\/compuviper.mx\/tienda\/#\/schema\/logo\/image\/"},"sameAs":["https:\/\/www.facebook.com\/compuviper","https:\/\/www.youtube.com\/channel\/UCf73dERp9Y3cfOq7q8BhLjA?view_as=subscriber"]}]},"product_brand":"COOLER MASTER","product_price_amount":"2724","product_price_currency":"MXN","og_availability":"instock","product_availability":"instock","product_retailer_item_id":"MLX-D24M-A25SZ-L1","product_condition":"new"},"_links":{"self":[{"href":"https:\/\/compuviper.mx\/tienda\/wp-json\/wp\/v2\/product\/267517"}],"collection":[{"href":"https:\/\/compuviper.mx\/tienda\/wp-json\/wp\/v2\/product"}],"about":[{"href":"https:\/\/compuviper.mx\/tienda\/wp-json\/wp\/v2\/types\/product"}],"replies":[{"embeddable":true,"href":"https:\/\/compuviper.mx\/tienda\/wp-json\/wp\/v2\/comments?post=267517"}],"wp:attachment":[{"href":"https:\/\/compuviper.mx\/tienda\/wp-json\/wp\/v2\/media?parent=267517"}],"wp:term":[{"taxonomy":"product_cat","embeddable":true,"href":"https:\/\/compuviper.mx\/tienda\/wp-json\/wp\/v2\/product_cat?post=267517"},{"taxonomy":"product_tag","embeddable":true,"href":"https:\/\/compuviper.mx\/tienda\/wp-json\/wp\/v2\/product_tag?post=267517"}],"curies":[{"name":"wp","href":"https:\/\/api.w.org\/{rel}","templated":true}]}}