{"id":267478,"date":"2026-04-16T00:58:54","date_gmt":"2026-04-16T06:58:54","guid":{"rendered":"https:\/\/compuviper.mx\/tienda\/producto\/msi-forge-gm300-mouse-optico-cableado-dpi-7200-usb-rgb-gamer\/"},"modified":"2026-04-16T00:58:54","modified_gmt":"2026-04-16T06:58:54","slug":"msi-oem-forge-gm300-mouse-msi-optico-cableado-dpi-7200-usb-rgb-gamer","status":"publish","type":"product","link":"https:\/\/compuviper.mx\/tienda\/producto\/msi-oem-forge-gm300-mouse-msi-optico-cableado-dpi-7200-usb-rgb-gamer\/","title":{"rendered":"Msi Oem Forge Gm300 Mouse Msi Optico  \/cableado\/dpi 7200\/usb\/rgb\/gamer"},"content":{"rendered":"<table class=\"descripcion\">\n<tr>\n<td>Nombre del modelo:forja gm300<\/td>\n<\/tr>\n<tr>\n<td>Interfaz : usb 2.0<\/td>\n<\/tr>\n<tr>\n<td>Tipo de sensor: \u00f3ptico<\/td>\n<\/tr>\n<tr>\n<td>Luz led:rgb de 5 modos<\/td>\n<\/tr>\n<tr>\n<td>Dpi conmutables preestablecidos: 1200\/2400\/4800\/7200<\/td>\n<\/tr>\n<tr>\n<td>Tipo de interruptor: micro interruptor<\/td>\n<\/tr>\n<tr>\n<td>Durabilidad del interruptor: 10 millones de clics<\/td>\n<\/tr>\n<tr>\n<td>N\u00famero de botones :7<\/td>\n<\/tr>\n<tr>\n<td>Sistema operativo:windows 10 (y superior)<\/td>\n<\/tr>\n<tr>\n<td>Longitud del cable:1,5 m<\/td>\n<\/tr>\n<tr>\n<td>Dimensiones del producto:127x70x41mm<\/td>\n<\/tr>\n<tr>\n<td>Peso (producto \/ paquete) :118g \/ 143g<\/td>\n<\/tr>\n<\/table>\n","protected":false},"excerpt":{"rendered":"<p>La serie forge fusiona juegos y creatividad, permitiendo a los usuarios crear experiencias personales. Desarrollada por msi gear, la serie forge permite la creatividad, supera los l\u00edmites o es pionera en la jugabilidad, permitiendo a los usuarios convertir sus visiones en realidad en el juego o en el trabajo. A\u00f1os de juego. Disfrute de una c\u00f3moda experiencia de clic con los interruptores duraderos, dise\u00f1ados para soportar m\u00e1s de 10 millones de pulsaciones durante largas horas de uso. Control preciso. Un sensor \u00f3ptico preciso proporciona hasta 7200 dpi para ofrecer un seguimiento preciso. Adaptaci\u00f3n r\u00e1pida. Recorra instant\u00e1neamente 4 ajustes preestablecidos de dpi para ajustar su precisi\u00f3n a cada situaci\u00f3n. Adaptaci\u00f3n r\u00e1pida. Recorra instant\u00e1neamente 4 ajustes preestablecidos de dpi para ajustar su precisi\u00f3n a cada situaci\u00f3n. Se adapta a tu estilo. Este mouse es ideal para estilos de agarre con palma y garra, y amigable para usuarios zurdos, gracias a su dise\u00f1o sim\u00e9trico. Crea tu vibra. Aligere el estado de \u00e1nimo jugando con efectos predefinidos para lograr el ambiente preferido. Forja gm300. Conmutadores de mouse duraderos : a\u00f1os de juego con conmutadores con capacidad para m\u00e1s de 10 millones de clics. Sensor de mouse \u00f3ptico preciso : hasta 7200 dpi para brindar un seguimiento preciso. Dp i ajustable : 4 ajustes preestablecidos de dpi para ajustar su precisi\u00f3n en cada situaci\u00f3n. Dise\u00f1o sim\u00e9trico : adecuado para estilos de agarre con palma y garra, y amigable para usuarios zurdos. Led rgb : ilumine el ambiente jugando con efectos predefinidos para lograr el ambiente preferido.<\/p>\n","protected":false},"featured_media":267479,"comment_status":"open","ping_status":"open","template":"","meta":[],"product_cat":[1752,1748],"product_tag":[2322],"acf":[],"yoast_head":"<!-- This site is optimized with the Yoast SEO plugin v21.7 - https:\/\/yoast.com\/wordpress\/plugins\/seo\/ -->\n<title>[ Msi Oem ] &#129351; Forge Gm300 Mouse Msi Optico \/cableado\/dpi 7200\/usb\/rgb\/gamer<\/title>\n<meta name=\"description\" content=\"Compra Forge Gm300 Mouse Msi Optico \/cableado\/dpi 7200\/usb\/rgb\/gamer + Env\u00edo a domicilio + Pago seguro + Garant\u00eda\" \/>\n<meta name=\"robots\" content=\"index, follow, max-snippet:-1, max-image-preview:large, max-video-preview:-1\" \/>\n<link rel=\"canonical\" href=\"https:\/\/compuviper.mx\/tienda\/producto\/msi-oem-forge-gm300-mouse-msi-optico-cableado-dpi-7200-usb-rgb-gamer\/\" \/>\n<meta property=\"og:locale\" content=\"es_MX\" \/>\n<meta property=\"og:type\" content=\"article\" \/>\n<meta property=\"og:title\" content=\"[ Msi Oem ] &#129351; Forge Gm300 Mouse Msi Optico \/cableado\/dpi 7200\/usb\/rgb\/gamer\" \/>\n<meta property=\"og:description\" content=\"Compra Forge Gm300 Mouse Msi Optico \/cableado\/dpi 7200\/usb\/rgb\/gamer + Env\u00edo a domicilio + Pago seguro + Garant\u00eda\" \/>\n<meta property=\"og:url\" content=\"https:\/\/compuviper.mx\/tienda\/producto\/msi-oem-forge-gm300-mouse-msi-optico-cableado-dpi-7200-usb-rgb-gamer\/\" \/>\n<meta property=\"og:site_name\" content=\"Compuviper\" \/>\n<meta property=\"article:publisher\" content=\"https:\/\/www.facebook.com\/compuviper\" \/>\n<meta property=\"og:image\" content=\"https:\/\/compuviper.mx\/tienda\/wp-content\/uploads\/2026\/02\/Mouse-msi-optico-forge-gm300-cableadodpi-7200usbrgbgamer.jpg\" \/>\n\t<meta property=\"og:image:width\" content=\"200\" \/>\n\t<meta property=\"og:image:height\" content=\"200\" \/>\n\t<meta property=\"og:image:type\" content=\"image\/jpeg\" \/>\n<meta name=\"twitter:card\" content=\"summary_large_image\" \/>\n<meta name=\"twitter:label1\" content=\"Precio\" \/>\n\t<meta name=\"twitter:data1\" content=\"&#36;200 con IVA\" \/>\n\t<meta name=\"twitter:label2\" content=\"Availability\" \/>\n\t<meta name=\"twitter:data2\" content=\"In stock\" \/>\n<script type=\"application\/ld+json\" class=\"yoast-schema-graph\">{\"@context\":\"https:\/\/schema.org\",\"@graph\":[{\"@type\":\"WebPage\",\"@id\":\"https:\/\/compuviper.mx\/tienda\/producto\/msi-oem-forge-gm300-mouse-msi-optico-cableado-dpi-7200-usb-rgb-gamer\/\",\"url\":\"https:\/\/compuviper.mx\/tienda\/producto\/msi-oem-forge-gm300-mouse-msi-optico-cableado-dpi-7200-usb-rgb-gamer\/\",\"name\":\"[ Msi Oem ] &#129351; Forge Gm300 Mouse Msi Optico \/cableado\/dpi 7200\/usb\/rgb\/gamer\",\"isPartOf\":{\"@id\":\"https:\/\/compuviper.mx\/tienda\/#website\"},\"datePublished\":\"2026-04-16T06:58:54+00:00\",\"dateModified\":\"2026-04-16T06:58:54+00:00\",\"description\":\"Compra Forge Gm300 Mouse Msi Optico \/cableado\/dpi 7200\/usb\/rgb\/gamer + Env\u00edo a domicilio + Pago seguro + Garant\u00eda\",\"breadcrumb\":{\"@id\":\"https:\/\/compuviper.mx\/tienda\/producto\/msi-oem-forge-gm300-mouse-msi-optico-cableado-dpi-7200-usb-rgb-gamer\/#breadcrumb\"},\"inLanguage\":\"es-MX\",\"potentialAction\":[{\"@type\":\"ReadAction\",\"target\":[\"https:\/\/compuviper.mx\/tienda\/producto\/msi-oem-forge-gm300-mouse-msi-optico-cableado-dpi-7200-usb-rgb-gamer\/\"]}]},{\"@type\":\"BreadcrumbList\",\"@id\":\"https:\/\/compuviper.mx\/tienda\/producto\/msi-oem-forge-gm300-mouse-msi-optico-cableado-dpi-7200-usb-rgb-gamer\/#breadcrumb\",\"itemListElement\":[{\"@type\":\"ListItem\",\"position\":1,\"name\":\"Inicio\",\"item\":\"https:\/\/compuviper.mx\/tienda\/\"},{\"@type\":\"ListItem\",\"position\":2,\"name\":\"Productos\",\"item\":\"https:\/\/compuviper.mx\/tienda\/productos\/\"},{\"@type\":\"ListItem\",\"position\":3,\"name\":\"Mouse\",\"item\":\"https:\/\/compuviper.mx\/tienda\/categoria-producto\/mouse\/\"},{\"@type\":\"ListItem\",\"position\":4,\"name\":\"Gamers\",\"item\":\"https:\/\/compuviper.mx\/tienda\/categoria-producto\/mouse\/gamers-mouse\/\"},{\"@type\":\"ListItem\",\"position\":5,\"name\":\"Msi Oem Forge Gm300 Mouse Msi Optico \/cableado\/dpi 7200\/usb\/rgb\/gamer\"}]},{\"@type\":\"WebSite\",\"@id\":\"https:\/\/compuviper.mx\/tienda\/#website\",\"url\":\"https:\/\/compuviper.mx\/tienda\/\",\"name\":\"Compuviper\",\"description\":\"Proveedor de Computadoras, Laptops, Servidores, Monitores, Puntos de Venta, Teclados,   Impresoras, T\u00f3ner, C\u00e1maras de Seguridad y m\u00e1s en tu tienda en l\u00ednea\",\"publisher\":{\"@id\":\"https:\/\/compuviper.mx\/tienda\/#organization\"},\"potentialAction\":[{\"@type\":\"SearchAction\",\"target\":{\"@type\":\"EntryPoint\",\"urlTemplate\":\"https:\/\/compuviper.mx\/tienda\/?s={search_term_string}\"},\"query-input\":\"required name=search_term_string\"}],\"inLanguage\":\"es-MX\"},{\"@type\":\"Organization\",\"@id\":\"https:\/\/compuviper.mx\/tienda\/#organization\",\"name\":\"Compuviper\",\"url\":\"https:\/\/compuviper.mx\/tienda\/\",\"logo\":{\"@type\":\"ImageObject\",\"inLanguage\":\"es-MX\",\"@id\":\"https:\/\/compuviper.mx\/tienda\/#\/schema\/logo\/image\/\",\"url\":\"https:\/\/compuviper.mx\/tienda\/wp-content\/uploads\/2021\/08\/Logo-Compuviper-10.png\",\"contentUrl\":\"https:\/\/compuviper.mx\/tienda\/wp-content\/uploads\/2021\/08\/Logo-Compuviper-10.png\",\"width\":1000,\"height\":500,\"caption\":\"Compuviper\"},\"image\":{\"@id\":\"https:\/\/compuviper.mx\/tienda\/#\/schema\/logo\/image\/\"},\"sameAs\":[\"https:\/\/www.facebook.com\/compuviper\",\"https:\/\/www.youtube.com\/channel\/UCf73dERp9Y3cfOq7q8BhLjA?view_as=subscriber\"]}]}<\/script>\n<meta property=\"product:brand\" content=\"Msi Oem\" \/>\n<meta property=\"product:price:amount\" content=\"200\" \/>\n<meta property=\"product:price:currency\" content=\"MXN\" \/>\n<meta property=\"og:availability\" content=\"instock\" \/>\n<meta property=\"product:availability\" content=\"instock\" \/>\n<meta property=\"product:retailer_item_id\" content=\"FORGE GM300\" \/>\n<meta property=\"product:condition\" content=\"new\" \/>\n<!-- \/ Yoast SEO plugin. -->","yoast_head_json":{"title":"[ Msi Oem ] &#129351; Forge Gm300 Mouse Msi Optico \/cableado\/dpi 7200\/usb\/rgb\/gamer","description":"Compra Forge Gm300 Mouse Msi Optico \/cableado\/dpi 7200\/usb\/rgb\/gamer + Env\u00edo a domicilio + Pago seguro + Garant\u00eda","robots":{"index":"index","follow":"follow","max-snippet":"max-snippet:-1","max-image-preview":"max-image-preview:large","max-video-preview":"max-video-preview:-1"},"canonical":"https:\/\/compuviper.mx\/tienda\/producto\/msi-oem-forge-gm300-mouse-msi-optico-cableado-dpi-7200-usb-rgb-gamer\/","og_locale":"es_MX","og_type":"article","og_title":"[ Msi Oem ] &#129351; Forge Gm300 Mouse Msi Optico \/cableado\/dpi 7200\/usb\/rgb\/gamer","og_description":"Compra Forge Gm300 Mouse Msi Optico \/cableado\/dpi 7200\/usb\/rgb\/gamer + Env\u00edo a domicilio + Pago seguro + Garant\u00eda","og_url":"https:\/\/compuviper.mx\/tienda\/producto\/msi-oem-forge-gm300-mouse-msi-optico-cableado-dpi-7200-usb-rgb-gamer\/","og_site_name":"Compuviper","article_publisher":"https:\/\/www.facebook.com\/compuviper","og_image":[{"width":200,"height":200,"url":"https:\/\/compuviper.mx\/tienda\/wp-content\/uploads\/2026\/02\/Mouse-msi-optico-forge-gm300-cableadodpi-7200usbrgbgamer.jpg","type":"image\/jpeg"}],"twitter_card":"summary_large_image","twitter_misc":{"Precio":"&#36;200 con IVA","Availability":"In stock"},"schema":{"@context":"https:\/\/schema.org","@graph":[{"@type":"WebPage","@id":"https:\/\/compuviper.mx\/tienda\/producto\/msi-oem-forge-gm300-mouse-msi-optico-cableado-dpi-7200-usb-rgb-gamer\/","url":"https:\/\/compuviper.mx\/tienda\/producto\/msi-oem-forge-gm300-mouse-msi-optico-cableado-dpi-7200-usb-rgb-gamer\/","name":"[ Msi Oem ] &#129351; Forge Gm300 Mouse Msi Optico \/cableado\/dpi 7200\/usb\/rgb\/gamer","isPartOf":{"@id":"https:\/\/compuviper.mx\/tienda\/#website"},"datePublished":"2026-04-16T06:58:54+00:00","dateModified":"2026-04-16T06:58:54+00:00","description":"Compra Forge Gm300 Mouse Msi Optico \/cableado\/dpi 7200\/usb\/rgb\/gamer + Env\u00edo a domicilio + Pago seguro + Garant\u00eda","breadcrumb":{"@id":"https:\/\/compuviper.mx\/tienda\/producto\/msi-oem-forge-gm300-mouse-msi-optico-cableado-dpi-7200-usb-rgb-gamer\/#breadcrumb"},"inLanguage":"es-MX","potentialAction":[{"@type":"ReadAction","target":["https:\/\/compuviper.mx\/tienda\/producto\/msi-oem-forge-gm300-mouse-msi-optico-cableado-dpi-7200-usb-rgb-gamer\/"]}]},{"@type":"BreadcrumbList","@id":"https:\/\/compuviper.mx\/tienda\/producto\/msi-oem-forge-gm300-mouse-msi-optico-cableado-dpi-7200-usb-rgb-gamer\/#breadcrumb","itemListElement":[{"@type":"ListItem","position":1,"name":"Inicio","item":"https:\/\/compuviper.mx\/tienda\/"},{"@type":"ListItem","position":2,"name":"Productos","item":"https:\/\/compuviper.mx\/tienda\/productos\/"},{"@type":"ListItem","position":3,"name":"Mouse","item":"https:\/\/compuviper.mx\/tienda\/categoria-producto\/mouse\/"},{"@type":"ListItem","position":4,"name":"Gamers","item":"https:\/\/compuviper.mx\/tienda\/categoria-producto\/mouse\/gamers-mouse\/"},{"@type":"ListItem","position":5,"name":"Msi Oem Forge Gm300 Mouse Msi Optico \/cableado\/dpi 7200\/usb\/rgb\/gamer"}]},{"@type":"WebSite","@id":"https:\/\/compuviper.mx\/tienda\/#website","url":"https:\/\/compuviper.mx\/tienda\/","name":"Compuviper","description":"Proveedor de Computadoras, Laptops, Servidores, Monitores, Puntos de Venta, Teclados,   Impresoras, T\u00f3ner, C\u00e1maras de Seguridad y m\u00e1s en tu tienda en l\u00ednea","publisher":{"@id":"https:\/\/compuviper.mx\/tienda\/#organization"},"potentialAction":[{"@type":"SearchAction","target":{"@type":"EntryPoint","urlTemplate":"https:\/\/compuviper.mx\/tienda\/?s={search_term_string}"},"query-input":"required name=search_term_string"}],"inLanguage":"es-MX"},{"@type":"Organization","@id":"https:\/\/compuviper.mx\/tienda\/#organization","name":"Compuviper","url":"https:\/\/compuviper.mx\/tienda\/","logo":{"@type":"ImageObject","inLanguage":"es-MX","@id":"https:\/\/compuviper.mx\/tienda\/#\/schema\/logo\/image\/","url":"https:\/\/compuviper.mx\/tienda\/wp-content\/uploads\/2021\/08\/Logo-Compuviper-10.png","contentUrl":"https:\/\/compuviper.mx\/tienda\/wp-content\/uploads\/2021\/08\/Logo-Compuviper-10.png","width":1000,"height":500,"caption":"Compuviper"},"image":{"@id":"https:\/\/compuviper.mx\/tienda\/#\/schema\/logo\/image\/"},"sameAs":["https:\/\/www.facebook.com\/compuviper","https:\/\/www.youtube.com\/channel\/UCf73dERp9Y3cfOq7q8BhLjA?view_as=subscriber"]}]},"product_brand":"Msi Oem","product_price_amount":"200","product_price_currency":"MXN","og_availability":"instock","product_availability":"instock","product_retailer_item_id":"FORGE GM300","product_condition":"new"},"_links":{"self":[{"href":"https:\/\/compuviper.mx\/tienda\/wp-json\/wp\/v2\/product\/267478"}],"collection":[{"href":"https:\/\/compuviper.mx\/tienda\/wp-json\/wp\/v2\/product"}],"about":[{"href":"https:\/\/compuviper.mx\/tienda\/wp-json\/wp\/v2\/types\/product"}],"replies":[{"embeddable":true,"href":"https:\/\/compuviper.mx\/tienda\/wp-json\/wp\/v2\/comments?post=267478"}],"wp:featuredmedia":[{"embeddable":true,"href":"https:\/\/compuviper.mx\/tienda\/wp-json\/wp\/v2\/media\/267479"}],"wp:attachment":[{"href":"https:\/\/compuviper.mx\/tienda\/wp-json\/wp\/v2\/media?parent=267478"}],"wp:term":[{"taxonomy":"product_cat","embeddable":true,"href":"https:\/\/compuviper.mx\/tienda\/wp-json\/wp\/v2\/product_cat?post=267478"},{"taxonomy":"product_tag","embeddable":true,"href":"https:\/\/compuviper.mx\/tienda\/wp-json\/wp\/v2\/product_tag?post=267478"}],"curies":[{"name":"wp","href":"https:\/\/api.w.org\/{rel}","templated":true}]}}