{"id":267474,"date":"2026-04-02T00:43:13","date_gmt":"2026-04-02T06:43:13","guid":{"rendered":"https:\/\/compuviper.mx\/tienda\/producto\/tech-zone-accesorios-tzcombina06-teclado-mouse-techzone-inalambrico-ranura-soporte-gris\/"},"modified":"2026-04-02T00:43:14","modified_gmt":"2026-04-02T06:43:14","slug":"tech-zone-accesorios-tzcombina06-teclado-mouse-techzone-inalambrico-ranura-soporte-gris","status":"publish","type":"product","link":"https:\/\/compuviper.mx\/tienda\/producto\/tech-zone-accesorios-tzcombina06-teclado-mouse-techzone-inalambrico-ranura-soporte-gris\/","title":{"rendered":"Tech Zone Accesorios Tzcombina06 Teclado\/mouse Techzone  Inalambrico Ranura Soporte Gris"},"content":{"rendered":"<table class=\"descripcion\">\n<tr>\n<td>Caracter\u00edsticas \u0095 tipo de conexi\u00f3n: inal\u00e1mbrica \u0095 frecuencia: 2400 mhz \u0095 alcance: 10 metros \u0095 material: abs \u0095 color: negro con gris \u0095 compatibilidad: windows\u00ae y macos\u00ae    mouse \u0095 dimensiones: 69 x 113 x 32 mm \u0095 peso: 78 g con bater\u00eda    teclado \u0095 dimensiones: 450 x 160 x 21 mm \u0095 peso: 510.5 g con bater\u00eda   especificaci\u00f3n t\u00e9cnica teclado \u0095 n\u00famero de teclas: 105 \u0095 distribuci\u00f3n de las teclas: qwerty \u0095 bater\u00eda: 1 aaa (incluida) 1.5 vcc especificaci\u00f3n t\u00e9cnica mouse \u0095 n\u00famero de botones: 3 (derecho, izquierdo,    scroll y dpi) \u0095 resoluci\u00f3n: 800, 1200, 1600 dpi \u0095 bater\u00eda: 1 aa (incluida) 1.5 vcc    empaque \u0095 tipo de empaque: caja a color \u0095 medidas: 530 x 38 x 172 mm \u0095 peso: 737 g contenido \u0095 1 teclado inal\u00e1mbrico \u0095 1 mouse inal\u00e1mbrico \u0095 1 receptor usb \u0095 1 bater\u00eda aa \u0095 1 bater\u00edas aaa \u0095 manual de usuario \u0095 garant\u00eda de un a\u00f1o por defectos de f\u00e1brica<\/td>\n<\/tr>\n<\/table>\n","protected":false},"excerpt":{"rendered":"<p>Obtendr\u00e1s 2 accesorios de \u00faltima generaci\u00f3n para que realices tus actividades cotidianas con libertad de movimiento, coloca tu tablet o celular en la pr\u00e1ctica ranura del teclado para mayor eficiencia en tus actividades.  El mouse inal\u00e1mbrico de este kit es perfecto para realizar tus proyectos con libertad de movimiento, cuenta con resoluci\u00f3n de 800, 1200, 1600 dpi y su sensor \u00f3ptico brinda respuestas instant\u00e1neas a tus instrucciones, para un desplazamiento fluido en tu monitor.<\/p>\n","protected":false},"featured_media":0,"comment_status":"open","ping_status":"open","template":"","meta":[],"product_cat":[1711,1712],"product_tag":[2233],"acf":[],"yoast_head":"<!-- This site is optimized with the Yoast SEO plugin v21.7 - https:\/\/yoast.com\/wordpress\/plugins\/seo\/ -->\n<title>[ Tech Zone Accesorios ] &#129351; Tzcombina06 Teclado\/mouse Techzone Inalambrico Ranura Soporte Gris<\/title>\n<meta name=\"description\" content=\"Compra Tzcombina06 Teclado\/mouse Techzone Inalambrico Ranura Soporte Gris + Env\u00edo a domicilio + Pago seguro + Garant\u00eda\" \/>\n<meta name=\"robots\" content=\"index, follow, max-snippet:-1, max-image-preview:large, max-video-preview:-1\" \/>\n<link rel=\"canonical\" href=\"https:\/\/compuviper.mx\/tienda\/producto\/tech-zone-accesorios-tzcombina06-teclado-mouse-techzone-inalambrico-ranura-soporte-gris\/\" \/>\n<meta property=\"og:locale\" content=\"es_MX\" \/>\n<meta property=\"og:type\" content=\"article\" \/>\n<meta property=\"og:title\" content=\"[ Tech Zone Accesorios ] &#129351; Tzcombina06 Teclado\/mouse Techzone Inalambrico Ranura Soporte Gris\" \/>\n<meta property=\"og:description\" content=\"Compra Tzcombina06 Teclado\/mouse Techzone Inalambrico Ranura Soporte Gris + Env\u00edo a domicilio + Pago seguro + Garant\u00eda\" \/>\n<meta property=\"og:url\" content=\"https:\/\/compuviper.mx\/tienda\/producto\/tech-zone-accesorios-tzcombina06-teclado-mouse-techzone-inalambrico-ranura-soporte-gris\/\" \/>\n<meta property=\"og:site_name\" content=\"Compuviper\" \/>\n<meta property=\"article:publisher\" content=\"https:\/\/www.facebook.com\/compuviper\" \/>\n<meta property=\"article:modified_time\" content=\"2026-04-02T06:43:14+00:00\" \/>\n<meta name=\"twitter:card\" content=\"summary_large_image\" \/>\n<meta name=\"twitter:label1\" content=\"Precio\" \/>\n\t<meta name=\"twitter:data1\" content=\"&#36;323 con IVA\" \/>\n\t<meta name=\"twitter:label2\" content=\"Availability\" \/>\n\t<meta name=\"twitter:data2\" content=\"In stock\" \/>\n<script type=\"application\/ld+json\" class=\"yoast-schema-graph\">{\"@context\":\"https:\/\/schema.org\",\"@graph\":[{\"@type\":\"WebPage\",\"@id\":\"https:\/\/compuviper.mx\/tienda\/producto\/tech-zone-accesorios-tzcombina06-teclado-mouse-techzone-inalambrico-ranura-soporte-gris\/\",\"url\":\"https:\/\/compuviper.mx\/tienda\/producto\/tech-zone-accesorios-tzcombina06-teclado-mouse-techzone-inalambrico-ranura-soporte-gris\/\",\"name\":\"[ Tech Zone Accesorios ] &#129351; Tzcombina06 Teclado\/mouse Techzone Inalambrico Ranura Soporte Gris\",\"isPartOf\":{\"@id\":\"https:\/\/compuviper.mx\/tienda\/#website\"},\"datePublished\":\"2026-04-02T06:43:13+00:00\",\"dateModified\":\"2026-04-02T06:43:14+00:00\",\"description\":\"Compra Tzcombina06 Teclado\/mouse Techzone Inalambrico Ranura Soporte Gris + Env\u00edo a domicilio + Pago seguro + Garant\u00eda\",\"breadcrumb\":{\"@id\":\"https:\/\/compuviper.mx\/tienda\/producto\/tech-zone-accesorios-tzcombina06-teclado-mouse-techzone-inalambrico-ranura-soporte-gris\/#breadcrumb\"},\"inLanguage\":\"es-MX\",\"potentialAction\":[{\"@type\":\"ReadAction\",\"target\":[\"https:\/\/compuviper.mx\/tienda\/producto\/tech-zone-accesorios-tzcombina06-teclado-mouse-techzone-inalambrico-ranura-soporte-gris\/\"]}]},{\"@type\":\"BreadcrumbList\",\"@id\":\"https:\/\/compuviper.mx\/tienda\/producto\/tech-zone-accesorios-tzcombina06-teclado-mouse-techzone-inalambrico-ranura-soporte-gris\/#breadcrumb\",\"itemListElement\":[{\"@type\":\"ListItem\",\"position\":1,\"name\":\"Inicio\",\"item\":\"https:\/\/compuviper.mx\/tienda\/\"},{\"@type\":\"ListItem\",\"position\":2,\"name\":\"Productos\",\"item\":\"https:\/\/compuviper.mx\/tienda\/productos\/\"},{\"@type\":\"ListItem\",\"position\":3,\"name\":\"Teclado Y Mouse\",\"item\":\"https:\/\/compuviper.mx\/tienda\/categoria-producto\/teclado-y-mouse\/\"},{\"@type\":\"ListItem\",\"position\":4,\"name\":\"Sin Categor\u00eda\",\"item\":\"https:\/\/compuviper.mx\/tienda\/categoria-producto\/teclado-y-mouse\/sin-categoria-teclado-y-mouse\/\"},{\"@type\":\"ListItem\",\"position\":5,\"name\":\"Tech Zone Accesorios Tzcombina06 Teclado\/mouse Techzone Inalambrico Ranura Soporte Gris\"}]},{\"@type\":\"WebSite\",\"@id\":\"https:\/\/compuviper.mx\/tienda\/#website\",\"url\":\"https:\/\/compuviper.mx\/tienda\/\",\"name\":\"Compuviper\",\"description\":\"Proveedor de Computadoras, Laptops, Servidores, Monitores, Puntos de Venta, Teclados,   Impresoras, T\u00f3ner, C\u00e1maras de Seguridad y m\u00e1s en tu tienda en l\u00ednea\",\"publisher\":{\"@id\":\"https:\/\/compuviper.mx\/tienda\/#organization\"},\"potentialAction\":[{\"@type\":\"SearchAction\",\"target\":{\"@type\":\"EntryPoint\",\"urlTemplate\":\"https:\/\/compuviper.mx\/tienda\/?s={search_term_string}\"},\"query-input\":\"required name=search_term_string\"}],\"inLanguage\":\"es-MX\"},{\"@type\":\"Organization\",\"@id\":\"https:\/\/compuviper.mx\/tienda\/#organization\",\"name\":\"Compuviper\",\"url\":\"https:\/\/compuviper.mx\/tienda\/\",\"logo\":{\"@type\":\"ImageObject\",\"inLanguage\":\"es-MX\",\"@id\":\"https:\/\/compuviper.mx\/tienda\/#\/schema\/logo\/image\/\",\"url\":\"https:\/\/compuviper.mx\/tienda\/wp-content\/uploads\/2021\/08\/Logo-Compuviper-10.png\",\"contentUrl\":\"https:\/\/compuviper.mx\/tienda\/wp-content\/uploads\/2021\/08\/Logo-Compuviper-10.png\",\"width\":1000,\"height\":500,\"caption\":\"Compuviper\"},\"image\":{\"@id\":\"https:\/\/compuviper.mx\/tienda\/#\/schema\/logo\/image\/\"},\"sameAs\":[\"https:\/\/www.facebook.com\/compuviper\",\"https:\/\/www.youtube.com\/channel\/UCf73dERp9Y3cfOq7q8BhLjA?view_as=subscriber\"]}]}<\/script>\n<meta property=\"product:brand\" content=\"Tech Zone Accesorios\" \/>\n<meta property=\"product:price:amount\" content=\"323\" \/>\n<meta property=\"product:price:currency\" content=\"MXN\" \/>\n<meta property=\"og:availability\" content=\"instock\" \/>\n<meta property=\"product:availability\" content=\"instock\" \/>\n<meta property=\"product:retailer_item_id\" content=\"TZCOMBINA06\" \/>\n<meta property=\"product:condition\" content=\"new\" \/>\n<!-- \/ Yoast SEO plugin. -->","yoast_head_json":{"title":"[ Tech Zone Accesorios ] &#129351; Tzcombina06 Teclado\/mouse Techzone Inalambrico Ranura Soporte Gris","description":"Compra Tzcombina06 Teclado\/mouse Techzone Inalambrico Ranura Soporte Gris + Env\u00edo a domicilio + Pago seguro + Garant\u00eda","robots":{"index":"index","follow":"follow","max-snippet":"max-snippet:-1","max-image-preview":"max-image-preview:large","max-video-preview":"max-video-preview:-1"},"canonical":"https:\/\/compuviper.mx\/tienda\/producto\/tech-zone-accesorios-tzcombina06-teclado-mouse-techzone-inalambrico-ranura-soporte-gris\/","og_locale":"es_MX","og_type":"article","og_title":"[ Tech Zone Accesorios ] &#129351; Tzcombina06 Teclado\/mouse Techzone Inalambrico Ranura Soporte Gris","og_description":"Compra Tzcombina06 Teclado\/mouse Techzone Inalambrico Ranura Soporte Gris + Env\u00edo a domicilio + Pago seguro + Garant\u00eda","og_url":"https:\/\/compuviper.mx\/tienda\/producto\/tech-zone-accesorios-tzcombina06-teclado-mouse-techzone-inalambrico-ranura-soporte-gris\/","og_site_name":"Compuviper","article_publisher":"https:\/\/www.facebook.com\/compuviper","article_modified_time":"2026-04-02T06:43:14+00:00","twitter_card":"summary_large_image","twitter_misc":{"Precio":"&#36;323 con IVA","Availability":"In stock"},"schema":{"@context":"https:\/\/schema.org","@graph":[{"@type":"WebPage","@id":"https:\/\/compuviper.mx\/tienda\/producto\/tech-zone-accesorios-tzcombina06-teclado-mouse-techzone-inalambrico-ranura-soporte-gris\/","url":"https:\/\/compuviper.mx\/tienda\/producto\/tech-zone-accesorios-tzcombina06-teclado-mouse-techzone-inalambrico-ranura-soporte-gris\/","name":"[ Tech Zone Accesorios ] &#129351; Tzcombina06 Teclado\/mouse Techzone Inalambrico Ranura Soporte Gris","isPartOf":{"@id":"https:\/\/compuviper.mx\/tienda\/#website"},"datePublished":"2026-04-02T06:43:13+00:00","dateModified":"2026-04-02T06:43:14+00:00","description":"Compra Tzcombina06 Teclado\/mouse Techzone Inalambrico Ranura Soporte Gris + Env\u00edo a domicilio + Pago seguro + Garant\u00eda","breadcrumb":{"@id":"https:\/\/compuviper.mx\/tienda\/producto\/tech-zone-accesorios-tzcombina06-teclado-mouse-techzone-inalambrico-ranura-soporte-gris\/#breadcrumb"},"inLanguage":"es-MX","potentialAction":[{"@type":"ReadAction","target":["https:\/\/compuviper.mx\/tienda\/producto\/tech-zone-accesorios-tzcombina06-teclado-mouse-techzone-inalambrico-ranura-soporte-gris\/"]}]},{"@type":"BreadcrumbList","@id":"https:\/\/compuviper.mx\/tienda\/producto\/tech-zone-accesorios-tzcombina06-teclado-mouse-techzone-inalambrico-ranura-soporte-gris\/#breadcrumb","itemListElement":[{"@type":"ListItem","position":1,"name":"Inicio","item":"https:\/\/compuviper.mx\/tienda\/"},{"@type":"ListItem","position":2,"name":"Productos","item":"https:\/\/compuviper.mx\/tienda\/productos\/"},{"@type":"ListItem","position":3,"name":"Teclado Y Mouse","item":"https:\/\/compuviper.mx\/tienda\/categoria-producto\/teclado-y-mouse\/"},{"@type":"ListItem","position":4,"name":"Sin Categor\u00eda","item":"https:\/\/compuviper.mx\/tienda\/categoria-producto\/teclado-y-mouse\/sin-categoria-teclado-y-mouse\/"},{"@type":"ListItem","position":5,"name":"Tech Zone Accesorios Tzcombina06 Teclado\/mouse Techzone Inalambrico Ranura Soporte Gris"}]},{"@type":"WebSite","@id":"https:\/\/compuviper.mx\/tienda\/#website","url":"https:\/\/compuviper.mx\/tienda\/","name":"Compuviper","description":"Proveedor de Computadoras, Laptops, Servidores, Monitores, Puntos de Venta, Teclados,   Impresoras, T\u00f3ner, C\u00e1maras de Seguridad y m\u00e1s en tu tienda en l\u00ednea","publisher":{"@id":"https:\/\/compuviper.mx\/tienda\/#organization"},"potentialAction":[{"@type":"SearchAction","target":{"@type":"EntryPoint","urlTemplate":"https:\/\/compuviper.mx\/tienda\/?s={search_term_string}"},"query-input":"required name=search_term_string"}],"inLanguage":"es-MX"},{"@type":"Organization","@id":"https:\/\/compuviper.mx\/tienda\/#organization","name":"Compuviper","url":"https:\/\/compuviper.mx\/tienda\/","logo":{"@type":"ImageObject","inLanguage":"es-MX","@id":"https:\/\/compuviper.mx\/tienda\/#\/schema\/logo\/image\/","url":"https:\/\/compuviper.mx\/tienda\/wp-content\/uploads\/2021\/08\/Logo-Compuviper-10.png","contentUrl":"https:\/\/compuviper.mx\/tienda\/wp-content\/uploads\/2021\/08\/Logo-Compuviper-10.png","width":1000,"height":500,"caption":"Compuviper"},"image":{"@id":"https:\/\/compuviper.mx\/tienda\/#\/schema\/logo\/image\/"},"sameAs":["https:\/\/www.facebook.com\/compuviper","https:\/\/www.youtube.com\/channel\/UCf73dERp9Y3cfOq7q8BhLjA?view_as=subscriber"]}]},"product_brand":"Tech Zone Accesorios","product_price_amount":"323","product_price_currency":"MXN","og_availability":"instock","product_availability":"instock","product_retailer_item_id":"TZCOMBINA06","product_condition":"new"},"_links":{"self":[{"href":"https:\/\/compuviper.mx\/tienda\/wp-json\/wp\/v2\/product\/267474"}],"collection":[{"href":"https:\/\/compuviper.mx\/tienda\/wp-json\/wp\/v2\/product"}],"about":[{"href":"https:\/\/compuviper.mx\/tienda\/wp-json\/wp\/v2\/types\/product"}],"replies":[{"embeddable":true,"href":"https:\/\/compuviper.mx\/tienda\/wp-json\/wp\/v2\/comments?post=267474"}],"wp:attachment":[{"href":"https:\/\/compuviper.mx\/tienda\/wp-json\/wp\/v2\/media?parent=267474"}],"wp:term":[{"taxonomy":"product_cat","embeddable":true,"href":"https:\/\/compuviper.mx\/tienda\/wp-json\/wp\/v2\/product_cat?post=267474"},{"taxonomy":"product_tag","embeddable":true,"href":"https:\/\/compuviper.mx\/tienda\/wp-json\/wp\/v2\/product_tag?post=267474"}],"curies":[{"name":"wp","href":"https:\/\/api.w.org\/{rel}","templated":true}]}}