{"id":267422,"date":"2026-04-01T23:24:20","date_gmt":"2026-04-02T05:24:20","guid":{"rendered":"https:\/\/compuviper.mx\/tienda\/producto\/startech-com-privscnmon27-filtro-de-privacidad-de-computadora-para-monitor-de-27-pulgadas-protector-de-seguridad-para-pantalla-para-reducir-la-luz-azul-pantalla-ancha-de-169-mate-brillante\/"},"modified":"2026-04-01T23:24:20","modified_gmt":"2026-04-02T05:24:20","slug":"startech-com-privscnmon27-filtro-de-privacidad-de-computadora-para-monitor-de-27-pulgadas-protector-de-seguridad-para-pantalla-para-reducir-la-luz-azul-pantalla-ancha-de-169-mate-brillante","status":"publish","type":"product","link":"https:\/\/compuviper.mx\/tienda\/producto\/startech-com-privscnmon27-filtro-de-privacidad-de-computadora-para-monitor-de-27-pulgadas-protector-de-seguridad-para-pantalla-para-reducir-la-luz-azul-pantalla-ancha-de-169-mate-brillante\/","title":{"rendered":"Startech.com Privscnmon27 Filtro De Privacidad De Computadora Para Monitor De 27 Pulgadas &#8211; Protector De Seguridad Para Pantalla &#8211; Para Reducir La Luz Azul &#8211; Pantalla Ancha De 16:9 &#8211; Mate\/brillante &#8211; +\/-30 Grados"},"content":{"rendered":"<table class=\"descripcion\">\n<tr>\n<td>Este filtro de seguridad para monitores proporciona privacidad fuera de un \u00e1ngulo de visi\u00f3n de +\/-30\u00b0 desde el centro de su pantalla panor\u00e1mica 16:9 de 27, manteniendo la confidencialidad de los datos en pantalla.<\/td>\n<\/tr>\n<\/table>\n","protected":false},"excerpt":{"rendered":"<p>Filtro de privacidad de computadora para monitor de 27 pulgadas &#8211; protector de seguridad para pantalla &#8211; para reducir la luz azul &#8211; pantalla ancha de 16:9 &#8211; mate\/brillante &#8211; +\/-30 grados. Evite los fisgoneos limitando los \u00e1ngulos de visi\u00f3n de la pantalla de su computadora<\/p>\n","protected":false},"featured_media":0,"comment_status":"open","ping_status":"open","template":"","meta":[],"product_cat":[1485,2026],"product_tag":[1590],"acf":[],"yoast_head":"<!-- This site is optimized with the Yoast SEO plugin v21.7 - https:\/\/yoast.com\/wordpress\/plugins\/seo\/ -->\n<title>[ Startech.com ] &#129351; Privscnmon27 Filtro De Privacidad De Computadora Para Monitor De 27 Pulgadas - Protector De Seguridad Para Pantalla - Para Reducir La Luz Azul - Pantalla Ancha De 16:9 - Mate\/brillante - +\/-30 Grados<\/title>\n<meta name=\"description\" content=\"Compra Privscnmon27 Filtro De Privacidad De Computadora Para Monitor De 27 Pulgadas - Protector De Seguridad Para Pantalla - Para Reducir La Luz Azul - Pantalla Ancha De 16:9 - Mate\/brillante - +\/-30 Grados + Env\u00edo a domicilio + Pago seguro + Garant\u00eda\" \/>\n<meta name=\"robots\" content=\"index, follow, max-snippet:-1, max-image-preview:large, max-video-preview:-1\" \/>\n<link rel=\"canonical\" href=\"https:\/\/compuviper.mx\/tienda\/producto\/startech-com-privscnmon27-filtro-de-privacidad-de-computadora-para-monitor-de-27-pulgadas-protector-de-seguridad-para-pantalla-para-reducir-la-luz-azul-pantalla-ancha-de-169-mate-brillante\/\" \/>\n<meta property=\"og:locale\" content=\"es_MX\" \/>\n<meta property=\"og:type\" content=\"article\" \/>\n<meta property=\"og:title\" content=\"[ Startech.com ] &#129351; Privscnmon27 Filtro De Privacidad De Computadora Para Monitor De 27 Pulgadas - Protector De Seguridad Para Pantalla - Para Reducir La Luz Azul - Pantalla Ancha De 16:9 - Mate\/brillante - +\/-30 Grados\" \/>\n<meta property=\"og:description\" content=\"Compra Privscnmon27 Filtro De Privacidad De Computadora Para Monitor De 27 Pulgadas - Protector De Seguridad Para Pantalla - Para Reducir La Luz Azul - Pantalla Ancha De 16:9 - Mate\/brillante - +\/-30 Grados + Env\u00edo a domicilio + Pago seguro + Garant\u00eda\" \/>\n<meta property=\"og:url\" content=\"https:\/\/compuviper.mx\/tienda\/producto\/startech-com-privscnmon27-filtro-de-privacidad-de-computadora-para-monitor-de-27-pulgadas-protector-de-seguridad-para-pantalla-para-reducir-la-luz-azul-pantalla-ancha-de-169-mate-brillante\/\" \/>\n<meta property=\"og:site_name\" content=\"Compuviper\" \/>\n<meta property=\"article:publisher\" content=\"https:\/\/www.facebook.com\/compuviper\" \/>\n<meta name=\"twitter:card\" content=\"summary_large_image\" \/>\n<meta name=\"twitter:label1\" content=\"Precio\" \/>\n\t<meta name=\"twitter:data1\" content=\"&#36;2,205 con IVA\" \/>\n\t<meta name=\"twitter:label2\" content=\"Availability\" \/>\n\t<meta name=\"twitter:data2\" content=\"Out of stock\" \/>\n<script type=\"application\/ld+json\" class=\"yoast-schema-graph\">{\"@context\":\"https:\/\/schema.org\",\"@graph\":[{\"@type\":\"WebPage\",\"@id\":\"https:\/\/compuviper.mx\/tienda\/producto\/startech-com-privscnmon27-filtro-de-privacidad-de-computadora-para-monitor-de-27-pulgadas-protector-de-seguridad-para-pantalla-para-reducir-la-luz-azul-pantalla-ancha-de-169-mate-brillante\/\",\"url\":\"https:\/\/compuviper.mx\/tienda\/producto\/startech-com-privscnmon27-filtro-de-privacidad-de-computadora-para-monitor-de-27-pulgadas-protector-de-seguridad-para-pantalla-para-reducir-la-luz-azul-pantalla-ancha-de-169-mate-brillante\/\",\"name\":\"[ Startech.com ] &#129351; Privscnmon27 Filtro De Privacidad De Computadora Para Monitor De 27 Pulgadas - Protector De Seguridad Para Pantalla - Para Reducir La Luz Azul - Pantalla Ancha De 16:9 - Mate\/brillante - +\/-30 Grados\",\"isPartOf\":{\"@id\":\"https:\/\/compuviper.mx\/tienda\/#website\"},\"datePublished\":\"2026-04-02T05:24:20+00:00\",\"dateModified\":\"2026-04-02T05:24:20+00:00\",\"description\":\"Compra Privscnmon27 Filtro De Privacidad De Computadora Para Monitor De 27 Pulgadas - Protector De Seguridad Para Pantalla - Para Reducir La Luz Azul - Pantalla Ancha De 16:9 - Mate\/brillante - +\/-30 Grados + Env\u00edo a domicilio + Pago seguro + Garant\u00eda\",\"breadcrumb\":{\"@id\":\"https:\/\/compuviper.mx\/tienda\/producto\/startech-com-privscnmon27-filtro-de-privacidad-de-computadora-para-monitor-de-27-pulgadas-protector-de-seguridad-para-pantalla-para-reducir-la-luz-azul-pantalla-ancha-de-169-mate-brillante\/#breadcrumb\"},\"inLanguage\":\"es-MX\",\"potentialAction\":[{\"@type\":\"ReadAction\",\"target\":[\"https:\/\/compuviper.mx\/tienda\/producto\/startech-com-privscnmon27-filtro-de-privacidad-de-computadora-para-monitor-de-27-pulgadas-protector-de-seguridad-para-pantalla-para-reducir-la-luz-azul-pantalla-ancha-de-169-mate-brillante\/\"]}]},{\"@type\":\"BreadcrumbList\",\"@id\":\"https:\/\/compuviper.mx\/tienda\/producto\/startech-com-privscnmon27-filtro-de-privacidad-de-computadora-para-monitor-de-27-pulgadas-protector-de-seguridad-para-pantalla-para-reducir-la-luz-azul-pantalla-ancha-de-169-mate-brillante\/#breadcrumb\",\"itemListElement\":[{\"@type\":\"ListItem\",\"position\":1,\"name\":\"Inicio\",\"item\":\"https:\/\/compuviper.mx\/tienda\/\"},{\"@type\":\"ListItem\",\"position\":2,\"name\":\"Productos\",\"item\":\"https:\/\/compuviper.mx\/tienda\/productos\/\"},{\"@type\":\"ListItem\",\"position\":3,\"name\":\"Accesorios\",\"item\":\"https:\/\/compuviper.mx\/tienda\/categoria-producto\/accesorios\/\"},{\"@type\":\"ListItem\",\"position\":4,\"name\":\"Filtros\",\"item\":\"https:\/\/compuviper.mx\/tienda\/categoria-producto\/accesorios\/filtros\/\"},{\"@type\":\"ListItem\",\"position\":5,\"name\":\"Startech.com Privscnmon27 Filtro De Privacidad De Computadora Para Monitor De 27 Pulgadas &#8211; Protector De Seguridad Para Pantalla &#8211; Para Reducir La Luz Azul &#8211; Pantalla Ancha De 16:9 &#8211; Mate\/brillante &#8211; +\/-30 Grados\"}]},{\"@type\":\"WebSite\",\"@id\":\"https:\/\/compuviper.mx\/tienda\/#website\",\"url\":\"https:\/\/compuviper.mx\/tienda\/\",\"name\":\"Compuviper\",\"description\":\"Proveedor de Computadoras, Laptops, Servidores, Monitores, Puntos de Venta, Teclados,   Impresoras, T\u00f3ner, C\u00e1maras de Seguridad y m\u00e1s en tu tienda en l\u00ednea\",\"publisher\":{\"@id\":\"https:\/\/compuviper.mx\/tienda\/#organization\"},\"potentialAction\":[{\"@type\":\"SearchAction\",\"target\":{\"@type\":\"EntryPoint\",\"urlTemplate\":\"https:\/\/compuviper.mx\/tienda\/?s={search_term_string}\"},\"query-input\":\"required name=search_term_string\"}],\"inLanguage\":\"es-MX\"},{\"@type\":\"Organization\",\"@id\":\"https:\/\/compuviper.mx\/tienda\/#organization\",\"name\":\"Compuviper\",\"url\":\"https:\/\/compuviper.mx\/tienda\/\",\"logo\":{\"@type\":\"ImageObject\",\"inLanguage\":\"es-MX\",\"@id\":\"https:\/\/compuviper.mx\/tienda\/#\/schema\/logo\/image\/\",\"url\":\"https:\/\/compuviper.mx\/tienda\/wp-content\/uploads\/2021\/08\/Logo-Compuviper-10.png\",\"contentUrl\":\"https:\/\/compuviper.mx\/tienda\/wp-content\/uploads\/2021\/08\/Logo-Compuviper-10.png\",\"width\":1000,\"height\":500,\"caption\":\"Compuviper\"},\"image\":{\"@id\":\"https:\/\/compuviper.mx\/tienda\/#\/schema\/logo\/image\/\"},\"sameAs\":[\"https:\/\/www.facebook.com\/compuviper\",\"https:\/\/www.youtube.com\/channel\/UCf73dERp9Y3cfOq7q8BhLjA?view_as=subscriber\"]}]}<\/script>\n<meta property=\"product:brand\" content=\"STARTECH.COM\" \/>\n<meta property=\"product:price:amount\" content=\"2205\" \/>\n<meta property=\"product:price:currency\" content=\"MXN\" \/>\n<meta property=\"og:availability\" content=\"out of stock\" \/>\n<meta property=\"product:availability\" content=\"out of stock\" \/>\n<meta property=\"product:retailer_item_id\" content=\"PRIVSCNMON27\" \/>\n<meta property=\"product:condition\" content=\"new\" \/>\n<!-- \/ Yoast SEO plugin. -->","yoast_head_json":{"title":"[ Startech.com ] &#129351; Privscnmon27 Filtro De Privacidad De Computadora Para Monitor De 27 Pulgadas - Protector De Seguridad Para Pantalla - Para Reducir La Luz Azul - Pantalla Ancha De 16:9 - Mate\/brillante - +\/-30 Grados","description":"Compra Privscnmon27 Filtro De Privacidad De Computadora Para Monitor De 27 Pulgadas - Protector De Seguridad Para Pantalla - Para Reducir La Luz Azul - Pantalla Ancha De 16:9 - Mate\/brillante - +\/-30 Grados + Env\u00edo a domicilio + Pago seguro + Garant\u00eda","robots":{"index":"index","follow":"follow","max-snippet":"max-snippet:-1","max-image-preview":"max-image-preview:large","max-video-preview":"max-video-preview:-1"},"canonical":"https:\/\/compuviper.mx\/tienda\/producto\/startech-com-privscnmon27-filtro-de-privacidad-de-computadora-para-monitor-de-27-pulgadas-protector-de-seguridad-para-pantalla-para-reducir-la-luz-azul-pantalla-ancha-de-169-mate-brillante\/","og_locale":"es_MX","og_type":"article","og_title":"[ Startech.com ] &#129351; Privscnmon27 Filtro De Privacidad De Computadora Para Monitor De 27 Pulgadas - Protector De Seguridad Para Pantalla - Para Reducir La Luz Azul - Pantalla Ancha De 16:9 - Mate\/brillante - +\/-30 Grados","og_description":"Compra Privscnmon27 Filtro De Privacidad De Computadora Para Monitor De 27 Pulgadas - Protector De Seguridad Para Pantalla - Para Reducir La Luz Azul - Pantalla Ancha De 16:9 - Mate\/brillante - +\/-30 Grados + Env\u00edo a domicilio + Pago seguro + Garant\u00eda","og_url":"https:\/\/compuviper.mx\/tienda\/producto\/startech-com-privscnmon27-filtro-de-privacidad-de-computadora-para-monitor-de-27-pulgadas-protector-de-seguridad-para-pantalla-para-reducir-la-luz-azul-pantalla-ancha-de-169-mate-brillante\/","og_site_name":"Compuviper","article_publisher":"https:\/\/www.facebook.com\/compuviper","twitter_card":"summary_large_image","twitter_misc":{"Precio":"&#36;2,205 con IVA","Availability":"Out of stock"},"schema":{"@context":"https:\/\/schema.org","@graph":[{"@type":"WebPage","@id":"https:\/\/compuviper.mx\/tienda\/producto\/startech-com-privscnmon27-filtro-de-privacidad-de-computadora-para-monitor-de-27-pulgadas-protector-de-seguridad-para-pantalla-para-reducir-la-luz-azul-pantalla-ancha-de-169-mate-brillante\/","url":"https:\/\/compuviper.mx\/tienda\/producto\/startech-com-privscnmon27-filtro-de-privacidad-de-computadora-para-monitor-de-27-pulgadas-protector-de-seguridad-para-pantalla-para-reducir-la-luz-azul-pantalla-ancha-de-169-mate-brillante\/","name":"[ Startech.com ] &#129351; Privscnmon27 Filtro De Privacidad De Computadora Para Monitor De 27 Pulgadas - Protector De Seguridad Para Pantalla - Para Reducir La Luz Azul - Pantalla Ancha De 16:9 - Mate\/brillante - +\/-30 Grados","isPartOf":{"@id":"https:\/\/compuviper.mx\/tienda\/#website"},"datePublished":"2026-04-02T05:24:20+00:00","dateModified":"2026-04-02T05:24:20+00:00","description":"Compra Privscnmon27 Filtro De Privacidad De Computadora Para Monitor De 27 Pulgadas - Protector De Seguridad Para Pantalla - Para Reducir La Luz Azul - Pantalla Ancha De 16:9 - Mate\/brillante - +\/-30 Grados + Env\u00edo a domicilio + Pago seguro + Garant\u00eda","breadcrumb":{"@id":"https:\/\/compuviper.mx\/tienda\/producto\/startech-com-privscnmon27-filtro-de-privacidad-de-computadora-para-monitor-de-27-pulgadas-protector-de-seguridad-para-pantalla-para-reducir-la-luz-azul-pantalla-ancha-de-169-mate-brillante\/#breadcrumb"},"inLanguage":"es-MX","potentialAction":[{"@type":"ReadAction","target":["https:\/\/compuviper.mx\/tienda\/producto\/startech-com-privscnmon27-filtro-de-privacidad-de-computadora-para-monitor-de-27-pulgadas-protector-de-seguridad-para-pantalla-para-reducir-la-luz-azul-pantalla-ancha-de-169-mate-brillante\/"]}]},{"@type":"BreadcrumbList","@id":"https:\/\/compuviper.mx\/tienda\/producto\/startech-com-privscnmon27-filtro-de-privacidad-de-computadora-para-monitor-de-27-pulgadas-protector-de-seguridad-para-pantalla-para-reducir-la-luz-azul-pantalla-ancha-de-169-mate-brillante\/#breadcrumb","itemListElement":[{"@type":"ListItem","position":1,"name":"Inicio","item":"https:\/\/compuviper.mx\/tienda\/"},{"@type":"ListItem","position":2,"name":"Productos","item":"https:\/\/compuviper.mx\/tienda\/productos\/"},{"@type":"ListItem","position":3,"name":"Accesorios","item":"https:\/\/compuviper.mx\/tienda\/categoria-producto\/accesorios\/"},{"@type":"ListItem","position":4,"name":"Filtros","item":"https:\/\/compuviper.mx\/tienda\/categoria-producto\/accesorios\/filtros\/"},{"@type":"ListItem","position":5,"name":"Startech.com Privscnmon27 Filtro De Privacidad De Computadora Para Monitor De 27 Pulgadas &#8211; Protector De Seguridad Para Pantalla &#8211; Para Reducir La Luz Azul &#8211; Pantalla Ancha De 16:9 &#8211; Mate\/brillante &#8211; +\/-30 Grados"}]},{"@type":"WebSite","@id":"https:\/\/compuviper.mx\/tienda\/#website","url":"https:\/\/compuviper.mx\/tienda\/","name":"Compuviper","description":"Proveedor de Computadoras, Laptops, Servidores, Monitores, Puntos de Venta, Teclados,   Impresoras, T\u00f3ner, C\u00e1maras de Seguridad y m\u00e1s en tu tienda en l\u00ednea","publisher":{"@id":"https:\/\/compuviper.mx\/tienda\/#organization"},"potentialAction":[{"@type":"SearchAction","target":{"@type":"EntryPoint","urlTemplate":"https:\/\/compuviper.mx\/tienda\/?s={search_term_string}"},"query-input":"required name=search_term_string"}],"inLanguage":"es-MX"},{"@type":"Organization","@id":"https:\/\/compuviper.mx\/tienda\/#organization","name":"Compuviper","url":"https:\/\/compuviper.mx\/tienda\/","logo":{"@type":"ImageObject","inLanguage":"es-MX","@id":"https:\/\/compuviper.mx\/tienda\/#\/schema\/logo\/image\/","url":"https:\/\/compuviper.mx\/tienda\/wp-content\/uploads\/2021\/08\/Logo-Compuviper-10.png","contentUrl":"https:\/\/compuviper.mx\/tienda\/wp-content\/uploads\/2021\/08\/Logo-Compuviper-10.png","width":1000,"height":500,"caption":"Compuviper"},"image":{"@id":"https:\/\/compuviper.mx\/tienda\/#\/schema\/logo\/image\/"},"sameAs":["https:\/\/www.facebook.com\/compuviper","https:\/\/www.youtube.com\/channel\/UCf73dERp9Y3cfOq7q8BhLjA?view_as=subscriber"]}]},"product_brand":"STARTECH.COM","product_price_amount":"2205","product_price_currency":"MXN","og_availability":"out of stock","product_availability":"out of stock","product_retailer_item_id":"PRIVSCNMON27","product_condition":"new"},"_links":{"self":[{"href":"https:\/\/compuviper.mx\/tienda\/wp-json\/wp\/v2\/product\/267422"}],"collection":[{"href":"https:\/\/compuviper.mx\/tienda\/wp-json\/wp\/v2\/product"}],"about":[{"href":"https:\/\/compuviper.mx\/tienda\/wp-json\/wp\/v2\/types\/product"}],"replies":[{"embeddable":true,"href":"https:\/\/compuviper.mx\/tienda\/wp-json\/wp\/v2\/comments?post=267422"}],"wp:attachment":[{"href":"https:\/\/compuviper.mx\/tienda\/wp-json\/wp\/v2\/media?parent=267422"}],"wp:term":[{"taxonomy":"product_cat","embeddable":true,"href":"https:\/\/compuviper.mx\/tienda\/wp-json\/wp\/v2\/product_cat?post=267422"},{"taxonomy":"product_tag","embeddable":true,"href":"https:\/\/compuviper.mx\/tienda\/wp-json\/wp\/v2\/product_tag?post=267422"}],"curies":[{"name":"wp","href":"https:\/\/api.w.org\/{rel}","templated":true}]}}