{"id":267396,"date":"2026-04-15T01:23:30","date_gmt":"2026-04-15T07:23:30","guid":{"rendered":"https:\/\/compuviper.mx\/tienda\/producto\/asus-cx3402cva-c38g256-c1-laptop-chromebook-intel-core-3-100u-8gb-lpddr5x-256gb-ufs-14-pulgadas-fhd-touch-chromeos-3-aos-de-garanta\/"},"modified":"2026-04-15T01:23:30","modified_gmt":"2026-04-15T07:23:30","slug":"asus-cx3402cva-c38g256-c1-laptop-chromebook-intel-core-3-100u-8gb-lpddr5x-256gb-ufs-14-pulgadas-fhd-touch-chromeos-3-aos-de-garanta","status":"publish","type":"product","link":"https:\/\/compuviper.mx\/tienda\/producto\/asus-cx3402cva-c38g256-c1-laptop-chromebook-intel-core-3-100u-8gb-lpddr5x-256gb-ufs-14-pulgadas-fhd-touch-chromeos-3-aos-de-garanta\/","title":{"rendered":"Asus Cx3402cva-c38g256-c1 Laptop  Chromebook , Intel Core 3 100u, 8gb Lpddr5x, 256gb Ufs, 14 Pulgadas Fhd Touch, Chromeos, 3 A?os De Garanta."},"content":{"rendered":"<table class=\"descripcion\">\n<tr>\n<td>Cod fabricante:<\/td>\n<\/tr>\n<tr>\n<td> 90nx07p2-m01rx0<\/td>\n<\/tr>\n<tr>\n<td>Num parte:<\/td>\n<\/tr>\n<tr>\n<td> cx3402-c38g256-c1<\/td>\n<\/tr>\n<tr>\n<td>Procesador:<\/td>\n<\/tr>\n<tr>\n<td> intel\u00ae core\u0099 3 100u (1.2 ghz base, hasta 4.7 ghz, 10mb cache, 6 n\u00facleos) con intel\u00ae ai boost npu.<\/td>\n<\/tr>\n<tr>\n<td>Gr\u00e1ficos:<\/td>\n<\/tr>\n<tr>\n<td> intel\u00ae graphics integrados (memoria compartida).<\/td>\n<\/tr>\n<tr>\n<td>Dise\u00f1o:<\/td>\n<\/tr>\n<tr>\n<td> chasis de pl\u00e1stico en tapa, marco y base.<\/td>\n<\/tr>\n<tr>\n<td> color rocky grey.<\/td>\n<\/tr>\n<tr>\n<td> certificaci\u00f3n us mil-std 810h (grado militar).<\/td>\n<\/tr>\n<tr>\n<td> pantalla 14.0\u0094 fhd (1920 x 1080) relaci\u00f3n 16:9, 60hz, 250 nits, anti-glare, 45% ntsc, touch screen, 80% screen-to-body ratio.<\/td>\n<\/tr>\n<tr>\n<td>Memoria:<\/td>\n<\/tr>\n<tr>\n<td> 8gb lpddr5x (integrada, no expandible).<\/td>\n<\/tr>\n<tr>\n<td>Almacenamiento:<\/td>\n<\/tr>\n<tr>\n<td> 256gb ufs.<\/td>\n<\/tr>\n<tr>\n<td>Peso:<\/td>\n<\/tr>\n<tr>\n<td> 1.43 kg (con bater\u00eda).<\/td>\n<\/tr>\n<tr>\n<td>Dimensiones del equipo:<\/td>\n<\/tr>\n<tr>\n<td> 32.64 x 21.43 x 1.87 cm.<\/td>\n<\/tr>\n<tr>\n<td>Color:<\/td>\n<\/tr>\n<tr>\n<td> rocky grey.<\/td>\n<\/tr>\n<tr>\n<td>Sistema operativo:<\/td>\n<\/tr>\n<tr>\n<td> chromeos.<\/td>\n<\/tr>\n<tr>\n<td>Garant\u00eda:<\/td>\n<\/tr>\n<tr>\n<td> 3 a\u00f1os.<\/td>\n<\/tr>\n<\/table>\n","protected":false},"excerpt":{"rendered":"<p>La asus chromebook cx3402cva-c38g256-c1 es una soluci\u00f3n confiable y vers\u00e1til para entornos educativos y corporativos. Equipada con procesador intel\u00ae core\u0099 3 100u y 8gb de memoria lpddr5x, ofrece desempe\u00f1o eficiente para tareas de productividad, navegaci\u00f3n y aplicaciones en la nube. Su pantalla de 14\u0094 fhd t\u00e1ctil con tecnolog\u00eda anti-glare proporciona una experiencia interactiva y c\u00f3moda para el usuario. Cuenta con certificaci\u00f3n militar mil-std 810h, chip de seguridad titan c y conectividad wi-fi 6e, garantizando durabilidad, seguridad y alto nivel de conectividad. Su garant\u00eda de 3 a\u00f1os pick up  and  return la convierte en una opci\u00f3n ideal para proyectos educativos y empresariales que requieren soporte extendido y bajo costo total de propiedad.<\/p>\n","protected":false},"featured_media":0,"comment_status":"open","ping_status":"open","template":"","meta":[],"product_cat":[2029,1886],"product_tag":[1729],"acf":[],"yoast_head":"<!-- This site is optimized with the Yoast SEO plugin v21.7 - https:\/\/yoast.com\/wordpress\/plugins\/seo\/ -->\n<title>[ Asus ] &#129351; Cx3402cva-c38g256-c1 Laptop Chromebook , Intel Core 3 100u, 8gb Lpddr5x, 256gb Ufs, 14 Pulgadas Fhd Touch, Chromeos, 3 A\u00f1os De Garanta.<\/title>\n<meta name=\"description\" content=\"Compra Cx3402cva-c38g256-c1 Laptop Chromebook , Intel Core 3 100u, 8gb Lpddr5x, 256gb Ufs, 14 Pulgadas Fhd Touch, Chromeos, 3 A\u00f1os De Garanta. + Env\u00edo a domicilio + Pago seguro + Garant\u00eda\" \/>\n<meta name=\"robots\" content=\"index, follow, max-snippet:-1, max-image-preview:large, max-video-preview:-1\" \/>\n<link rel=\"canonical\" href=\"https:\/\/compuviper.mx\/tienda\/producto\/asus-cx3402cva-c38g256-c1-laptop-chromebook-intel-core-3-100u-8gb-lpddr5x-256gb-ufs-14-pulgadas-fhd-touch-chromeos-3-aos-de-garanta\/\" \/>\n<meta property=\"og:locale\" content=\"es_MX\" \/>\n<meta property=\"og:type\" content=\"article\" \/>\n<meta property=\"og:title\" content=\"[ Asus ] &#129351; Cx3402cva-c38g256-c1 Laptop Chromebook , Intel Core 3 100u, 8gb Lpddr5x, 256gb Ufs, 14 Pulgadas Fhd Touch, Chromeos, 3 A\u00f1os De Garanta.\" \/>\n<meta property=\"og:description\" content=\"Compra Cx3402cva-c38g256-c1 Laptop Chromebook , Intel Core 3 100u, 8gb Lpddr5x, 256gb Ufs, 14 Pulgadas Fhd Touch, Chromeos, 3 A\u00f1os De Garanta. + Env\u00edo a domicilio + Pago seguro + Garant\u00eda\" \/>\n<meta property=\"og:url\" content=\"https:\/\/compuviper.mx\/tienda\/producto\/asus-cx3402cva-c38g256-c1-laptop-chromebook-intel-core-3-100u-8gb-lpddr5x-256gb-ufs-14-pulgadas-fhd-touch-chromeos-3-aos-de-garanta\/\" \/>\n<meta property=\"og:site_name\" content=\"Compuviper\" \/>\n<meta property=\"article:publisher\" content=\"https:\/\/www.facebook.com\/compuviper\" \/>\n<meta name=\"twitter:card\" content=\"summary_large_image\" \/>\n<meta name=\"twitter:label1\" content=\"Precio\" \/>\n\t<meta name=\"twitter:data1\" content=\"&#36;10,005 con IVA\" \/>\n\t<meta name=\"twitter:label2\" content=\"Availability\" \/>\n\t<meta name=\"twitter:data2\" content=\"Out of stock\" \/>\n<script type=\"application\/ld+json\" class=\"yoast-schema-graph\">{\"@context\":\"https:\/\/schema.org\",\"@graph\":[{\"@type\":\"WebPage\",\"@id\":\"https:\/\/compuviper.mx\/tienda\/producto\/asus-cx3402cva-c38g256-c1-laptop-chromebook-intel-core-3-100u-8gb-lpddr5x-256gb-ufs-14-pulgadas-fhd-touch-chromeos-3-aos-de-garanta\/\",\"url\":\"https:\/\/compuviper.mx\/tienda\/producto\/asus-cx3402cva-c38g256-c1-laptop-chromebook-intel-core-3-100u-8gb-lpddr5x-256gb-ufs-14-pulgadas-fhd-touch-chromeos-3-aos-de-garanta\/\",\"name\":\"[ Asus ] &#129351; Cx3402cva-c38g256-c1 Laptop Chromebook , Intel Core 3 100u, 8gb Lpddr5x, 256gb Ufs, 14 Pulgadas Fhd Touch, Chromeos, 3 A\u00f1os De Garanta.\",\"isPartOf\":{\"@id\":\"https:\/\/compuviper.mx\/tienda\/#website\"},\"datePublished\":\"2026-04-15T07:23:30+00:00\",\"dateModified\":\"2026-04-15T07:23:30+00:00\",\"description\":\"Compra Cx3402cva-c38g256-c1 Laptop Chromebook , Intel Core 3 100u, 8gb Lpddr5x, 256gb Ufs, 14 Pulgadas Fhd Touch, Chromeos, 3 A\u00f1os De Garanta. + Env\u00edo a domicilio + Pago seguro + Garant\u00eda\",\"breadcrumb\":{\"@id\":\"https:\/\/compuviper.mx\/tienda\/producto\/asus-cx3402cva-c38g256-c1-laptop-chromebook-intel-core-3-100u-8gb-lpddr5x-256gb-ufs-14-pulgadas-fhd-touch-chromeos-3-aos-de-garanta\/#breadcrumb\"},\"inLanguage\":\"es-MX\",\"potentialAction\":[{\"@type\":\"ReadAction\",\"target\":[\"https:\/\/compuviper.mx\/tienda\/producto\/asus-cx3402cva-c38g256-c1-laptop-chromebook-intel-core-3-100u-8gb-lpddr5x-256gb-ufs-14-pulgadas-fhd-touch-chromeos-3-aos-de-garanta\/\"]}]},{\"@type\":\"BreadcrumbList\",\"@id\":\"https:\/\/compuviper.mx\/tienda\/producto\/asus-cx3402cva-c38g256-c1-laptop-chromebook-intel-core-3-100u-8gb-lpddr5x-256gb-ufs-14-pulgadas-fhd-touch-chromeos-3-aos-de-garanta\/#breadcrumb\",\"itemListElement\":[{\"@type\":\"ListItem\",\"position\":1,\"name\":\"Inicio\",\"item\":\"https:\/\/compuviper.mx\/tienda\/\"},{\"@type\":\"ListItem\",\"position\":2,\"name\":\"Productos\",\"item\":\"https:\/\/compuviper.mx\/tienda\/productos\/\"},{\"@type\":\"ListItem\",\"position\":3,\"name\":\"Laptops\",\"item\":\"https:\/\/compuviper.mx\/tienda\/categoria-producto\/laptops\/\"},{\"@type\":\"ListItem\",\"position\":4,\"name\":\"Chromebook\",\"item\":\"https:\/\/compuviper.mx\/tienda\/categoria-producto\/laptops\/chromebook\/\"},{\"@type\":\"ListItem\",\"position\":5,\"name\":\"Asus Cx3402cva-c38g256-c1 Laptop Chromebook , Intel Core 3 100u, 8gb Lpddr5x, 256gb Ufs, 14 Pulgadas Fhd Touch, Chromeos, 3 A?os De Garanta.\"}]},{\"@type\":\"WebSite\",\"@id\":\"https:\/\/compuviper.mx\/tienda\/#website\",\"url\":\"https:\/\/compuviper.mx\/tienda\/\",\"name\":\"Compuviper\",\"description\":\"Proveedor de Computadoras, Laptops, Servidores, Monitores, Puntos de Venta, Teclados,   Impresoras, T\u00f3ner, C\u00e1maras de Seguridad y m\u00e1s en tu tienda en l\u00ednea\",\"publisher\":{\"@id\":\"https:\/\/compuviper.mx\/tienda\/#organization\"},\"potentialAction\":[{\"@type\":\"SearchAction\",\"target\":{\"@type\":\"EntryPoint\",\"urlTemplate\":\"https:\/\/compuviper.mx\/tienda\/?s={search_term_string}\"},\"query-input\":\"required name=search_term_string\"}],\"inLanguage\":\"es-MX\"},{\"@type\":\"Organization\",\"@id\":\"https:\/\/compuviper.mx\/tienda\/#organization\",\"name\":\"Compuviper\",\"url\":\"https:\/\/compuviper.mx\/tienda\/\",\"logo\":{\"@type\":\"ImageObject\",\"inLanguage\":\"es-MX\",\"@id\":\"https:\/\/compuviper.mx\/tienda\/#\/schema\/logo\/image\/\",\"url\":\"https:\/\/compuviper.mx\/tienda\/wp-content\/uploads\/2021\/08\/Logo-Compuviper-10.png\",\"contentUrl\":\"https:\/\/compuviper.mx\/tienda\/wp-content\/uploads\/2021\/08\/Logo-Compuviper-10.png\",\"width\":1000,\"height\":500,\"caption\":\"Compuviper\"},\"image\":{\"@id\":\"https:\/\/compuviper.mx\/tienda\/#\/schema\/logo\/image\/\"},\"sameAs\":[\"https:\/\/www.facebook.com\/compuviper\",\"https:\/\/www.youtube.com\/channel\/UCf73dERp9Y3cfOq7q8BhLjA?view_as=subscriber\"]}]}<\/script>\n<meta property=\"product:brand\" content=\"ASUS\" \/>\n<meta property=\"product:price:amount\" content=\"10005\" \/>\n<meta property=\"product:price:currency\" content=\"MXN\" \/>\n<meta property=\"og:availability\" content=\"out of stock\" \/>\n<meta property=\"product:availability\" content=\"out of stock\" \/>\n<meta property=\"product:retailer_item_id\" content=\"CX3402CVA-C38G256-C1\" \/>\n<meta property=\"product:condition\" content=\"new\" \/>\n<!-- \/ Yoast SEO plugin. -->","yoast_head_json":{"title":"[ Asus ] &#129351; Cx3402cva-c38g256-c1 Laptop Chromebook , Intel Core 3 100u, 8gb Lpddr5x, 256gb Ufs, 14 Pulgadas Fhd Touch, Chromeos, 3 A\u00f1os De Garanta.","description":"Compra Cx3402cva-c38g256-c1 Laptop Chromebook , Intel Core 3 100u, 8gb Lpddr5x, 256gb Ufs, 14 Pulgadas Fhd Touch, Chromeos, 3 A\u00f1os De Garanta. + Env\u00edo a domicilio + Pago seguro + Garant\u00eda","robots":{"index":"index","follow":"follow","max-snippet":"max-snippet:-1","max-image-preview":"max-image-preview:large","max-video-preview":"max-video-preview:-1"},"canonical":"https:\/\/compuviper.mx\/tienda\/producto\/asus-cx3402cva-c38g256-c1-laptop-chromebook-intel-core-3-100u-8gb-lpddr5x-256gb-ufs-14-pulgadas-fhd-touch-chromeos-3-aos-de-garanta\/","og_locale":"es_MX","og_type":"article","og_title":"[ Asus ] &#129351; Cx3402cva-c38g256-c1 Laptop Chromebook , Intel Core 3 100u, 8gb Lpddr5x, 256gb Ufs, 14 Pulgadas Fhd Touch, Chromeos, 3 A\u00f1os De Garanta.","og_description":"Compra Cx3402cva-c38g256-c1 Laptop Chromebook , Intel Core 3 100u, 8gb Lpddr5x, 256gb Ufs, 14 Pulgadas Fhd Touch, Chromeos, 3 A\u00f1os De Garanta. + Env\u00edo a domicilio + Pago seguro + Garant\u00eda","og_url":"https:\/\/compuviper.mx\/tienda\/producto\/asus-cx3402cva-c38g256-c1-laptop-chromebook-intel-core-3-100u-8gb-lpddr5x-256gb-ufs-14-pulgadas-fhd-touch-chromeos-3-aos-de-garanta\/","og_site_name":"Compuviper","article_publisher":"https:\/\/www.facebook.com\/compuviper","twitter_card":"summary_large_image","twitter_misc":{"Precio":"&#36;10,005 con IVA","Availability":"Out of stock"},"schema":{"@context":"https:\/\/schema.org","@graph":[{"@type":"WebPage","@id":"https:\/\/compuviper.mx\/tienda\/producto\/asus-cx3402cva-c38g256-c1-laptop-chromebook-intel-core-3-100u-8gb-lpddr5x-256gb-ufs-14-pulgadas-fhd-touch-chromeos-3-aos-de-garanta\/","url":"https:\/\/compuviper.mx\/tienda\/producto\/asus-cx3402cva-c38g256-c1-laptop-chromebook-intel-core-3-100u-8gb-lpddr5x-256gb-ufs-14-pulgadas-fhd-touch-chromeos-3-aos-de-garanta\/","name":"[ Asus ] &#129351; Cx3402cva-c38g256-c1 Laptop Chromebook , Intel Core 3 100u, 8gb Lpddr5x, 256gb Ufs, 14 Pulgadas Fhd Touch, Chromeos, 3 A\u00f1os De Garanta.","isPartOf":{"@id":"https:\/\/compuviper.mx\/tienda\/#website"},"datePublished":"2026-04-15T07:23:30+00:00","dateModified":"2026-04-15T07:23:30+00:00","description":"Compra Cx3402cva-c38g256-c1 Laptop Chromebook , Intel Core 3 100u, 8gb Lpddr5x, 256gb Ufs, 14 Pulgadas Fhd Touch, Chromeos, 3 A\u00f1os De Garanta. + Env\u00edo a domicilio + Pago seguro + Garant\u00eda","breadcrumb":{"@id":"https:\/\/compuviper.mx\/tienda\/producto\/asus-cx3402cva-c38g256-c1-laptop-chromebook-intel-core-3-100u-8gb-lpddr5x-256gb-ufs-14-pulgadas-fhd-touch-chromeos-3-aos-de-garanta\/#breadcrumb"},"inLanguage":"es-MX","potentialAction":[{"@type":"ReadAction","target":["https:\/\/compuviper.mx\/tienda\/producto\/asus-cx3402cva-c38g256-c1-laptop-chromebook-intel-core-3-100u-8gb-lpddr5x-256gb-ufs-14-pulgadas-fhd-touch-chromeos-3-aos-de-garanta\/"]}]},{"@type":"BreadcrumbList","@id":"https:\/\/compuviper.mx\/tienda\/producto\/asus-cx3402cva-c38g256-c1-laptop-chromebook-intel-core-3-100u-8gb-lpddr5x-256gb-ufs-14-pulgadas-fhd-touch-chromeos-3-aos-de-garanta\/#breadcrumb","itemListElement":[{"@type":"ListItem","position":1,"name":"Inicio","item":"https:\/\/compuviper.mx\/tienda\/"},{"@type":"ListItem","position":2,"name":"Productos","item":"https:\/\/compuviper.mx\/tienda\/productos\/"},{"@type":"ListItem","position":3,"name":"Laptops","item":"https:\/\/compuviper.mx\/tienda\/categoria-producto\/laptops\/"},{"@type":"ListItem","position":4,"name":"Chromebook","item":"https:\/\/compuviper.mx\/tienda\/categoria-producto\/laptops\/chromebook\/"},{"@type":"ListItem","position":5,"name":"Asus Cx3402cva-c38g256-c1 Laptop Chromebook , Intel Core 3 100u, 8gb Lpddr5x, 256gb Ufs, 14 Pulgadas Fhd Touch, Chromeos, 3 A?os De Garanta."}]},{"@type":"WebSite","@id":"https:\/\/compuviper.mx\/tienda\/#website","url":"https:\/\/compuviper.mx\/tienda\/","name":"Compuviper","description":"Proveedor de Computadoras, Laptops, Servidores, Monitores, Puntos de Venta, Teclados,   Impresoras, T\u00f3ner, C\u00e1maras de Seguridad y m\u00e1s en tu tienda en l\u00ednea","publisher":{"@id":"https:\/\/compuviper.mx\/tienda\/#organization"},"potentialAction":[{"@type":"SearchAction","target":{"@type":"EntryPoint","urlTemplate":"https:\/\/compuviper.mx\/tienda\/?s={search_term_string}"},"query-input":"required name=search_term_string"}],"inLanguage":"es-MX"},{"@type":"Organization","@id":"https:\/\/compuviper.mx\/tienda\/#organization","name":"Compuviper","url":"https:\/\/compuviper.mx\/tienda\/","logo":{"@type":"ImageObject","inLanguage":"es-MX","@id":"https:\/\/compuviper.mx\/tienda\/#\/schema\/logo\/image\/","url":"https:\/\/compuviper.mx\/tienda\/wp-content\/uploads\/2021\/08\/Logo-Compuviper-10.png","contentUrl":"https:\/\/compuviper.mx\/tienda\/wp-content\/uploads\/2021\/08\/Logo-Compuviper-10.png","width":1000,"height":500,"caption":"Compuviper"},"image":{"@id":"https:\/\/compuviper.mx\/tienda\/#\/schema\/logo\/image\/"},"sameAs":["https:\/\/www.facebook.com\/compuviper","https:\/\/www.youtube.com\/channel\/UCf73dERp9Y3cfOq7q8BhLjA?view_as=subscriber"]}]},"product_brand":"ASUS","product_price_amount":"10005","product_price_currency":"MXN","og_availability":"out of stock","product_availability":"out of stock","product_retailer_item_id":"CX3402CVA-C38G256-C1","product_condition":"new"},"_links":{"self":[{"href":"https:\/\/compuviper.mx\/tienda\/wp-json\/wp\/v2\/product\/267396"}],"collection":[{"href":"https:\/\/compuviper.mx\/tienda\/wp-json\/wp\/v2\/product"}],"about":[{"href":"https:\/\/compuviper.mx\/tienda\/wp-json\/wp\/v2\/types\/product"}],"replies":[{"embeddable":true,"href":"https:\/\/compuviper.mx\/tienda\/wp-json\/wp\/v2\/comments?post=267396"}],"wp:attachment":[{"href":"https:\/\/compuviper.mx\/tienda\/wp-json\/wp\/v2\/media?parent=267396"}],"wp:term":[{"taxonomy":"product_cat","embeddable":true,"href":"https:\/\/compuviper.mx\/tienda\/wp-json\/wp\/v2\/product_cat?post=267396"},{"taxonomy":"product_tag","embeddable":true,"href":"https:\/\/compuviper.mx\/tienda\/wp-json\/wp\/v2\/product_tag?post=267396"}],"curies":[{"name":"wp","href":"https:\/\/api.w.org\/{rel}","templated":true}]}}