{"id":267395,"date":"2026-04-21T01:27:59","date_gmt":"2026-04-21T07:27:59","guid":{"rendered":"https:\/\/compuviper.mx\/tienda\/producto\/asus-cb5403cma-u716g512-c2-laptop-chromebook-intel-core-ultra-7-155u-16gb-512gb-ssd-14-pulgadas-wqxga-120hz-chromeos-1-ao-de-garanta\/"},"modified":"2026-04-21T01:28:00","modified_gmt":"2026-04-21T07:28:00","slug":"asus-cb5403cma-u716g512-c2-laptop-chromebook-intel-core-ultra-7-155u-16gb-512gb-ssd-14-pulgadas-wqxga-120hz-chromeos-1-ao-de-garanta","status":"publish","type":"product","link":"https:\/\/compuviper.mx\/tienda\/producto\/asus-cb5403cma-u716g512-c2-laptop-chromebook-intel-core-ultra-7-155u-16gb-512gb-ssd-14-pulgadas-wqxga-120hz-chromeos-1-ao-de-garanta\/","title":{"rendered":"Asus Cb5403cma-u716g512-c2 Laptop  Chromebook , Intel Core Ultra 7 155u, 16gb, 512gb Ssd, 14 Pulgadas Wqxga 120hz, Chromeos, 1 A?o De Garanta."},"content":{"rendered":"<table class=\"descripcion\">\n<tr>\n<td>Cod fabricante:<\/td>\n<\/tr>\n<tr>\n<td> 90nx0791-m013a0<\/td>\n<\/tr>\n<tr>\n<td>Num parte:<\/td>\n<\/tr>\n<tr>\n<td> cb5403cma-u716g512-c2<\/td>\n<\/tr>\n<tr>\n<td>Procesador:<\/td>\n<\/tr>\n<tr>\n<td> intel core ultra 7 155u (1.7 ghz base, hasta 4.8 ghz, 12mb cache, 12 n\u00facleos, 14 hilos) con intel\u00ae ai boost npu integrada.<\/td>\n<\/tr>\n<tr>\n<td>Gr\u00e1ficos:<\/td>\n<\/tr>\n<tr>\n<td> intel graphics integrados (memoria compartida).<\/td>\n<\/tr>\n<tr>\n<td>Dise\u00f1o:<\/td>\n<\/tr>\n<tr>\n<td> chasis de aluminio en tapa, marco y base.<\/td>\n<\/tr>\n<tr>\n<td> color fog silver.<\/td>\n<\/tr>\n<tr>\n<td> certificaci\u00f3n us mil-std 810h (grado militar).<\/td>\n<\/tr>\n<tr>\n<td> pantalla 14.0\u0094 wqxga (2560 x 1600), relaci\u00f3n 16:10, 120hz, 500 nits, 100% dci-p3, anti-glare, 89% screen-to-body ratio.<\/td>\n<\/tr>\n<tr>\n<td>Memoria:<\/td>\n<\/tr>\n<tr>\n<td> 16gb lpddr5x (integrada, no expandible).<\/td>\n<\/tr>\n<tr>\n<td>Almacenamiento:<\/td>\n<\/tr>\n<tr>\n<td> 512gb m.2 2280 nvme pcie 4.0 ssd.<\/td>\n<\/tr>\n<tr>\n<td>Peso:<\/td>\n<\/tr>\n<tr>\n<td> 1.28 kg (con bater\u00eda).<\/td>\n<\/tr>\n<tr>\n<td>Dimensiones del equipo:<\/td>\n<\/tr>\n<tr>\n<td> 31.37 x 22.28 x 1.69 cm.<\/td>\n<\/tr>\n<tr>\n<td>Color:<\/td>\n<\/tr>\n<tr>\n<td> fog silver.<\/td>\n<\/tr>\n<tr>\n<td>Sistema operativo:<\/td>\n<\/tr>\n<tr>\n<td> chromeos.<\/td>\n<\/tr>\n<tr>\n<td>Garant\u00eda:<\/td>\n<\/tr>\n<tr>\n<td> 1 a\u00f1o<\/td>\n<\/tr>\n<\/table>\n","protected":false},"excerpt":{"rendered":"<p>La asus chromebook cb5403cma-u716g512-c2 combina dise\u00f1o premium en aluminio con rendimiento avanzado gracias al procesador intel\u00ae core\u0099 ultra 7 con ai boost npu integrada. Su pantalla de 14\u0094 wqxga 120hz con 100% dci-p3 y 500 nits ofrece calidad visual superior, ideal para productividad, colaboraci\u00f3n y contenido multimedia. Con 16gb de memoria lpddr5x y ssd pcie 4.0 de 512gb, garantiza velocidad y fluidez en entornos empresariales y educativos. Su construcci\u00f3n certificada bajo est\u00e1ndar militar mil-std 810h, junto con lector de huella digital, chip de seguridad titan c2 y conectividad wi-fi 6e, la convierten en una soluci\u00f3n segura, ligera y confiable para movilidad corporativa.<\/p>\n","protected":false},"featured_media":0,"comment_status":"open","ping_status":"open","template":"","meta":[],"product_cat":[2029,1886],"product_tag":[1729],"acf":[],"yoast_head":"<!-- This site is optimized with the Yoast SEO plugin v21.7 - https:\/\/yoast.com\/wordpress\/plugins\/seo\/ -->\n<title>[ Asus ] &#129351; Cb5403cma-u716g512-c2 Laptop Chromebook , Intel Core Ultra 7 155u, 16gb, 512gb Ssd, 14 Pulgadas Wqxga 120hz, Chromeos, 1 A\u00f1o De Garanta.<\/title>\n<meta name=\"description\" content=\"Compra Cb5403cma-u716g512-c2 Laptop Chromebook , Intel Core Ultra 7 155u, 16gb, 512gb Ssd, 14 Pulgadas Wqxga 120hz, Chromeos, 1 A\u00f1o De Garanta. + Env\u00edo a domicilio + Pago seguro + Garant\u00eda\" \/>\n<meta name=\"robots\" content=\"index, follow, max-snippet:-1, max-image-preview:large, max-video-preview:-1\" \/>\n<link rel=\"canonical\" href=\"https:\/\/compuviper.mx\/tienda\/producto\/asus-cb5403cma-u716g512-c2-laptop-chromebook-intel-core-ultra-7-155u-16gb-512gb-ssd-14-pulgadas-wqxga-120hz-chromeos-1-ao-de-garanta\/\" \/>\n<meta property=\"og:locale\" content=\"es_MX\" \/>\n<meta property=\"og:type\" content=\"article\" \/>\n<meta property=\"og:title\" content=\"[ Asus ] &#129351; Cb5403cma-u716g512-c2 Laptop Chromebook , Intel Core Ultra 7 155u, 16gb, 512gb Ssd, 14 Pulgadas Wqxga 120hz, Chromeos, 1 A\u00f1o De Garanta.\" \/>\n<meta property=\"og:description\" content=\"Compra Cb5403cma-u716g512-c2 Laptop Chromebook , Intel Core Ultra 7 155u, 16gb, 512gb Ssd, 14 Pulgadas Wqxga 120hz, Chromeos, 1 A\u00f1o De Garanta. + Env\u00edo a domicilio + Pago seguro + Garant\u00eda\" \/>\n<meta property=\"og:url\" content=\"https:\/\/compuviper.mx\/tienda\/producto\/asus-cb5403cma-u716g512-c2-laptop-chromebook-intel-core-ultra-7-155u-16gb-512gb-ssd-14-pulgadas-wqxga-120hz-chromeos-1-ao-de-garanta\/\" \/>\n<meta property=\"og:site_name\" content=\"Compuviper\" \/>\n<meta property=\"article:publisher\" content=\"https:\/\/www.facebook.com\/compuviper\" \/>\n<meta property=\"article:modified_time\" content=\"2026-04-21T07:28:00+00:00\" \/>\n<meta name=\"twitter:card\" content=\"summary_large_image\" \/>\n<meta name=\"twitter:label1\" content=\"Precio\" \/>\n\t<meta name=\"twitter:data1\" content=\"&#36;20,542 con IVA\" \/>\n\t<meta name=\"twitter:label2\" content=\"Availability\" \/>\n\t<meta name=\"twitter:data2\" content=\"Out of stock\" \/>\n<script type=\"application\/ld+json\" class=\"yoast-schema-graph\">{\"@context\":\"https:\/\/schema.org\",\"@graph\":[{\"@type\":\"WebPage\",\"@id\":\"https:\/\/compuviper.mx\/tienda\/producto\/asus-cb5403cma-u716g512-c2-laptop-chromebook-intel-core-ultra-7-155u-16gb-512gb-ssd-14-pulgadas-wqxga-120hz-chromeos-1-ao-de-garanta\/\",\"url\":\"https:\/\/compuviper.mx\/tienda\/producto\/asus-cb5403cma-u716g512-c2-laptop-chromebook-intel-core-ultra-7-155u-16gb-512gb-ssd-14-pulgadas-wqxga-120hz-chromeos-1-ao-de-garanta\/\",\"name\":\"[ Asus ] &#129351; Cb5403cma-u716g512-c2 Laptop Chromebook , Intel Core Ultra 7 155u, 16gb, 512gb Ssd, 14 Pulgadas Wqxga 120hz, Chromeos, 1 A\u00f1o De Garanta.\",\"isPartOf\":{\"@id\":\"https:\/\/compuviper.mx\/tienda\/#website\"},\"datePublished\":\"2026-04-21T07:27:59+00:00\",\"dateModified\":\"2026-04-21T07:28:00+00:00\",\"description\":\"Compra Cb5403cma-u716g512-c2 Laptop Chromebook , Intel Core Ultra 7 155u, 16gb, 512gb Ssd, 14 Pulgadas Wqxga 120hz, Chromeos, 1 A\u00f1o De Garanta. + Env\u00edo a domicilio + Pago seguro + Garant\u00eda\",\"breadcrumb\":{\"@id\":\"https:\/\/compuviper.mx\/tienda\/producto\/asus-cb5403cma-u716g512-c2-laptop-chromebook-intel-core-ultra-7-155u-16gb-512gb-ssd-14-pulgadas-wqxga-120hz-chromeos-1-ao-de-garanta\/#breadcrumb\"},\"inLanguage\":\"es-MX\",\"potentialAction\":[{\"@type\":\"ReadAction\",\"target\":[\"https:\/\/compuviper.mx\/tienda\/producto\/asus-cb5403cma-u716g512-c2-laptop-chromebook-intel-core-ultra-7-155u-16gb-512gb-ssd-14-pulgadas-wqxga-120hz-chromeos-1-ao-de-garanta\/\"]}]},{\"@type\":\"BreadcrumbList\",\"@id\":\"https:\/\/compuviper.mx\/tienda\/producto\/asus-cb5403cma-u716g512-c2-laptop-chromebook-intel-core-ultra-7-155u-16gb-512gb-ssd-14-pulgadas-wqxga-120hz-chromeos-1-ao-de-garanta\/#breadcrumb\",\"itemListElement\":[{\"@type\":\"ListItem\",\"position\":1,\"name\":\"Inicio\",\"item\":\"https:\/\/compuviper.mx\/tienda\/\"},{\"@type\":\"ListItem\",\"position\":2,\"name\":\"Productos\",\"item\":\"https:\/\/compuviper.mx\/tienda\/productos\/\"},{\"@type\":\"ListItem\",\"position\":3,\"name\":\"Laptops\",\"item\":\"https:\/\/compuviper.mx\/tienda\/categoria-producto\/laptops\/\"},{\"@type\":\"ListItem\",\"position\":4,\"name\":\"Chromebook\",\"item\":\"https:\/\/compuviper.mx\/tienda\/categoria-producto\/laptops\/chromebook\/\"},{\"@type\":\"ListItem\",\"position\":5,\"name\":\"Asus Cb5403cma-u716g512-c2 Laptop Chromebook , Intel Core Ultra 7 155u, 16gb, 512gb Ssd, 14 Pulgadas Wqxga 120hz, Chromeos, 1 A?o De Garanta.\"}]},{\"@type\":\"WebSite\",\"@id\":\"https:\/\/compuviper.mx\/tienda\/#website\",\"url\":\"https:\/\/compuviper.mx\/tienda\/\",\"name\":\"Compuviper\",\"description\":\"Proveedor de Computadoras, Laptops, Servidores, Monitores, Puntos de Venta, Teclados,   Impresoras, T\u00f3ner, C\u00e1maras de Seguridad y m\u00e1s en tu tienda en l\u00ednea\",\"publisher\":{\"@id\":\"https:\/\/compuviper.mx\/tienda\/#organization\"},\"potentialAction\":[{\"@type\":\"SearchAction\",\"target\":{\"@type\":\"EntryPoint\",\"urlTemplate\":\"https:\/\/compuviper.mx\/tienda\/?s={search_term_string}\"},\"query-input\":\"required name=search_term_string\"}],\"inLanguage\":\"es-MX\"},{\"@type\":\"Organization\",\"@id\":\"https:\/\/compuviper.mx\/tienda\/#organization\",\"name\":\"Compuviper\",\"url\":\"https:\/\/compuviper.mx\/tienda\/\",\"logo\":{\"@type\":\"ImageObject\",\"inLanguage\":\"es-MX\",\"@id\":\"https:\/\/compuviper.mx\/tienda\/#\/schema\/logo\/image\/\",\"url\":\"https:\/\/compuviper.mx\/tienda\/wp-content\/uploads\/2021\/08\/Logo-Compuviper-10.png\",\"contentUrl\":\"https:\/\/compuviper.mx\/tienda\/wp-content\/uploads\/2021\/08\/Logo-Compuviper-10.png\",\"width\":1000,\"height\":500,\"caption\":\"Compuviper\"},\"image\":{\"@id\":\"https:\/\/compuviper.mx\/tienda\/#\/schema\/logo\/image\/\"},\"sameAs\":[\"https:\/\/www.facebook.com\/compuviper\",\"https:\/\/www.youtube.com\/channel\/UCf73dERp9Y3cfOq7q8BhLjA?view_as=subscriber\"]}]}<\/script>\n<meta property=\"product:brand\" content=\"ASUS\" \/>\n<meta property=\"product:price:amount\" content=\"20542\" \/>\n<meta property=\"product:price:currency\" content=\"MXN\" \/>\n<meta property=\"og:availability\" content=\"out of stock\" \/>\n<meta property=\"product:availability\" content=\"out of stock\" \/>\n<meta property=\"product:retailer_item_id\" content=\"CB5403CMA-U716G512-C2\" \/>\n<meta property=\"product:condition\" content=\"new\" \/>\n<!-- \/ Yoast SEO plugin. -->","yoast_head_json":{"title":"[ Asus ] &#129351; Cb5403cma-u716g512-c2 Laptop Chromebook , Intel Core Ultra 7 155u, 16gb, 512gb Ssd, 14 Pulgadas Wqxga 120hz, Chromeos, 1 A\u00f1o De Garanta.","description":"Compra Cb5403cma-u716g512-c2 Laptop Chromebook , Intel Core Ultra 7 155u, 16gb, 512gb Ssd, 14 Pulgadas Wqxga 120hz, Chromeos, 1 A\u00f1o De Garanta. + Env\u00edo a domicilio + Pago seguro + Garant\u00eda","robots":{"index":"index","follow":"follow","max-snippet":"max-snippet:-1","max-image-preview":"max-image-preview:large","max-video-preview":"max-video-preview:-1"},"canonical":"https:\/\/compuviper.mx\/tienda\/producto\/asus-cb5403cma-u716g512-c2-laptop-chromebook-intel-core-ultra-7-155u-16gb-512gb-ssd-14-pulgadas-wqxga-120hz-chromeos-1-ao-de-garanta\/","og_locale":"es_MX","og_type":"article","og_title":"[ Asus ] &#129351; Cb5403cma-u716g512-c2 Laptop Chromebook , Intel Core Ultra 7 155u, 16gb, 512gb Ssd, 14 Pulgadas Wqxga 120hz, Chromeos, 1 A\u00f1o De Garanta.","og_description":"Compra Cb5403cma-u716g512-c2 Laptop Chromebook , Intel Core Ultra 7 155u, 16gb, 512gb Ssd, 14 Pulgadas Wqxga 120hz, Chromeos, 1 A\u00f1o De Garanta. + Env\u00edo a domicilio + Pago seguro + Garant\u00eda","og_url":"https:\/\/compuviper.mx\/tienda\/producto\/asus-cb5403cma-u716g512-c2-laptop-chromebook-intel-core-ultra-7-155u-16gb-512gb-ssd-14-pulgadas-wqxga-120hz-chromeos-1-ao-de-garanta\/","og_site_name":"Compuviper","article_publisher":"https:\/\/www.facebook.com\/compuviper","article_modified_time":"2026-04-21T07:28:00+00:00","twitter_card":"summary_large_image","twitter_misc":{"Precio":"&#36;20,542 con IVA","Availability":"Out of stock"},"schema":{"@context":"https:\/\/schema.org","@graph":[{"@type":"WebPage","@id":"https:\/\/compuviper.mx\/tienda\/producto\/asus-cb5403cma-u716g512-c2-laptop-chromebook-intel-core-ultra-7-155u-16gb-512gb-ssd-14-pulgadas-wqxga-120hz-chromeos-1-ao-de-garanta\/","url":"https:\/\/compuviper.mx\/tienda\/producto\/asus-cb5403cma-u716g512-c2-laptop-chromebook-intel-core-ultra-7-155u-16gb-512gb-ssd-14-pulgadas-wqxga-120hz-chromeos-1-ao-de-garanta\/","name":"[ Asus ] &#129351; Cb5403cma-u716g512-c2 Laptop Chromebook , Intel Core Ultra 7 155u, 16gb, 512gb Ssd, 14 Pulgadas Wqxga 120hz, Chromeos, 1 A\u00f1o De Garanta.","isPartOf":{"@id":"https:\/\/compuviper.mx\/tienda\/#website"},"datePublished":"2026-04-21T07:27:59+00:00","dateModified":"2026-04-21T07:28:00+00:00","description":"Compra Cb5403cma-u716g512-c2 Laptop Chromebook , Intel Core Ultra 7 155u, 16gb, 512gb Ssd, 14 Pulgadas Wqxga 120hz, Chromeos, 1 A\u00f1o De Garanta. + Env\u00edo a domicilio + Pago seguro + Garant\u00eda","breadcrumb":{"@id":"https:\/\/compuviper.mx\/tienda\/producto\/asus-cb5403cma-u716g512-c2-laptop-chromebook-intel-core-ultra-7-155u-16gb-512gb-ssd-14-pulgadas-wqxga-120hz-chromeos-1-ao-de-garanta\/#breadcrumb"},"inLanguage":"es-MX","potentialAction":[{"@type":"ReadAction","target":["https:\/\/compuviper.mx\/tienda\/producto\/asus-cb5403cma-u716g512-c2-laptop-chromebook-intel-core-ultra-7-155u-16gb-512gb-ssd-14-pulgadas-wqxga-120hz-chromeos-1-ao-de-garanta\/"]}]},{"@type":"BreadcrumbList","@id":"https:\/\/compuviper.mx\/tienda\/producto\/asus-cb5403cma-u716g512-c2-laptop-chromebook-intel-core-ultra-7-155u-16gb-512gb-ssd-14-pulgadas-wqxga-120hz-chromeos-1-ao-de-garanta\/#breadcrumb","itemListElement":[{"@type":"ListItem","position":1,"name":"Inicio","item":"https:\/\/compuviper.mx\/tienda\/"},{"@type":"ListItem","position":2,"name":"Productos","item":"https:\/\/compuviper.mx\/tienda\/productos\/"},{"@type":"ListItem","position":3,"name":"Laptops","item":"https:\/\/compuviper.mx\/tienda\/categoria-producto\/laptops\/"},{"@type":"ListItem","position":4,"name":"Chromebook","item":"https:\/\/compuviper.mx\/tienda\/categoria-producto\/laptops\/chromebook\/"},{"@type":"ListItem","position":5,"name":"Asus Cb5403cma-u716g512-c2 Laptop Chromebook , Intel Core Ultra 7 155u, 16gb, 512gb Ssd, 14 Pulgadas Wqxga 120hz, Chromeos, 1 A?o De Garanta."}]},{"@type":"WebSite","@id":"https:\/\/compuviper.mx\/tienda\/#website","url":"https:\/\/compuviper.mx\/tienda\/","name":"Compuviper","description":"Proveedor de Computadoras, Laptops, Servidores, Monitores, Puntos de Venta, Teclados,   Impresoras, T\u00f3ner, C\u00e1maras de Seguridad y m\u00e1s en tu tienda en l\u00ednea","publisher":{"@id":"https:\/\/compuviper.mx\/tienda\/#organization"},"potentialAction":[{"@type":"SearchAction","target":{"@type":"EntryPoint","urlTemplate":"https:\/\/compuviper.mx\/tienda\/?s={search_term_string}"},"query-input":"required name=search_term_string"}],"inLanguage":"es-MX"},{"@type":"Organization","@id":"https:\/\/compuviper.mx\/tienda\/#organization","name":"Compuviper","url":"https:\/\/compuviper.mx\/tienda\/","logo":{"@type":"ImageObject","inLanguage":"es-MX","@id":"https:\/\/compuviper.mx\/tienda\/#\/schema\/logo\/image\/","url":"https:\/\/compuviper.mx\/tienda\/wp-content\/uploads\/2021\/08\/Logo-Compuviper-10.png","contentUrl":"https:\/\/compuviper.mx\/tienda\/wp-content\/uploads\/2021\/08\/Logo-Compuviper-10.png","width":1000,"height":500,"caption":"Compuviper"},"image":{"@id":"https:\/\/compuviper.mx\/tienda\/#\/schema\/logo\/image\/"},"sameAs":["https:\/\/www.facebook.com\/compuviper","https:\/\/www.youtube.com\/channel\/UCf73dERp9Y3cfOq7q8BhLjA?view_as=subscriber"]}]},"product_brand":"ASUS","product_price_amount":"20542","product_price_currency":"MXN","og_availability":"out of stock","product_availability":"out of stock","product_retailer_item_id":"CB5403CMA-U716G512-C2","product_condition":"new"},"_links":{"self":[{"href":"https:\/\/compuviper.mx\/tienda\/wp-json\/wp\/v2\/product\/267395"}],"collection":[{"href":"https:\/\/compuviper.mx\/tienda\/wp-json\/wp\/v2\/product"}],"about":[{"href":"https:\/\/compuviper.mx\/tienda\/wp-json\/wp\/v2\/types\/product"}],"replies":[{"embeddable":true,"href":"https:\/\/compuviper.mx\/tienda\/wp-json\/wp\/v2\/comments?post=267395"}],"wp:attachment":[{"href":"https:\/\/compuviper.mx\/tienda\/wp-json\/wp\/v2\/media?parent=267395"}],"wp:term":[{"taxonomy":"product_cat","embeddable":true,"href":"https:\/\/compuviper.mx\/tienda\/wp-json\/wp\/v2\/product_cat?post=267395"},{"taxonomy":"product_tag","embeddable":true,"href":"https:\/\/compuviper.mx\/tienda\/wp-json\/wp\/v2\/product_tag?post=267395"}],"curies":[{"name":"wp","href":"https:\/\/api.w.org\/{rel}","templated":true}]}}