{"id":267394,"date":"2026-04-10T00:51:23","date_gmt":"2026-04-10T06:51:23","guid":{"rendered":"https:\/\/compuviper.mx\/tienda\/producto\/dell-210-bkry-monitor-ultrasharp-u2424he-23-8-fhd-1920-x-1080-120-hz-ips-dp-hdmi-usb-c-usb-a-rj45\/"},"modified":"2026-04-10T00:51:23","modified_gmt":"2026-04-10T06:51:23","slug":"dell-210-bkry-monitor-ultrasharp-u2424he-23-8-fhd-1920-x-1080-120-hz-ips-dp-hdmi-usb-c-usb-a-rj45","status":"publish","type":"product","link":"https:\/\/compuviper.mx\/tienda\/producto\/dell-210-bkry-monitor-ultrasharp-u2424he-23-8-fhd-1920-x-1080-120-hz-ips-dp-hdmi-usb-c-usb-a-rj45\/","title":{"rendered":"Dell 210-bkry Monitor  Ultrasharp U2424he | 23.8 Fhd 1920 X 1080 | 120 Hz | Ips | Dp, Hdmi, Usb-c, Usb-a, Rj45 |"},"content":{"rendered":"<table class=\"descripcion\">\n<tr>\n<td>Tipo de panel<\/td>\n<\/tr>\n<tr>\n<td>Ips<\/td>\n<\/tr>\n<tr>\n<td>Resoluci\u00f3n m\u00e1xima predeterminada<\/td>\n<\/tr>\n<tr>\n<td>1920 x 1080 a 120 hz<\/td>\n<\/tr>\n<tr>\n<td>\u00e1ngulo de visi\u00f3n<\/td>\n<\/tr>\n<tr>\n<td>178\u00b0vertical\/178\u00b0horizontal<\/td>\n<\/tr>\n<tr>\n<td>P\u00edxeles por pulgada (ppp)<\/td>\n<\/tr>\n<tr>\n<td>92.53<\/td>\n<\/tr>\n<tr>\n<td>Relaci\u00f3n de contraste<\/td>\n<\/tr>\n<tr>\n<td>1000 a 1 (t\u00edpica)<\/td>\n<\/tr>\n<tr>\n<td>Relaci\u00f3n de aspecto<\/td>\n<\/tr>\n<tr>\n<td>16:9<\/td>\n<\/tr>\n<tr>\n<td>Tecnolog\u00eda de retroiluminaci\u00f3n<\/td>\n<\/tr>\n<tr>\n<td>Sistema de luz led en el borde<\/td>\n<\/tr>\n<tr>\n<td>Brillo<\/td>\n<\/tr>\n<tr>\n<td>250 cd\/m2 (t\u00edpico)<\/td>\n<\/tr>\n<tr>\n<td>Tiempo de respuesta<\/td>\n<\/tr>\n<tr>\n<td>8 ms (normal)<\/td>\n<\/tr>\n<tr>\n<td>5 ms (r\u00e1pido)<\/td>\n<\/tr>\n<tr>\n<td>Compatibilidad de color<\/td>\n<\/tr>\n<tr>\n<td>16.7 millones de colores<\/td>\n<\/tr>\n<tr>\n<td>Gama de colores<\/td>\n<\/tr>\n<tr>\n<td>100 % de srgb, 100 % de bt.709, 85% de dci-p3, delta e  2 (average) (srgb and bt.709)<\/td>\n<\/tr>\n<tr>\n<td>Interfaces<\/td>\n<\/tr>\n<tr>\n<td>1 displayport versi\u00f3n 1.4 (drr para microsoft windows) (hdcp 1.4)* (admite hasta fhd 1920 \u00d7 1080 a 120 hz)<\/td>\n<\/tr>\n<tr>\n<td>1 hdmi (hdcp 1.4) (admite hasta fhd 1920 \u00d7 1080 a 120 hz tmds, seg\u00fan lo especificado en hdmi 1.4)<\/td>\n<\/tr>\n<tr>\n<td>1 displayport 1.4 (salida) con mst (hdcp 1.4)<\/td>\n<\/tr>\n<tr>\n<td>1 puerto usb type-c ascendente (video y datos) (modo alternativo con displayport 1.4 y pd [suministro de alimentaci\u00f3n] de hasta 90 w)<\/td>\n<\/tr>\n<tr>\n<td>1 puerto usb type-c ascendente (solo datos, usb 3.2 gen 2 de 10 gb\/s)<\/td>\n<\/tr>\n<tr>\n<td>3 puertos usb superspeed de 10 gb\/s (usb 3.2 gen2) descendentes<\/td>\n<\/tr>\n<tr>\n<td>1 puerto de salida de audio<\/td>\n<\/tr>\n<tr>\n<td>1 rj45 puerto ethernet, 2.5gbe<\/td>\n<\/tr>\n<tr>\n<td>Acceso r\u00e1pido:<\/td>\n<\/tr>\n<tr>\n<td>1 puerto usb type-c descendente con funcionalidad de carga a 15 w (m\u00e1x.)<\/td>\n<\/tr>\n<tr>\n<td>1 puerto usb superspeed descendente de 10 gb\/s (usb 3.2 gen 2) con funcionalidad de carga bc1.2 a 2 a (m\u00e1x.)<\/td>\n<\/tr>\n<\/table>\n","protected":false},"excerpt":{"rendered":"<p>Experimente una comodidad visual mejorada, la m\u00e1xima productividad y una amplia conectividad con este monitor con centro de conexi\u00f3n certificado por t\u00fcv que brinda una comodidad visual de 4 estrellas. Upc: 884116452133<\/p>\n","protected":false},"featured_media":0,"comment_status":"open","ping_status":"open","template":"","meta":[],"product_cat":[1740,1746],"product_tag":[1537],"acf":[],"yoast_head":"<!-- This site is optimized with the Yoast SEO plugin v21.7 - https:\/\/yoast.com\/wordpress\/plugins\/seo\/ -->\n<title>[ Dell ] &#129351; 210-bkry Monitor Ultrasharp U2424he | 23.8 Fhd 1920 X 1080 | 120 Hz | Ips | Dp, Hdmi, Usb-c, Usb-a, Rj45 |<\/title>\n<meta name=\"description\" content=\"Compra 210-bkry Monitor Ultrasharp U2424he | 23.8 Fhd 1920 X 1080 | 120 Hz | Ips | Dp, Hdmi, Usb-c, Usb-a, Rj45 | + Env\u00edo a domicilio + Pago seguro + Garant\u00eda\" \/>\n<meta name=\"robots\" content=\"index, follow, max-snippet:-1, max-image-preview:large, max-video-preview:-1\" \/>\n<link rel=\"canonical\" href=\"https:\/\/compuviper.mx\/tienda\/producto\/dell-210-bkry-monitor-ultrasharp-u2424he-23-8-fhd-1920-x-1080-120-hz-ips-dp-hdmi-usb-c-usb-a-rj45\/\" \/>\n<meta property=\"og:locale\" content=\"es_MX\" \/>\n<meta property=\"og:type\" content=\"article\" \/>\n<meta property=\"og:title\" content=\"[ Dell ] &#129351; 210-bkry Monitor Ultrasharp U2424he | 23.8 Fhd 1920 X 1080 | 120 Hz | Ips | Dp, Hdmi, Usb-c, Usb-a, Rj45 |\" \/>\n<meta property=\"og:description\" content=\"Compra 210-bkry Monitor Ultrasharp U2424he | 23.8 Fhd 1920 X 1080 | 120 Hz | Ips | Dp, Hdmi, Usb-c, Usb-a, Rj45 | + Env\u00edo a domicilio + Pago seguro + Garant\u00eda\" \/>\n<meta property=\"og:url\" content=\"https:\/\/compuviper.mx\/tienda\/producto\/dell-210-bkry-monitor-ultrasharp-u2424he-23-8-fhd-1920-x-1080-120-hz-ips-dp-hdmi-usb-c-usb-a-rj45\/\" \/>\n<meta property=\"og:site_name\" content=\"Compuviper\" \/>\n<meta property=\"article:publisher\" content=\"https:\/\/www.facebook.com\/compuviper\" \/>\n<meta name=\"twitter:card\" content=\"summary_large_image\" \/>\n<meta name=\"twitter:label1\" content=\"Precio\" \/>\n\t<meta name=\"twitter:data1\" content=\"&#36;4,999 con IVA\" \/>\n\t<meta name=\"twitter:label2\" content=\"Availability\" \/>\n\t<meta name=\"twitter:data2\" content=\"On backorder\" \/>\n<script type=\"application\/ld+json\" class=\"yoast-schema-graph\">{\"@context\":\"https:\/\/schema.org\",\"@graph\":[{\"@type\":\"WebPage\",\"@id\":\"https:\/\/compuviper.mx\/tienda\/producto\/dell-210-bkry-monitor-ultrasharp-u2424he-23-8-fhd-1920-x-1080-120-hz-ips-dp-hdmi-usb-c-usb-a-rj45\/\",\"url\":\"https:\/\/compuviper.mx\/tienda\/producto\/dell-210-bkry-monitor-ultrasharp-u2424he-23-8-fhd-1920-x-1080-120-hz-ips-dp-hdmi-usb-c-usb-a-rj45\/\",\"name\":\"[ Dell ] &#129351; 210-bkry Monitor Ultrasharp U2424he | 23.8 Fhd 1920 X 1080 | 120 Hz | Ips | Dp, Hdmi, Usb-c, Usb-a, Rj45 |\",\"isPartOf\":{\"@id\":\"https:\/\/compuviper.mx\/tienda\/#website\"},\"datePublished\":\"2026-04-10T06:51:23+00:00\",\"dateModified\":\"2026-04-10T06:51:23+00:00\",\"description\":\"Compra 210-bkry Monitor Ultrasharp U2424he | 23.8 Fhd 1920 X 1080 | 120 Hz | Ips | Dp, Hdmi, Usb-c, Usb-a, Rj45 | + Env\u00edo a domicilio + Pago seguro + Garant\u00eda\",\"breadcrumb\":{\"@id\":\"https:\/\/compuviper.mx\/tienda\/producto\/dell-210-bkry-monitor-ultrasharp-u2424he-23-8-fhd-1920-x-1080-120-hz-ips-dp-hdmi-usb-c-usb-a-rj45\/#breadcrumb\"},\"inLanguage\":\"es-MX\",\"potentialAction\":[{\"@type\":\"ReadAction\",\"target\":[\"https:\/\/compuviper.mx\/tienda\/producto\/dell-210-bkry-monitor-ultrasharp-u2424he-23-8-fhd-1920-x-1080-120-hz-ips-dp-hdmi-usb-c-usb-a-rj45\/\"]}]},{\"@type\":\"BreadcrumbList\",\"@id\":\"https:\/\/compuviper.mx\/tienda\/producto\/dell-210-bkry-monitor-ultrasharp-u2424he-23-8-fhd-1920-x-1080-120-hz-ips-dp-hdmi-usb-c-usb-a-rj45\/#breadcrumb\",\"itemListElement\":[{\"@type\":\"ListItem\",\"position\":1,\"name\":\"Inicio\",\"item\":\"https:\/\/compuviper.mx\/tienda\/\"},{\"@type\":\"ListItem\",\"position\":2,\"name\":\"Productos\",\"item\":\"https:\/\/compuviper.mx\/tienda\/productos\/\"},{\"@type\":\"ListItem\",\"position\":3,\"name\":\"Monitores\",\"item\":\"https:\/\/compuviper.mx\/tienda\/categoria-producto\/monitores\/\"},{\"@type\":\"ListItem\",\"position\":4,\"name\":\"Lcd\",\"item\":\"https:\/\/compuviper.mx\/tienda\/categoria-producto\/monitores\/lcd\/\"},{\"@type\":\"ListItem\",\"position\":5,\"name\":\"Dell 210-bkry Monitor Ultrasharp U2424he | 23.8 Fhd 1920 X 1080 | 120 Hz | Ips | Dp, Hdmi, Usb-c, Usb-a, Rj45 |\"}]},{\"@type\":\"WebSite\",\"@id\":\"https:\/\/compuviper.mx\/tienda\/#website\",\"url\":\"https:\/\/compuviper.mx\/tienda\/\",\"name\":\"Compuviper\",\"description\":\"Proveedor de Computadoras, Laptops, Servidores, Monitores, Puntos de Venta, Teclados,   Impresoras, T\u00f3ner, C\u00e1maras de Seguridad y m\u00e1s en tu tienda en l\u00ednea\",\"publisher\":{\"@id\":\"https:\/\/compuviper.mx\/tienda\/#organization\"},\"potentialAction\":[{\"@type\":\"SearchAction\",\"target\":{\"@type\":\"EntryPoint\",\"urlTemplate\":\"https:\/\/compuviper.mx\/tienda\/?s={search_term_string}\"},\"query-input\":\"required name=search_term_string\"}],\"inLanguage\":\"es-MX\"},{\"@type\":\"Organization\",\"@id\":\"https:\/\/compuviper.mx\/tienda\/#organization\",\"name\":\"Compuviper\",\"url\":\"https:\/\/compuviper.mx\/tienda\/\",\"logo\":{\"@type\":\"ImageObject\",\"inLanguage\":\"es-MX\",\"@id\":\"https:\/\/compuviper.mx\/tienda\/#\/schema\/logo\/image\/\",\"url\":\"https:\/\/compuviper.mx\/tienda\/wp-content\/uploads\/2021\/08\/Logo-Compuviper-10.png\",\"contentUrl\":\"https:\/\/compuviper.mx\/tienda\/wp-content\/uploads\/2021\/08\/Logo-Compuviper-10.png\",\"width\":1000,\"height\":500,\"caption\":\"Compuviper\"},\"image\":{\"@id\":\"https:\/\/compuviper.mx\/tienda\/#\/schema\/logo\/image\/\"},\"sameAs\":[\"https:\/\/www.facebook.com\/compuviper\",\"https:\/\/www.youtube.com\/channel\/UCf73dERp9Y3cfOq7q8BhLjA?view_as=subscriber\"]}]}<\/script>\n<meta property=\"product:brand\" content=\"DELL\" \/>\n<meta property=\"product:price:amount\" content=\"4999\" \/>\n<meta property=\"product:price:currency\" content=\"MXN\" \/>\n<meta property=\"og:availability\" content=\"backorder\" \/>\n<meta property=\"product:availability\" content=\"available for order\" \/>\n<meta property=\"product:retailer_item_id\" content=\"210-BKRY\" \/>\n<meta property=\"product:condition\" content=\"new\" \/>\n<!-- \/ Yoast SEO plugin. -->","yoast_head_json":{"title":"[ Dell ] &#129351; 210-bkry Monitor Ultrasharp U2424he | 23.8 Fhd 1920 X 1080 | 120 Hz | Ips | Dp, Hdmi, Usb-c, Usb-a, Rj45 |","description":"Compra 210-bkry Monitor Ultrasharp U2424he | 23.8 Fhd 1920 X 1080 | 120 Hz | Ips | Dp, Hdmi, Usb-c, Usb-a, Rj45 | + Env\u00edo a domicilio + Pago seguro + Garant\u00eda","robots":{"index":"index","follow":"follow","max-snippet":"max-snippet:-1","max-image-preview":"max-image-preview:large","max-video-preview":"max-video-preview:-1"},"canonical":"https:\/\/compuviper.mx\/tienda\/producto\/dell-210-bkry-monitor-ultrasharp-u2424he-23-8-fhd-1920-x-1080-120-hz-ips-dp-hdmi-usb-c-usb-a-rj45\/","og_locale":"es_MX","og_type":"article","og_title":"[ Dell ] &#129351; 210-bkry Monitor Ultrasharp U2424he | 23.8 Fhd 1920 X 1080 | 120 Hz | Ips | Dp, Hdmi, Usb-c, Usb-a, Rj45 |","og_description":"Compra 210-bkry Monitor Ultrasharp U2424he | 23.8 Fhd 1920 X 1080 | 120 Hz | Ips | Dp, Hdmi, Usb-c, Usb-a, Rj45 | + Env\u00edo a domicilio + Pago seguro + Garant\u00eda","og_url":"https:\/\/compuviper.mx\/tienda\/producto\/dell-210-bkry-monitor-ultrasharp-u2424he-23-8-fhd-1920-x-1080-120-hz-ips-dp-hdmi-usb-c-usb-a-rj45\/","og_site_name":"Compuviper","article_publisher":"https:\/\/www.facebook.com\/compuviper","twitter_card":"summary_large_image","twitter_misc":{"Precio":"&#36;4,999 con IVA","Availability":"On backorder"},"schema":{"@context":"https:\/\/schema.org","@graph":[{"@type":"WebPage","@id":"https:\/\/compuviper.mx\/tienda\/producto\/dell-210-bkry-monitor-ultrasharp-u2424he-23-8-fhd-1920-x-1080-120-hz-ips-dp-hdmi-usb-c-usb-a-rj45\/","url":"https:\/\/compuviper.mx\/tienda\/producto\/dell-210-bkry-monitor-ultrasharp-u2424he-23-8-fhd-1920-x-1080-120-hz-ips-dp-hdmi-usb-c-usb-a-rj45\/","name":"[ Dell ] &#129351; 210-bkry Monitor Ultrasharp U2424he | 23.8 Fhd 1920 X 1080 | 120 Hz | Ips | Dp, Hdmi, Usb-c, Usb-a, Rj45 |","isPartOf":{"@id":"https:\/\/compuviper.mx\/tienda\/#website"},"datePublished":"2026-04-10T06:51:23+00:00","dateModified":"2026-04-10T06:51:23+00:00","description":"Compra 210-bkry Monitor Ultrasharp U2424he | 23.8 Fhd 1920 X 1080 | 120 Hz | Ips | Dp, Hdmi, Usb-c, Usb-a, Rj45 | + Env\u00edo a domicilio + Pago seguro + Garant\u00eda","breadcrumb":{"@id":"https:\/\/compuviper.mx\/tienda\/producto\/dell-210-bkry-monitor-ultrasharp-u2424he-23-8-fhd-1920-x-1080-120-hz-ips-dp-hdmi-usb-c-usb-a-rj45\/#breadcrumb"},"inLanguage":"es-MX","potentialAction":[{"@type":"ReadAction","target":["https:\/\/compuviper.mx\/tienda\/producto\/dell-210-bkry-monitor-ultrasharp-u2424he-23-8-fhd-1920-x-1080-120-hz-ips-dp-hdmi-usb-c-usb-a-rj45\/"]}]},{"@type":"BreadcrumbList","@id":"https:\/\/compuviper.mx\/tienda\/producto\/dell-210-bkry-monitor-ultrasharp-u2424he-23-8-fhd-1920-x-1080-120-hz-ips-dp-hdmi-usb-c-usb-a-rj45\/#breadcrumb","itemListElement":[{"@type":"ListItem","position":1,"name":"Inicio","item":"https:\/\/compuviper.mx\/tienda\/"},{"@type":"ListItem","position":2,"name":"Productos","item":"https:\/\/compuviper.mx\/tienda\/productos\/"},{"@type":"ListItem","position":3,"name":"Monitores","item":"https:\/\/compuviper.mx\/tienda\/categoria-producto\/monitores\/"},{"@type":"ListItem","position":4,"name":"Lcd","item":"https:\/\/compuviper.mx\/tienda\/categoria-producto\/monitores\/lcd\/"},{"@type":"ListItem","position":5,"name":"Dell 210-bkry Monitor Ultrasharp U2424he | 23.8 Fhd 1920 X 1080 | 120 Hz | Ips | Dp, Hdmi, Usb-c, Usb-a, Rj45 |"}]},{"@type":"WebSite","@id":"https:\/\/compuviper.mx\/tienda\/#website","url":"https:\/\/compuviper.mx\/tienda\/","name":"Compuviper","description":"Proveedor de Computadoras, Laptops, Servidores, Monitores, Puntos de Venta, Teclados,   Impresoras, T\u00f3ner, C\u00e1maras de Seguridad y m\u00e1s en tu tienda en l\u00ednea","publisher":{"@id":"https:\/\/compuviper.mx\/tienda\/#organization"},"potentialAction":[{"@type":"SearchAction","target":{"@type":"EntryPoint","urlTemplate":"https:\/\/compuviper.mx\/tienda\/?s={search_term_string}"},"query-input":"required name=search_term_string"}],"inLanguage":"es-MX"},{"@type":"Organization","@id":"https:\/\/compuviper.mx\/tienda\/#organization","name":"Compuviper","url":"https:\/\/compuviper.mx\/tienda\/","logo":{"@type":"ImageObject","inLanguage":"es-MX","@id":"https:\/\/compuviper.mx\/tienda\/#\/schema\/logo\/image\/","url":"https:\/\/compuviper.mx\/tienda\/wp-content\/uploads\/2021\/08\/Logo-Compuviper-10.png","contentUrl":"https:\/\/compuviper.mx\/tienda\/wp-content\/uploads\/2021\/08\/Logo-Compuviper-10.png","width":1000,"height":500,"caption":"Compuviper"},"image":{"@id":"https:\/\/compuviper.mx\/tienda\/#\/schema\/logo\/image\/"},"sameAs":["https:\/\/www.facebook.com\/compuviper","https:\/\/www.youtube.com\/channel\/UCf73dERp9Y3cfOq7q8BhLjA?view_as=subscriber"]}]},"product_brand":"DELL","product_price_amount":"4999","product_price_currency":"MXN","og_availability":"backorder","product_availability":"available for order","product_retailer_item_id":"210-BKRY","product_condition":"new"},"_links":{"self":[{"href":"https:\/\/compuviper.mx\/tienda\/wp-json\/wp\/v2\/product\/267394"}],"collection":[{"href":"https:\/\/compuviper.mx\/tienda\/wp-json\/wp\/v2\/product"}],"about":[{"href":"https:\/\/compuviper.mx\/tienda\/wp-json\/wp\/v2\/types\/product"}],"replies":[{"embeddable":true,"href":"https:\/\/compuviper.mx\/tienda\/wp-json\/wp\/v2\/comments?post=267394"}],"wp:attachment":[{"href":"https:\/\/compuviper.mx\/tienda\/wp-json\/wp\/v2\/media?parent=267394"}],"wp:term":[{"taxonomy":"product_cat","embeddable":true,"href":"https:\/\/compuviper.mx\/tienda\/wp-json\/wp\/v2\/product_cat?post=267394"},{"taxonomy":"product_tag","embeddable":true,"href":"https:\/\/compuviper.mx\/tienda\/wp-json\/wp\/v2\/product_tag?post=267394"}],"curies":[{"name":"wp","href":"https:\/\/api.w.org\/{rel}","templated":true}]}}