{"id":267278,"date":"2026-04-02T00:35:56","date_gmt":"2026-04-02T06:35:56","guid":{"rendered":"https:\/\/compuviper.mx\/tienda\/producto\/patriot-pbe480gs25ssdr-unidad-de-estado-solido-interno-burst-elite-480gb-2-5-sata-lect-450-escrit-320-mbs-7mm-pc-laptop-minipc-sin-bracket\/"},"modified":"2026-04-02T00:35:56","modified_gmt":"2026-04-02T06:35:56","slug":"patriot-pbe480gs25ssdr-unidad-de-estado-solido-interno-burst-elite-480gb-2-5-sata-lect-450-escrit-320-mbs-7mm-pc-laptop-minipc-sin-bracket","status":"publish","type":"product","link":"https:\/\/compuviper.mx\/tienda\/producto\/patriot-pbe480gs25ssdr-unidad-de-estado-solido-interno-burst-elite-480gb-2-5-sata-lect-450-escrit-320-mbs-7mm-pc-laptop-minipc-sin-bracket\/","title":{"rendered":"Patriot Pbe480gs25ssdr Unidad De Estado Solido Interno  Burst Elite 480gb 2.5 Sata Lect.450 Escrit.320 Mbs 7mm Pc Laptop Minipc Sin Bracket"},"content":{"rendered":"<table class=\"descripcion\">\n<tr>\n<td>\u0095 lanzamiento: 2020<\/td>\n<\/tr>\n<tr>\n<td> \u0095 controlador sata 3 m\u00e1s reciente<\/td>\n<\/tr>\n<tr>\n<td> \u0095 nivelaci\u00f3n de desgaste est\u00e1tico y din\u00e1mico<\/td>\n<\/tr>\n<tr>\n<td> \u0095 gesti\u00f3n de bloques defectuosos<\/td>\n<\/tr>\n<tr>\n<td> \u0095 gesti\u00f3n de bajo consumo<\/td>\n<\/tr>\n<tr>\n<td> \u0095 compatibilidad con trim<\/td>\n<\/tr>\n<tr>\n<td> \u0095 zip inteligente<\/td>\n<\/tr>\n<tr>\n<td> \u0095 mtbf:  2,000,000 horas<\/td>\n<\/tr>\n<tr>\n<td> \u0095 lectura aleatoria alineada 4k: hasta 40k iop<\/td>\n<\/tr>\n<tr>\n<td> \u0095 escritura aleatoria alineada 4k: hasta 40k iop<\/td>\n<\/tr>\n<tr>\n<td> \u0095 lectura secuencial (atto): hasta 450 mb\/s<\/td>\n<\/tr>\n<tr>\n<td> \u0095 escritura secuencial (atto): hasta 320 mb\/s<\/td>\n<\/tr>\n<tr>\n<td> \u0095 terabytes escritos (tbw): 200 tb<\/td>\n<\/tr>\n<tr>\n<td> \u0095 interfaz: sata iii 6gb\/s<\/td>\n<\/tr>\n<tr>\n<td> \u0095 factor de forma: 2,5<\/td>\n<\/tr>\n<tr>\n<td> \u0095 voltaje de funcionamiento: 5v<\/td>\n<\/tr>\n<tr>\n<td> \u0095 temperatura de funcionamiento: 0 ~ 70 \u00b0c<\/td>\n<\/tr>\n<tr>\n<td> \u0095 garantia 3 a\u00f1os<\/td>\n<\/tr>\n<\/table>\n","protected":false},"excerpt":{"rendered":"<p>Patriots burst elite es una extensi\u00f3n del burst, la unidad de estado s\u00f3lido sata iii de 2.5 , que es compatible con el \u00faltimo controlador sata capaz de utilizar tlc y qlcnand. La \u00faltima incorporaci\u00f3n a la familia burst es la manera perfecta de mejorar el rendimiento de la computadora para eliminar los cuellos de botella. Una interfaz sata iii de 6 gb\/s que es compatible con versiones anteriores de sata ii de 3 gb\/s, este ssd proporciona un mayor rendimiento que los discos duros tradicionales.<\/p>\n","protected":false},"featured_media":267279,"comment_status":"open","ping_status":"open","template":"","meta":[],"product_cat":[1703,1708],"product_tag":[2121],"acf":[],"yoast_head":"<!-- This site is optimized with the Yoast SEO plugin v21.7 - https:\/\/yoast.com\/wordpress\/plugins\/seo\/ -->\n<title>[ Patriot ] &#129351; Pbe480gs25ssdr Unidad De Estado Solido Interno Burst Elite 480gb 2.5 Sata Lect.450 Escrit.320 Mbs 7mm Pc Laptop Minipc Sin Bracket<\/title>\n<meta name=\"description\" content=\"Compra Pbe480gs25ssdr Unidad De Estado Solido Interno Burst Elite 480gb 2.5 Sata Lect.450 Escrit.320 Mbs 7mm Pc Laptop Minipc Sin Bracket + Env\u00edo a domicilio + Pago seguro + Garant\u00eda\" \/>\n<meta name=\"robots\" content=\"index, follow, max-snippet:-1, max-image-preview:large, max-video-preview:-1\" \/>\n<link rel=\"canonical\" href=\"https:\/\/compuviper.mx\/tienda\/producto\/patriot-pbe480gs25ssdr-unidad-de-estado-solido-interno-burst-elite-480gb-2-5-sata-lect-450-escrit-320-mbs-7mm-pc-laptop-minipc-sin-bracket\/\" \/>\n<meta property=\"og:locale\" content=\"es_MX\" \/>\n<meta property=\"og:type\" content=\"article\" \/>\n<meta property=\"og:title\" content=\"[ Patriot ] &#129351; Pbe480gs25ssdr Unidad De Estado Solido Interno Burst Elite 480gb 2.5 Sata Lect.450 Escrit.320 Mbs 7mm Pc Laptop Minipc Sin Bracket\" \/>\n<meta property=\"og:description\" content=\"Compra Pbe480gs25ssdr Unidad De Estado Solido Interno Burst Elite 480gb 2.5 Sata Lect.450 Escrit.320 Mbs 7mm Pc Laptop Minipc Sin Bracket + Env\u00edo a domicilio + Pago seguro + Garant\u00eda\" \/>\n<meta property=\"og:url\" content=\"https:\/\/compuviper.mx\/tienda\/producto\/patriot-pbe480gs25ssdr-unidad-de-estado-solido-interno-burst-elite-480gb-2-5-sata-lect-450-escrit-320-mbs-7mm-pc-laptop-minipc-sin-bracket\/\" \/>\n<meta property=\"og:site_name\" content=\"Compuviper\" \/>\n<meta property=\"article:publisher\" content=\"https:\/\/www.facebook.com\/compuviper\" \/>\n<meta property=\"og:image\" content=\"https:\/\/compuviper.mx\/tienda\/wp-content\/uploads\/2026\/02\/Unidad-de-estado-solido-interno-patriot-burst-elite-480gb-2.5-sata-lect.450-escrit.320-mbs-7mm-pc-laptop-minipc-sin-bracket.jpg\" \/>\n\t<meta property=\"og:image:width\" content=\"200\" \/>\n\t<meta property=\"og:image:height\" content=\"200\" \/>\n\t<meta property=\"og:image:type\" content=\"image\/jpeg\" \/>\n<meta name=\"twitter:card\" content=\"summary_large_image\" \/>\n<meta name=\"twitter:label1\" content=\"Precio\" \/>\n\t<meta name=\"twitter:data1\" content=\"&#36;1,620 &#36;1,185 con IVA\" \/>\n\t<meta name=\"twitter:label2\" content=\"Availability\" \/>\n\t<meta name=\"twitter:data2\" content=\"In stock\" \/>\n<script type=\"application\/ld+json\" class=\"yoast-schema-graph\">{\"@context\":\"https:\/\/schema.org\",\"@graph\":[{\"@type\":\"WebPage\",\"@id\":\"https:\/\/compuviper.mx\/tienda\/producto\/patriot-pbe480gs25ssdr-unidad-de-estado-solido-interno-burst-elite-480gb-2-5-sata-lect-450-escrit-320-mbs-7mm-pc-laptop-minipc-sin-bracket\/\",\"url\":\"https:\/\/compuviper.mx\/tienda\/producto\/patriot-pbe480gs25ssdr-unidad-de-estado-solido-interno-burst-elite-480gb-2-5-sata-lect-450-escrit-320-mbs-7mm-pc-laptop-minipc-sin-bracket\/\",\"name\":\"[ Patriot ] &#129351; Pbe480gs25ssdr Unidad De Estado Solido Interno Burst Elite 480gb 2.5 Sata Lect.450 Escrit.320 Mbs 7mm Pc Laptop Minipc Sin Bracket\",\"isPartOf\":{\"@id\":\"https:\/\/compuviper.mx\/tienda\/#website\"},\"datePublished\":\"2026-04-02T06:35:56+00:00\",\"dateModified\":\"2026-04-02T06:35:56+00:00\",\"description\":\"Compra Pbe480gs25ssdr Unidad De Estado Solido Interno Burst Elite 480gb 2.5 Sata Lect.450 Escrit.320 Mbs 7mm Pc Laptop Minipc Sin Bracket + Env\u00edo a domicilio + Pago seguro + Garant\u00eda\",\"breadcrumb\":{\"@id\":\"https:\/\/compuviper.mx\/tienda\/producto\/patriot-pbe480gs25ssdr-unidad-de-estado-solido-interno-burst-elite-480gb-2-5-sata-lect-450-escrit-320-mbs-7mm-pc-laptop-minipc-sin-bracket\/#breadcrumb\"},\"inLanguage\":\"es-MX\",\"potentialAction\":[{\"@type\":\"ReadAction\",\"target\":[\"https:\/\/compuviper.mx\/tienda\/producto\/patriot-pbe480gs25ssdr-unidad-de-estado-solido-interno-burst-elite-480gb-2-5-sata-lect-450-escrit-320-mbs-7mm-pc-laptop-minipc-sin-bracket\/\"]}]},{\"@type\":\"BreadcrumbList\",\"@id\":\"https:\/\/compuviper.mx\/tienda\/producto\/patriot-pbe480gs25ssdr-unidad-de-estado-solido-interno-burst-elite-480gb-2-5-sata-lect-450-escrit-320-mbs-7mm-pc-laptop-minipc-sin-bracket\/#breadcrumb\",\"itemListElement\":[{\"@type\":\"ListItem\",\"position\":1,\"name\":\"Inicio\",\"item\":\"https:\/\/compuviper.mx\/tienda\/\"},{\"@type\":\"ListItem\",\"position\":2,\"name\":\"Productos\",\"item\":\"https:\/\/compuviper.mx\/tienda\/productos\/\"},{\"@type\":\"ListItem\",\"position\":3,\"name\":\"Discos Duros\",\"item\":\"https:\/\/compuviper.mx\/tienda\/categoria-producto\/discos-duros\/\"},{\"@type\":\"ListItem\",\"position\":4,\"name\":\"Unidad De Estado Solido\",\"item\":\"https:\/\/compuviper.mx\/tienda\/categoria-producto\/discos-duros\/unidad-de-estado-solido\/\"},{\"@type\":\"ListItem\",\"position\":5,\"name\":\"Patriot Pbe480gs25ssdr Unidad De Estado Solido Interno Burst Elite 480gb 2.5 Sata Lect.450 Escrit.320 Mbs 7mm Pc Laptop Minipc Sin Bracket\"}]},{\"@type\":\"WebSite\",\"@id\":\"https:\/\/compuviper.mx\/tienda\/#website\",\"url\":\"https:\/\/compuviper.mx\/tienda\/\",\"name\":\"Compuviper\",\"description\":\"Proveedor de Computadoras, Laptops, Servidores, Monitores, Puntos de Venta, Teclados,   Impresoras, T\u00f3ner, C\u00e1maras de Seguridad y m\u00e1s en tu tienda en l\u00ednea\",\"publisher\":{\"@id\":\"https:\/\/compuviper.mx\/tienda\/#organization\"},\"potentialAction\":[{\"@type\":\"SearchAction\",\"target\":{\"@type\":\"EntryPoint\",\"urlTemplate\":\"https:\/\/compuviper.mx\/tienda\/?s={search_term_string}\"},\"query-input\":\"required name=search_term_string\"}],\"inLanguage\":\"es-MX\"},{\"@type\":\"Organization\",\"@id\":\"https:\/\/compuviper.mx\/tienda\/#organization\",\"name\":\"Compuviper\",\"url\":\"https:\/\/compuviper.mx\/tienda\/\",\"logo\":{\"@type\":\"ImageObject\",\"inLanguage\":\"es-MX\",\"@id\":\"https:\/\/compuviper.mx\/tienda\/#\/schema\/logo\/image\/\",\"url\":\"https:\/\/compuviper.mx\/tienda\/wp-content\/uploads\/2021\/08\/Logo-Compuviper-10.png\",\"contentUrl\":\"https:\/\/compuviper.mx\/tienda\/wp-content\/uploads\/2021\/08\/Logo-Compuviper-10.png\",\"width\":1000,\"height\":500,\"caption\":\"Compuviper\"},\"image\":{\"@id\":\"https:\/\/compuviper.mx\/tienda\/#\/schema\/logo\/image\/\"},\"sameAs\":[\"https:\/\/www.facebook.com\/compuviper\",\"https:\/\/www.youtube.com\/channel\/UCf73dERp9Y3cfOq7q8BhLjA?view_as=subscriber\"]}]}<\/script>\n<meta property=\"product:brand\" content=\"Patriot\" \/>\n<meta property=\"product:price:amount\" content=\"1185\" \/>\n<meta property=\"product:price:currency\" content=\"MXN\" \/>\n<meta property=\"og:availability\" content=\"instock\" \/>\n<meta property=\"product:availability\" content=\"instock\" \/>\n<meta property=\"product:retailer_item_id\" content=\"PBE480GS25SSDR\" \/>\n<meta property=\"product:condition\" content=\"new\" \/>\n<!-- \/ Yoast SEO plugin. -->","yoast_head_json":{"title":"[ Patriot ] &#129351; Pbe480gs25ssdr Unidad De Estado Solido Interno Burst Elite 480gb 2.5 Sata Lect.450 Escrit.320 Mbs 7mm Pc Laptop Minipc Sin Bracket","description":"Compra Pbe480gs25ssdr Unidad De Estado Solido Interno Burst Elite 480gb 2.5 Sata Lect.450 Escrit.320 Mbs 7mm Pc Laptop Minipc Sin Bracket + Env\u00edo a domicilio + Pago seguro + Garant\u00eda","robots":{"index":"index","follow":"follow","max-snippet":"max-snippet:-1","max-image-preview":"max-image-preview:large","max-video-preview":"max-video-preview:-1"},"canonical":"https:\/\/compuviper.mx\/tienda\/producto\/patriot-pbe480gs25ssdr-unidad-de-estado-solido-interno-burst-elite-480gb-2-5-sata-lect-450-escrit-320-mbs-7mm-pc-laptop-minipc-sin-bracket\/","og_locale":"es_MX","og_type":"article","og_title":"[ Patriot ] &#129351; Pbe480gs25ssdr Unidad De Estado Solido Interno Burst Elite 480gb 2.5 Sata Lect.450 Escrit.320 Mbs 7mm Pc Laptop Minipc Sin Bracket","og_description":"Compra Pbe480gs25ssdr Unidad De Estado Solido Interno Burst Elite 480gb 2.5 Sata Lect.450 Escrit.320 Mbs 7mm Pc Laptop Minipc Sin Bracket + Env\u00edo a domicilio + Pago seguro + Garant\u00eda","og_url":"https:\/\/compuviper.mx\/tienda\/producto\/patriot-pbe480gs25ssdr-unidad-de-estado-solido-interno-burst-elite-480gb-2-5-sata-lect-450-escrit-320-mbs-7mm-pc-laptop-minipc-sin-bracket\/","og_site_name":"Compuviper","article_publisher":"https:\/\/www.facebook.com\/compuviper","og_image":[{"width":200,"height":200,"url":"https:\/\/compuviper.mx\/tienda\/wp-content\/uploads\/2026\/02\/Unidad-de-estado-solido-interno-patriot-burst-elite-480gb-2.5-sata-lect.450-escrit.320-mbs-7mm-pc-laptop-minipc-sin-bracket.jpg","type":"image\/jpeg"}],"twitter_card":"summary_large_image","twitter_misc":{"Precio":"&#36;1,620 &#36;1,185 con IVA","Availability":"In stock"},"schema":{"@context":"https:\/\/schema.org","@graph":[{"@type":"WebPage","@id":"https:\/\/compuviper.mx\/tienda\/producto\/patriot-pbe480gs25ssdr-unidad-de-estado-solido-interno-burst-elite-480gb-2-5-sata-lect-450-escrit-320-mbs-7mm-pc-laptop-minipc-sin-bracket\/","url":"https:\/\/compuviper.mx\/tienda\/producto\/patriot-pbe480gs25ssdr-unidad-de-estado-solido-interno-burst-elite-480gb-2-5-sata-lect-450-escrit-320-mbs-7mm-pc-laptop-minipc-sin-bracket\/","name":"[ Patriot ] &#129351; Pbe480gs25ssdr Unidad De Estado Solido Interno Burst Elite 480gb 2.5 Sata Lect.450 Escrit.320 Mbs 7mm Pc Laptop Minipc Sin Bracket","isPartOf":{"@id":"https:\/\/compuviper.mx\/tienda\/#website"},"datePublished":"2026-04-02T06:35:56+00:00","dateModified":"2026-04-02T06:35:56+00:00","description":"Compra Pbe480gs25ssdr Unidad De Estado Solido Interno Burst Elite 480gb 2.5 Sata Lect.450 Escrit.320 Mbs 7mm Pc Laptop Minipc Sin Bracket + Env\u00edo a domicilio + Pago seguro + Garant\u00eda","breadcrumb":{"@id":"https:\/\/compuviper.mx\/tienda\/producto\/patriot-pbe480gs25ssdr-unidad-de-estado-solido-interno-burst-elite-480gb-2-5-sata-lect-450-escrit-320-mbs-7mm-pc-laptop-minipc-sin-bracket\/#breadcrumb"},"inLanguage":"es-MX","potentialAction":[{"@type":"ReadAction","target":["https:\/\/compuviper.mx\/tienda\/producto\/patriot-pbe480gs25ssdr-unidad-de-estado-solido-interno-burst-elite-480gb-2-5-sata-lect-450-escrit-320-mbs-7mm-pc-laptop-minipc-sin-bracket\/"]}]},{"@type":"BreadcrumbList","@id":"https:\/\/compuviper.mx\/tienda\/producto\/patriot-pbe480gs25ssdr-unidad-de-estado-solido-interno-burst-elite-480gb-2-5-sata-lect-450-escrit-320-mbs-7mm-pc-laptop-minipc-sin-bracket\/#breadcrumb","itemListElement":[{"@type":"ListItem","position":1,"name":"Inicio","item":"https:\/\/compuviper.mx\/tienda\/"},{"@type":"ListItem","position":2,"name":"Productos","item":"https:\/\/compuviper.mx\/tienda\/productos\/"},{"@type":"ListItem","position":3,"name":"Discos Duros","item":"https:\/\/compuviper.mx\/tienda\/categoria-producto\/discos-duros\/"},{"@type":"ListItem","position":4,"name":"Unidad De Estado Solido","item":"https:\/\/compuviper.mx\/tienda\/categoria-producto\/discos-duros\/unidad-de-estado-solido\/"},{"@type":"ListItem","position":5,"name":"Patriot Pbe480gs25ssdr Unidad De Estado Solido Interno Burst Elite 480gb 2.5 Sata Lect.450 Escrit.320 Mbs 7mm Pc Laptop Minipc Sin Bracket"}]},{"@type":"WebSite","@id":"https:\/\/compuviper.mx\/tienda\/#website","url":"https:\/\/compuviper.mx\/tienda\/","name":"Compuviper","description":"Proveedor de Computadoras, Laptops, Servidores, Monitores, Puntos de Venta, Teclados,   Impresoras, T\u00f3ner, C\u00e1maras de Seguridad y m\u00e1s en tu tienda en l\u00ednea","publisher":{"@id":"https:\/\/compuviper.mx\/tienda\/#organization"},"potentialAction":[{"@type":"SearchAction","target":{"@type":"EntryPoint","urlTemplate":"https:\/\/compuviper.mx\/tienda\/?s={search_term_string}"},"query-input":"required name=search_term_string"}],"inLanguage":"es-MX"},{"@type":"Organization","@id":"https:\/\/compuviper.mx\/tienda\/#organization","name":"Compuviper","url":"https:\/\/compuviper.mx\/tienda\/","logo":{"@type":"ImageObject","inLanguage":"es-MX","@id":"https:\/\/compuviper.mx\/tienda\/#\/schema\/logo\/image\/","url":"https:\/\/compuviper.mx\/tienda\/wp-content\/uploads\/2021\/08\/Logo-Compuviper-10.png","contentUrl":"https:\/\/compuviper.mx\/tienda\/wp-content\/uploads\/2021\/08\/Logo-Compuviper-10.png","width":1000,"height":500,"caption":"Compuviper"},"image":{"@id":"https:\/\/compuviper.mx\/tienda\/#\/schema\/logo\/image\/"},"sameAs":["https:\/\/www.facebook.com\/compuviper","https:\/\/www.youtube.com\/channel\/UCf73dERp9Y3cfOq7q8BhLjA?view_as=subscriber"]}]},"product_brand":"Patriot","product_price_amount":"1185","product_price_currency":"MXN","og_availability":"instock","product_availability":"instock","product_retailer_item_id":"PBE480GS25SSDR","product_condition":"new"},"_links":{"self":[{"href":"https:\/\/compuviper.mx\/tienda\/wp-json\/wp\/v2\/product\/267278"}],"collection":[{"href":"https:\/\/compuviper.mx\/tienda\/wp-json\/wp\/v2\/product"}],"about":[{"href":"https:\/\/compuviper.mx\/tienda\/wp-json\/wp\/v2\/types\/product"}],"replies":[{"embeddable":true,"href":"https:\/\/compuviper.mx\/tienda\/wp-json\/wp\/v2\/comments?post=267278"}],"wp:featuredmedia":[{"embeddable":true,"href":"https:\/\/compuviper.mx\/tienda\/wp-json\/wp\/v2\/media\/267279"}],"wp:attachment":[{"href":"https:\/\/compuviper.mx\/tienda\/wp-json\/wp\/v2\/media?parent=267278"}],"wp:term":[{"taxonomy":"product_cat","embeddable":true,"href":"https:\/\/compuviper.mx\/tienda\/wp-json\/wp\/v2\/product_cat?post=267278"},{"taxonomy":"product_tag","embeddable":true,"href":"https:\/\/compuviper.mx\/tienda\/wp-json\/wp\/v2\/product_tag?post=267278"}],"curies":[{"name":"wp","href":"https:\/\/api.w.org\/{rel}","templated":true}]}}