{"id":267209,"date":"2026-04-14T01:14:21","date_gmt":"2026-04-14T07:14:21","guid":{"rendered":"https:\/\/compuviper.mx\/tienda\/producto\/lenovo-21m8000vlm-laptop-thinkpad-e14-gen-6-core-ultra-7-155h-4-8ghz-16gb-ddr5-512gb-ssd-14-wuxga-1920x1200-negro-win-11-pro-3yr-en-sitio\/"},"modified":"2026-04-14T01:14:22","modified_gmt":"2026-04-14T07:14:22","slug":"lenovo-21m8000vlm-laptop-thinkpad-e14-gen-6-core-ultra-7-155h-4-8ghz-16gb-ddr5-512gb-ssd-14-wuxga-1920x1200-negro-win-11-pro-3yr-en-sitio","status":"publish","type":"product","link":"https:\/\/compuviper.mx\/tienda\/producto\/lenovo-21m8000vlm-laptop-thinkpad-e14-gen-6-core-ultra-7-155h-4-8ghz-16gb-ddr5-512gb-ssd-14-wuxga-1920x1200-negro-win-11-pro-3yr-en-sitio\/","title":{"rendered":"Lenovo 21m8000vlm Laptop  Thinkpad E14 Gen 6 \/ Core Ultra 7 155h 4.8ghz \/ 16gb Ddr5 \/ 512gb Ssd \/ 14 Wuxga 1920&#215;1200 \/ Negro \/ Win 11 Pro \/ 3yr En Sitio"},"content":{"rendered":"<table class=\"descripcion\">\n<tr>\n<td>Thinkpad e14 gen 6 (intel)<\/td>\n<\/tr>\n<tr>\n<td>Processor: intel core ultra 7 155h, 16c (6p + 8e + 2lpe) \/ 22t, max turbo up to 4.8ghz, 24mb<\/td>\n<\/tr>\n<tr>\n<td>Ai pc  category: ai pc<\/td>\n<\/tr>\n<tr>\n<td>Npu: integrated intel ai boost, up to 11 tops<\/td>\n<\/tr>\n<tr>\n<td>Graphics: integrated intel arc graphics functions as intel graphics<\/td>\n<\/tr>\n<tr>\n<td>Chipset: intel soc platform<\/td>\n<\/tr>\n<tr>\n<td>Memory: 1x 16gb so-dimm ddr5-5600<\/td>\n<\/tr>\n<tr>\n<td>Memory slots: two ddr5 so-dimm slots, dual-channel capable<\/td>\n<\/tr>\n<tr>\n<td>Max memory: up to 64gb ddr5-5600<\/td>\n<\/tr>\n<tr>\n<td>Storage: 512gb ssd m.2 2242 pcie 4.0&#215;4 nvme opal 2.0<\/td>\n<\/tr>\n<tr>\n<td>Storage support: up to two drives, 2x m.2 ssd<\/td>\n<\/tr>\n<tr>\n<td>\u0095 m.2 2242 ssd up to 1tb<\/td>\n<\/tr>\n<tr>\n<td>\u0095 m.2 2280 ssd up to 1tb<\/td>\n<\/tr>\n<tr>\n<td>Storage slot: two m.2 slots<\/td>\n<\/tr>\n<tr>\n<td>\u0095 one m.2 2242 pcie\u00ae 4.0 x4 slot<\/td>\n<\/tr>\n<tr>\n<td>\u0095 one m.2 2280 pcie 4.0 x4 slot<\/td>\n<\/tr>\n<tr>\n<td>Battery: integrated 47wh<\/td>\n<\/tr>\n<tr>\n<td>Power adapter: 65w usb-c\u00ae (2-pin)<\/td>\n<\/tr>\n<tr>\n<td>Display: 14 wuxga (1920&#215;1200) ips 300nits anti-glare, 45% ntsc<\/td>\n<\/tr>\n<tr>\n<td>Keyboard: non-backlit, spanish (la)<\/td>\n<\/tr>\n<tr>\n<td>Case color: black<\/td>\n<\/tr>\n<tr>\n<td>Case material: aluminium (top), pc-abs (bottom)<\/td>\n<\/tr>\n<tr>\n<td>Dimensions: 313 x 219.3 x 18.59 mm (12.32 x 8.63 x 0.73 inches)<\/td>\n<\/tr>\n<tr>\n<td>Operating system: windows 11 pro, spanish<\/td>\n<\/tr>\n<tr>\n<td>Ethernet: 100\/1000m (rj-45)<\/td>\n<\/tr>\n<tr>\n<td>Wlan + bluetooth: intel wi-fi 6e ax211, 802.11ax 2&#215;2 + bt5.3<\/td>\n<\/tr>\n<tr>\n<td>Standard ports:<\/td>\n<\/tr>\n<tr>\n<td>1x usb-a (usb 5gbps \/ usb 3.2 gen 1)<\/td>\n<\/tr>\n<tr>\n<td>1x usb-a (usb 10gbps \/ usb 3.2 gen 2), always on<\/td>\n<\/tr>\n<tr>\n<td>1x usb-c\u00ae (usb 20gbps \/ usb 3.2 gen 2&#215;2), with usb pd 3.0 and displayport\u0099 1.4<\/td>\n<\/tr>\n<tr>\n<td>1x usb-c\u00ae (thunderbolt 4 \/ usb4 40gbps), with usb pd 3.0 and displayport\u0099 2.1<\/td>\n<\/tr>\n<tr>\n<td>1x hdmi\u00ae 2.1, up to 4k\/60hz<\/td>\n<\/tr>\n<tr>\n<td>1x headphone \/ microphone combo jack (3.5mm)<\/td>\n<\/tr>\n<tr>\n<td>1x ethernet (rj-45)<\/td>\n<\/tr>\n<tr>\n<td>Security chip: discrete tpm 2.0 enabled<\/td>\n<\/tr>\n<tr>\n<td>Fingerprint reader: touch style, match-on-chip, integrated in power button<\/td>\n<\/tr>\n<tr>\n<td>Physical locks: kensington nano security slot, 2.5 x 6 mm<\/td>\n<\/tr>\n<tr>\n<td>Base warranty: 1-year, courier or carry-in<\/td>\n<\/tr>\n<tr>\n<td>Included upgrade:3y onsite upgrade from 1y courier\/carry-in<\/td>\n<\/tr>\n<\/table>\n","protected":false},"excerpt":{"rendered":"<p>Thinkpad e14. Rendimiento premium, esencia y estilo. Excelente para profesionales de negocios en movimiento y estudiantes. El trabajo puede llevarte a cualquier parte, la thinkpad e14 se ha creado para los desplazamientos. Es liviana y f\u00e1cil de llevar.<\/p>\n","protected":false},"featured_media":267298,"comment_status":"open","ping_status":"open","template":"","meta":[],"product_cat":[1886,1887],"product_tag":[1578],"acf":[],"yoast_head":"<!-- This site is optimized with the Yoast SEO plugin v21.7 - https:\/\/yoast.com\/wordpress\/plugins\/seo\/ -->\n<title>[ Lenovo ] &#129351; 21m8000vlm Laptop Thinkpad E14 Gen 6 \/ Core Ultra 7 155h 4.8ghz \/ 16gb Ddr5 \/ 512gb Ssd \/ 14 Wuxga 1920x1200 \/ Negro \/ Win 11 Pro \/ 3yr En Sitio<\/title>\n<meta name=\"description\" content=\"Compra 21m8000vlm Laptop Thinkpad E14 Gen 6 \/ Core Ultra 7 155h 4.8ghz \/ 16gb Ddr5 \/ 512gb Ssd \/ 14 Wuxga 1920x1200 \/ Negro \/ Win 11 Pro \/ 3yr En Sitio + Env\u00edo a domicilio + Pago seguro + Garant\u00eda\" \/>\n<meta name=\"robots\" content=\"index, follow, max-snippet:-1, max-image-preview:large, max-video-preview:-1\" \/>\n<link rel=\"canonical\" href=\"https:\/\/compuviper.mx\/tienda\/producto\/lenovo-21m8000vlm-laptop-thinkpad-e14-gen-6-core-ultra-7-155h-4-8ghz-16gb-ddr5-512gb-ssd-14-wuxga-1920x1200-negro-win-11-pro-3yr-en-sitio\/\" \/>\n<meta property=\"og:locale\" content=\"es_MX\" \/>\n<meta property=\"og:type\" content=\"article\" \/>\n<meta property=\"og:title\" content=\"[ Lenovo ] &#129351; 21m8000vlm Laptop Thinkpad E14 Gen 6 \/ Core Ultra 7 155h 4.8ghz \/ 16gb Ddr5 \/ 512gb Ssd \/ 14 Wuxga 1920x1200 \/ Negro \/ Win 11 Pro \/ 3yr En Sitio\" \/>\n<meta property=\"og:description\" content=\"Compra 21m8000vlm Laptop Thinkpad E14 Gen 6 \/ Core Ultra 7 155h 4.8ghz \/ 16gb Ddr5 \/ 512gb Ssd \/ 14 Wuxga 1920x1200 \/ Negro \/ Win 11 Pro \/ 3yr En Sitio + Env\u00edo a domicilio + Pago seguro + Garant\u00eda\" \/>\n<meta property=\"og:url\" content=\"https:\/\/compuviper.mx\/tienda\/producto\/lenovo-21m8000vlm-laptop-thinkpad-e14-gen-6-core-ultra-7-155h-4-8ghz-16gb-ddr5-512gb-ssd-14-wuxga-1920x1200-negro-win-11-pro-3yr-en-sitio\/\" \/>\n<meta property=\"og:site_name\" content=\"Compuviper\" \/>\n<meta property=\"article:publisher\" content=\"https:\/\/www.facebook.com\/compuviper\" \/>\n<meta property=\"article:modified_time\" content=\"2026-04-14T07:14:22+00:00\" \/>\n<meta property=\"og:image\" content=\"https:\/\/compuviper.mx\/tienda\/wp-content\/uploads\/2026\/02\/Laptop-lenovo-thinkpad-e14-gen-6-core-ultra-7-155h-4.8ghz-16gb-ddr5-512gb-ssd-14-wuxga-1920x1200-negro-win-11-pro-3yr-en-sitio.jpg\" \/>\n\t<meta property=\"og:image:width\" content=\"200\" \/>\n\t<meta property=\"og:image:height\" content=\"200\" \/>\n\t<meta property=\"og:image:type\" content=\"image\/jpeg\" \/>\n<meta name=\"twitter:card\" content=\"summary_large_image\" \/>\n<meta name=\"twitter:label1\" content=\"Precio\" \/>\n\t<meta name=\"twitter:data1\" content=\"&#36;23,829 con IVA\" \/>\n\t<meta name=\"twitter:label2\" content=\"Availability\" \/>\n\t<meta name=\"twitter:data2\" content=\"In stock\" \/>\n<script type=\"application\/ld+json\" class=\"yoast-schema-graph\">{\"@context\":\"https:\/\/schema.org\",\"@graph\":[{\"@type\":\"WebPage\",\"@id\":\"https:\/\/compuviper.mx\/tienda\/producto\/lenovo-21m8000vlm-laptop-thinkpad-e14-gen-6-core-ultra-7-155h-4-8ghz-16gb-ddr5-512gb-ssd-14-wuxga-1920x1200-negro-win-11-pro-3yr-en-sitio\/\",\"url\":\"https:\/\/compuviper.mx\/tienda\/producto\/lenovo-21m8000vlm-laptop-thinkpad-e14-gen-6-core-ultra-7-155h-4-8ghz-16gb-ddr5-512gb-ssd-14-wuxga-1920x1200-negro-win-11-pro-3yr-en-sitio\/\",\"name\":\"[ Lenovo ] &#129351; 21m8000vlm Laptop Thinkpad E14 Gen 6 \/ Core Ultra 7 155h 4.8ghz \/ 16gb Ddr5 \/ 512gb Ssd \/ 14 Wuxga 1920x1200 \/ Negro \/ Win 11 Pro \/ 3yr En Sitio\",\"isPartOf\":{\"@id\":\"https:\/\/compuviper.mx\/tienda\/#website\"},\"datePublished\":\"2026-04-14T07:14:21+00:00\",\"dateModified\":\"2026-04-14T07:14:22+00:00\",\"description\":\"Compra 21m8000vlm Laptop Thinkpad E14 Gen 6 \/ Core Ultra 7 155h 4.8ghz \/ 16gb Ddr5 \/ 512gb Ssd \/ 14 Wuxga 1920x1200 \/ Negro \/ Win 11 Pro \/ 3yr En Sitio + Env\u00edo a domicilio + Pago seguro + Garant\u00eda\",\"breadcrumb\":{\"@id\":\"https:\/\/compuviper.mx\/tienda\/producto\/lenovo-21m8000vlm-laptop-thinkpad-e14-gen-6-core-ultra-7-155h-4-8ghz-16gb-ddr5-512gb-ssd-14-wuxga-1920x1200-negro-win-11-pro-3yr-en-sitio\/#breadcrumb\"},\"inLanguage\":\"es-MX\",\"potentialAction\":[{\"@type\":\"ReadAction\",\"target\":[\"https:\/\/compuviper.mx\/tienda\/producto\/lenovo-21m8000vlm-laptop-thinkpad-e14-gen-6-core-ultra-7-155h-4-8ghz-16gb-ddr5-512gb-ssd-14-wuxga-1920x1200-negro-win-11-pro-3yr-en-sitio\/\"]}]},{\"@type\":\"BreadcrumbList\",\"@id\":\"https:\/\/compuviper.mx\/tienda\/producto\/lenovo-21m8000vlm-laptop-thinkpad-e14-gen-6-core-ultra-7-155h-4-8ghz-16gb-ddr5-512gb-ssd-14-wuxga-1920x1200-negro-win-11-pro-3yr-en-sitio\/#breadcrumb\",\"itemListElement\":[{\"@type\":\"ListItem\",\"position\":1,\"name\":\"Inicio\",\"item\":\"https:\/\/compuviper.mx\/tienda\/\"},{\"@type\":\"ListItem\",\"position\":2,\"name\":\"Productos\",\"item\":\"https:\/\/compuviper.mx\/tienda\/productos\/\"},{\"@type\":\"ListItem\",\"position\":3,\"name\":\"Laptops\",\"item\":\"https:\/\/compuviper.mx\/tienda\/categoria-producto\/laptops\/\"},{\"@type\":\"ListItem\",\"position\":4,\"name\":\"Notebook\",\"item\":\"https:\/\/compuviper.mx\/tienda\/categoria-producto\/laptops\/notebook-laptops\/\"},{\"@type\":\"ListItem\",\"position\":5,\"name\":\"Lenovo 21m8000vlm Laptop Thinkpad E14 Gen 6 \/ Core Ultra 7 155h 4.8ghz \/ 16gb Ddr5 \/ 512gb Ssd \/ 14 Wuxga 1920&#215;1200 \/ Negro \/ Win 11 Pro \/ 3yr En Sitio\"}]},{\"@type\":\"WebSite\",\"@id\":\"https:\/\/compuviper.mx\/tienda\/#website\",\"url\":\"https:\/\/compuviper.mx\/tienda\/\",\"name\":\"Compuviper\",\"description\":\"Proveedor de Computadoras, Laptops, Servidores, Monitores, Puntos de Venta, Teclados,   Impresoras, T\u00f3ner, C\u00e1maras de Seguridad y m\u00e1s en tu tienda en l\u00ednea\",\"publisher\":{\"@id\":\"https:\/\/compuviper.mx\/tienda\/#organization\"},\"potentialAction\":[{\"@type\":\"SearchAction\",\"target\":{\"@type\":\"EntryPoint\",\"urlTemplate\":\"https:\/\/compuviper.mx\/tienda\/?s={search_term_string}\"},\"query-input\":\"required name=search_term_string\"}],\"inLanguage\":\"es-MX\"},{\"@type\":\"Organization\",\"@id\":\"https:\/\/compuviper.mx\/tienda\/#organization\",\"name\":\"Compuviper\",\"url\":\"https:\/\/compuviper.mx\/tienda\/\",\"logo\":{\"@type\":\"ImageObject\",\"inLanguage\":\"es-MX\",\"@id\":\"https:\/\/compuviper.mx\/tienda\/#\/schema\/logo\/image\/\",\"url\":\"https:\/\/compuviper.mx\/tienda\/wp-content\/uploads\/2021\/08\/Logo-Compuviper-10.png\",\"contentUrl\":\"https:\/\/compuviper.mx\/tienda\/wp-content\/uploads\/2021\/08\/Logo-Compuviper-10.png\",\"width\":1000,\"height\":500,\"caption\":\"Compuviper\"},\"image\":{\"@id\":\"https:\/\/compuviper.mx\/tienda\/#\/schema\/logo\/image\/\"},\"sameAs\":[\"https:\/\/www.facebook.com\/compuviper\",\"https:\/\/www.youtube.com\/channel\/UCf73dERp9Y3cfOq7q8BhLjA?view_as=subscriber\"]}]}<\/script>\n<meta property=\"product:brand\" content=\"LENOVO\" \/>\n<meta property=\"product:price:amount\" content=\"23829\" \/>\n<meta property=\"product:price:currency\" content=\"MXN\" \/>\n<meta property=\"og:availability\" content=\"instock\" \/>\n<meta property=\"product:availability\" content=\"instock\" \/>\n<meta property=\"product:retailer_item_id\" content=\"21M8000VLM\" \/>\n<meta property=\"product:condition\" content=\"new\" \/>\n<!-- \/ Yoast SEO plugin. -->","yoast_head_json":{"title":"[ Lenovo ] &#129351; 21m8000vlm Laptop Thinkpad E14 Gen 6 \/ Core Ultra 7 155h 4.8ghz \/ 16gb Ddr5 \/ 512gb Ssd \/ 14 Wuxga 1920x1200 \/ Negro \/ Win 11 Pro \/ 3yr En Sitio","description":"Compra 21m8000vlm Laptop Thinkpad E14 Gen 6 \/ Core Ultra 7 155h 4.8ghz \/ 16gb Ddr5 \/ 512gb Ssd \/ 14 Wuxga 1920x1200 \/ Negro \/ Win 11 Pro \/ 3yr En Sitio + Env\u00edo a domicilio + Pago seguro + Garant\u00eda","robots":{"index":"index","follow":"follow","max-snippet":"max-snippet:-1","max-image-preview":"max-image-preview:large","max-video-preview":"max-video-preview:-1"},"canonical":"https:\/\/compuviper.mx\/tienda\/producto\/lenovo-21m8000vlm-laptop-thinkpad-e14-gen-6-core-ultra-7-155h-4-8ghz-16gb-ddr5-512gb-ssd-14-wuxga-1920x1200-negro-win-11-pro-3yr-en-sitio\/","og_locale":"es_MX","og_type":"article","og_title":"[ Lenovo ] &#129351; 21m8000vlm Laptop Thinkpad E14 Gen 6 \/ Core Ultra 7 155h 4.8ghz \/ 16gb Ddr5 \/ 512gb Ssd \/ 14 Wuxga 1920x1200 \/ Negro \/ Win 11 Pro \/ 3yr En Sitio","og_description":"Compra 21m8000vlm Laptop Thinkpad E14 Gen 6 \/ Core Ultra 7 155h 4.8ghz \/ 16gb Ddr5 \/ 512gb Ssd \/ 14 Wuxga 1920x1200 \/ Negro \/ Win 11 Pro \/ 3yr En Sitio + Env\u00edo a domicilio + Pago seguro + Garant\u00eda","og_url":"https:\/\/compuviper.mx\/tienda\/producto\/lenovo-21m8000vlm-laptop-thinkpad-e14-gen-6-core-ultra-7-155h-4-8ghz-16gb-ddr5-512gb-ssd-14-wuxga-1920x1200-negro-win-11-pro-3yr-en-sitio\/","og_site_name":"Compuviper","article_publisher":"https:\/\/www.facebook.com\/compuviper","article_modified_time":"2026-04-14T07:14:22+00:00","og_image":[{"width":200,"height":200,"url":"https:\/\/compuviper.mx\/tienda\/wp-content\/uploads\/2026\/02\/Laptop-lenovo-thinkpad-e14-gen-6-core-ultra-7-155h-4.8ghz-16gb-ddr5-512gb-ssd-14-wuxga-1920x1200-negro-win-11-pro-3yr-en-sitio.jpg","type":"image\/jpeg"}],"twitter_card":"summary_large_image","twitter_misc":{"Precio":"&#36;23,829 con IVA","Availability":"In stock"},"schema":{"@context":"https:\/\/schema.org","@graph":[{"@type":"WebPage","@id":"https:\/\/compuviper.mx\/tienda\/producto\/lenovo-21m8000vlm-laptop-thinkpad-e14-gen-6-core-ultra-7-155h-4-8ghz-16gb-ddr5-512gb-ssd-14-wuxga-1920x1200-negro-win-11-pro-3yr-en-sitio\/","url":"https:\/\/compuviper.mx\/tienda\/producto\/lenovo-21m8000vlm-laptop-thinkpad-e14-gen-6-core-ultra-7-155h-4-8ghz-16gb-ddr5-512gb-ssd-14-wuxga-1920x1200-negro-win-11-pro-3yr-en-sitio\/","name":"[ Lenovo ] &#129351; 21m8000vlm Laptop Thinkpad E14 Gen 6 \/ Core Ultra 7 155h 4.8ghz \/ 16gb Ddr5 \/ 512gb Ssd \/ 14 Wuxga 1920x1200 \/ Negro \/ Win 11 Pro \/ 3yr En Sitio","isPartOf":{"@id":"https:\/\/compuviper.mx\/tienda\/#website"},"datePublished":"2026-04-14T07:14:21+00:00","dateModified":"2026-04-14T07:14:22+00:00","description":"Compra 21m8000vlm Laptop Thinkpad E14 Gen 6 \/ Core Ultra 7 155h 4.8ghz \/ 16gb Ddr5 \/ 512gb Ssd \/ 14 Wuxga 1920x1200 \/ Negro \/ Win 11 Pro \/ 3yr En Sitio + Env\u00edo a domicilio + Pago seguro + Garant\u00eda","breadcrumb":{"@id":"https:\/\/compuviper.mx\/tienda\/producto\/lenovo-21m8000vlm-laptop-thinkpad-e14-gen-6-core-ultra-7-155h-4-8ghz-16gb-ddr5-512gb-ssd-14-wuxga-1920x1200-negro-win-11-pro-3yr-en-sitio\/#breadcrumb"},"inLanguage":"es-MX","potentialAction":[{"@type":"ReadAction","target":["https:\/\/compuviper.mx\/tienda\/producto\/lenovo-21m8000vlm-laptop-thinkpad-e14-gen-6-core-ultra-7-155h-4-8ghz-16gb-ddr5-512gb-ssd-14-wuxga-1920x1200-negro-win-11-pro-3yr-en-sitio\/"]}]},{"@type":"BreadcrumbList","@id":"https:\/\/compuviper.mx\/tienda\/producto\/lenovo-21m8000vlm-laptop-thinkpad-e14-gen-6-core-ultra-7-155h-4-8ghz-16gb-ddr5-512gb-ssd-14-wuxga-1920x1200-negro-win-11-pro-3yr-en-sitio\/#breadcrumb","itemListElement":[{"@type":"ListItem","position":1,"name":"Inicio","item":"https:\/\/compuviper.mx\/tienda\/"},{"@type":"ListItem","position":2,"name":"Productos","item":"https:\/\/compuviper.mx\/tienda\/productos\/"},{"@type":"ListItem","position":3,"name":"Laptops","item":"https:\/\/compuviper.mx\/tienda\/categoria-producto\/laptops\/"},{"@type":"ListItem","position":4,"name":"Notebook","item":"https:\/\/compuviper.mx\/tienda\/categoria-producto\/laptops\/notebook-laptops\/"},{"@type":"ListItem","position":5,"name":"Lenovo 21m8000vlm Laptop Thinkpad E14 Gen 6 \/ Core Ultra 7 155h 4.8ghz \/ 16gb Ddr5 \/ 512gb Ssd \/ 14 Wuxga 1920&#215;1200 \/ Negro \/ Win 11 Pro \/ 3yr En Sitio"}]},{"@type":"WebSite","@id":"https:\/\/compuviper.mx\/tienda\/#website","url":"https:\/\/compuviper.mx\/tienda\/","name":"Compuviper","description":"Proveedor de Computadoras, Laptops, Servidores, Monitores, Puntos de Venta, Teclados,   Impresoras, T\u00f3ner, C\u00e1maras de Seguridad y m\u00e1s en tu tienda en l\u00ednea","publisher":{"@id":"https:\/\/compuviper.mx\/tienda\/#organization"},"potentialAction":[{"@type":"SearchAction","target":{"@type":"EntryPoint","urlTemplate":"https:\/\/compuviper.mx\/tienda\/?s={search_term_string}"},"query-input":"required name=search_term_string"}],"inLanguage":"es-MX"},{"@type":"Organization","@id":"https:\/\/compuviper.mx\/tienda\/#organization","name":"Compuviper","url":"https:\/\/compuviper.mx\/tienda\/","logo":{"@type":"ImageObject","inLanguage":"es-MX","@id":"https:\/\/compuviper.mx\/tienda\/#\/schema\/logo\/image\/","url":"https:\/\/compuviper.mx\/tienda\/wp-content\/uploads\/2021\/08\/Logo-Compuviper-10.png","contentUrl":"https:\/\/compuviper.mx\/tienda\/wp-content\/uploads\/2021\/08\/Logo-Compuviper-10.png","width":1000,"height":500,"caption":"Compuviper"},"image":{"@id":"https:\/\/compuviper.mx\/tienda\/#\/schema\/logo\/image\/"},"sameAs":["https:\/\/www.facebook.com\/compuviper","https:\/\/www.youtube.com\/channel\/UCf73dERp9Y3cfOq7q8BhLjA?view_as=subscriber"]}]},"product_brand":"LENOVO","product_price_amount":"23829","product_price_currency":"MXN","og_availability":"instock","product_availability":"instock","product_retailer_item_id":"21M8000VLM","product_condition":"new"},"_links":{"self":[{"href":"https:\/\/compuviper.mx\/tienda\/wp-json\/wp\/v2\/product\/267209"}],"collection":[{"href":"https:\/\/compuviper.mx\/tienda\/wp-json\/wp\/v2\/product"}],"about":[{"href":"https:\/\/compuviper.mx\/tienda\/wp-json\/wp\/v2\/types\/product"}],"replies":[{"embeddable":true,"href":"https:\/\/compuviper.mx\/tienda\/wp-json\/wp\/v2\/comments?post=267209"}],"wp:featuredmedia":[{"embeddable":true,"href":"https:\/\/compuviper.mx\/tienda\/wp-json\/wp\/v2\/media\/267298"}],"wp:attachment":[{"href":"https:\/\/compuviper.mx\/tienda\/wp-json\/wp\/v2\/media?parent=267209"}],"wp:term":[{"taxonomy":"product_cat","embeddable":true,"href":"https:\/\/compuviper.mx\/tienda\/wp-json\/wp\/v2\/product_cat?post=267209"},{"taxonomy":"product_tag","embeddable":true,"href":"https:\/\/compuviper.mx\/tienda\/wp-json\/wp\/v2\/product_tag?post=267209"}],"curies":[{"name":"wp","href":"https:\/\/api.w.org\/{rel}","templated":true}]}}