{"id":267207,"date":"2026-04-25T00:40:19","date_gmt":"2026-04-25T06:40:19","guid":{"rendered":"https:\/\/compuviper.mx\/tienda\/producto\/msi-pro-b760m-p-mb-b760-intel-s-1700-14a-13a-12a-gen-4x-ddr5-4800-1xdp-hdmi-m-2-4x-usb3-2-usb-c-atx-gama-media-rgb\/"},"modified":"2026-04-26T00:00:19","modified_gmt":"2026-04-26T06:00:19","slug":"msi-oem-pro-b760m-p-mb-msi-b760-intel-s-1700-14a-13a-12a-gen-4x-ddr5-4800-1xdp-hdmi-m-2-4x-usb3-2-usb-c-atx-gama-media-rgb","status":"publish","type":"product","link":"https:\/\/compuviper.mx\/tienda\/producto\/msi-oem-pro-b760m-p-mb-msi-b760-intel-s-1700-14a-13a-12a-gen-4x-ddr5-4800-1xdp-hdmi-m-2-4x-usb3-2-usb-c-atx-gama-media-rgb\/","title":{"rendered":"Msi Oem Pro B760m-p Mb Msi B760 Intel S-1700 14a\/13a\/12a Gen\/4x Ddr5 4800\/1xdp\/hdmi\/m.2\/4x Usb3.2\/usb-c\/atx\/gama Media\/rgb"},"content":{"rendered":"<table class=\"descripcion\">\n<tr>\n<td>Conjunto de chips intel b760<\/td>\n<\/tr>\n<tr>\n<td>Upc compatible con procesadores intel core\u00bf de 14.\u00aa, 13.\u00aa y 12.\u00aa generaci\u00f3n, intel pentium\u00ae gold, procesador celeron y procesador intel 300(t)<\/td>\n<\/tr>\n<tr>\n<td>Lga 1700<\/td>\n<\/tr>\n<tr>\n<td>Memoria 4x ddr5, capacidad m\u00e1xima de memoria 192 gb<\/td>\n<\/tr>\n<tr>\n<td>Soporte de memoria ddr5 6800+(oc)\/ 6600(oc)\/ 6400(oc)\/ 6200(oc)\/ 6000(oc)\/ 5800(oc)\/ 5600(jedec)\/ 5400(jedec) \/ 5200(jedec)\/ 5000(jedec)\/ 4800(jedec) mhz<\/td>\n<\/tr>\n<tr>\n<td>M\u00e1x. frecuencia de overclocking:<\/td>\n<\/tr>\n<tr>\n<td>\u00bf 1dpc 1r velocidad m\u00e1xima hasta 6800+ mhz<\/td>\n<\/tr>\n<tr>\n<td>\u00bf 1dpc 2r velocidad m\u00e1xima hasta 6400+ mhz<\/td>\n<\/tr>\n<tr>\n<td>\u00bf 2dpc 1r velocidad m\u00e1xima hasta 6000+ mhz<\/td>\n<\/tr>\n<tr>\n<td>\u00bf 2dpc 2r velocidad m\u00e1xima hasta 5600+ mhz<\/td>\n<\/tr>\n<tr>\n<td>Soporta intel \u00ae xmp 3.0 oc<\/td>\n<\/tr>\n<tr>\n<td>Soporta modo de doble canal y controlador dual<\/td>\n<\/tr>\n<tr>\n<td>Admite memoria sin b\u00fafer y sin ecc<\/td>\n<\/tr>\n<tr>\n<td>Gr\u00e1ficos integrados 1x hdmi\u00bf<\/td>\n<\/tr>\n<tr>\n<td>Compatible con hdmi\u00bf 1.4, resoluci\u00f3n m\u00e1xima de 4k 30 hz*<\/td>\n<\/tr>\n<tr>\n<td>1x displayport<\/td>\n<\/tr>\n<tr>\n<td>Compatible con dp 1.4, resoluci\u00f3n m\u00e1xima de 4k 60 hz*<\/td>\n<\/tr>\n<tr>\n<td>1x vga<\/td>\n<\/tr>\n<tr>\n<td>Compatible con vga, resoluci\u00f3n m\u00e1xima de 2048 x 1536 50 hz, 2048 x 1280 60 hz, 1920 x 1200 60 hz<\/td>\n<\/tr>\n<tr>\n<td>*disponible solo en procesadores con gr\u00e1ficos integrados . las especificaciones gr\u00e1ficas pueden variar seg\u00fan la cpu instalada.<\/td>\n<\/tr>\n<tr>\n<td>Ranura 1 ranura pci-e x16<\/td>\n<\/tr>\n<tr>\n<td>2 ranuras pci-e x1<\/td>\n<\/tr>\n<tr>\n<td>Pci_e1 gen pcie 4.0 admite hasta x16 (desde la cpu)<\/td>\n<\/tr>\n<tr>\n<td>Pci_e2 gen pcie 4.0 admite hasta x1 (desde el chipset)<\/td>\n<\/tr>\n<tr>\n<td>Pci_e3 gen pcie 4.0 admite hasta x1 (desde el chipset)<\/td>\n<\/tr>\n<tr>\n<td>Almacenamiento 2x m.2<\/td>\n<\/tr>\n<tr>\n<td>M.2_1 fuente (desde cpu) admite hasta pcie 4.0 x4, admite dispositivos 2280\/2260\/2242<\/td>\n<\/tr>\n<tr>\n<td>M.2_2 fuente (desde chipset) admite hasta modo pcie 4.0 x4\/sata, admite 2280\/2260\/2242 dispositivos<\/td>\n<\/tr>\n<tr>\n<td>4x sata 6g<\/td>\n<\/tr>\n<tr>\n<td>* sata5 no estar\u00e1 disponible al instalar m.2 sata ssd en la ranura m2_2.<\/td>\n<\/tr>\n<tr>\n<td>Redada admite raid 0, raid 1, raid 5 y raid 10 para dispositivos de almacenamiento sata<\/td>\n<\/tr>\n<tr>\n<td>Usb 4x usb 2.0 (posterior)<\/td>\n<\/tr>\n<tr>\n<td>4x usb 2.0 (frontal)<\/td>\n<\/tr>\n<tr>\n<td>1x usb 3.2 gen1 tipo a (posterior)<\/td>\n<\/tr>\n<tr>\n<td>2x usb 3.2 gen1 tipo a (frontal)<\/td>\n<\/tr>\n<tr>\n<td>1x usb 3.2 gen2 tipo c (posterior)<\/td>\n<\/tr>\n<tr>\n<td>Lan lan gigabit realtek\u00ae rtl8111h<\/td>\n<\/tr>\n<tr>\n<td>Audio c\u00f3dec realtek \u00ae alc897<\/td>\n<\/tr>\n<tr>\n<td>Audio de alta definici\u00f3n de 7.1 canales<\/td>\n<\/tr>\n<tr>\n<td>E\/s interna 1 conector de alimentaci\u00f3n (atx_pwr)<\/td>\n<\/tr>\n<tr>\n<td>1 conector de alimentaci\u00f3n (cpu_pwr)<\/td>\n<\/tr>\n<tr>\n<td>1 ventilador de cpu<\/td>\n<\/tr>\n<tr>\n<td>2 ventiladores del sistema<\/td>\n<\/tr>\n<tr>\n<td>2 paneles frontales (jfp)<\/td>\n<\/tr>\n<tr>\n<td>1 intrusi\u00f3n en el chasis (jci)<\/td>\n<\/tr>\n<tr>\n<td>1 audio frontal (jaud)<\/td>\n<\/tr>\n<tr>\n<td>1 puerto de impresora (jlpt)<\/td>\n<\/tr>\n<tr>\n<td>1 puerto com (jcom)<\/td>\n<\/tr>\n<tr>\n<td>1 rgb conector led (jrgb)<\/td>\n<\/tr>\n<tr>\n<td>1 conector de pines tpm (compatible con tpm 2.0)<\/td>\n<\/tr>\n<tr>\n<td>4 puertos usb 2.0<\/td>\n<\/tr>\n<tr>\n<td>2 puertos usb 3.2 gen1 tipo a<\/td>\n<\/tr>\n<tr>\n<td>Caracter\u00edstica led 4x led de depuraci\u00f3n ez<\/td>\n<\/tr>\n<tr>\n<td>Puertos del panel posterior<\/td>\n<\/tr>\n<tr>\n<td>Vga<\/td>\n<\/tr>\n<tr>\n<td>Displayport<\/td>\n<\/tr>\n<tr>\n<td>Hdmi\u00bf<\/td>\n<\/tr>\n<tr>\n<td>Teclado\/rat\u00f3n<\/td>\n<\/tr>\n<tr>\n<td>Usb 2.0<\/td>\n<\/tr>\n<tr>\n<td>Puerto lan<\/td>\n<\/tr>\n<tr>\n<td>Conectores de audio<\/td>\n<\/tr>\n<tr>\n<td>Usb 3.2 gen 1 5 gbps (tipo a)<\/td>\n<\/tr>\n<tr>\n<td>Usb 3.2 gen 2 10 gbps (tipo c)<\/td>\n<\/tr>\n<tr>\n<td>Sistema operativo soporte para windows\u00ae 11 de 64 bits, windows\u00ae 10 de 64 bits<\/td>\n<\/tr>\n<tr>\n<td>Informaci\u00f3n de pcb matx<\/td>\n<\/tr>\n<tr>\n<td>243,84 mm x 243,84 mm<\/td>\n<\/tr>\n<\/table>\n","protected":false},"excerpt":{"rendered":"<p>Prob760m-p. Admite procesadores intel  core\u00bf de 14.\u00aa, 13.\u00aa y 12.\u00aa generaci\u00f3n, intel  pentium  gold, procesador celeron  y procesador intel 300(t) para z\u00f3calo lga 1700. Admite memoria ddr5, ddr5 de doble canal 6800+mhz (oc. Core boost: con dise\u00f1o premium y dise\u00f1o de energ\u00eda digital para admitir m\u00e1s n\u00facleos y brindar un mejor rendimiento. Memory boost: tecnolog\u00eda avanzada para ofrecer se\u00f1ales de datos puros para el mejor rendimiento, estabilidad y compatibilidad. Experiencia ultrarr\u00e1pida: pcie 4.0, lightning gen4 x4 m.2 con m.2 shield frozr. Aumento de audio: recompense sus o\u00eddos con una calidad de sonido de estudio para disfrutar de la experiencia de juego m\u00e1s inmersiva. Steel armor: protege las tarjetas vga contra dobleces y emi para un mejor rendimiento, estabilidad y resistencia.<\/p>\n","protected":false},"featured_media":267208,"comment_status":"open","ping_status":"open","template":"","meta":[],"product_cat":[1727,2025],"product_tag":[2322],"acf":[],"yoast_head":"<!-- This site is optimized with the Yoast SEO plugin v21.7 - https:\/\/yoast.com\/wordpress\/plugins\/seo\/ -->\n<title>[ Msi Oem ] &#129351; Pro B760m-p Mb Msi B760 Intel S-1700 14a\/13a\/12a Gen\/4x Ddr5 4800\/1xdp\/hdmi\/m.2\/4x Usb3.2\/usb-c\/atx\/gama Media\/rgb<\/title>\n<meta name=\"description\" content=\"Compra Pro B760m-p Mb Msi B760 Intel S-1700 14a\/13a\/12a Gen\/4x Ddr5 4800\/1xdp\/hdmi\/m.2\/4x Usb3.2\/usb-c\/atx\/gama Media\/rgb + Env\u00edo a domicilio + Pago seguro + Garant\u00eda\" \/>\n<meta name=\"robots\" content=\"index, follow, max-snippet:-1, max-image-preview:large, max-video-preview:-1\" \/>\n<link rel=\"canonical\" href=\"https:\/\/compuviper.mx\/tienda\/producto\/msi-oem-pro-b760m-p-mb-msi-b760-intel-s-1700-14a-13a-12a-gen-4x-ddr5-4800-1xdp-hdmi-m-2-4x-usb3-2-usb-c-atx-gama-media-rgb\/\" \/>\n<meta property=\"og:locale\" content=\"es_MX\" \/>\n<meta property=\"og:type\" content=\"article\" \/>\n<meta property=\"og:title\" content=\"[ Msi Oem ] &#129351; Pro B760m-p Mb Msi B760 Intel S-1700 14a\/13a\/12a Gen\/4x Ddr5 4800\/1xdp\/hdmi\/m.2\/4x Usb3.2\/usb-c\/atx\/gama Media\/rgb\" \/>\n<meta property=\"og:description\" content=\"Compra Pro B760m-p Mb Msi B760 Intel S-1700 14a\/13a\/12a Gen\/4x Ddr5 4800\/1xdp\/hdmi\/m.2\/4x Usb3.2\/usb-c\/atx\/gama Media\/rgb + Env\u00edo a domicilio + Pago seguro + Garant\u00eda\" \/>\n<meta property=\"og:url\" content=\"https:\/\/compuviper.mx\/tienda\/producto\/msi-oem-pro-b760m-p-mb-msi-b760-intel-s-1700-14a-13a-12a-gen-4x-ddr5-4800-1xdp-hdmi-m-2-4x-usb3-2-usb-c-atx-gama-media-rgb\/\" \/>\n<meta property=\"og:site_name\" content=\"Compuviper\" \/>\n<meta property=\"article:publisher\" content=\"https:\/\/www.facebook.com\/compuviper\" \/>\n<meta property=\"article:modified_time\" content=\"2026-04-26T06:00:19+00:00\" \/>\n<meta property=\"og:image\" content=\"https:\/\/compuviper.mx\/tienda\/wp-content\/uploads\/2026\/02\/Mb-msi-b760-intel-s-1700-14a13a12a-gen4x-ddr5-48001xdphdmim.24x-usb3.2usb-catxgama-mediargb.jpg\" \/>\n\t<meta property=\"og:image:width\" content=\"200\" \/>\n\t<meta property=\"og:image:height\" content=\"200\" \/>\n\t<meta property=\"og:image:type\" content=\"image\/jpeg\" \/>\n<meta name=\"twitter:card\" content=\"summary_large_image\" \/>\n<meta name=\"twitter:label1\" content=\"Precio\" \/>\n\t<meta name=\"twitter:data1\" content=\"&#36;1,591 con IVA\" \/>\n\t<meta name=\"twitter:label2\" content=\"Availability\" \/>\n\t<meta name=\"twitter:data2\" content=\"In stock\" \/>\n<script type=\"application\/ld+json\" class=\"yoast-schema-graph\">{\"@context\":\"https:\/\/schema.org\",\"@graph\":[{\"@type\":\"WebPage\",\"@id\":\"https:\/\/compuviper.mx\/tienda\/producto\/msi-oem-pro-b760m-p-mb-msi-b760-intel-s-1700-14a-13a-12a-gen-4x-ddr5-4800-1xdp-hdmi-m-2-4x-usb3-2-usb-c-atx-gama-media-rgb\/\",\"url\":\"https:\/\/compuviper.mx\/tienda\/producto\/msi-oem-pro-b760m-p-mb-msi-b760-intel-s-1700-14a-13a-12a-gen-4x-ddr5-4800-1xdp-hdmi-m-2-4x-usb3-2-usb-c-atx-gama-media-rgb\/\",\"name\":\"[ Msi Oem ] &#129351; Pro B760m-p Mb Msi B760 Intel S-1700 14a\/13a\/12a Gen\/4x Ddr5 4800\/1xdp\/hdmi\/m.2\/4x Usb3.2\/usb-c\/atx\/gama Media\/rgb\",\"isPartOf\":{\"@id\":\"https:\/\/compuviper.mx\/tienda\/#website\"},\"datePublished\":\"2026-04-25T06:40:19+00:00\",\"dateModified\":\"2026-04-26T06:00:19+00:00\",\"description\":\"Compra Pro B760m-p Mb Msi B760 Intel S-1700 14a\/13a\/12a Gen\/4x Ddr5 4800\/1xdp\/hdmi\/m.2\/4x Usb3.2\/usb-c\/atx\/gama Media\/rgb + Env\u00edo a domicilio + Pago seguro + Garant\u00eda\",\"breadcrumb\":{\"@id\":\"https:\/\/compuviper.mx\/tienda\/producto\/msi-oem-pro-b760m-p-mb-msi-b760-intel-s-1700-14a-13a-12a-gen-4x-ddr5-4800-1xdp-hdmi-m-2-4x-usb3-2-usb-c-atx-gama-media-rgb\/#breadcrumb\"},\"inLanguage\":\"es-MX\",\"potentialAction\":[{\"@type\":\"ReadAction\",\"target\":[\"https:\/\/compuviper.mx\/tienda\/producto\/msi-oem-pro-b760m-p-mb-msi-b760-intel-s-1700-14a-13a-12a-gen-4x-ddr5-4800-1xdp-hdmi-m-2-4x-usb3-2-usb-c-atx-gama-media-rgb\/\"]}]},{\"@type\":\"BreadcrumbList\",\"@id\":\"https:\/\/compuviper.mx\/tienda\/producto\/msi-oem-pro-b760m-p-mb-msi-b760-intel-s-1700-14a-13a-12a-gen-4x-ddr5-4800-1xdp-hdmi-m-2-4x-usb3-2-usb-c-atx-gama-media-rgb\/#breadcrumb\",\"itemListElement\":[{\"@type\":\"ListItem\",\"position\":1,\"name\":\"Inicio\",\"item\":\"https:\/\/compuviper.mx\/tienda\/\"},{\"@type\":\"ListItem\",\"position\":2,\"name\":\"Productos\",\"item\":\"https:\/\/compuviper.mx\/tienda\/productos\/\"},{\"@type\":\"ListItem\",\"position\":3,\"name\":\"Tarjeta Madre\",\"item\":\"https:\/\/compuviper.mx\/tienda\/categoria-producto\/tarjeta-madre\/\"},{\"@type\":\"ListItem\",\"position\":4,\"name\":\"Sin Categor\u00eda\",\"item\":\"https:\/\/compuviper.mx\/tienda\/categoria-producto\/tarjeta-madre\/sin-categoria-tarjeta-madre\/\"},{\"@type\":\"ListItem\",\"position\":5,\"name\":\"Msi Oem Pro B760m-p Mb Msi B760 Intel S-1700 14a\/13a\/12a Gen\/4x Ddr5 4800\/1xdp\/hdmi\/m.2\/4x Usb3.2\/usb-c\/atx\/gama Media\/rgb\"}]},{\"@type\":\"WebSite\",\"@id\":\"https:\/\/compuviper.mx\/tienda\/#website\",\"url\":\"https:\/\/compuviper.mx\/tienda\/\",\"name\":\"Compuviper\",\"description\":\"Proveedor de Computadoras, Laptops, Servidores, Monitores, Puntos de Venta, Teclados,   Impresoras, T\u00f3ner, C\u00e1maras de Seguridad y m\u00e1s en tu tienda en l\u00ednea\",\"publisher\":{\"@id\":\"https:\/\/compuviper.mx\/tienda\/#organization\"},\"potentialAction\":[{\"@type\":\"SearchAction\",\"target\":{\"@type\":\"EntryPoint\",\"urlTemplate\":\"https:\/\/compuviper.mx\/tienda\/?s={search_term_string}\"},\"query-input\":\"required name=search_term_string\"}],\"inLanguage\":\"es-MX\"},{\"@type\":\"Organization\",\"@id\":\"https:\/\/compuviper.mx\/tienda\/#organization\",\"name\":\"Compuviper\",\"url\":\"https:\/\/compuviper.mx\/tienda\/\",\"logo\":{\"@type\":\"ImageObject\",\"inLanguage\":\"es-MX\",\"@id\":\"https:\/\/compuviper.mx\/tienda\/#\/schema\/logo\/image\/\",\"url\":\"https:\/\/compuviper.mx\/tienda\/wp-content\/uploads\/2021\/08\/Logo-Compuviper-10.png\",\"contentUrl\":\"https:\/\/compuviper.mx\/tienda\/wp-content\/uploads\/2021\/08\/Logo-Compuviper-10.png\",\"width\":1000,\"height\":500,\"caption\":\"Compuviper\"},\"image\":{\"@id\":\"https:\/\/compuviper.mx\/tienda\/#\/schema\/logo\/image\/\"},\"sameAs\":[\"https:\/\/www.facebook.com\/compuviper\",\"https:\/\/www.youtube.com\/channel\/UCf73dERp9Y3cfOq7q8BhLjA?view_as=subscriber\"]}]}<\/script>\n<meta property=\"product:brand\" content=\"Msi Oem\" \/>\n<meta property=\"product:price:amount\" content=\"1591\" \/>\n<meta property=\"product:price:currency\" content=\"MXN\" \/>\n<meta property=\"og:availability\" content=\"instock\" \/>\n<meta property=\"product:availability\" content=\"instock\" \/>\n<meta property=\"product:retailer_item_id\" content=\"PRO B760M-P\" \/>\n<meta property=\"product:condition\" content=\"new\" \/>\n<!-- \/ Yoast SEO plugin. -->","yoast_head_json":{"title":"[ Msi Oem ] &#129351; Pro B760m-p Mb Msi B760 Intel S-1700 14a\/13a\/12a Gen\/4x Ddr5 4800\/1xdp\/hdmi\/m.2\/4x Usb3.2\/usb-c\/atx\/gama Media\/rgb","description":"Compra Pro B760m-p Mb Msi B760 Intel S-1700 14a\/13a\/12a Gen\/4x Ddr5 4800\/1xdp\/hdmi\/m.2\/4x Usb3.2\/usb-c\/atx\/gama Media\/rgb + Env\u00edo a domicilio + Pago seguro + Garant\u00eda","robots":{"index":"index","follow":"follow","max-snippet":"max-snippet:-1","max-image-preview":"max-image-preview:large","max-video-preview":"max-video-preview:-1"},"canonical":"https:\/\/compuviper.mx\/tienda\/producto\/msi-oem-pro-b760m-p-mb-msi-b760-intel-s-1700-14a-13a-12a-gen-4x-ddr5-4800-1xdp-hdmi-m-2-4x-usb3-2-usb-c-atx-gama-media-rgb\/","og_locale":"es_MX","og_type":"article","og_title":"[ Msi Oem ] &#129351; Pro B760m-p Mb Msi B760 Intel S-1700 14a\/13a\/12a Gen\/4x Ddr5 4800\/1xdp\/hdmi\/m.2\/4x Usb3.2\/usb-c\/atx\/gama Media\/rgb","og_description":"Compra Pro B760m-p Mb Msi B760 Intel S-1700 14a\/13a\/12a Gen\/4x Ddr5 4800\/1xdp\/hdmi\/m.2\/4x Usb3.2\/usb-c\/atx\/gama Media\/rgb + Env\u00edo a domicilio + Pago seguro + Garant\u00eda","og_url":"https:\/\/compuviper.mx\/tienda\/producto\/msi-oem-pro-b760m-p-mb-msi-b760-intel-s-1700-14a-13a-12a-gen-4x-ddr5-4800-1xdp-hdmi-m-2-4x-usb3-2-usb-c-atx-gama-media-rgb\/","og_site_name":"Compuviper","article_publisher":"https:\/\/www.facebook.com\/compuviper","article_modified_time":"2026-04-26T06:00:19+00:00","og_image":[{"width":200,"height":200,"url":"https:\/\/compuviper.mx\/tienda\/wp-content\/uploads\/2026\/02\/Mb-msi-b760-intel-s-1700-14a13a12a-gen4x-ddr5-48001xdphdmim.24x-usb3.2usb-catxgama-mediargb.jpg","type":"image\/jpeg"}],"twitter_card":"summary_large_image","twitter_misc":{"Precio":"&#36;1,591 con IVA","Availability":"In stock"},"schema":{"@context":"https:\/\/schema.org","@graph":[{"@type":"WebPage","@id":"https:\/\/compuviper.mx\/tienda\/producto\/msi-oem-pro-b760m-p-mb-msi-b760-intel-s-1700-14a-13a-12a-gen-4x-ddr5-4800-1xdp-hdmi-m-2-4x-usb3-2-usb-c-atx-gama-media-rgb\/","url":"https:\/\/compuviper.mx\/tienda\/producto\/msi-oem-pro-b760m-p-mb-msi-b760-intel-s-1700-14a-13a-12a-gen-4x-ddr5-4800-1xdp-hdmi-m-2-4x-usb3-2-usb-c-atx-gama-media-rgb\/","name":"[ Msi Oem ] &#129351; Pro B760m-p Mb Msi B760 Intel S-1700 14a\/13a\/12a Gen\/4x Ddr5 4800\/1xdp\/hdmi\/m.2\/4x Usb3.2\/usb-c\/atx\/gama Media\/rgb","isPartOf":{"@id":"https:\/\/compuviper.mx\/tienda\/#website"},"datePublished":"2026-04-25T06:40:19+00:00","dateModified":"2026-04-26T06:00:19+00:00","description":"Compra Pro B760m-p Mb Msi B760 Intel S-1700 14a\/13a\/12a Gen\/4x Ddr5 4800\/1xdp\/hdmi\/m.2\/4x Usb3.2\/usb-c\/atx\/gama Media\/rgb + Env\u00edo a domicilio + Pago seguro + Garant\u00eda","breadcrumb":{"@id":"https:\/\/compuviper.mx\/tienda\/producto\/msi-oem-pro-b760m-p-mb-msi-b760-intel-s-1700-14a-13a-12a-gen-4x-ddr5-4800-1xdp-hdmi-m-2-4x-usb3-2-usb-c-atx-gama-media-rgb\/#breadcrumb"},"inLanguage":"es-MX","potentialAction":[{"@type":"ReadAction","target":["https:\/\/compuviper.mx\/tienda\/producto\/msi-oem-pro-b760m-p-mb-msi-b760-intel-s-1700-14a-13a-12a-gen-4x-ddr5-4800-1xdp-hdmi-m-2-4x-usb3-2-usb-c-atx-gama-media-rgb\/"]}]},{"@type":"BreadcrumbList","@id":"https:\/\/compuviper.mx\/tienda\/producto\/msi-oem-pro-b760m-p-mb-msi-b760-intel-s-1700-14a-13a-12a-gen-4x-ddr5-4800-1xdp-hdmi-m-2-4x-usb3-2-usb-c-atx-gama-media-rgb\/#breadcrumb","itemListElement":[{"@type":"ListItem","position":1,"name":"Inicio","item":"https:\/\/compuviper.mx\/tienda\/"},{"@type":"ListItem","position":2,"name":"Productos","item":"https:\/\/compuviper.mx\/tienda\/productos\/"},{"@type":"ListItem","position":3,"name":"Tarjeta Madre","item":"https:\/\/compuviper.mx\/tienda\/categoria-producto\/tarjeta-madre\/"},{"@type":"ListItem","position":4,"name":"Sin Categor\u00eda","item":"https:\/\/compuviper.mx\/tienda\/categoria-producto\/tarjeta-madre\/sin-categoria-tarjeta-madre\/"},{"@type":"ListItem","position":5,"name":"Msi Oem Pro B760m-p Mb Msi B760 Intel S-1700 14a\/13a\/12a Gen\/4x Ddr5 4800\/1xdp\/hdmi\/m.2\/4x Usb3.2\/usb-c\/atx\/gama Media\/rgb"}]},{"@type":"WebSite","@id":"https:\/\/compuviper.mx\/tienda\/#website","url":"https:\/\/compuviper.mx\/tienda\/","name":"Compuviper","description":"Proveedor de Computadoras, Laptops, Servidores, Monitores, Puntos de Venta, Teclados,   Impresoras, T\u00f3ner, C\u00e1maras de Seguridad y m\u00e1s en tu tienda en l\u00ednea","publisher":{"@id":"https:\/\/compuviper.mx\/tienda\/#organization"},"potentialAction":[{"@type":"SearchAction","target":{"@type":"EntryPoint","urlTemplate":"https:\/\/compuviper.mx\/tienda\/?s={search_term_string}"},"query-input":"required name=search_term_string"}],"inLanguage":"es-MX"},{"@type":"Organization","@id":"https:\/\/compuviper.mx\/tienda\/#organization","name":"Compuviper","url":"https:\/\/compuviper.mx\/tienda\/","logo":{"@type":"ImageObject","inLanguage":"es-MX","@id":"https:\/\/compuviper.mx\/tienda\/#\/schema\/logo\/image\/","url":"https:\/\/compuviper.mx\/tienda\/wp-content\/uploads\/2021\/08\/Logo-Compuviper-10.png","contentUrl":"https:\/\/compuviper.mx\/tienda\/wp-content\/uploads\/2021\/08\/Logo-Compuviper-10.png","width":1000,"height":500,"caption":"Compuviper"},"image":{"@id":"https:\/\/compuviper.mx\/tienda\/#\/schema\/logo\/image\/"},"sameAs":["https:\/\/www.facebook.com\/compuviper","https:\/\/www.youtube.com\/channel\/UCf73dERp9Y3cfOq7q8BhLjA?view_as=subscriber"]}]},"product_brand":"Msi Oem","product_price_amount":"1591","product_price_currency":"MXN","og_availability":"instock","product_availability":"instock","product_retailer_item_id":"PRO B760M-P","product_condition":"new"},"_links":{"self":[{"href":"https:\/\/compuviper.mx\/tienda\/wp-json\/wp\/v2\/product\/267207"}],"collection":[{"href":"https:\/\/compuviper.mx\/tienda\/wp-json\/wp\/v2\/product"}],"about":[{"href":"https:\/\/compuviper.mx\/tienda\/wp-json\/wp\/v2\/types\/product"}],"replies":[{"embeddable":true,"href":"https:\/\/compuviper.mx\/tienda\/wp-json\/wp\/v2\/comments?post=267207"}],"wp:featuredmedia":[{"embeddable":true,"href":"https:\/\/compuviper.mx\/tienda\/wp-json\/wp\/v2\/media\/267208"}],"wp:attachment":[{"href":"https:\/\/compuviper.mx\/tienda\/wp-json\/wp\/v2\/media?parent=267207"}],"wp:term":[{"taxonomy":"product_cat","embeddable":true,"href":"https:\/\/compuviper.mx\/tienda\/wp-json\/wp\/v2\/product_cat?post=267207"},{"taxonomy":"product_tag","embeddable":true,"href":"https:\/\/compuviper.mx\/tienda\/wp-json\/wp\/v2\/product_tag?post=267207"}],"curies":[{"name":"wp","href":"https:\/\/api.w.org\/{rel}","templated":true}]}}