{"id":267183,"date":"2026-04-25T02:17:54","date_gmt":"2026-04-25T08:17:54","guid":{"rendered":"https:\/\/compuviper.mx\/tienda\/producto\/epson-v11hb72020-videoproyector-life-estudio-proyector-led-rgb-3lcd-full-hd-700-lumenes-usb-hdmi-wifi-bluetooth-5-2-google-tv-integrado-y-sound-by-bose\/"},"modified":"2026-04-25T02:17:55","modified_gmt":"2026-04-25T08:17:55","slug":"epson-v11hb72020-videoproyector-life-estudio-proyector-led-rgb-3lcd-full-hd-700-lumenes-usb-hdmi-wifi-bluetooth-5-2-google-tv-integrado-y-sound-by-bose","status":"publish","type":"product","link":"https:\/\/compuviper.mx\/tienda\/producto\/epson-v11hb72020-videoproyector-life-estudio-proyector-led-rgb-3lcd-full-hd-700-lumenes-usb-hdmi-wifi-bluetooth-5-2-google-tv-integrado-y-sound-by-bose\/","title":{"rendered":"Epson V11hb72020 Videoproyector  Life Estudio Proyector Led Rgb, 3lcd, Full Hd, 700 Lumenes, Usb, Hdmi, Wifi, Bluetooth 5.2, Google Tv Integrado Y Sound By Bose."},"content":{"rendered":"<table class=\"descripcion\">\n<tr>\n<td>Especificaciones tecnicas<\/td>\n<\/tr>\n<tr>\n<td>* modo de luz: tecnologia epson 3lcd de 3 chips con triple core engine<\/td>\n<\/tr>\n<tr>\n<td>* modo de proyeccion: frontal\/posterior<\/td>\n<\/tr>\n<tr>\n<td>* resolucion nativa: 1920 x 1080<\/td>\n<\/tr>\n<tr>\n<td>* relacion de aspecto: 16:9<\/td>\n<\/tr>\n<tr>\n<td>* luminosidad del color: 700 lumenes<\/td>\n<\/tr>\n<tr>\n<td>* luminosidad del blanco: 700 lumenes<\/td>\n<\/tr>\n<tr>\n<td>* reproduccion del color: 10 bits, hasta 1,07 mil millones de colores<\/td>\n<\/tr>\n<tr>\n<td>* parlante: monoaural: 2w x 1<\/td>\n<\/tr>\n<tr>\n<td>Configuracion<\/td>\n<\/tr>\n<tr>\n<td>* tama\u00f1o de imagen 30\u0094 \u0096 150\u0094 (zoom: ancho)<\/td>\n<\/tr>\n<tr>\n<td>* metodo de proyeccion: frontal \/ trasera, en techo<\/td>\n<\/tr>\n<tr>\n<td>* correcion trapezoidal automatica\/manual<\/td>\n<\/tr>\n<tr>\n<td>* distancia de proyeccion de 76 a 401 cm<\/td>\n<\/tr>\n<tr>\n<td>* tama\u00f1o de pantalla 30\u0094-150\u0094 pulgadas<\/td>\n<\/tr>\n<tr>\n<td>* zoom: si, relacion de zoom 1,0-3,33<\/td>\n<\/tr>\n<tr>\n<td>* procesamiento de color<\/td>\n<\/tr>\n<tr>\n<td>* completo de 10 bits<\/td>\n<\/tr>\n<tr>\n<td>* vida util de la fuente: 20.000 horas<\/td>\n<\/tr>\n<tr>\n<td>Otras caracteristicas<\/td>\n<\/tr>\n<tr>\n<td>* ajuste de inclinacion: si (hasta 8 grados hacia arriba)<\/td>\n<\/tr>\n<tr>\n<td>* ajuste de giro: no<\/td>\n<\/tr>\n<tr>\n<td>* correcion trapezoidal: si, vertical (automatica), horizontal (automatica)<\/td>\n<\/tr>\n<tr>\n<td>* deteccion de obstaculos: si (automatica)<\/td>\n<\/tr>\n<tr>\n<td>* ajuste de pantalla: (screem fit): si, automatica<\/td>\n<\/tr>\n<tr>\n<td>* proteccion ocular: si, automatica<\/td>\n<\/tr>\n<tr>\n<td>* ajuste de color en pared: si \/ automatica<\/td>\n<\/tr>\n<tr>\n<td>Dimensiones (ancho, alto, profundidad)<\/td>\n<\/tr>\n<tr>\n<td>* proyector: 175 mm x 128 mm x 175 mm<\/td>\n<\/tr>\n<tr>\n<td>* peso: 2,1 kg<\/td>\n<\/tr>\n<tr>\n<td>Sistema inteligente<\/td>\n<\/tr>\n<tr>\n<td>* interfaz de usuario: google tv<\/td>\n<\/tr>\n<tr>\n<td>* sistema operativo: android 14<\/td>\n<\/tr>\n<tr>\n<td>* asistente de voz: google assistant<\/td>\n<\/tr>\n<tr>\n<td>* asistente de voz: google assistan<\/td>\n<\/tr>\n<tr>\n<td>* screen mirroring: chromecast<\/td>\n<\/tr>\n<tr>\n<td>Sonido<\/td>\n<\/tr>\n<tr>\n<td>* audio: sound by bose<\/td>\n<\/tr>\n<tr>\n<td>* transductor de agudos: 20 mm<\/td>\n<\/tr>\n<tr>\n<td>* controlador de rango completo: 40 mm<\/td>\n<\/tr>\n<tr>\n<td>* modos de ecualizacion: 4, optimizados con tecnolog\u00eda sound by bose( cine, dialogo, musica, estandar)<\/td>\n<\/tr>\n<tr>\n<td>Conectividad<\/td>\n<\/tr>\n<tr>\n<td>* puertos entrada:<\/td>\n<\/tr>\n<tr>\n<td>* hdmi: 1x (earc\/ arc, hdmi 2.0, hdcp 1.4)<\/td>\n<\/tr>\n<tr>\n<td>* usb tipo-a: 1x (para dispositivo de almacenamiento usb, microfono, hid, camara web)<\/td>\n<\/tr>\n<tr>\n<td>* puertos de salida de audio: 1x (3.5 mm, miniconector estereo)<\/td>\n<\/tr>\n<tr>\n<td>* wifi: si (wi-fi 6, doble de banda 2.4\/5 ghz, 802.11 a\/b\/g\/g\/ac\/ax)<\/td>\n<\/tr>\n<tr>\n<td>* bluetooth: si( 5.2)<\/td>\n<\/tr>\n<\/table>\n","protected":false},"excerpt":{"rendered":"<p>El nuevo videoproyector life estudio te brindar\u00e1 una imagen de hasta 150\u0094 en ful hd, con colores vibrantes incluso con luz ambiente. Accede  a mas de 10.000 aplicaciones como netflix y disney +. Disfruta de un audio envolvente con la tecnolog\u00eda sound by bose<\/p>\n","protected":false},"featured_media":0,"comment_status":"open","ping_status":"open","template":"","meta":[],"product_cat":[1843,1845],"product_tag":[1624],"acf":[],"yoast_head":"<!-- This site is optimized with the Yoast SEO plugin v21.7 - https:\/\/yoast.com\/wordpress\/plugins\/seo\/ -->\n<title>[ Epson ] &#129351; V11hb72020 Videoproyector Life Estudio Proyector Led Rgb, 3lcd, Full Hd, 700 Lumenes, Usb, Hdmi, Wifi, Bluetooth 5.2, Google Tv Integrado Y Sound By Bose.<\/title>\n<meta name=\"description\" content=\"Compra V11hb72020 Videoproyector Life Estudio Proyector Led Rgb, 3lcd, Full Hd, 700 Lumenes, Usb, Hdmi, Wifi, Bluetooth 5.2, Google Tv Integrado Y Sound By Bose. + Env\u00edo a domicilio + Pago seguro + Garant\u00eda\" \/>\n<meta name=\"robots\" content=\"index, follow, max-snippet:-1, max-image-preview:large, max-video-preview:-1\" \/>\n<link rel=\"canonical\" href=\"https:\/\/compuviper.mx\/tienda\/producto\/epson-v11hb72020-videoproyector-life-estudio-proyector-led-rgb-3lcd-full-hd-700-lumenes-usb-hdmi-wifi-bluetooth-5-2-google-tv-integrado-y-sound-by-bose\/\" \/>\n<meta property=\"og:locale\" content=\"es_MX\" \/>\n<meta property=\"og:type\" content=\"article\" \/>\n<meta property=\"og:title\" content=\"[ Epson ] &#129351; V11hb72020 Videoproyector Life Estudio Proyector Led Rgb, 3lcd, Full Hd, 700 Lumenes, Usb, Hdmi, Wifi, Bluetooth 5.2, Google Tv Integrado Y Sound By Bose.\" \/>\n<meta property=\"og:description\" content=\"Compra V11hb72020 Videoproyector Life Estudio Proyector Led Rgb, 3lcd, Full Hd, 700 Lumenes, Usb, Hdmi, Wifi, Bluetooth 5.2, Google Tv Integrado Y Sound By Bose. + Env\u00edo a domicilio + Pago seguro + Garant\u00eda\" \/>\n<meta property=\"og:url\" content=\"https:\/\/compuviper.mx\/tienda\/producto\/epson-v11hb72020-videoproyector-life-estudio-proyector-led-rgb-3lcd-full-hd-700-lumenes-usb-hdmi-wifi-bluetooth-5-2-google-tv-integrado-y-sound-by-bose\/\" \/>\n<meta property=\"og:site_name\" content=\"Compuviper\" \/>\n<meta property=\"article:publisher\" content=\"https:\/\/www.facebook.com\/compuviper\" \/>\n<meta property=\"article:modified_time\" content=\"2026-04-25T08:17:55+00:00\" \/>\n<meta name=\"twitter:card\" content=\"summary_large_image\" \/>\n<meta name=\"twitter:label1\" content=\"Precio\" \/>\n\t<meta name=\"twitter:data1\" content=\"&#36;12,186 con IVA\" \/>\n\t<meta name=\"twitter:label2\" content=\"Availability\" \/>\n\t<meta name=\"twitter:data2\" content=\"Out of stock\" \/>\n<script type=\"application\/ld+json\" class=\"yoast-schema-graph\">{\"@context\":\"https:\/\/schema.org\",\"@graph\":[{\"@type\":\"WebPage\",\"@id\":\"https:\/\/compuviper.mx\/tienda\/producto\/epson-v11hb72020-videoproyector-life-estudio-proyector-led-rgb-3lcd-full-hd-700-lumenes-usb-hdmi-wifi-bluetooth-5-2-google-tv-integrado-y-sound-by-bose\/\",\"url\":\"https:\/\/compuviper.mx\/tienda\/producto\/epson-v11hb72020-videoproyector-life-estudio-proyector-led-rgb-3lcd-full-hd-700-lumenes-usb-hdmi-wifi-bluetooth-5-2-google-tv-integrado-y-sound-by-bose\/\",\"name\":\"[ Epson ] &#129351; V11hb72020 Videoproyector Life Estudio Proyector Led Rgb, 3lcd, Full Hd, 700 Lumenes, Usb, Hdmi, Wifi, Bluetooth 5.2, Google Tv Integrado Y Sound By Bose.\",\"isPartOf\":{\"@id\":\"https:\/\/compuviper.mx\/tienda\/#website\"},\"datePublished\":\"2026-04-25T08:17:54+00:00\",\"dateModified\":\"2026-04-25T08:17:55+00:00\",\"description\":\"Compra V11hb72020 Videoproyector Life Estudio Proyector Led Rgb, 3lcd, Full Hd, 700 Lumenes, Usb, Hdmi, Wifi, Bluetooth 5.2, Google Tv Integrado Y Sound By Bose. + Env\u00edo a domicilio + Pago seguro + Garant\u00eda\",\"breadcrumb\":{\"@id\":\"https:\/\/compuviper.mx\/tienda\/producto\/epson-v11hb72020-videoproyector-life-estudio-proyector-led-rgb-3lcd-full-hd-700-lumenes-usb-hdmi-wifi-bluetooth-5-2-google-tv-integrado-y-sound-by-bose\/#breadcrumb\"},\"inLanguage\":\"es-MX\",\"potentialAction\":[{\"@type\":\"ReadAction\",\"target\":[\"https:\/\/compuviper.mx\/tienda\/producto\/epson-v11hb72020-videoproyector-life-estudio-proyector-led-rgb-3lcd-full-hd-700-lumenes-usb-hdmi-wifi-bluetooth-5-2-google-tv-integrado-y-sound-by-bose\/\"]}]},{\"@type\":\"BreadcrumbList\",\"@id\":\"https:\/\/compuviper.mx\/tienda\/producto\/epson-v11hb72020-videoproyector-life-estudio-proyector-led-rgb-3lcd-full-hd-700-lumenes-usb-hdmi-wifi-bluetooth-5-2-google-tv-integrado-y-sound-by-bose\/#breadcrumb\",\"itemListElement\":[{\"@type\":\"ListItem\",\"position\":1,\"name\":\"Inicio\",\"item\":\"https:\/\/compuviper.mx\/tienda\/\"},{\"@type\":\"ListItem\",\"position\":2,\"name\":\"Productos\",\"item\":\"https:\/\/compuviper.mx\/tienda\/productos\/\"},{\"@type\":\"ListItem\",\"position\":3,\"name\":\"Videoproyector\",\"item\":\"https:\/\/compuviper.mx\/tienda\/categoria-producto\/videoproyector\/\"},{\"@type\":\"ListItem\",\"position\":4,\"name\":\"Teatro En Casa\",\"item\":\"https:\/\/compuviper.mx\/tienda\/categoria-producto\/videoproyector\/teatro-en-casa\/\"},{\"@type\":\"ListItem\",\"position\":5,\"name\":\"Epson V11hb72020 Videoproyector Life Estudio Proyector Led Rgb, 3lcd, Full Hd, 700 Lumenes, Usb, Hdmi, Wifi, Bluetooth 5.2, Google Tv Integrado Y Sound By Bose.\"}]},{\"@type\":\"WebSite\",\"@id\":\"https:\/\/compuviper.mx\/tienda\/#website\",\"url\":\"https:\/\/compuviper.mx\/tienda\/\",\"name\":\"Compuviper\",\"description\":\"Proveedor de Computadoras, Laptops, Servidores, Monitores, Puntos de Venta, Teclados,   Impresoras, T\u00f3ner, C\u00e1maras de Seguridad y m\u00e1s en tu tienda en l\u00ednea\",\"publisher\":{\"@id\":\"https:\/\/compuviper.mx\/tienda\/#organization\"},\"potentialAction\":[{\"@type\":\"SearchAction\",\"target\":{\"@type\":\"EntryPoint\",\"urlTemplate\":\"https:\/\/compuviper.mx\/tienda\/?s={search_term_string}\"},\"query-input\":\"required name=search_term_string\"}],\"inLanguage\":\"es-MX\"},{\"@type\":\"Organization\",\"@id\":\"https:\/\/compuviper.mx\/tienda\/#organization\",\"name\":\"Compuviper\",\"url\":\"https:\/\/compuviper.mx\/tienda\/\",\"logo\":{\"@type\":\"ImageObject\",\"inLanguage\":\"es-MX\",\"@id\":\"https:\/\/compuviper.mx\/tienda\/#\/schema\/logo\/image\/\",\"url\":\"https:\/\/compuviper.mx\/tienda\/wp-content\/uploads\/2021\/08\/Logo-Compuviper-10.png\",\"contentUrl\":\"https:\/\/compuviper.mx\/tienda\/wp-content\/uploads\/2021\/08\/Logo-Compuviper-10.png\",\"width\":1000,\"height\":500,\"caption\":\"Compuviper\"},\"image\":{\"@id\":\"https:\/\/compuviper.mx\/tienda\/#\/schema\/logo\/image\/\"},\"sameAs\":[\"https:\/\/www.facebook.com\/compuviper\",\"https:\/\/www.youtube.com\/channel\/UCf73dERp9Y3cfOq7q8BhLjA?view_as=subscriber\"]}]}<\/script>\n<meta property=\"product:brand\" content=\"EPSON\" \/>\n<meta property=\"product:price:amount\" content=\"12186\" \/>\n<meta property=\"product:price:currency\" content=\"MXN\" \/>\n<meta property=\"og:availability\" content=\"out of stock\" \/>\n<meta property=\"product:availability\" content=\"out of stock\" \/>\n<meta property=\"product:retailer_item_id\" content=\"V11HB72020\" \/>\n<meta property=\"product:condition\" content=\"new\" \/>\n<!-- \/ Yoast SEO plugin. -->","yoast_head_json":{"title":"[ Epson ] &#129351; V11hb72020 Videoproyector Life Estudio Proyector Led Rgb, 3lcd, Full Hd, 700 Lumenes, Usb, Hdmi, Wifi, Bluetooth 5.2, Google Tv Integrado Y Sound By Bose.","description":"Compra V11hb72020 Videoproyector Life Estudio Proyector Led Rgb, 3lcd, Full Hd, 700 Lumenes, Usb, Hdmi, Wifi, Bluetooth 5.2, Google Tv Integrado Y Sound By Bose. + Env\u00edo a domicilio + Pago seguro + Garant\u00eda","robots":{"index":"index","follow":"follow","max-snippet":"max-snippet:-1","max-image-preview":"max-image-preview:large","max-video-preview":"max-video-preview:-1"},"canonical":"https:\/\/compuviper.mx\/tienda\/producto\/epson-v11hb72020-videoproyector-life-estudio-proyector-led-rgb-3lcd-full-hd-700-lumenes-usb-hdmi-wifi-bluetooth-5-2-google-tv-integrado-y-sound-by-bose\/","og_locale":"es_MX","og_type":"article","og_title":"[ Epson ] &#129351; V11hb72020 Videoproyector Life Estudio Proyector Led Rgb, 3lcd, Full Hd, 700 Lumenes, Usb, Hdmi, Wifi, Bluetooth 5.2, Google Tv Integrado Y Sound By Bose.","og_description":"Compra V11hb72020 Videoproyector Life Estudio Proyector Led Rgb, 3lcd, Full Hd, 700 Lumenes, Usb, Hdmi, Wifi, Bluetooth 5.2, Google Tv Integrado Y Sound By Bose. + Env\u00edo a domicilio + Pago seguro + Garant\u00eda","og_url":"https:\/\/compuviper.mx\/tienda\/producto\/epson-v11hb72020-videoproyector-life-estudio-proyector-led-rgb-3lcd-full-hd-700-lumenes-usb-hdmi-wifi-bluetooth-5-2-google-tv-integrado-y-sound-by-bose\/","og_site_name":"Compuviper","article_publisher":"https:\/\/www.facebook.com\/compuviper","article_modified_time":"2026-04-25T08:17:55+00:00","twitter_card":"summary_large_image","twitter_misc":{"Precio":"&#36;12,186 con IVA","Availability":"Out of stock"},"schema":{"@context":"https:\/\/schema.org","@graph":[{"@type":"WebPage","@id":"https:\/\/compuviper.mx\/tienda\/producto\/epson-v11hb72020-videoproyector-life-estudio-proyector-led-rgb-3lcd-full-hd-700-lumenes-usb-hdmi-wifi-bluetooth-5-2-google-tv-integrado-y-sound-by-bose\/","url":"https:\/\/compuviper.mx\/tienda\/producto\/epson-v11hb72020-videoproyector-life-estudio-proyector-led-rgb-3lcd-full-hd-700-lumenes-usb-hdmi-wifi-bluetooth-5-2-google-tv-integrado-y-sound-by-bose\/","name":"[ Epson ] &#129351; V11hb72020 Videoproyector Life Estudio Proyector Led Rgb, 3lcd, Full Hd, 700 Lumenes, Usb, Hdmi, Wifi, Bluetooth 5.2, Google Tv Integrado Y Sound By Bose.","isPartOf":{"@id":"https:\/\/compuviper.mx\/tienda\/#website"},"datePublished":"2026-04-25T08:17:54+00:00","dateModified":"2026-04-25T08:17:55+00:00","description":"Compra V11hb72020 Videoproyector Life Estudio Proyector Led Rgb, 3lcd, Full Hd, 700 Lumenes, Usb, Hdmi, Wifi, Bluetooth 5.2, Google Tv Integrado Y Sound By Bose. + Env\u00edo a domicilio + Pago seguro + Garant\u00eda","breadcrumb":{"@id":"https:\/\/compuviper.mx\/tienda\/producto\/epson-v11hb72020-videoproyector-life-estudio-proyector-led-rgb-3lcd-full-hd-700-lumenes-usb-hdmi-wifi-bluetooth-5-2-google-tv-integrado-y-sound-by-bose\/#breadcrumb"},"inLanguage":"es-MX","potentialAction":[{"@type":"ReadAction","target":["https:\/\/compuviper.mx\/tienda\/producto\/epson-v11hb72020-videoproyector-life-estudio-proyector-led-rgb-3lcd-full-hd-700-lumenes-usb-hdmi-wifi-bluetooth-5-2-google-tv-integrado-y-sound-by-bose\/"]}]},{"@type":"BreadcrumbList","@id":"https:\/\/compuviper.mx\/tienda\/producto\/epson-v11hb72020-videoproyector-life-estudio-proyector-led-rgb-3lcd-full-hd-700-lumenes-usb-hdmi-wifi-bluetooth-5-2-google-tv-integrado-y-sound-by-bose\/#breadcrumb","itemListElement":[{"@type":"ListItem","position":1,"name":"Inicio","item":"https:\/\/compuviper.mx\/tienda\/"},{"@type":"ListItem","position":2,"name":"Productos","item":"https:\/\/compuviper.mx\/tienda\/productos\/"},{"@type":"ListItem","position":3,"name":"Videoproyector","item":"https:\/\/compuviper.mx\/tienda\/categoria-producto\/videoproyector\/"},{"@type":"ListItem","position":4,"name":"Teatro En Casa","item":"https:\/\/compuviper.mx\/tienda\/categoria-producto\/videoproyector\/teatro-en-casa\/"},{"@type":"ListItem","position":5,"name":"Epson V11hb72020 Videoproyector Life Estudio Proyector Led Rgb, 3lcd, Full Hd, 700 Lumenes, Usb, Hdmi, Wifi, Bluetooth 5.2, Google Tv Integrado Y Sound By Bose."}]},{"@type":"WebSite","@id":"https:\/\/compuviper.mx\/tienda\/#website","url":"https:\/\/compuviper.mx\/tienda\/","name":"Compuviper","description":"Proveedor de Computadoras, Laptops, Servidores, Monitores, Puntos de Venta, Teclados,   Impresoras, T\u00f3ner, C\u00e1maras de Seguridad y m\u00e1s en tu tienda en l\u00ednea","publisher":{"@id":"https:\/\/compuviper.mx\/tienda\/#organization"},"potentialAction":[{"@type":"SearchAction","target":{"@type":"EntryPoint","urlTemplate":"https:\/\/compuviper.mx\/tienda\/?s={search_term_string}"},"query-input":"required name=search_term_string"}],"inLanguage":"es-MX"},{"@type":"Organization","@id":"https:\/\/compuviper.mx\/tienda\/#organization","name":"Compuviper","url":"https:\/\/compuviper.mx\/tienda\/","logo":{"@type":"ImageObject","inLanguage":"es-MX","@id":"https:\/\/compuviper.mx\/tienda\/#\/schema\/logo\/image\/","url":"https:\/\/compuviper.mx\/tienda\/wp-content\/uploads\/2021\/08\/Logo-Compuviper-10.png","contentUrl":"https:\/\/compuviper.mx\/tienda\/wp-content\/uploads\/2021\/08\/Logo-Compuviper-10.png","width":1000,"height":500,"caption":"Compuviper"},"image":{"@id":"https:\/\/compuviper.mx\/tienda\/#\/schema\/logo\/image\/"},"sameAs":["https:\/\/www.facebook.com\/compuviper","https:\/\/www.youtube.com\/channel\/UCf73dERp9Y3cfOq7q8BhLjA?view_as=subscriber"]}]},"product_brand":"EPSON","product_price_amount":"12186","product_price_currency":"MXN","og_availability":"out of stock","product_availability":"out of stock","product_retailer_item_id":"V11HB72020","product_condition":"new"},"_links":{"self":[{"href":"https:\/\/compuviper.mx\/tienda\/wp-json\/wp\/v2\/product\/267183"}],"collection":[{"href":"https:\/\/compuviper.mx\/tienda\/wp-json\/wp\/v2\/product"}],"about":[{"href":"https:\/\/compuviper.mx\/tienda\/wp-json\/wp\/v2\/types\/product"}],"replies":[{"embeddable":true,"href":"https:\/\/compuviper.mx\/tienda\/wp-json\/wp\/v2\/comments?post=267183"}],"wp:attachment":[{"href":"https:\/\/compuviper.mx\/tienda\/wp-json\/wp\/v2\/media?parent=267183"}],"wp:term":[{"taxonomy":"product_cat","embeddable":true,"href":"https:\/\/compuviper.mx\/tienda\/wp-json\/wp\/v2\/product_cat?post=267183"},{"taxonomy":"product_tag","embeddable":true,"href":"https:\/\/compuviper.mx\/tienda\/wp-json\/wp\/v2\/product_tag?post=267183"}],"curies":[{"name":"wp","href":"https:\/\/api.w.org\/{rel}","templated":true}]}}