{"id":267070,"date":"2026-04-10T00:39:58","date_gmt":"2026-04-10T06:39:58","guid":{"rendered":"https:\/\/compuviper.mx\/tienda\/producto\/msi-b550m-a-pro-mb-b550-amd-s-am4-3a-gen-2xdrr4-3200mhz-pcie-4-0-hdmi-dvi-4xusb-3-2-m-2-micro-atx-gama-media\/"},"modified":"2026-04-10T00:39:58","modified_gmt":"2026-04-10T06:39:58","slug":"msi-oem-b550m-a-pro-mb-msi-b550-amd-s-am4-3a-gen-2xdrr4-3200mhz-pcie-4-0-hdmi-dvi-4xusb-3-2-m-2-micro-atx-gama-media","status":"publish","type":"product","link":"https:\/\/compuviper.mx\/tienda\/producto\/msi-oem-b550m-a-pro-mb-msi-b550-amd-s-am4-3a-gen-2xdrr4-3200mhz-pcie-4-0-hdmi-dvi-4xusb-3-2-m-2-micro-atx-gama-media\/","title":{"rendered":"Msi Oem B550m-a Pro Mb Msi B550 Amd S-am4 3a Gen\/2xdrr4 3200mhz\/pcie 4.0\/hdmi\/dvi\/4xusb 3.2\/m.2\/micro Atx\/gama Media"},"content":{"rendered":"<table class=\"descripcion\">\n<tr>\n<td>Ddr4 memory:supports ddr4 1866\/ 2133\/ 2400\/ 2667\/ 2800\/ 2933\/ 3000\/ 3066\/ 3200 mhz by jedec:supports ddr4 2667\/ 2800 \/2933 \/3000 \/3066 \/3200 \/3466 \/3600\/ 3733 \/3866 \/4000 \/4133 \/4266 \/4400\/ 4600+ mhz by a-xmp oc mode<\/td>\n<\/tr>\n<tr>\n<td>Socket:amd socket: am4<\/td>\n<\/tr>\n<tr>\n<td>Cpu (max soportado):support 3rd gen amd ryzen\u0099 desktop processors and amd ryzen\u00994000 g-series desktop processors<\/td>\n<\/tr>\n<tr>\n<td>M.2 port:1<\/td>\n<\/tr>\n<tr>\n<td>Serial ports(front):1<\/td>\n<\/tr>\n<tr>\n<td>Chipset:amd\u00ae b550 chipset<\/td>\n<\/tr>\n<tr>\n<td>Canal de memoria:dual<\/td>\n<\/tr>\n<tr>\n<td>Usb 3.2 ports (front) 2(gen 1, type a)<\/td>\n<\/tr>\n<tr>\n<td>Usb 3.2 ports (rear) 4(gen 1, type a)<\/td>\n<\/tr>\n<tr>\n<td>Max memoria (gb):64<\/td>\n<\/tr>\n<tr>\n<td>Pci-ex16:1<\/td>\n<\/tr>\n<tr>\n<td>Pci-e gen:gen4 \/ gen3<\/td>\n<\/tr>\n<tr>\n<td>Pci-ex1:1<\/td>\n<\/tr>\n<tr>\n<td>Sataiii:4<\/td>\n<\/tr>\n<tr>\n<td>Usb 2.0 ports (front) 4<\/td>\n<\/tr>\n<tr>\n<td>Lan:1x realtek\u00ae rtl8111h gigabit lan<\/td>\n<\/tr>\n<tr>\n<td>Tpm:1<\/td>\n<\/tr>\n<tr>\n<td>Puertos usb 2.0 (posterior) 2 (type a)<\/td>\n<\/tr>\n<tr>\n<td>Puerto audio (posterior) 3 hd audio connectors<\/td>\n<\/tr>\n<tr>\n<td>Hdmi:1<\/td>\n<\/tr>\n<tr>\n<td>Directx:12<\/td>\n<\/tr>\n<tr>\n<td>Form factor:matx<\/td>\n<\/tr>\n<tr>\n<td>Dvi-d:1<\/td>\n<\/tr>\n<tr>\n<td>Operating system:support for windows\u00ae 10 64-bit<\/td>\n<\/tr>\n<\/table>\n","protected":false},"excerpt":{"rendered":"<p>La serie pro ayuda a los usuarios a trabajar de forma m\u00e1s inteligente al ofrecer una experiencia eficiente y productiva. Con una funcionalidad estable y un ensamblaje de alta calidad, las placas base de la serie pro no solo brindan flujos de trabajo profesionales optimizados, sino tambi\u00e9n menos resoluci\u00f3n de problemas y mayor durabilidad. Las ranuras msi pci express steel armor est\u00e1n aseguradas a la placa base con puntos de soldadura adicionales y soportan el peso de tarjetas gr\u00e1ficas pesadas. Cuando todas las ventajas en los juegos cuentan, steel armor protege el punto de contacto de la interferencia electromagn\u00e9tica. Las placas base de la serie msi pro son compatibles con los \u00faltimos est\u00e1ndares de almacenamiento, lo que permite a los usuarios conectar cualquier dispositivo de almacenamiento ultrarr\u00e1pido. Una mayor eficiencia facilita el trabajo. .Un dise\u00f1o mejorado de la pcb con 2 onzas de cobre espeso aumenta la conductividad, mejorando la disipaci\u00f3n del calor y la fiabilidad del rendimiento, especialmente durante el overclocking. B550m-a pro. Admite procesadores de escritorio amd ryzen\u0099 de tercera generaci\u00f3n y procesadores de escritorio amd ryzen\u0099 4000 serie g. Admite memoria ddr4, hasta 4600(oc) mhz. Experiencia ultrarr\u00e1pida: pcie 4.0, lightning gen4 x4 m.2. Core boost: con dise\u00f1o premium y dise\u00f1o de energ\u00eda digital para admitir m\u00e1s n\u00facleos y brindar un mejor rendimiento. Ddr4 boost: tecnolog\u00eda avanzada para brindar se\u00f1ales de datos puras para el mejor rendimiento y estabilidad. Pcb de cobre engrosado de 2 oz: un dise\u00f1o de pcb mejorado mejora la disipaci\u00f3n de calor y la confiabilidad del rendimiento. Audio boost: premia tus o\u00eddos con una calidad de sonido de nivel de estudio. Dragon center: un nuevo software que integra todas las herramientas exclusivas de msi con una interfaz de usuario f\u00e1cil de usar.<\/p>\n","protected":false},"featured_media":267071,"comment_status":"open","ping_status":"open","template":"","meta":[],"product_cat":[1734,1727],"product_tag":[2322],"acf":[],"yoast_head":"<!-- This site is optimized with the Yoast SEO plugin v21.7 - https:\/\/yoast.com\/wordpress\/plugins\/seo\/ -->\n<title>[ Msi Oem ] &#129351; B550m-a Pro Mb Msi B550 Amd S-am4 3a Gen\/2xdrr4 3200mhz\/pcie 4.0\/hdmi\/dvi\/4xusb 3.2\/m.2\/micro Atx\/gama Media<\/title>\n<meta name=\"description\" content=\"Compra B550m-a Pro Mb Msi B550 Amd S-am4 3a Gen\/2xdrr4 3200mhz\/pcie 4.0\/hdmi\/dvi\/4xusb 3.2\/m.2\/micro Atx\/gama Media + Env\u00edo a domicilio + Pago seguro + Garant\u00eda\" \/>\n<meta name=\"robots\" content=\"index, follow, max-snippet:-1, max-image-preview:large, max-video-preview:-1\" \/>\n<link rel=\"canonical\" href=\"https:\/\/compuviper.mx\/tienda\/producto\/msi-oem-b550m-a-pro-mb-msi-b550-amd-s-am4-3a-gen-2xdrr4-3200mhz-pcie-4-0-hdmi-dvi-4xusb-3-2-m-2-micro-atx-gama-media\/\" \/>\n<meta property=\"og:locale\" content=\"es_MX\" \/>\n<meta property=\"og:type\" content=\"article\" \/>\n<meta property=\"og:title\" content=\"[ Msi Oem ] &#129351; B550m-a Pro Mb Msi B550 Amd S-am4 3a Gen\/2xdrr4 3200mhz\/pcie 4.0\/hdmi\/dvi\/4xusb 3.2\/m.2\/micro Atx\/gama Media\" \/>\n<meta property=\"og:description\" content=\"Compra B550m-a Pro Mb Msi B550 Amd S-am4 3a Gen\/2xdrr4 3200mhz\/pcie 4.0\/hdmi\/dvi\/4xusb 3.2\/m.2\/micro Atx\/gama Media + Env\u00edo a domicilio + Pago seguro + Garant\u00eda\" \/>\n<meta property=\"og:url\" content=\"https:\/\/compuviper.mx\/tienda\/producto\/msi-oem-b550m-a-pro-mb-msi-b550-amd-s-am4-3a-gen-2xdrr4-3200mhz-pcie-4-0-hdmi-dvi-4xusb-3-2-m-2-micro-atx-gama-media\/\" \/>\n<meta property=\"og:site_name\" content=\"Compuviper\" \/>\n<meta property=\"article:publisher\" content=\"https:\/\/www.facebook.com\/compuviper\" \/>\n<meta property=\"og:image\" content=\"https:\/\/compuviper.mx\/tienda\/wp-content\/uploads\/2026\/02\/Mb-msi-b550-amd-s-am4-3a-gen2xdrr4-3200mhzpcie-4.0hdmidvi4xusb-3.2m.2micro-atxgama-media.jpg\" \/>\n\t<meta property=\"og:image:width\" content=\"200\" \/>\n\t<meta property=\"og:image:height\" content=\"200\" \/>\n\t<meta property=\"og:image:type\" content=\"image\/jpeg\" \/>\n<meta name=\"twitter:card\" content=\"summary_large_image\" \/>\n<meta name=\"twitter:label1\" content=\"Precio\" \/>\n\t<meta name=\"twitter:data1\" content=\"&#36;1,188 con IVA\" \/>\n\t<meta name=\"twitter:label2\" content=\"Availability\" \/>\n\t<meta name=\"twitter:data2\" content=\"In stock\" \/>\n<script type=\"application\/ld+json\" class=\"yoast-schema-graph\">{\"@context\":\"https:\/\/schema.org\",\"@graph\":[{\"@type\":\"WebPage\",\"@id\":\"https:\/\/compuviper.mx\/tienda\/producto\/msi-oem-b550m-a-pro-mb-msi-b550-amd-s-am4-3a-gen-2xdrr4-3200mhz-pcie-4-0-hdmi-dvi-4xusb-3-2-m-2-micro-atx-gama-media\/\",\"url\":\"https:\/\/compuviper.mx\/tienda\/producto\/msi-oem-b550m-a-pro-mb-msi-b550-amd-s-am4-3a-gen-2xdrr4-3200mhz-pcie-4-0-hdmi-dvi-4xusb-3-2-m-2-micro-atx-gama-media\/\",\"name\":\"[ Msi Oem ] &#129351; B550m-a Pro Mb Msi B550 Amd S-am4 3a Gen\/2xdrr4 3200mhz\/pcie 4.0\/hdmi\/dvi\/4xusb 3.2\/m.2\/micro Atx\/gama Media\",\"isPartOf\":{\"@id\":\"https:\/\/compuviper.mx\/tienda\/#website\"},\"datePublished\":\"2026-04-10T06:39:58+00:00\",\"dateModified\":\"2026-04-10T06:39:58+00:00\",\"description\":\"Compra B550m-a Pro Mb Msi B550 Amd S-am4 3a Gen\/2xdrr4 3200mhz\/pcie 4.0\/hdmi\/dvi\/4xusb 3.2\/m.2\/micro Atx\/gama Media + Env\u00edo a domicilio + Pago seguro + Garant\u00eda\",\"breadcrumb\":{\"@id\":\"https:\/\/compuviper.mx\/tienda\/producto\/msi-oem-b550m-a-pro-mb-msi-b550-amd-s-am4-3a-gen-2xdrr4-3200mhz-pcie-4-0-hdmi-dvi-4xusb-3-2-m-2-micro-atx-gama-media\/#breadcrumb\"},\"inLanguage\":\"es-MX\",\"potentialAction\":[{\"@type\":\"ReadAction\",\"target\":[\"https:\/\/compuviper.mx\/tienda\/producto\/msi-oem-b550m-a-pro-mb-msi-b550-amd-s-am4-3a-gen-2xdrr4-3200mhz-pcie-4-0-hdmi-dvi-4xusb-3-2-m-2-micro-atx-gama-media\/\"]}]},{\"@type\":\"BreadcrumbList\",\"@id\":\"https:\/\/compuviper.mx\/tienda\/producto\/msi-oem-b550m-a-pro-mb-msi-b550-amd-s-am4-3a-gen-2xdrr4-3200mhz-pcie-4-0-hdmi-dvi-4xusb-3-2-m-2-micro-atx-gama-media\/#breadcrumb\",\"itemListElement\":[{\"@type\":\"ListItem\",\"position\":1,\"name\":\"Inicio\",\"item\":\"https:\/\/compuviper.mx\/tienda\/\"},{\"@type\":\"ListItem\",\"position\":2,\"name\":\"Productos\",\"item\":\"https:\/\/compuviper.mx\/tienda\/productos\/\"},{\"@type\":\"ListItem\",\"position\":3,\"name\":\"Tarjeta Madre\",\"item\":\"https:\/\/compuviper.mx\/tienda\/categoria-producto\/tarjeta-madre\/\"},{\"@type\":\"ListItem\",\"position\":4,\"name\":\"Socket Am4\",\"item\":\"https:\/\/compuviper.mx\/tienda\/categoria-producto\/tarjeta-madre\/socket-am4\/\"},{\"@type\":\"ListItem\",\"position\":5,\"name\":\"Msi Oem B550m-a Pro Mb Msi B550 Amd S-am4 3a Gen\/2xdrr4 3200mhz\/pcie 4.0\/hdmi\/dvi\/4xusb 3.2\/m.2\/micro Atx\/gama Media\"}]},{\"@type\":\"WebSite\",\"@id\":\"https:\/\/compuviper.mx\/tienda\/#website\",\"url\":\"https:\/\/compuviper.mx\/tienda\/\",\"name\":\"Compuviper\",\"description\":\"Proveedor de Computadoras, Laptops, Servidores, Monitores, Puntos de Venta, Teclados,   Impresoras, T\u00f3ner, C\u00e1maras de Seguridad y m\u00e1s en tu tienda en l\u00ednea\",\"publisher\":{\"@id\":\"https:\/\/compuviper.mx\/tienda\/#organization\"},\"potentialAction\":[{\"@type\":\"SearchAction\",\"target\":{\"@type\":\"EntryPoint\",\"urlTemplate\":\"https:\/\/compuviper.mx\/tienda\/?s={search_term_string}\"},\"query-input\":\"required name=search_term_string\"}],\"inLanguage\":\"es-MX\"},{\"@type\":\"Organization\",\"@id\":\"https:\/\/compuviper.mx\/tienda\/#organization\",\"name\":\"Compuviper\",\"url\":\"https:\/\/compuviper.mx\/tienda\/\",\"logo\":{\"@type\":\"ImageObject\",\"inLanguage\":\"es-MX\",\"@id\":\"https:\/\/compuviper.mx\/tienda\/#\/schema\/logo\/image\/\",\"url\":\"https:\/\/compuviper.mx\/tienda\/wp-content\/uploads\/2021\/08\/Logo-Compuviper-10.png\",\"contentUrl\":\"https:\/\/compuviper.mx\/tienda\/wp-content\/uploads\/2021\/08\/Logo-Compuviper-10.png\",\"width\":1000,\"height\":500,\"caption\":\"Compuviper\"},\"image\":{\"@id\":\"https:\/\/compuviper.mx\/tienda\/#\/schema\/logo\/image\/\"},\"sameAs\":[\"https:\/\/www.facebook.com\/compuviper\",\"https:\/\/www.youtube.com\/channel\/UCf73dERp9Y3cfOq7q8BhLjA?view_as=subscriber\"]}]}<\/script>\n<meta property=\"product:brand\" content=\"Msi Oem\" \/>\n<meta property=\"product:price:amount\" content=\"1188\" \/>\n<meta property=\"product:price:currency\" content=\"MXN\" \/>\n<meta property=\"og:availability\" content=\"instock\" \/>\n<meta property=\"product:availability\" content=\"instock\" \/>\n<meta property=\"product:retailer_item_id\" content=\"B550M-A PRO\" \/>\n<meta property=\"product:condition\" content=\"new\" \/>\n<!-- \/ Yoast SEO plugin. -->","yoast_head_json":{"title":"[ Msi Oem ] &#129351; B550m-a Pro Mb Msi B550 Amd S-am4 3a Gen\/2xdrr4 3200mhz\/pcie 4.0\/hdmi\/dvi\/4xusb 3.2\/m.2\/micro Atx\/gama Media","description":"Compra B550m-a Pro Mb Msi B550 Amd S-am4 3a Gen\/2xdrr4 3200mhz\/pcie 4.0\/hdmi\/dvi\/4xusb 3.2\/m.2\/micro Atx\/gama Media + Env\u00edo a domicilio + Pago seguro + Garant\u00eda","robots":{"index":"index","follow":"follow","max-snippet":"max-snippet:-1","max-image-preview":"max-image-preview:large","max-video-preview":"max-video-preview:-1"},"canonical":"https:\/\/compuviper.mx\/tienda\/producto\/msi-oem-b550m-a-pro-mb-msi-b550-amd-s-am4-3a-gen-2xdrr4-3200mhz-pcie-4-0-hdmi-dvi-4xusb-3-2-m-2-micro-atx-gama-media\/","og_locale":"es_MX","og_type":"article","og_title":"[ Msi Oem ] &#129351; B550m-a Pro Mb Msi B550 Amd S-am4 3a Gen\/2xdrr4 3200mhz\/pcie 4.0\/hdmi\/dvi\/4xusb 3.2\/m.2\/micro Atx\/gama Media","og_description":"Compra B550m-a Pro Mb Msi B550 Amd S-am4 3a Gen\/2xdrr4 3200mhz\/pcie 4.0\/hdmi\/dvi\/4xusb 3.2\/m.2\/micro Atx\/gama Media + Env\u00edo a domicilio + Pago seguro + Garant\u00eda","og_url":"https:\/\/compuviper.mx\/tienda\/producto\/msi-oem-b550m-a-pro-mb-msi-b550-amd-s-am4-3a-gen-2xdrr4-3200mhz-pcie-4-0-hdmi-dvi-4xusb-3-2-m-2-micro-atx-gama-media\/","og_site_name":"Compuviper","article_publisher":"https:\/\/www.facebook.com\/compuviper","og_image":[{"width":200,"height":200,"url":"https:\/\/compuviper.mx\/tienda\/wp-content\/uploads\/2026\/02\/Mb-msi-b550-amd-s-am4-3a-gen2xdrr4-3200mhzpcie-4.0hdmidvi4xusb-3.2m.2micro-atxgama-media.jpg","type":"image\/jpeg"}],"twitter_card":"summary_large_image","twitter_misc":{"Precio":"&#36;1,188 con IVA","Availability":"In stock"},"schema":{"@context":"https:\/\/schema.org","@graph":[{"@type":"WebPage","@id":"https:\/\/compuviper.mx\/tienda\/producto\/msi-oem-b550m-a-pro-mb-msi-b550-amd-s-am4-3a-gen-2xdrr4-3200mhz-pcie-4-0-hdmi-dvi-4xusb-3-2-m-2-micro-atx-gama-media\/","url":"https:\/\/compuviper.mx\/tienda\/producto\/msi-oem-b550m-a-pro-mb-msi-b550-amd-s-am4-3a-gen-2xdrr4-3200mhz-pcie-4-0-hdmi-dvi-4xusb-3-2-m-2-micro-atx-gama-media\/","name":"[ Msi Oem ] &#129351; B550m-a Pro Mb Msi B550 Amd S-am4 3a Gen\/2xdrr4 3200mhz\/pcie 4.0\/hdmi\/dvi\/4xusb 3.2\/m.2\/micro Atx\/gama Media","isPartOf":{"@id":"https:\/\/compuviper.mx\/tienda\/#website"},"datePublished":"2026-04-10T06:39:58+00:00","dateModified":"2026-04-10T06:39:58+00:00","description":"Compra B550m-a Pro Mb Msi B550 Amd S-am4 3a Gen\/2xdrr4 3200mhz\/pcie 4.0\/hdmi\/dvi\/4xusb 3.2\/m.2\/micro Atx\/gama Media + Env\u00edo a domicilio + Pago seguro + Garant\u00eda","breadcrumb":{"@id":"https:\/\/compuviper.mx\/tienda\/producto\/msi-oem-b550m-a-pro-mb-msi-b550-amd-s-am4-3a-gen-2xdrr4-3200mhz-pcie-4-0-hdmi-dvi-4xusb-3-2-m-2-micro-atx-gama-media\/#breadcrumb"},"inLanguage":"es-MX","potentialAction":[{"@type":"ReadAction","target":["https:\/\/compuviper.mx\/tienda\/producto\/msi-oem-b550m-a-pro-mb-msi-b550-amd-s-am4-3a-gen-2xdrr4-3200mhz-pcie-4-0-hdmi-dvi-4xusb-3-2-m-2-micro-atx-gama-media\/"]}]},{"@type":"BreadcrumbList","@id":"https:\/\/compuviper.mx\/tienda\/producto\/msi-oem-b550m-a-pro-mb-msi-b550-amd-s-am4-3a-gen-2xdrr4-3200mhz-pcie-4-0-hdmi-dvi-4xusb-3-2-m-2-micro-atx-gama-media\/#breadcrumb","itemListElement":[{"@type":"ListItem","position":1,"name":"Inicio","item":"https:\/\/compuviper.mx\/tienda\/"},{"@type":"ListItem","position":2,"name":"Productos","item":"https:\/\/compuviper.mx\/tienda\/productos\/"},{"@type":"ListItem","position":3,"name":"Tarjeta Madre","item":"https:\/\/compuviper.mx\/tienda\/categoria-producto\/tarjeta-madre\/"},{"@type":"ListItem","position":4,"name":"Socket Am4","item":"https:\/\/compuviper.mx\/tienda\/categoria-producto\/tarjeta-madre\/socket-am4\/"},{"@type":"ListItem","position":5,"name":"Msi Oem B550m-a Pro Mb Msi B550 Amd S-am4 3a Gen\/2xdrr4 3200mhz\/pcie 4.0\/hdmi\/dvi\/4xusb 3.2\/m.2\/micro Atx\/gama Media"}]},{"@type":"WebSite","@id":"https:\/\/compuviper.mx\/tienda\/#website","url":"https:\/\/compuviper.mx\/tienda\/","name":"Compuviper","description":"Proveedor de Computadoras, Laptops, Servidores, Monitores, Puntos de Venta, Teclados,   Impresoras, T\u00f3ner, C\u00e1maras de Seguridad y m\u00e1s en tu tienda en l\u00ednea","publisher":{"@id":"https:\/\/compuviper.mx\/tienda\/#organization"},"potentialAction":[{"@type":"SearchAction","target":{"@type":"EntryPoint","urlTemplate":"https:\/\/compuviper.mx\/tienda\/?s={search_term_string}"},"query-input":"required name=search_term_string"}],"inLanguage":"es-MX"},{"@type":"Organization","@id":"https:\/\/compuviper.mx\/tienda\/#organization","name":"Compuviper","url":"https:\/\/compuviper.mx\/tienda\/","logo":{"@type":"ImageObject","inLanguage":"es-MX","@id":"https:\/\/compuviper.mx\/tienda\/#\/schema\/logo\/image\/","url":"https:\/\/compuviper.mx\/tienda\/wp-content\/uploads\/2021\/08\/Logo-Compuviper-10.png","contentUrl":"https:\/\/compuviper.mx\/tienda\/wp-content\/uploads\/2021\/08\/Logo-Compuviper-10.png","width":1000,"height":500,"caption":"Compuviper"},"image":{"@id":"https:\/\/compuviper.mx\/tienda\/#\/schema\/logo\/image\/"},"sameAs":["https:\/\/www.facebook.com\/compuviper","https:\/\/www.youtube.com\/channel\/UCf73dERp9Y3cfOq7q8BhLjA?view_as=subscriber"]}]},"product_brand":"Msi Oem","product_price_amount":"1188","product_price_currency":"MXN","og_availability":"instock","product_availability":"instock","product_retailer_item_id":"B550M-A PRO","product_condition":"new"},"_links":{"self":[{"href":"https:\/\/compuviper.mx\/tienda\/wp-json\/wp\/v2\/product\/267070"}],"collection":[{"href":"https:\/\/compuviper.mx\/tienda\/wp-json\/wp\/v2\/product"}],"about":[{"href":"https:\/\/compuviper.mx\/tienda\/wp-json\/wp\/v2\/types\/product"}],"replies":[{"embeddable":true,"href":"https:\/\/compuviper.mx\/tienda\/wp-json\/wp\/v2\/comments?post=267070"}],"wp:featuredmedia":[{"embeddable":true,"href":"https:\/\/compuviper.mx\/tienda\/wp-json\/wp\/v2\/media\/267071"}],"wp:attachment":[{"href":"https:\/\/compuviper.mx\/tienda\/wp-json\/wp\/v2\/media?parent=267070"}],"wp:term":[{"taxonomy":"product_cat","embeddable":true,"href":"https:\/\/compuviper.mx\/tienda\/wp-json\/wp\/v2\/product_cat?post=267070"},{"taxonomy":"product_tag","embeddable":true,"href":"https:\/\/compuviper.mx\/tienda\/wp-json\/wp\/v2\/product_tag?post=267070"}],"curies":[{"name":"wp","href":"https:\/\/api.w.org\/{rel}","templated":true}]}}