{"id":266903,"date":"2026-04-02T01:51:56","date_gmt":"2026-04-02T07:51:56","guid":{"rendered":"https:\/\/compuviper.mx\/tienda\/producto\/lenovo-4x77a88051-memoria-thinksystem-32-gb-truddr5-5600-mhz-2rx8-rdimm\/"},"modified":"2026-04-02T01:51:56","modified_gmt":"2026-04-02T07:51:56","slug":"lenovo-4x77a88051-memoria-thinksystem-32-gb-truddr5-5600-mhz-2rx8-rdimm","status":"publish","type":"product","link":"https:\/\/compuviper.mx\/tienda\/producto\/lenovo-4x77a88051-memoria-thinksystem-32-gb-truddr5-5600-mhz-2rx8-rdimm\/","title":{"rendered":"Lenovo 4x77a88051 Memoria  Thinksystem 32 Gb Truddr5 5600 Mhz (2rx8) Rdimm"},"content":{"rendered":"<table class=\"descripcion\">\n<tr>\n<td>Tipo de memoria interna: ddr5<\/td>\n<\/tr>\n<tr>\n<td>Memoria interna: 32gb<\/td>\n<\/tr>\n<tr>\n<td>Velocidad de memoria del reloj: 5600mhz<\/td>\n<\/tr>\n<tr>\n<td>Latencia cas: cl46<\/td>\n<\/tr>\n<\/table>\n","protected":false},"excerpt":{"rendered":"<p>La memoria thinksystem truddr5 ofrece calidad, rendimiento y fiabilidad comprobados en todo el portafolio thinksystem. Utilizamos componentes de memoria de la m\u00e1s alta calidad, conforme a los est\u00e1ndares del sector, procedentes de proveedores de dram de primer nivel. Solo la memoria que cumple estos estrictos requisitos se selecciona para los servidores lenovo. Posteriormente, se prueba su compatibilidad y se optimiza en cada servidor thinksystem para maximizar la fiabilidad.<\/p>\n","protected":false},"featured_media":267044,"comment_status":"open","ping_status":"open","template":"","meta":[],"product_cat":[1793,1797],"product_tag":[1578],"acf":[],"yoast_head":"<!-- This site is optimized with the Yoast SEO plugin v21.7 - https:\/\/yoast.com\/wordpress\/plugins\/seo\/ -->\n<title>[ Lenovo ] &#129351; 4x77a88051 Memoria Thinksystem 32 Gb Truddr5 5600 Mhz (2rx8) Rdimm<\/title>\n<meta name=\"description\" content=\"Compra 4x77a88051 Memoria Thinksystem 32 Gb Truddr5 5600 Mhz (2rx8) Rdimm + Env\u00edo a domicilio + Pago seguro + Garant\u00eda\" \/>\n<meta name=\"robots\" content=\"index, follow, max-snippet:-1, max-image-preview:large, max-video-preview:-1\" \/>\n<link rel=\"canonical\" href=\"https:\/\/compuviper.mx\/tienda\/producto\/lenovo-4x77a88051-memoria-thinksystem-32-gb-truddr5-5600-mhz-2rx8-rdimm\/\" \/>\n<meta property=\"og:locale\" content=\"es_MX\" \/>\n<meta property=\"og:type\" content=\"article\" \/>\n<meta property=\"og:title\" content=\"[ Lenovo ] &#129351; 4x77a88051 Memoria Thinksystem 32 Gb Truddr5 5600 Mhz (2rx8) Rdimm\" \/>\n<meta property=\"og:description\" content=\"Compra 4x77a88051 Memoria Thinksystem 32 Gb Truddr5 5600 Mhz (2rx8) Rdimm + Env\u00edo a domicilio + Pago seguro + Garant\u00eda\" \/>\n<meta property=\"og:url\" content=\"https:\/\/compuviper.mx\/tienda\/producto\/lenovo-4x77a88051-memoria-thinksystem-32-gb-truddr5-5600-mhz-2rx8-rdimm\/\" \/>\n<meta property=\"og:site_name\" content=\"Compuviper\" \/>\n<meta property=\"article:publisher\" content=\"https:\/\/www.facebook.com\/compuviper\" \/>\n<meta property=\"og:image\" content=\"https:\/\/compuviper.mx\/tienda\/wp-content\/uploads\/2026\/02\/Memoria-lenovo-thinksystem-32-gb-truddr5-5600-mhz-2rx8-rdimm.jpg\" \/>\n\t<meta property=\"og:image:width\" content=\"200\" \/>\n\t<meta property=\"og:image:height\" content=\"200\" \/>\n\t<meta property=\"og:image:type\" content=\"image\/jpeg\" \/>\n<meta name=\"twitter:card\" content=\"summary_large_image\" \/>\n<meta name=\"twitter:label1\" content=\"Precio\" \/>\n\t<meta name=\"twitter:data1\" content=\"&#36;40,884 con IVA\" \/>\n\t<meta name=\"twitter:label2\" content=\"Availability\" \/>\n\t<meta name=\"twitter:data2\" content=\"On backorder\" \/>\n<script type=\"application\/ld+json\" class=\"yoast-schema-graph\">{\"@context\":\"https:\/\/schema.org\",\"@graph\":[{\"@type\":\"WebPage\",\"@id\":\"https:\/\/compuviper.mx\/tienda\/producto\/lenovo-4x77a88051-memoria-thinksystem-32-gb-truddr5-5600-mhz-2rx8-rdimm\/\",\"url\":\"https:\/\/compuviper.mx\/tienda\/producto\/lenovo-4x77a88051-memoria-thinksystem-32-gb-truddr5-5600-mhz-2rx8-rdimm\/\",\"name\":\"[ Lenovo ] &#129351; 4x77a88051 Memoria Thinksystem 32 Gb Truddr5 5600 Mhz (2rx8) Rdimm\",\"isPartOf\":{\"@id\":\"https:\/\/compuviper.mx\/tienda\/#website\"},\"datePublished\":\"2026-04-02T07:51:56+00:00\",\"dateModified\":\"2026-04-02T07:51:56+00:00\",\"description\":\"Compra 4x77a88051 Memoria Thinksystem 32 Gb Truddr5 5600 Mhz (2rx8) Rdimm + Env\u00edo a domicilio + Pago seguro + Garant\u00eda\",\"breadcrumb\":{\"@id\":\"https:\/\/compuviper.mx\/tienda\/producto\/lenovo-4x77a88051-memoria-thinksystem-32-gb-truddr5-5600-mhz-2rx8-rdimm\/#breadcrumb\"},\"inLanguage\":\"es-MX\",\"potentialAction\":[{\"@type\":\"ReadAction\",\"target\":[\"https:\/\/compuviper.mx\/tienda\/producto\/lenovo-4x77a88051-memoria-thinksystem-32-gb-truddr5-5600-mhz-2rx8-rdimm\/\"]}]},{\"@type\":\"BreadcrumbList\",\"@id\":\"https:\/\/compuviper.mx\/tienda\/producto\/lenovo-4x77a88051-memoria-thinksystem-32-gb-truddr5-5600-mhz-2rx8-rdimm\/#breadcrumb\",\"itemListElement\":[{\"@type\":\"ListItem\",\"position\":1,\"name\":\"Inicio\",\"item\":\"https:\/\/compuviper.mx\/tienda\/\"},{\"@type\":\"ListItem\",\"position\":2,\"name\":\"Productos\",\"item\":\"https:\/\/compuviper.mx\/tienda\/productos\/\"},{\"@type\":\"ListItem\",\"position\":3,\"name\":\"Memorias\",\"item\":\"https:\/\/compuviper.mx\/tienda\/categoria-producto\/memorias\/\"},{\"@type\":\"ListItem\",\"position\":4,\"name\":\"Memoria Ram\",\"item\":\"https:\/\/compuviper.mx\/tienda\/categoria-producto\/memorias\/memoria-ram\/\"},{\"@type\":\"ListItem\",\"position\":5,\"name\":\"Lenovo 4x77a88051 Memoria Thinksystem 32 Gb Truddr5 5600 Mhz (2rx8) Rdimm\"}]},{\"@type\":\"WebSite\",\"@id\":\"https:\/\/compuviper.mx\/tienda\/#website\",\"url\":\"https:\/\/compuviper.mx\/tienda\/\",\"name\":\"Compuviper\",\"description\":\"Proveedor de Computadoras, Laptops, Servidores, Monitores, Puntos de Venta, Teclados,   Impresoras, T\u00f3ner, C\u00e1maras de Seguridad y m\u00e1s en tu tienda en l\u00ednea\",\"publisher\":{\"@id\":\"https:\/\/compuviper.mx\/tienda\/#organization\"},\"potentialAction\":[{\"@type\":\"SearchAction\",\"target\":{\"@type\":\"EntryPoint\",\"urlTemplate\":\"https:\/\/compuviper.mx\/tienda\/?s={search_term_string}\"},\"query-input\":\"required name=search_term_string\"}],\"inLanguage\":\"es-MX\"},{\"@type\":\"Organization\",\"@id\":\"https:\/\/compuviper.mx\/tienda\/#organization\",\"name\":\"Compuviper\",\"url\":\"https:\/\/compuviper.mx\/tienda\/\",\"logo\":{\"@type\":\"ImageObject\",\"inLanguage\":\"es-MX\",\"@id\":\"https:\/\/compuviper.mx\/tienda\/#\/schema\/logo\/image\/\",\"url\":\"https:\/\/compuviper.mx\/tienda\/wp-content\/uploads\/2021\/08\/Logo-Compuviper-10.png\",\"contentUrl\":\"https:\/\/compuviper.mx\/tienda\/wp-content\/uploads\/2021\/08\/Logo-Compuviper-10.png\",\"width\":1000,\"height\":500,\"caption\":\"Compuviper\"},\"image\":{\"@id\":\"https:\/\/compuviper.mx\/tienda\/#\/schema\/logo\/image\/\"},\"sameAs\":[\"https:\/\/www.facebook.com\/compuviper\",\"https:\/\/www.youtube.com\/channel\/UCf73dERp9Y3cfOq7q8BhLjA?view_as=subscriber\"]}]}<\/script>\n<meta property=\"product:brand\" content=\"LENOVO\" \/>\n<meta property=\"product:price:amount\" content=\"40884\" \/>\n<meta property=\"product:price:currency\" content=\"MXN\" \/>\n<meta property=\"og:availability\" content=\"backorder\" \/>\n<meta property=\"product:availability\" content=\"available for order\" \/>\n<meta property=\"product:retailer_item_id\" content=\"4X77A88051\" \/>\n<meta property=\"product:condition\" content=\"new\" \/>\n<!-- \/ Yoast SEO plugin. -->","yoast_head_json":{"title":"[ Lenovo ] &#129351; 4x77a88051 Memoria Thinksystem 32 Gb Truddr5 5600 Mhz (2rx8) Rdimm","description":"Compra 4x77a88051 Memoria Thinksystem 32 Gb Truddr5 5600 Mhz (2rx8) Rdimm + Env\u00edo a domicilio + Pago seguro + Garant\u00eda","robots":{"index":"index","follow":"follow","max-snippet":"max-snippet:-1","max-image-preview":"max-image-preview:large","max-video-preview":"max-video-preview:-1"},"canonical":"https:\/\/compuviper.mx\/tienda\/producto\/lenovo-4x77a88051-memoria-thinksystem-32-gb-truddr5-5600-mhz-2rx8-rdimm\/","og_locale":"es_MX","og_type":"article","og_title":"[ Lenovo ] &#129351; 4x77a88051 Memoria Thinksystem 32 Gb Truddr5 5600 Mhz (2rx8) Rdimm","og_description":"Compra 4x77a88051 Memoria Thinksystem 32 Gb Truddr5 5600 Mhz (2rx8) Rdimm + Env\u00edo a domicilio + Pago seguro + Garant\u00eda","og_url":"https:\/\/compuviper.mx\/tienda\/producto\/lenovo-4x77a88051-memoria-thinksystem-32-gb-truddr5-5600-mhz-2rx8-rdimm\/","og_site_name":"Compuviper","article_publisher":"https:\/\/www.facebook.com\/compuviper","og_image":[{"width":200,"height":200,"url":"https:\/\/compuviper.mx\/tienda\/wp-content\/uploads\/2026\/02\/Memoria-lenovo-thinksystem-32-gb-truddr5-5600-mhz-2rx8-rdimm.jpg","type":"image\/jpeg"}],"twitter_card":"summary_large_image","twitter_misc":{"Precio":"&#36;40,884 con IVA","Availability":"On backorder"},"schema":{"@context":"https:\/\/schema.org","@graph":[{"@type":"WebPage","@id":"https:\/\/compuviper.mx\/tienda\/producto\/lenovo-4x77a88051-memoria-thinksystem-32-gb-truddr5-5600-mhz-2rx8-rdimm\/","url":"https:\/\/compuviper.mx\/tienda\/producto\/lenovo-4x77a88051-memoria-thinksystem-32-gb-truddr5-5600-mhz-2rx8-rdimm\/","name":"[ Lenovo ] &#129351; 4x77a88051 Memoria Thinksystem 32 Gb Truddr5 5600 Mhz (2rx8) Rdimm","isPartOf":{"@id":"https:\/\/compuviper.mx\/tienda\/#website"},"datePublished":"2026-04-02T07:51:56+00:00","dateModified":"2026-04-02T07:51:56+00:00","description":"Compra 4x77a88051 Memoria Thinksystem 32 Gb Truddr5 5600 Mhz (2rx8) Rdimm + Env\u00edo a domicilio + Pago seguro + Garant\u00eda","breadcrumb":{"@id":"https:\/\/compuviper.mx\/tienda\/producto\/lenovo-4x77a88051-memoria-thinksystem-32-gb-truddr5-5600-mhz-2rx8-rdimm\/#breadcrumb"},"inLanguage":"es-MX","potentialAction":[{"@type":"ReadAction","target":["https:\/\/compuviper.mx\/tienda\/producto\/lenovo-4x77a88051-memoria-thinksystem-32-gb-truddr5-5600-mhz-2rx8-rdimm\/"]}]},{"@type":"BreadcrumbList","@id":"https:\/\/compuviper.mx\/tienda\/producto\/lenovo-4x77a88051-memoria-thinksystem-32-gb-truddr5-5600-mhz-2rx8-rdimm\/#breadcrumb","itemListElement":[{"@type":"ListItem","position":1,"name":"Inicio","item":"https:\/\/compuviper.mx\/tienda\/"},{"@type":"ListItem","position":2,"name":"Productos","item":"https:\/\/compuviper.mx\/tienda\/productos\/"},{"@type":"ListItem","position":3,"name":"Memorias","item":"https:\/\/compuviper.mx\/tienda\/categoria-producto\/memorias\/"},{"@type":"ListItem","position":4,"name":"Memoria Ram","item":"https:\/\/compuviper.mx\/tienda\/categoria-producto\/memorias\/memoria-ram\/"},{"@type":"ListItem","position":5,"name":"Lenovo 4x77a88051 Memoria Thinksystem 32 Gb Truddr5 5600 Mhz (2rx8) Rdimm"}]},{"@type":"WebSite","@id":"https:\/\/compuviper.mx\/tienda\/#website","url":"https:\/\/compuviper.mx\/tienda\/","name":"Compuviper","description":"Proveedor de Computadoras, Laptops, Servidores, Monitores, Puntos de Venta, Teclados,   Impresoras, T\u00f3ner, C\u00e1maras de Seguridad y m\u00e1s en tu tienda en l\u00ednea","publisher":{"@id":"https:\/\/compuviper.mx\/tienda\/#organization"},"potentialAction":[{"@type":"SearchAction","target":{"@type":"EntryPoint","urlTemplate":"https:\/\/compuviper.mx\/tienda\/?s={search_term_string}"},"query-input":"required name=search_term_string"}],"inLanguage":"es-MX"},{"@type":"Organization","@id":"https:\/\/compuviper.mx\/tienda\/#organization","name":"Compuviper","url":"https:\/\/compuviper.mx\/tienda\/","logo":{"@type":"ImageObject","inLanguage":"es-MX","@id":"https:\/\/compuviper.mx\/tienda\/#\/schema\/logo\/image\/","url":"https:\/\/compuviper.mx\/tienda\/wp-content\/uploads\/2021\/08\/Logo-Compuviper-10.png","contentUrl":"https:\/\/compuviper.mx\/tienda\/wp-content\/uploads\/2021\/08\/Logo-Compuviper-10.png","width":1000,"height":500,"caption":"Compuviper"},"image":{"@id":"https:\/\/compuviper.mx\/tienda\/#\/schema\/logo\/image\/"},"sameAs":["https:\/\/www.facebook.com\/compuviper","https:\/\/www.youtube.com\/channel\/UCf73dERp9Y3cfOq7q8BhLjA?view_as=subscriber"]}]},"product_brand":"LENOVO","product_price_amount":"40884","product_price_currency":"MXN","og_availability":"backorder","product_availability":"available for order","product_retailer_item_id":"4X77A88051","product_condition":"new"},"_links":{"self":[{"href":"https:\/\/compuviper.mx\/tienda\/wp-json\/wp\/v2\/product\/266903"}],"collection":[{"href":"https:\/\/compuviper.mx\/tienda\/wp-json\/wp\/v2\/product"}],"about":[{"href":"https:\/\/compuviper.mx\/tienda\/wp-json\/wp\/v2\/types\/product"}],"replies":[{"embeddable":true,"href":"https:\/\/compuviper.mx\/tienda\/wp-json\/wp\/v2\/comments?post=266903"}],"wp:featuredmedia":[{"embeddable":true,"href":"https:\/\/compuviper.mx\/tienda\/wp-json\/wp\/v2\/media\/267044"}],"wp:attachment":[{"href":"https:\/\/compuviper.mx\/tienda\/wp-json\/wp\/v2\/media?parent=266903"}],"wp:term":[{"taxonomy":"product_cat","embeddable":true,"href":"https:\/\/compuviper.mx\/tienda\/wp-json\/wp\/v2\/product_cat?post=266903"},{"taxonomy":"product_tag","embeddable":true,"href":"https:\/\/compuviper.mx\/tienda\/wp-json\/wp\/v2\/product_tag?post=266903"}],"curies":[{"name":"wp","href":"https:\/\/api.w.org\/{rel}","templated":true}]}}