{"id":266793,"date":"2026-04-07T00:38:00","date_gmt":"2026-04-07T06:38:00","guid":{"rendered":"https:\/\/compuviper.mx\/tienda\/producto\/kingston-snv3sm3-500g-unidad-de-estado-solido-interno-snv3s-nv3-500gb-m-2-2230-nvme-pcie-gen-4x4-lect-5000-escrit-3000-mb-s-pc-laptop-mini-pc\/"},"modified":"2026-04-07T00:38:00","modified_gmt":"2026-04-07T06:38:00","slug":"kingston-snv3sm3-500g-unidad-de-estado-solido-interno-snv3s-nv3-500gb-m-2-2230-nvme-pcie-gen-4x4-lect-5000-escrit-3000-mb-s-pc-laptop-mini-pc","status":"publish","type":"product","link":"https:\/\/compuviper.mx\/tienda\/producto\/kingston-snv3sm3-500g-unidad-de-estado-solido-interno-snv3s-nv3-500gb-m-2-2230-nvme-pcie-gen-4x4-lect-5000-escrit-3000-mb-s-pc-laptop-mini-pc\/","title":{"rendered":"Kingston Snv3sm3\/500g Unidad De Estado Solido  Interno Snv3s Nv3 500gb M.2 2230 Nvme Pcie Gen 4&#215;4 Lect.5000\/escrit.3000 Mb\/s Pc\/laptop\/mini Pc"},"content":{"rendered":"<table class=\"descripcion\">\n<tr>\n<td>Factor de forma: m.2 2230<\/td>\n<\/tr>\n<tr>\n<td>Interfaz: nvme pcie gen 4&#215;4<\/td>\n<\/tr>\n<tr>\n<td>Capacidad: 500gb<\/td>\n<\/tr>\n<tr>\n<td>Dimensiones: 22mm x 30mm<\/td>\n<\/tr>\n<tr>\n<td>Peso: 7g<\/td>\n<\/tr>\n<tr>\n<td>Temp. operacion: 0\u00b0c ~ 70\u00b0c<\/td>\n<\/tr>\n<tr>\n<td>Temp. almacenamiento: -40\u00b0c ~ 85\u00b0c<\/td>\n<\/tr>\n<tr>\n<td>Resistencia a las vibraciones fuera de operacion: 10g 10-1000 hz<\/td>\n<\/tr>\n<tr>\n<td>Mtbf: 2,000,000 horas<\/td>\n<\/tr>\n<\/table>\n","protected":false},"excerpt":{"rendered":"<p>Los ssd kingston nv3 pcie 4.0 nvme son soluciones de almacenamiento de ultima generacion impulsadas por un controlador gen 4&#215;4 nvme, con velocidades de lectura\/escritura de hasta 6.000\/5.000 mb\/s. Vienen en tama\u00f1os compactos de una sola cara 2230 (22&#215;30 mm) ampliando el almacenamiento en sistemas peque\u00f1os como laptops y consolas portatiles. Tienen menor consumo de energia y reducen el calor, optimizando el rendimiento sin comprometer el valor. Con capacidades de 500gb a 2tb ofrecen el espacio que necesitas para apps, documentos, fotos, videos, juegos y mas.<\/p>\n","protected":false},"featured_media":266794,"comment_status":"open","ping_status":"open","template":"","meta":[],"product_cat":[1703,1708],"product_tag":[1573],"acf":[],"yoast_head":"<!-- This site is optimized with the Yoast SEO plugin v21.7 - https:\/\/yoast.com\/wordpress\/plugins\/seo\/ -->\n<title>[ Kingston ] &#129351; Snv3sm3\/500g Unidad De Estado Solido Interno Snv3s Nv3 500gb M.2 2230 Nvme Pcie Gen 4x4 Lect.5000\/escrit.3000 Mb\/s Pc\/laptop\/mini Pc<\/title>\n<meta name=\"description\" content=\"Compra Snv3sm3\/500g Unidad De Estado Solido Interno Snv3s Nv3 500gb M.2 2230 Nvme Pcie Gen 4x4 Lect.5000\/escrit.3000 Mb\/s Pc\/laptop\/mini Pc + Env\u00edo a domicilio + Pago seguro + Garant\u00eda\" \/>\n<meta name=\"robots\" content=\"index, follow, max-snippet:-1, max-image-preview:large, max-video-preview:-1\" \/>\n<link rel=\"canonical\" href=\"https:\/\/compuviper.mx\/tienda\/producto\/kingston-snv3sm3-500g-unidad-de-estado-solido-interno-snv3s-nv3-500gb-m-2-2230-nvme-pcie-gen-4x4-lect-5000-escrit-3000-mb-s-pc-laptop-mini-pc\/\" \/>\n<meta property=\"og:locale\" content=\"es_MX\" \/>\n<meta property=\"og:type\" content=\"article\" \/>\n<meta property=\"og:title\" content=\"[ Kingston ] &#129351; Snv3sm3\/500g Unidad De Estado Solido Interno Snv3s Nv3 500gb M.2 2230 Nvme Pcie Gen 4x4 Lect.5000\/escrit.3000 Mb\/s Pc\/laptop\/mini Pc\" \/>\n<meta property=\"og:description\" content=\"Compra Snv3sm3\/500g Unidad De Estado Solido Interno Snv3s Nv3 500gb M.2 2230 Nvme Pcie Gen 4x4 Lect.5000\/escrit.3000 Mb\/s Pc\/laptop\/mini Pc + Env\u00edo a domicilio + Pago seguro + Garant\u00eda\" \/>\n<meta property=\"og:url\" content=\"https:\/\/compuviper.mx\/tienda\/producto\/kingston-snv3sm3-500g-unidad-de-estado-solido-interno-snv3s-nv3-500gb-m-2-2230-nvme-pcie-gen-4x4-lect-5000-escrit-3000-mb-s-pc-laptop-mini-pc\/\" \/>\n<meta property=\"og:site_name\" content=\"Compuviper\" \/>\n<meta property=\"article:publisher\" content=\"https:\/\/www.facebook.com\/compuviper\" \/>\n<meta property=\"og:image\" content=\"https:\/\/compuviper.mx\/tienda\/wp-content\/uploads\/2026\/02\/Unidad-de-estado-solido-kingston-interno-snv3s-nv3-500gb-m.2-2230-nvme-pcie-gen-4x4-lect.5000escrit.3000-mbs-pclaptopmini-pc-snv3sm3500g.jpg\" \/>\n\t<meta property=\"og:image:width\" content=\"200\" \/>\n\t<meta property=\"og:image:height\" content=\"200\" \/>\n\t<meta property=\"og:image:type\" content=\"image\/jpeg\" \/>\n<meta name=\"twitter:card\" content=\"summary_large_image\" \/>\n<meta name=\"twitter:label1\" content=\"Precio\" \/>\n\t<meta name=\"twitter:data1\" content=\"&#36;2,215 con IVA\" \/>\n\t<meta name=\"twitter:label2\" content=\"Availability\" \/>\n\t<meta name=\"twitter:data2\" content=\"In stock\" \/>\n<script type=\"application\/ld+json\" class=\"yoast-schema-graph\">{\"@context\":\"https:\/\/schema.org\",\"@graph\":[{\"@type\":\"WebPage\",\"@id\":\"https:\/\/compuviper.mx\/tienda\/producto\/kingston-snv3sm3-500g-unidad-de-estado-solido-interno-snv3s-nv3-500gb-m-2-2230-nvme-pcie-gen-4x4-lect-5000-escrit-3000-mb-s-pc-laptop-mini-pc\/\",\"url\":\"https:\/\/compuviper.mx\/tienda\/producto\/kingston-snv3sm3-500g-unidad-de-estado-solido-interno-snv3s-nv3-500gb-m-2-2230-nvme-pcie-gen-4x4-lect-5000-escrit-3000-mb-s-pc-laptop-mini-pc\/\",\"name\":\"[ Kingston ] &#129351; Snv3sm3\/500g Unidad De Estado Solido Interno Snv3s Nv3 500gb M.2 2230 Nvme Pcie Gen 4x4 Lect.5000\/escrit.3000 Mb\/s Pc\/laptop\/mini Pc\",\"isPartOf\":{\"@id\":\"https:\/\/compuviper.mx\/tienda\/#website\"},\"datePublished\":\"2026-04-07T06:38:00+00:00\",\"dateModified\":\"2026-04-07T06:38:00+00:00\",\"description\":\"Compra Snv3sm3\/500g Unidad De Estado Solido Interno Snv3s Nv3 500gb M.2 2230 Nvme Pcie Gen 4x4 Lect.5000\/escrit.3000 Mb\/s Pc\/laptop\/mini Pc + Env\u00edo a domicilio + Pago seguro + Garant\u00eda\",\"breadcrumb\":{\"@id\":\"https:\/\/compuviper.mx\/tienda\/producto\/kingston-snv3sm3-500g-unidad-de-estado-solido-interno-snv3s-nv3-500gb-m-2-2230-nvme-pcie-gen-4x4-lect-5000-escrit-3000-mb-s-pc-laptop-mini-pc\/#breadcrumb\"},\"inLanguage\":\"es-MX\",\"potentialAction\":[{\"@type\":\"ReadAction\",\"target\":[\"https:\/\/compuviper.mx\/tienda\/producto\/kingston-snv3sm3-500g-unidad-de-estado-solido-interno-snv3s-nv3-500gb-m-2-2230-nvme-pcie-gen-4x4-lect-5000-escrit-3000-mb-s-pc-laptop-mini-pc\/\"]}]},{\"@type\":\"BreadcrumbList\",\"@id\":\"https:\/\/compuviper.mx\/tienda\/producto\/kingston-snv3sm3-500g-unidad-de-estado-solido-interno-snv3s-nv3-500gb-m-2-2230-nvme-pcie-gen-4x4-lect-5000-escrit-3000-mb-s-pc-laptop-mini-pc\/#breadcrumb\",\"itemListElement\":[{\"@type\":\"ListItem\",\"position\":1,\"name\":\"Inicio\",\"item\":\"https:\/\/compuviper.mx\/tienda\/\"},{\"@type\":\"ListItem\",\"position\":2,\"name\":\"Productos\",\"item\":\"https:\/\/compuviper.mx\/tienda\/productos\/\"},{\"@type\":\"ListItem\",\"position\":3,\"name\":\"Discos Duros\",\"item\":\"https:\/\/compuviper.mx\/tienda\/categoria-producto\/discos-duros\/\"},{\"@type\":\"ListItem\",\"position\":4,\"name\":\"Unidad De Estado Solido\",\"item\":\"https:\/\/compuviper.mx\/tienda\/categoria-producto\/discos-duros\/unidad-de-estado-solido\/\"},{\"@type\":\"ListItem\",\"position\":5,\"name\":\"Kingston Snv3sm3\/500g Unidad De Estado Solido Interno Snv3s Nv3 500gb M.2 2230 Nvme Pcie Gen 4&#215;4 Lect.5000\/escrit.3000 Mb\/s Pc\/laptop\/mini Pc\"}]},{\"@type\":\"WebSite\",\"@id\":\"https:\/\/compuviper.mx\/tienda\/#website\",\"url\":\"https:\/\/compuviper.mx\/tienda\/\",\"name\":\"Compuviper\",\"description\":\"Proveedor de Computadoras, Laptops, Servidores, Monitores, Puntos de Venta, Teclados,   Impresoras, T\u00f3ner, C\u00e1maras de Seguridad y m\u00e1s en tu tienda en l\u00ednea\",\"publisher\":{\"@id\":\"https:\/\/compuviper.mx\/tienda\/#organization\"},\"potentialAction\":[{\"@type\":\"SearchAction\",\"target\":{\"@type\":\"EntryPoint\",\"urlTemplate\":\"https:\/\/compuviper.mx\/tienda\/?s={search_term_string}\"},\"query-input\":\"required name=search_term_string\"}],\"inLanguage\":\"es-MX\"},{\"@type\":\"Organization\",\"@id\":\"https:\/\/compuviper.mx\/tienda\/#organization\",\"name\":\"Compuviper\",\"url\":\"https:\/\/compuviper.mx\/tienda\/\",\"logo\":{\"@type\":\"ImageObject\",\"inLanguage\":\"es-MX\",\"@id\":\"https:\/\/compuviper.mx\/tienda\/#\/schema\/logo\/image\/\",\"url\":\"https:\/\/compuviper.mx\/tienda\/wp-content\/uploads\/2021\/08\/Logo-Compuviper-10.png\",\"contentUrl\":\"https:\/\/compuviper.mx\/tienda\/wp-content\/uploads\/2021\/08\/Logo-Compuviper-10.png\",\"width\":1000,\"height\":500,\"caption\":\"Compuviper\"},\"image\":{\"@id\":\"https:\/\/compuviper.mx\/tienda\/#\/schema\/logo\/image\/\"},\"sameAs\":[\"https:\/\/www.facebook.com\/compuviper\",\"https:\/\/www.youtube.com\/channel\/UCf73dERp9Y3cfOq7q8BhLjA?view_as=subscriber\"]}]}<\/script>\n<meta property=\"product:brand\" content=\"KINGSTON\" \/>\n<meta property=\"product:price:amount\" content=\"2215\" \/>\n<meta property=\"product:price:currency\" content=\"MXN\" \/>\n<meta property=\"og:availability\" content=\"instock\" \/>\n<meta property=\"product:availability\" content=\"instock\" \/>\n<meta property=\"product:retailer_item_id\" content=\"SNV3SM3\/500G\" \/>\n<meta property=\"product:condition\" content=\"new\" \/>\n<!-- \/ Yoast SEO plugin. -->","yoast_head_json":{"title":"[ Kingston ] &#129351; Snv3sm3\/500g Unidad De Estado Solido Interno Snv3s Nv3 500gb M.2 2230 Nvme Pcie Gen 4x4 Lect.5000\/escrit.3000 Mb\/s Pc\/laptop\/mini Pc","description":"Compra Snv3sm3\/500g Unidad De Estado Solido Interno Snv3s Nv3 500gb M.2 2230 Nvme Pcie Gen 4x4 Lect.5000\/escrit.3000 Mb\/s Pc\/laptop\/mini Pc + Env\u00edo a domicilio + Pago seguro + Garant\u00eda","robots":{"index":"index","follow":"follow","max-snippet":"max-snippet:-1","max-image-preview":"max-image-preview:large","max-video-preview":"max-video-preview:-1"},"canonical":"https:\/\/compuviper.mx\/tienda\/producto\/kingston-snv3sm3-500g-unidad-de-estado-solido-interno-snv3s-nv3-500gb-m-2-2230-nvme-pcie-gen-4x4-lect-5000-escrit-3000-mb-s-pc-laptop-mini-pc\/","og_locale":"es_MX","og_type":"article","og_title":"[ Kingston ] &#129351; Snv3sm3\/500g Unidad De Estado Solido Interno Snv3s Nv3 500gb M.2 2230 Nvme Pcie Gen 4x4 Lect.5000\/escrit.3000 Mb\/s Pc\/laptop\/mini Pc","og_description":"Compra Snv3sm3\/500g Unidad De Estado Solido Interno Snv3s Nv3 500gb M.2 2230 Nvme Pcie Gen 4x4 Lect.5000\/escrit.3000 Mb\/s Pc\/laptop\/mini Pc + Env\u00edo a domicilio + Pago seguro + Garant\u00eda","og_url":"https:\/\/compuviper.mx\/tienda\/producto\/kingston-snv3sm3-500g-unidad-de-estado-solido-interno-snv3s-nv3-500gb-m-2-2230-nvme-pcie-gen-4x4-lect-5000-escrit-3000-mb-s-pc-laptop-mini-pc\/","og_site_name":"Compuviper","article_publisher":"https:\/\/www.facebook.com\/compuviper","og_image":[{"width":200,"height":200,"url":"https:\/\/compuviper.mx\/tienda\/wp-content\/uploads\/2026\/02\/Unidad-de-estado-solido-kingston-interno-snv3s-nv3-500gb-m.2-2230-nvme-pcie-gen-4x4-lect.5000escrit.3000-mbs-pclaptopmini-pc-snv3sm3500g.jpg","type":"image\/jpeg"}],"twitter_card":"summary_large_image","twitter_misc":{"Precio":"&#36;2,215 con IVA","Availability":"In stock"},"schema":{"@context":"https:\/\/schema.org","@graph":[{"@type":"WebPage","@id":"https:\/\/compuviper.mx\/tienda\/producto\/kingston-snv3sm3-500g-unidad-de-estado-solido-interno-snv3s-nv3-500gb-m-2-2230-nvme-pcie-gen-4x4-lect-5000-escrit-3000-mb-s-pc-laptop-mini-pc\/","url":"https:\/\/compuviper.mx\/tienda\/producto\/kingston-snv3sm3-500g-unidad-de-estado-solido-interno-snv3s-nv3-500gb-m-2-2230-nvme-pcie-gen-4x4-lect-5000-escrit-3000-mb-s-pc-laptop-mini-pc\/","name":"[ Kingston ] &#129351; Snv3sm3\/500g Unidad De Estado Solido Interno Snv3s Nv3 500gb M.2 2230 Nvme Pcie Gen 4x4 Lect.5000\/escrit.3000 Mb\/s Pc\/laptop\/mini Pc","isPartOf":{"@id":"https:\/\/compuviper.mx\/tienda\/#website"},"datePublished":"2026-04-07T06:38:00+00:00","dateModified":"2026-04-07T06:38:00+00:00","description":"Compra Snv3sm3\/500g Unidad De Estado Solido Interno Snv3s Nv3 500gb M.2 2230 Nvme Pcie Gen 4x4 Lect.5000\/escrit.3000 Mb\/s Pc\/laptop\/mini Pc + Env\u00edo a domicilio + Pago seguro + Garant\u00eda","breadcrumb":{"@id":"https:\/\/compuviper.mx\/tienda\/producto\/kingston-snv3sm3-500g-unidad-de-estado-solido-interno-snv3s-nv3-500gb-m-2-2230-nvme-pcie-gen-4x4-lect-5000-escrit-3000-mb-s-pc-laptop-mini-pc\/#breadcrumb"},"inLanguage":"es-MX","potentialAction":[{"@type":"ReadAction","target":["https:\/\/compuviper.mx\/tienda\/producto\/kingston-snv3sm3-500g-unidad-de-estado-solido-interno-snv3s-nv3-500gb-m-2-2230-nvme-pcie-gen-4x4-lect-5000-escrit-3000-mb-s-pc-laptop-mini-pc\/"]}]},{"@type":"BreadcrumbList","@id":"https:\/\/compuviper.mx\/tienda\/producto\/kingston-snv3sm3-500g-unidad-de-estado-solido-interno-snv3s-nv3-500gb-m-2-2230-nvme-pcie-gen-4x4-lect-5000-escrit-3000-mb-s-pc-laptop-mini-pc\/#breadcrumb","itemListElement":[{"@type":"ListItem","position":1,"name":"Inicio","item":"https:\/\/compuviper.mx\/tienda\/"},{"@type":"ListItem","position":2,"name":"Productos","item":"https:\/\/compuviper.mx\/tienda\/productos\/"},{"@type":"ListItem","position":3,"name":"Discos Duros","item":"https:\/\/compuviper.mx\/tienda\/categoria-producto\/discos-duros\/"},{"@type":"ListItem","position":4,"name":"Unidad De Estado Solido","item":"https:\/\/compuviper.mx\/tienda\/categoria-producto\/discos-duros\/unidad-de-estado-solido\/"},{"@type":"ListItem","position":5,"name":"Kingston Snv3sm3\/500g Unidad De Estado Solido Interno Snv3s Nv3 500gb M.2 2230 Nvme Pcie Gen 4&#215;4 Lect.5000\/escrit.3000 Mb\/s Pc\/laptop\/mini Pc"}]},{"@type":"WebSite","@id":"https:\/\/compuviper.mx\/tienda\/#website","url":"https:\/\/compuviper.mx\/tienda\/","name":"Compuviper","description":"Proveedor de Computadoras, Laptops, Servidores, Monitores, Puntos de Venta, Teclados,   Impresoras, T\u00f3ner, C\u00e1maras de Seguridad y m\u00e1s en tu tienda en l\u00ednea","publisher":{"@id":"https:\/\/compuviper.mx\/tienda\/#organization"},"potentialAction":[{"@type":"SearchAction","target":{"@type":"EntryPoint","urlTemplate":"https:\/\/compuviper.mx\/tienda\/?s={search_term_string}"},"query-input":"required name=search_term_string"}],"inLanguage":"es-MX"},{"@type":"Organization","@id":"https:\/\/compuviper.mx\/tienda\/#organization","name":"Compuviper","url":"https:\/\/compuviper.mx\/tienda\/","logo":{"@type":"ImageObject","inLanguage":"es-MX","@id":"https:\/\/compuviper.mx\/tienda\/#\/schema\/logo\/image\/","url":"https:\/\/compuviper.mx\/tienda\/wp-content\/uploads\/2021\/08\/Logo-Compuviper-10.png","contentUrl":"https:\/\/compuviper.mx\/tienda\/wp-content\/uploads\/2021\/08\/Logo-Compuviper-10.png","width":1000,"height":500,"caption":"Compuviper"},"image":{"@id":"https:\/\/compuviper.mx\/tienda\/#\/schema\/logo\/image\/"},"sameAs":["https:\/\/www.facebook.com\/compuviper","https:\/\/www.youtube.com\/channel\/UCf73dERp9Y3cfOq7q8BhLjA?view_as=subscriber"]}]},"product_brand":"KINGSTON","product_price_amount":"2215","product_price_currency":"MXN","og_availability":"instock","product_availability":"instock","product_retailer_item_id":"SNV3SM3\/500G","product_condition":"new"},"_links":{"self":[{"href":"https:\/\/compuviper.mx\/tienda\/wp-json\/wp\/v2\/product\/266793"}],"collection":[{"href":"https:\/\/compuviper.mx\/tienda\/wp-json\/wp\/v2\/product"}],"about":[{"href":"https:\/\/compuviper.mx\/tienda\/wp-json\/wp\/v2\/types\/product"}],"replies":[{"embeddable":true,"href":"https:\/\/compuviper.mx\/tienda\/wp-json\/wp\/v2\/comments?post=266793"}],"wp:featuredmedia":[{"embeddable":true,"href":"https:\/\/compuviper.mx\/tienda\/wp-json\/wp\/v2\/media\/266794"}],"wp:attachment":[{"href":"https:\/\/compuviper.mx\/tienda\/wp-json\/wp\/v2\/media?parent=266793"}],"wp:term":[{"taxonomy":"product_cat","embeddable":true,"href":"https:\/\/compuviper.mx\/tienda\/wp-json\/wp\/v2\/product_cat?post=266793"},{"taxonomy":"product_tag","embeddable":true,"href":"https:\/\/compuviper.mx\/tienda\/wp-json\/wp\/v2\/product_tag?post=266793"}],"curies":[{"name":"wp","href":"https:\/\/api.w.org\/{rel}","templated":true}]}}