{"id":266734,"date":"2026-04-18T01:35:21","date_gmt":"2026-04-18T07:35:21","guid":{"rendered":"https:\/\/compuviper.mx\/tienda\/producto\/asus-oem-rnuc13ankh5048cui-mini-pc-asus-nuc-13-pro-core-i5-13420h-hasta-4-6-ghz-8-cores-4p4e-8gb-ddr4-3200-512gb-m-2-2x-hdmi-2-1-2x-thunderbolt-4-w11-pro-chasis-slim\/"},"modified":"2026-04-18T01:35:21","modified_gmt":"2026-04-18T07:35:21","slug":"asus-oem-rnuc13ankh5048cui-mini-pc-asus-nuc-13-pro-core-i5-13420h-hasta-4-6-ghz-8-cores-4p4e-8gb-ddr4-3200-512gb-m-2-2x-hdmi-2-1-2x-thunderbolt-4-w11-pro-chasis-slim","status":"publish","type":"product","link":"https:\/\/compuviper.mx\/tienda\/producto\/asus-oem-rnuc13ankh5048cui-mini-pc-asus-nuc-13-pro-core-i5-13420h-hasta-4-6-ghz-8-cores-4p4e-8gb-ddr4-3200-512gb-m-2-2x-hdmi-2-1-2x-thunderbolt-4-w11-pro-chasis-slim\/","title":{"rendered":"Asus Oem Rnuc13ankh5048cui Mini Pc Asus Nuc 13 Pro Core I5 13420h Hasta 4.6 Ghz \/8 Cores (4p+4e) \/8gb Ddr4 3200 \/512gb M.2 \/2x Hdmi 2.1 \/2x Thunderbolt 4 \/w11 Pro \/chasis Slim"},"content":{"rendered":"<table class=\"descripcion\">\n<tr>\n<td>Rnuc13ankh5048cui<\/td>\n<\/tr>\n<tr>\n<td>Nuc series  asus nuc 13 pro<\/td>\n<\/tr>\n<tr>\n<td>Model type  full system<\/td>\n<\/tr>\n<tr>\n<td>Color  black<\/td>\n<\/tr>\n<tr>\n<td>Cpu type  core i5<\/td>\n<\/tr>\n<tr>\n<td>Cpu gen  13th gen<\/td>\n<\/tr>\n<tr>\n<td>Cpu name  intel core i5-13420h<\/td>\n<\/tr>\n<tr>\n<td>Total cores  8<\/td>\n<\/tr>\n<tr>\n<td>Total threads  12<\/td>\n<\/tr>\n<tr>\n<td>Tdp  45w<\/td>\n<\/tr>\n<tr>\n<td>Installed ram  8gb 2 x 4gb<\/td>\n<\/tr>\n<tr>\n<td>No. de slots  2<\/td>\n<\/tr>\n<tr>\n<td>Ram type  so-dimm ddr4-3200 mhz<\/td>\n<\/tr>\n<tr>\n<td>Max ram supported  64gb via 2 x 32gb<\/td>\n<\/tr>\n<tr>\n<td>Vga  integrated &#8211; intel uhd graphics<\/td>\n<\/tr>\n<tr>\n<td>Installed storage  512gb nvme ssd<\/td>\n<\/tr>\n<tr>\n<td>Storage type up to 2 internal storage drives:<\/td>\n<\/tr>\n<tr>\n<td>1 x m.2 2280 pcie gen4x4 nvme ssd occupied<\/td>\n<\/tr>\n<tr>\n<td>1 x m.2 2242 pcie gen3x1 sata ssd empty<\/td>\n<\/tr>\n<tr>\n<td>Max storage supported<\/td>\n<\/tr>\n<tr>\n<td>M.2 2280 ssd | supports 128gb ~ 8tb<\/td>\n<\/tr>\n<tr>\n<td>M.2 2242 ssd | supports 128gb ~ 1tb<\/td>\n<\/tr>\n<tr>\n<td>Graphics output<\/td>\n<\/tr>\n<tr>\n<td>2 x thunderbolt 4 displayport 1.4 via type-c<\/td>\n<\/tr>\n<tr>\n<td>2 x hdmi 2.1 tmds compatible<\/td>\n<\/tr>\n<tr>\n<td>Speaker  none<\/td>\n<\/tr>\n<tr>\n<td>Lan  1 x intel i226-v 2.5 gbe<\/td>\n<\/tr>\n<tr>\n<td>Tpm  ftpm 2.0 intel ptt<\/td>\n<\/tr>\n<tr>\n<td>Installed os  windows 11 pro, 64-bit<\/td>\n<\/tr>\n<tr>\n<td>Wlan  intel wi-fi 6e ax211 gig, 2&#215;2<\/td>\n<\/tr>\n<tr>\n<td>Bt  bt 5.3<\/td>\n<\/tr>\n<tr>\n<td>Asus logo  yes<\/td>\n<\/tr>\n<tr>\n<td>Fanless  no<\/td>\n<\/tr>\n<tr>\n<td>Warranty  3-year warranty<\/td>\n<\/tr>\n<tr>\n<td>Form factor  slim mini pc l10<\/td>\n<\/tr>\n<\/table>\n","protected":false},"excerpt":{"rendered":"<p>Asus nuc 13 pro. El tamao adecuado para las empresas modernas. Creado para empresas. Las caracteristicas de clase empresarial incluyen control remoto de energia, reloj despertador de hardware, kvm de hardware, redireccion de arranque, soporte mas alla del firewall, capacidad de administracion basada en la nube, solucion remota de pc y control del sistema desatendido.<\/p>\n","protected":false},"featured_media":0,"comment_status":"open","ping_status":"open","template":"","meta":[],"product_cat":[1971,1978],"product_tag":[2096],"acf":[],"yoast_head":"<!-- This site is optimized with the Yoast SEO plugin v21.7 - https:\/\/yoast.com\/wordpress\/plugins\/seo\/ -->\n<title>[ Asus Oem ] &#129351; Rnuc13ankh5048cui Mini Pc Asus Nuc 13 Pro Core I5 13420h Hasta 4.6 Ghz \/8 Cores (4p+4e) \/8gb Ddr4 3200 \/512gb M.2 \/2x Hdmi 2.1 \/2x Thunderbolt 4 \/w11 Pro \/chasis Slim<\/title>\n<meta name=\"description\" content=\"Compra Rnuc13ankh5048cui Mini Pc Asus Nuc 13 Pro Core I5 13420h Hasta 4.6 Ghz \/8 Cores (4p+4e) \/8gb Ddr4 3200 \/512gb M.2 \/2x Hdmi 2.1 \/2x Thunderbolt 4 \/w11 Pro \/chasis Slim + Env\u00edo a domicilio + Pago seguro + Garant\u00eda\" \/>\n<meta name=\"robots\" content=\"index, follow, max-snippet:-1, max-image-preview:large, max-video-preview:-1\" \/>\n<link rel=\"canonical\" href=\"https:\/\/compuviper.mx\/tienda\/producto\/asus-oem-rnuc13ankh5048cui-mini-pc-asus-nuc-13-pro-core-i5-13420h-hasta-4-6-ghz-8-cores-4p4e-8gb-ddr4-3200-512gb-m-2-2x-hdmi-2-1-2x-thunderbolt-4-w11-pro-chasis-slim\/\" \/>\n<meta property=\"og:locale\" content=\"es_MX\" \/>\n<meta property=\"og:type\" content=\"article\" \/>\n<meta property=\"og:title\" content=\"[ Asus Oem ] &#129351; Rnuc13ankh5048cui Mini Pc Asus Nuc 13 Pro Core I5 13420h Hasta 4.6 Ghz \/8 Cores (4p+4e) \/8gb Ddr4 3200 \/512gb M.2 \/2x Hdmi 2.1 \/2x Thunderbolt 4 \/w11 Pro \/chasis Slim\" \/>\n<meta property=\"og:description\" content=\"Compra Rnuc13ankh5048cui Mini Pc Asus Nuc 13 Pro Core I5 13420h Hasta 4.6 Ghz \/8 Cores (4p+4e) \/8gb Ddr4 3200 \/512gb M.2 \/2x Hdmi 2.1 \/2x Thunderbolt 4 \/w11 Pro \/chasis Slim + Env\u00edo a domicilio + Pago seguro + Garant\u00eda\" \/>\n<meta property=\"og:url\" content=\"https:\/\/compuviper.mx\/tienda\/producto\/asus-oem-rnuc13ankh5048cui-mini-pc-asus-nuc-13-pro-core-i5-13420h-hasta-4-6-ghz-8-cores-4p4e-8gb-ddr4-3200-512gb-m-2-2x-hdmi-2-1-2x-thunderbolt-4-w11-pro-chasis-slim\/\" \/>\n<meta property=\"og:site_name\" content=\"Compuviper\" \/>\n<meta property=\"article:publisher\" content=\"https:\/\/www.facebook.com\/compuviper\" \/>\n<meta name=\"twitter:card\" content=\"summary_large_image\" \/>\n<meta name=\"twitter:label1\" content=\"Precio\" \/>\n\t<meta name=\"twitter:data1\" content=\"&#36;11,279 con IVA\" \/>\n\t<meta name=\"twitter:label2\" content=\"Availability\" \/>\n\t<meta name=\"twitter:data2\" content=\"In stock\" \/>\n<script type=\"application\/ld+json\" class=\"yoast-schema-graph\">{\"@context\":\"https:\/\/schema.org\",\"@graph\":[{\"@type\":\"WebPage\",\"@id\":\"https:\/\/compuviper.mx\/tienda\/producto\/asus-oem-rnuc13ankh5048cui-mini-pc-asus-nuc-13-pro-core-i5-13420h-hasta-4-6-ghz-8-cores-4p4e-8gb-ddr4-3200-512gb-m-2-2x-hdmi-2-1-2x-thunderbolt-4-w11-pro-chasis-slim\/\",\"url\":\"https:\/\/compuviper.mx\/tienda\/producto\/asus-oem-rnuc13ankh5048cui-mini-pc-asus-nuc-13-pro-core-i5-13420h-hasta-4-6-ghz-8-cores-4p4e-8gb-ddr4-3200-512gb-m-2-2x-hdmi-2-1-2x-thunderbolt-4-w11-pro-chasis-slim\/\",\"name\":\"[ Asus Oem ] &#129351; Rnuc13ankh5048cui Mini Pc Asus Nuc 13 Pro Core I5 13420h Hasta 4.6 Ghz \/8 Cores (4p+4e) \/8gb Ddr4 3200 \/512gb M.2 \/2x Hdmi 2.1 \/2x Thunderbolt 4 \/w11 Pro \/chasis Slim\",\"isPartOf\":{\"@id\":\"https:\/\/compuviper.mx\/tienda\/#website\"},\"datePublished\":\"2026-04-18T07:35:21+00:00\",\"dateModified\":\"2026-04-18T07:35:21+00:00\",\"description\":\"Compra Rnuc13ankh5048cui Mini Pc Asus Nuc 13 Pro Core I5 13420h Hasta 4.6 Ghz \/8 Cores (4p+4e) \/8gb Ddr4 3200 \/512gb M.2 \/2x Hdmi 2.1 \/2x Thunderbolt 4 \/w11 Pro \/chasis Slim + Env\u00edo a domicilio + Pago seguro + Garant\u00eda\",\"breadcrumb\":{\"@id\":\"https:\/\/compuviper.mx\/tienda\/producto\/asus-oem-rnuc13ankh5048cui-mini-pc-asus-nuc-13-pro-core-i5-13420h-hasta-4-6-ghz-8-cores-4p4e-8gb-ddr4-3200-512gb-m-2-2x-hdmi-2-1-2x-thunderbolt-4-w11-pro-chasis-slim\/#breadcrumb\"},\"inLanguage\":\"es-MX\",\"potentialAction\":[{\"@type\":\"ReadAction\",\"target\":[\"https:\/\/compuviper.mx\/tienda\/producto\/asus-oem-rnuc13ankh5048cui-mini-pc-asus-nuc-13-pro-core-i5-13420h-hasta-4-6-ghz-8-cores-4p4e-8gb-ddr4-3200-512gb-m-2-2x-hdmi-2-1-2x-thunderbolt-4-w11-pro-chasis-slim\/\"]}]},{\"@type\":\"BreadcrumbList\",\"@id\":\"https:\/\/compuviper.mx\/tienda\/producto\/asus-oem-rnuc13ankh5048cui-mini-pc-asus-nuc-13-pro-core-i5-13420h-hasta-4-6-ghz-8-cores-4p4e-8gb-ddr4-3200-512gb-m-2-2x-hdmi-2-1-2x-thunderbolt-4-w11-pro-chasis-slim\/#breadcrumb\",\"itemListElement\":[{\"@type\":\"ListItem\",\"position\":1,\"name\":\"Inicio\",\"item\":\"https:\/\/compuviper.mx\/tienda\/\"},{\"@type\":\"ListItem\",\"position\":2,\"name\":\"Productos\",\"item\":\"https:\/\/compuviper.mx\/tienda\/productos\/\"},{\"@type\":\"ListItem\",\"position\":3,\"name\":\"Computadoras\",\"item\":\"https:\/\/compuviper.mx\/tienda\/categoria-producto\/computadoras\/\"},{\"@type\":\"ListItem\",\"position\":4,\"name\":\"Mini Pc\u00b4s\",\"item\":\"https:\/\/compuviper.mx\/tienda\/categoria-producto\/computadoras\/mini-pcs\/\"},{\"@type\":\"ListItem\",\"position\":5,\"name\":\"Asus Oem Rnuc13ankh5048cui Mini Pc Asus Nuc 13 Pro Core I5 13420h Hasta 4.6 Ghz \/8 Cores (4p+4e) \/8gb Ddr4 3200 \/512gb M.2 \/2x Hdmi 2.1 \/2x Thunderbolt 4 \/w11 Pro \/chasis Slim\"}]},{\"@type\":\"WebSite\",\"@id\":\"https:\/\/compuviper.mx\/tienda\/#website\",\"url\":\"https:\/\/compuviper.mx\/tienda\/\",\"name\":\"Compuviper\",\"description\":\"Proveedor de Computadoras, Laptops, Servidores, Monitores, Puntos de Venta, Teclados,   Impresoras, T\u00f3ner, C\u00e1maras de Seguridad y m\u00e1s en tu tienda en l\u00ednea\",\"publisher\":{\"@id\":\"https:\/\/compuviper.mx\/tienda\/#organization\"},\"potentialAction\":[{\"@type\":\"SearchAction\",\"target\":{\"@type\":\"EntryPoint\",\"urlTemplate\":\"https:\/\/compuviper.mx\/tienda\/?s={search_term_string}\"},\"query-input\":\"required name=search_term_string\"}],\"inLanguage\":\"es-MX\"},{\"@type\":\"Organization\",\"@id\":\"https:\/\/compuviper.mx\/tienda\/#organization\",\"name\":\"Compuviper\",\"url\":\"https:\/\/compuviper.mx\/tienda\/\",\"logo\":{\"@type\":\"ImageObject\",\"inLanguage\":\"es-MX\",\"@id\":\"https:\/\/compuviper.mx\/tienda\/#\/schema\/logo\/image\/\",\"url\":\"https:\/\/compuviper.mx\/tienda\/wp-content\/uploads\/2021\/08\/Logo-Compuviper-10.png\",\"contentUrl\":\"https:\/\/compuviper.mx\/tienda\/wp-content\/uploads\/2021\/08\/Logo-Compuviper-10.png\",\"width\":1000,\"height\":500,\"caption\":\"Compuviper\"},\"image\":{\"@id\":\"https:\/\/compuviper.mx\/tienda\/#\/schema\/logo\/image\/\"},\"sameAs\":[\"https:\/\/www.facebook.com\/compuviper\",\"https:\/\/www.youtube.com\/channel\/UCf73dERp9Y3cfOq7q8BhLjA?view_as=subscriber\"]}]}<\/script>\n<meta property=\"product:brand\" content=\"Asus Oem\" \/>\n<meta property=\"product:price:amount\" content=\"11279\" \/>\n<meta property=\"product:price:currency\" content=\"MXN\" \/>\n<meta property=\"og:availability\" content=\"instock\" \/>\n<meta property=\"product:availability\" content=\"instock\" \/>\n<meta property=\"product:retailer_item_id\" content=\"RNUC13ANKH5048CUI\" \/>\n<meta property=\"product:condition\" content=\"new\" \/>\n<!-- \/ Yoast SEO plugin. -->","yoast_head_json":{"title":"[ Asus Oem ] &#129351; Rnuc13ankh5048cui Mini Pc Asus Nuc 13 Pro Core I5 13420h Hasta 4.6 Ghz \/8 Cores (4p+4e) \/8gb Ddr4 3200 \/512gb M.2 \/2x Hdmi 2.1 \/2x Thunderbolt 4 \/w11 Pro \/chasis Slim","description":"Compra Rnuc13ankh5048cui Mini Pc Asus Nuc 13 Pro Core I5 13420h Hasta 4.6 Ghz \/8 Cores (4p+4e) \/8gb Ddr4 3200 \/512gb M.2 \/2x Hdmi 2.1 \/2x Thunderbolt 4 \/w11 Pro \/chasis Slim + Env\u00edo a domicilio + Pago seguro + Garant\u00eda","robots":{"index":"index","follow":"follow","max-snippet":"max-snippet:-1","max-image-preview":"max-image-preview:large","max-video-preview":"max-video-preview:-1"},"canonical":"https:\/\/compuviper.mx\/tienda\/producto\/asus-oem-rnuc13ankh5048cui-mini-pc-asus-nuc-13-pro-core-i5-13420h-hasta-4-6-ghz-8-cores-4p4e-8gb-ddr4-3200-512gb-m-2-2x-hdmi-2-1-2x-thunderbolt-4-w11-pro-chasis-slim\/","og_locale":"es_MX","og_type":"article","og_title":"[ Asus Oem ] &#129351; Rnuc13ankh5048cui Mini Pc Asus Nuc 13 Pro Core I5 13420h Hasta 4.6 Ghz \/8 Cores (4p+4e) \/8gb Ddr4 3200 \/512gb M.2 \/2x Hdmi 2.1 \/2x Thunderbolt 4 \/w11 Pro \/chasis Slim","og_description":"Compra Rnuc13ankh5048cui Mini Pc Asus Nuc 13 Pro Core I5 13420h Hasta 4.6 Ghz \/8 Cores (4p+4e) \/8gb Ddr4 3200 \/512gb M.2 \/2x Hdmi 2.1 \/2x Thunderbolt 4 \/w11 Pro \/chasis Slim + Env\u00edo a domicilio + Pago seguro + Garant\u00eda","og_url":"https:\/\/compuviper.mx\/tienda\/producto\/asus-oem-rnuc13ankh5048cui-mini-pc-asus-nuc-13-pro-core-i5-13420h-hasta-4-6-ghz-8-cores-4p4e-8gb-ddr4-3200-512gb-m-2-2x-hdmi-2-1-2x-thunderbolt-4-w11-pro-chasis-slim\/","og_site_name":"Compuviper","article_publisher":"https:\/\/www.facebook.com\/compuviper","twitter_card":"summary_large_image","twitter_misc":{"Precio":"&#36;11,279 con IVA","Availability":"In stock"},"schema":{"@context":"https:\/\/schema.org","@graph":[{"@type":"WebPage","@id":"https:\/\/compuviper.mx\/tienda\/producto\/asus-oem-rnuc13ankh5048cui-mini-pc-asus-nuc-13-pro-core-i5-13420h-hasta-4-6-ghz-8-cores-4p4e-8gb-ddr4-3200-512gb-m-2-2x-hdmi-2-1-2x-thunderbolt-4-w11-pro-chasis-slim\/","url":"https:\/\/compuviper.mx\/tienda\/producto\/asus-oem-rnuc13ankh5048cui-mini-pc-asus-nuc-13-pro-core-i5-13420h-hasta-4-6-ghz-8-cores-4p4e-8gb-ddr4-3200-512gb-m-2-2x-hdmi-2-1-2x-thunderbolt-4-w11-pro-chasis-slim\/","name":"[ Asus Oem ] &#129351; Rnuc13ankh5048cui Mini Pc Asus Nuc 13 Pro Core I5 13420h Hasta 4.6 Ghz \/8 Cores (4p+4e) \/8gb Ddr4 3200 \/512gb M.2 \/2x Hdmi 2.1 \/2x Thunderbolt 4 \/w11 Pro \/chasis Slim","isPartOf":{"@id":"https:\/\/compuviper.mx\/tienda\/#website"},"datePublished":"2026-04-18T07:35:21+00:00","dateModified":"2026-04-18T07:35:21+00:00","description":"Compra Rnuc13ankh5048cui Mini Pc Asus Nuc 13 Pro Core I5 13420h Hasta 4.6 Ghz \/8 Cores (4p+4e) \/8gb Ddr4 3200 \/512gb M.2 \/2x Hdmi 2.1 \/2x Thunderbolt 4 \/w11 Pro \/chasis Slim + Env\u00edo a domicilio + Pago seguro + Garant\u00eda","breadcrumb":{"@id":"https:\/\/compuviper.mx\/tienda\/producto\/asus-oem-rnuc13ankh5048cui-mini-pc-asus-nuc-13-pro-core-i5-13420h-hasta-4-6-ghz-8-cores-4p4e-8gb-ddr4-3200-512gb-m-2-2x-hdmi-2-1-2x-thunderbolt-4-w11-pro-chasis-slim\/#breadcrumb"},"inLanguage":"es-MX","potentialAction":[{"@type":"ReadAction","target":["https:\/\/compuviper.mx\/tienda\/producto\/asus-oem-rnuc13ankh5048cui-mini-pc-asus-nuc-13-pro-core-i5-13420h-hasta-4-6-ghz-8-cores-4p4e-8gb-ddr4-3200-512gb-m-2-2x-hdmi-2-1-2x-thunderbolt-4-w11-pro-chasis-slim\/"]}]},{"@type":"BreadcrumbList","@id":"https:\/\/compuviper.mx\/tienda\/producto\/asus-oem-rnuc13ankh5048cui-mini-pc-asus-nuc-13-pro-core-i5-13420h-hasta-4-6-ghz-8-cores-4p4e-8gb-ddr4-3200-512gb-m-2-2x-hdmi-2-1-2x-thunderbolt-4-w11-pro-chasis-slim\/#breadcrumb","itemListElement":[{"@type":"ListItem","position":1,"name":"Inicio","item":"https:\/\/compuviper.mx\/tienda\/"},{"@type":"ListItem","position":2,"name":"Productos","item":"https:\/\/compuviper.mx\/tienda\/productos\/"},{"@type":"ListItem","position":3,"name":"Computadoras","item":"https:\/\/compuviper.mx\/tienda\/categoria-producto\/computadoras\/"},{"@type":"ListItem","position":4,"name":"Mini Pc\u00b4s","item":"https:\/\/compuviper.mx\/tienda\/categoria-producto\/computadoras\/mini-pcs\/"},{"@type":"ListItem","position":5,"name":"Asus Oem Rnuc13ankh5048cui Mini Pc Asus Nuc 13 Pro Core I5 13420h Hasta 4.6 Ghz \/8 Cores (4p+4e) \/8gb Ddr4 3200 \/512gb M.2 \/2x Hdmi 2.1 \/2x Thunderbolt 4 \/w11 Pro \/chasis Slim"}]},{"@type":"WebSite","@id":"https:\/\/compuviper.mx\/tienda\/#website","url":"https:\/\/compuviper.mx\/tienda\/","name":"Compuviper","description":"Proveedor de Computadoras, Laptops, Servidores, Monitores, Puntos de Venta, Teclados,   Impresoras, T\u00f3ner, C\u00e1maras de Seguridad y m\u00e1s en tu tienda en l\u00ednea","publisher":{"@id":"https:\/\/compuviper.mx\/tienda\/#organization"},"potentialAction":[{"@type":"SearchAction","target":{"@type":"EntryPoint","urlTemplate":"https:\/\/compuviper.mx\/tienda\/?s={search_term_string}"},"query-input":"required name=search_term_string"}],"inLanguage":"es-MX"},{"@type":"Organization","@id":"https:\/\/compuviper.mx\/tienda\/#organization","name":"Compuviper","url":"https:\/\/compuviper.mx\/tienda\/","logo":{"@type":"ImageObject","inLanguage":"es-MX","@id":"https:\/\/compuviper.mx\/tienda\/#\/schema\/logo\/image\/","url":"https:\/\/compuviper.mx\/tienda\/wp-content\/uploads\/2021\/08\/Logo-Compuviper-10.png","contentUrl":"https:\/\/compuviper.mx\/tienda\/wp-content\/uploads\/2021\/08\/Logo-Compuviper-10.png","width":1000,"height":500,"caption":"Compuviper"},"image":{"@id":"https:\/\/compuviper.mx\/tienda\/#\/schema\/logo\/image\/"},"sameAs":["https:\/\/www.facebook.com\/compuviper","https:\/\/www.youtube.com\/channel\/UCf73dERp9Y3cfOq7q8BhLjA?view_as=subscriber"]}]},"product_brand":"Asus Oem","product_price_amount":"11279","product_price_currency":"MXN","og_availability":"instock","product_availability":"instock","product_retailer_item_id":"RNUC13ANKH5048CUI","product_condition":"new"},"_links":{"self":[{"href":"https:\/\/compuviper.mx\/tienda\/wp-json\/wp\/v2\/product\/266734"}],"collection":[{"href":"https:\/\/compuviper.mx\/tienda\/wp-json\/wp\/v2\/product"}],"about":[{"href":"https:\/\/compuviper.mx\/tienda\/wp-json\/wp\/v2\/types\/product"}],"replies":[{"embeddable":true,"href":"https:\/\/compuviper.mx\/tienda\/wp-json\/wp\/v2\/comments?post=266734"}],"wp:attachment":[{"href":"https:\/\/compuviper.mx\/tienda\/wp-json\/wp\/v2\/media?parent=266734"}],"wp:term":[{"taxonomy":"product_cat","embeddable":true,"href":"https:\/\/compuviper.mx\/tienda\/wp-json\/wp\/v2\/product_cat?post=266734"},{"taxonomy":"product_tag","embeddable":true,"href":"https:\/\/compuviper.mx\/tienda\/wp-json\/wp\/v2\/product_tag?post=266734"}],"curies":[{"name":"wp","href":"https:\/\/api.w.org\/{rel}","templated":true}]}}