{"id":266552,"date":"2026-04-23T00:19:08","date_gmt":"2026-04-23T06:19:08","guid":{"rendered":"https:\/\/compuviper.mx\/tienda\/producto\/ezviz-cs-c3tn-3mp2-8mm-cs-c3tn-resolucin-2k-defensa-activa-con-luz-y-sirena-tecnologa-de-vdeo-h-265-visin-nocturna-a-color-audio-bidireccional-y-compatible-con-tarjeta-microsd-de-hasta-256\/"},"modified":"2026-04-23T00:19:08","modified_gmt":"2026-04-23T06:19:08","slug":"ezviz-cs-c3tn-3mp2-8mm-cs-c3tn-resolucin-2k-defensa-activa-con-luz-y-sirena-tecnologa-de-vdeo-h-265-visin-nocturna-a-color-audio-bidireccional-y-compatible-con-tarjeta-microsd-de-hasta-256","status":"publish","type":"product","link":"https:\/\/compuviper.mx\/tienda\/producto\/ezviz-cs-c3tn-3mp2-8mm-cs-c3tn-resolucin-2k-defensa-activa-con-luz-y-sirena-tecnologa-de-vdeo-h-265-visin-nocturna-a-color-audio-bidireccional-y-compatible-con-tarjeta-microsd-de-hasta-256\/","title":{"rendered":"Ezviz Cs-c3tn (3mp,2.8mm) Cs-c3tn Resoluci?n 2k, Defensa Activa Con Luz Y Sirena, Tecnolog?a De V?deo H.265, Visi?n Nocturna A Color, Audio Bidireccional Y Compatible Con Tarjeta Microsd De Hasta 256 Gb."},"content":{"rendered":"<table class=\"descripcion\">\n<tr>\n<td>C\u00e1mara<\/td>\n<\/tr>\n<tr>\n<td>Sensor de imagen: cmos de escaneo progresivo 1\/2.7\u0094<\/td>\n<\/tr>\n<tr>\n<td>Iluminaci\u00f3n m\u00ednima: 0.01 lux @ (f2.0, agc activado); 0 lux con ir<\/td>\n<\/tr>\n<tr>\n<td>Velocidad de obturaci\u00f3n: obturador autoadaptable<\/td>\n<\/tr>\n<tr>\n<td>Lente: 2.8 mm @ f2.0, \u00e1ngulo de visi\u00f3n: 109\u00b0 (horizontal), 126\u00b0 (diagonal)<\/td>\n<\/tr>\n<tr>\n<td>Montaje de lente: m12<\/td>\n<\/tr>\n<tr>\n<td>Dnr: 3d dnr<\/td>\n<\/tr>\n<tr>\n<td>Wdr: wdr digital<\/td>\n<\/tr>\n<tr>\n<td>Compresi\u00f3n<\/td>\n<\/tr>\n<tr>\n<td>Compresi\u00f3n de v\u00eddeo: h.265 \/ h.264<\/td>\n<\/tr>\n<tr>\n<td>Bit rate de v\u00eddeo: ultra-hd \/ hd \/ est\u00e1ndar, tasa de bits autoadaptable<\/td>\n<\/tr>\n<tr>\n<td>Imagen<\/td>\n<\/tr>\n<tr>\n<td>Resoluci\u00f3n m\u00e1xima: 2304 \u00d7 1296 (2 mp)<\/td>\n<\/tr>\n<tr>\n<td>Velocidad de cuadros: m\u00e1x. 30 fps, autoadaptable durante la transmisi\u00f3n de red<\/td>\n<\/tr>\n<tr>\n<td>Red<\/td>\n<\/tr>\n<tr>\n<td>Tonos de alarma definidos por el usuario: soporta<\/td>\n<\/tr>\n<tr>\n<td>Emparejamiento wi-fi: emparejamiento ap<\/td>\n<\/tr>\n<tr>\n<td>Protocolo: protocolo propietario ezviz cloud<\/td>\n<\/tr>\n<tr>\n<td>Protocolo de interfaz: protocolo propietario ezviz cloud<\/td>\n<\/tr>\n<tr>\n<td>Funciones generales: antiparpadeo, doble flujo, heart beat, protecci\u00f3n con contrase\u00f1a, marca de agua<\/td>\n<\/tr>\n<tr>\n<td>Tasa m\u00e1xima de bits: 2m<\/td>\n<\/tr>\n<tr>\n<td>Interfaz y almacenamiento<\/td>\n<\/tr>\n<tr>\n<td>Almacenamiento: ranura para tarjeta microsd (hasta 256 gb)<\/td>\n<\/tr>\n<tr>\n<td>Red cableada: rj45 \u00d7 1 (puerto ethernet adaptativo 10m \/ 100m)<\/td>\n<\/tr>\n<tr>\n<td>Wi-fi<\/td>\n<\/tr>\n<tr>\n<td>Est\u00e1ndar: ieee 802.11b \/ 802.11g \/ 802.11n<\/td>\n<\/tr>\n<tr>\n<td>Rango de frecuencia: 2.4 ghz ~ 2.4835 ghz<\/td>\n<\/tr>\n<tr>\n<td>Ancho de banda del canal: soporta 20 mhz<\/td>\n<\/tr>\n<tr>\n<td>Seguridad: wep 64\/128 bits, wpa \/ wpa2, wpa-psk \/ wpa2-psk<\/td>\n<\/tr>\n<tr>\n<td>Velocidad de transmisi\u00f3n: 802.11b: 11 mbps, 802.11g: 54 mbps, 802.11n: 144 mbps<\/td>\n<\/tr>\n<tr>\n<td>General<\/td>\n<\/tr>\n<tr>\n<td>Condiciones de funcionamiento: -20 \u00b0c a 50 \u00b0c, humedad hasta 95 % (sin condensaci\u00f3n)<\/td>\n<\/tr>\n<tr>\n<td>Alimentaci\u00f3n: dc 12v \/ 1a<\/td>\n<\/tr>\n<tr>\n<td>Consumo de energ\u00eda: m\u00e1x. 6 w<\/td>\n<\/tr>\n<tr>\n<td>Grado de protecci\u00f3n: ip67<\/td>\n<\/tr>\n<tr>\n<td>Distancia de visi\u00f3n nocturna (blanco y negro): hasta 30 m<\/td>\n<\/tr>\n<tr>\n<td>Dimensiones<\/td>\n<\/tr>\n<tr>\n<td>Dimensiones del dispositivo: 72 \u00d7 84 \u00d7 152 mm<\/td>\n<\/tr>\n<tr>\n<td>Dimensiones del empaque: 227 \u00d7 100 \u00d7 92 mm<\/td>\n<\/tr>\n<\/table>\n","protected":false},"excerpt":{"rendered":"<p>La ezviz outpro destaca por ofrecer im\u00e1genes v\u00edvidas. Su dise\u00f1o avanzado asegura que captures cada detalle importante y revivas cada momento relevante en resoluci\u00f3n ultra clara 2k.<\/p>\n","protected":false},"featured_media":0,"comment_status":"open","ping_status":"open","template":"","meta":[],"product_cat":[1608,1681],"product_tag":[2123],"acf":[],"yoast_head":"<!-- This site is optimized with the Yoast SEO plugin v21.7 - https:\/\/yoast.com\/wordpress\/plugins\/seo\/ -->\n<title>[ Ezviz ] &#129351; Cs-c3tn (3mp,2.8mm) Cs-c3tn Resoluci\u00f3n 2k, Defensa Activa Con Luz Y Sirena, Tecnolog\u00eda De V\u00eddeo H.265, Visi\u00f3n Nocturna A Color, Audio Bidireccional Y Compatible Con Tarjeta Microsd De Hasta 256 Gb.<\/title>\n<meta name=\"description\" content=\"Compra Cs-c3tn (3mp,2.8mm) Cs-c3tn Resoluci\u00f3n 2k, Defensa Activa Con Luz Y Sirena, Tecnolog\u00eda De V\u00eddeo H.265, Visi\u00f3n Nocturna A Color, Audio Bidireccional Y Compatible Con Tarjeta Microsd De Hasta 256 Gb. + Env\u00edo a domicilio + Pago seguro + Garant\u00eda\" \/>\n<meta name=\"robots\" content=\"index, follow, max-snippet:-1, max-image-preview:large, max-video-preview:-1\" \/>\n<link rel=\"canonical\" href=\"https:\/\/compuviper.mx\/tienda\/producto\/ezviz-cs-c3tn-3mp2-8mm-cs-c3tn-resolucin-2k-defensa-activa-con-luz-y-sirena-tecnologa-de-vdeo-h-265-visin-nocturna-a-color-audio-bidireccional-y-compatible-con-tarjeta-microsd-de-hasta-256\/\" \/>\n<meta property=\"og:locale\" content=\"es_MX\" \/>\n<meta property=\"og:type\" content=\"article\" \/>\n<meta property=\"og:title\" content=\"[ Ezviz ] &#129351; Cs-c3tn (3mp,2.8mm) Cs-c3tn Resoluci\u00f3n 2k, Defensa Activa Con Luz Y Sirena, Tecnolog\u00eda De V\u00eddeo H.265, Visi\u00f3n Nocturna A Color, Audio Bidireccional Y Compatible Con Tarjeta Microsd De Hasta 256 Gb.\" \/>\n<meta property=\"og:description\" content=\"Compra Cs-c3tn (3mp,2.8mm) Cs-c3tn Resoluci\u00f3n 2k, Defensa Activa Con Luz Y Sirena, Tecnolog\u00eda De V\u00eddeo H.265, Visi\u00f3n Nocturna A Color, Audio Bidireccional Y Compatible Con Tarjeta Microsd De Hasta 256 Gb. + Env\u00edo a domicilio + Pago seguro + Garant\u00eda\" \/>\n<meta property=\"og:url\" content=\"https:\/\/compuviper.mx\/tienda\/producto\/ezviz-cs-c3tn-3mp2-8mm-cs-c3tn-resolucin-2k-defensa-activa-con-luz-y-sirena-tecnologa-de-vdeo-h-265-visin-nocturna-a-color-audio-bidireccional-y-compatible-con-tarjeta-microsd-de-hasta-256\/\" \/>\n<meta property=\"og:site_name\" content=\"Compuviper\" \/>\n<meta property=\"article:publisher\" content=\"https:\/\/www.facebook.com\/compuviper\" \/>\n<meta name=\"twitter:card\" content=\"summary_large_image\" \/>\n<meta name=\"twitter:label1\" content=\"Precio\" \/>\n\t<meta name=\"twitter:data1\" content=\"&#36;644 con IVA\" \/>\n\t<meta name=\"twitter:label2\" content=\"Availability\" \/>\n\t<meta name=\"twitter:data2\" content=\"Out of stock\" \/>\n<script type=\"application\/ld+json\" class=\"yoast-schema-graph\">{\"@context\":\"https:\/\/schema.org\",\"@graph\":[{\"@type\":\"WebPage\",\"@id\":\"https:\/\/compuviper.mx\/tienda\/producto\/ezviz-cs-c3tn-3mp2-8mm-cs-c3tn-resolucin-2k-defensa-activa-con-luz-y-sirena-tecnologa-de-vdeo-h-265-visin-nocturna-a-color-audio-bidireccional-y-compatible-con-tarjeta-microsd-de-hasta-256\/\",\"url\":\"https:\/\/compuviper.mx\/tienda\/producto\/ezviz-cs-c3tn-3mp2-8mm-cs-c3tn-resolucin-2k-defensa-activa-con-luz-y-sirena-tecnologa-de-vdeo-h-265-visin-nocturna-a-color-audio-bidireccional-y-compatible-con-tarjeta-microsd-de-hasta-256\/\",\"name\":\"[ Ezviz ] &#129351; Cs-c3tn (3mp,2.8mm) Cs-c3tn Resoluci\u00f3n 2k, Defensa Activa Con Luz Y Sirena, Tecnolog\u00eda De V\u00eddeo H.265, Visi\u00f3n Nocturna A Color, Audio Bidireccional Y Compatible Con Tarjeta Microsd De Hasta 256 Gb.\",\"isPartOf\":{\"@id\":\"https:\/\/compuviper.mx\/tienda\/#website\"},\"datePublished\":\"2026-04-23T06:19:08+00:00\",\"dateModified\":\"2026-04-23T06:19:08+00:00\",\"description\":\"Compra Cs-c3tn (3mp,2.8mm) Cs-c3tn Resoluci\u00f3n 2k, Defensa Activa Con Luz Y Sirena, Tecnolog\u00eda De V\u00eddeo H.265, Visi\u00f3n Nocturna A Color, Audio Bidireccional Y Compatible Con Tarjeta Microsd De Hasta 256 Gb. + Env\u00edo a domicilio + Pago seguro + Garant\u00eda\",\"breadcrumb\":{\"@id\":\"https:\/\/compuviper.mx\/tienda\/producto\/ezviz-cs-c3tn-3mp2-8mm-cs-c3tn-resolucin-2k-defensa-activa-con-luz-y-sirena-tecnologa-de-vdeo-h-265-visin-nocturna-a-color-audio-bidireccional-y-compatible-con-tarjeta-microsd-de-hasta-256\/#breadcrumb\"},\"inLanguage\":\"es-MX\",\"potentialAction\":[{\"@type\":\"ReadAction\",\"target\":[\"https:\/\/compuviper.mx\/tienda\/producto\/ezviz-cs-c3tn-3mp2-8mm-cs-c3tn-resolucin-2k-defensa-activa-con-luz-y-sirena-tecnologa-de-vdeo-h-265-visin-nocturna-a-color-audio-bidireccional-y-compatible-con-tarjeta-microsd-de-hasta-256\/\"]}]},{\"@type\":\"BreadcrumbList\",\"@id\":\"https:\/\/compuviper.mx\/tienda\/producto\/ezviz-cs-c3tn-3mp2-8mm-cs-c3tn-resolucin-2k-defensa-activa-con-luz-y-sirena-tecnologa-de-vdeo-h-265-visin-nocturna-a-color-audio-bidireccional-y-compatible-con-tarjeta-microsd-de-hasta-256\/#breadcrumb\",\"itemListElement\":[{\"@type\":\"ListItem\",\"position\":1,\"name\":\"Inicio\",\"item\":\"https:\/\/compuviper.mx\/tienda\/\"},{\"@type\":\"ListItem\",\"position\":2,\"name\":\"Productos\",\"item\":\"https:\/\/compuviper.mx\/tienda\/productos\/\"},{\"@type\":\"ListItem\",\"position\":3,\"name\":\"Camaras\",\"item\":\"https:\/\/compuviper.mx\/tienda\/categoria-producto\/camaras-2\/\"},{\"@type\":\"ListItem\",\"position\":4,\"name\":\"Camara De Videovigilancia\",\"item\":\"https:\/\/compuviper.mx\/tienda\/categoria-producto\/camaras-2\/camara-de-videovigilancia\/\"},{\"@type\":\"ListItem\",\"position\":5,\"name\":\"Ezviz Cs-c3tn (3mp,2.8mm) Cs-c3tn Resoluci?n 2k, Defensa Activa Con Luz Y Sirena, Tecnolog?a De V?deo H.265, Visi?n Nocturna A Color, Audio Bidireccional Y Compatible Con Tarjeta Microsd De Hasta 256 Gb.\"}]},{\"@type\":\"WebSite\",\"@id\":\"https:\/\/compuviper.mx\/tienda\/#website\",\"url\":\"https:\/\/compuviper.mx\/tienda\/\",\"name\":\"Compuviper\",\"description\":\"Proveedor de Computadoras, Laptops, Servidores, Monitores, Puntos de Venta, Teclados,   Impresoras, T\u00f3ner, C\u00e1maras de Seguridad y m\u00e1s en tu tienda en l\u00ednea\",\"publisher\":{\"@id\":\"https:\/\/compuviper.mx\/tienda\/#organization\"},\"potentialAction\":[{\"@type\":\"SearchAction\",\"target\":{\"@type\":\"EntryPoint\",\"urlTemplate\":\"https:\/\/compuviper.mx\/tienda\/?s={search_term_string}\"},\"query-input\":\"required name=search_term_string\"}],\"inLanguage\":\"es-MX\"},{\"@type\":\"Organization\",\"@id\":\"https:\/\/compuviper.mx\/tienda\/#organization\",\"name\":\"Compuviper\",\"url\":\"https:\/\/compuviper.mx\/tienda\/\",\"logo\":{\"@type\":\"ImageObject\",\"inLanguage\":\"es-MX\",\"@id\":\"https:\/\/compuviper.mx\/tienda\/#\/schema\/logo\/image\/\",\"url\":\"https:\/\/compuviper.mx\/tienda\/wp-content\/uploads\/2021\/08\/Logo-Compuviper-10.png\",\"contentUrl\":\"https:\/\/compuviper.mx\/tienda\/wp-content\/uploads\/2021\/08\/Logo-Compuviper-10.png\",\"width\":1000,\"height\":500,\"caption\":\"Compuviper\"},\"image\":{\"@id\":\"https:\/\/compuviper.mx\/tienda\/#\/schema\/logo\/image\/\"},\"sameAs\":[\"https:\/\/www.facebook.com\/compuviper\",\"https:\/\/www.youtube.com\/channel\/UCf73dERp9Y3cfOq7q8BhLjA?view_as=subscriber\"]}]}<\/script>\n<meta property=\"product:brand\" content=\"Ezviz\" \/>\n<meta property=\"product:price:amount\" content=\"644\" \/>\n<meta property=\"product:price:currency\" content=\"MXN\" \/>\n<meta property=\"og:availability\" content=\"out of stock\" \/>\n<meta property=\"product:availability\" content=\"out of stock\" \/>\n<meta property=\"product:retailer_item_id\" content=\"CS-C3TN (3MP,2.8MM)\" \/>\n<meta property=\"product:condition\" content=\"new\" \/>\n<!-- \/ Yoast SEO plugin. -->","yoast_head_json":{"title":"[ Ezviz ] &#129351; Cs-c3tn (3mp,2.8mm) Cs-c3tn Resoluci\u00f3n 2k, Defensa Activa Con Luz Y Sirena, Tecnolog\u00eda De V\u00eddeo H.265, Visi\u00f3n Nocturna A Color, Audio Bidireccional Y Compatible Con Tarjeta Microsd De Hasta 256 Gb.","description":"Compra Cs-c3tn (3mp,2.8mm) Cs-c3tn Resoluci\u00f3n 2k, Defensa Activa Con Luz Y Sirena, Tecnolog\u00eda De V\u00eddeo H.265, Visi\u00f3n Nocturna A Color, Audio Bidireccional Y Compatible Con Tarjeta Microsd De Hasta 256 Gb. + Env\u00edo a domicilio + Pago seguro + Garant\u00eda","robots":{"index":"index","follow":"follow","max-snippet":"max-snippet:-1","max-image-preview":"max-image-preview:large","max-video-preview":"max-video-preview:-1"},"canonical":"https:\/\/compuviper.mx\/tienda\/producto\/ezviz-cs-c3tn-3mp2-8mm-cs-c3tn-resolucin-2k-defensa-activa-con-luz-y-sirena-tecnologa-de-vdeo-h-265-visin-nocturna-a-color-audio-bidireccional-y-compatible-con-tarjeta-microsd-de-hasta-256\/","og_locale":"es_MX","og_type":"article","og_title":"[ Ezviz ] &#129351; Cs-c3tn (3mp,2.8mm) Cs-c3tn Resoluci\u00f3n 2k, Defensa Activa Con Luz Y Sirena, Tecnolog\u00eda De V\u00eddeo H.265, Visi\u00f3n Nocturna A Color, Audio Bidireccional Y Compatible Con Tarjeta Microsd De Hasta 256 Gb.","og_description":"Compra Cs-c3tn (3mp,2.8mm) Cs-c3tn Resoluci\u00f3n 2k, Defensa Activa Con Luz Y Sirena, Tecnolog\u00eda De V\u00eddeo H.265, Visi\u00f3n Nocturna A Color, Audio Bidireccional Y Compatible Con Tarjeta Microsd De Hasta 256 Gb. + Env\u00edo a domicilio + Pago seguro + Garant\u00eda","og_url":"https:\/\/compuviper.mx\/tienda\/producto\/ezviz-cs-c3tn-3mp2-8mm-cs-c3tn-resolucin-2k-defensa-activa-con-luz-y-sirena-tecnologa-de-vdeo-h-265-visin-nocturna-a-color-audio-bidireccional-y-compatible-con-tarjeta-microsd-de-hasta-256\/","og_site_name":"Compuviper","article_publisher":"https:\/\/www.facebook.com\/compuviper","twitter_card":"summary_large_image","twitter_misc":{"Precio":"&#36;644 con IVA","Availability":"Out of stock"},"schema":{"@context":"https:\/\/schema.org","@graph":[{"@type":"WebPage","@id":"https:\/\/compuviper.mx\/tienda\/producto\/ezviz-cs-c3tn-3mp2-8mm-cs-c3tn-resolucin-2k-defensa-activa-con-luz-y-sirena-tecnologa-de-vdeo-h-265-visin-nocturna-a-color-audio-bidireccional-y-compatible-con-tarjeta-microsd-de-hasta-256\/","url":"https:\/\/compuviper.mx\/tienda\/producto\/ezviz-cs-c3tn-3mp2-8mm-cs-c3tn-resolucin-2k-defensa-activa-con-luz-y-sirena-tecnologa-de-vdeo-h-265-visin-nocturna-a-color-audio-bidireccional-y-compatible-con-tarjeta-microsd-de-hasta-256\/","name":"[ Ezviz ] &#129351; Cs-c3tn (3mp,2.8mm) Cs-c3tn Resoluci\u00f3n 2k, Defensa Activa Con Luz Y Sirena, Tecnolog\u00eda De V\u00eddeo H.265, Visi\u00f3n Nocturna A Color, Audio Bidireccional Y Compatible Con Tarjeta Microsd De Hasta 256 Gb.","isPartOf":{"@id":"https:\/\/compuviper.mx\/tienda\/#website"},"datePublished":"2026-04-23T06:19:08+00:00","dateModified":"2026-04-23T06:19:08+00:00","description":"Compra Cs-c3tn (3mp,2.8mm) Cs-c3tn Resoluci\u00f3n 2k, Defensa Activa Con Luz Y Sirena, Tecnolog\u00eda De V\u00eddeo H.265, Visi\u00f3n Nocturna A Color, Audio Bidireccional Y Compatible Con Tarjeta Microsd De Hasta 256 Gb. + Env\u00edo a domicilio + Pago seguro + Garant\u00eda","breadcrumb":{"@id":"https:\/\/compuviper.mx\/tienda\/producto\/ezviz-cs-c3tn-3mp2-8mm-cs-c3tn-resolucin-2k-defensa-activa-con-luz-y-sirena-tecnologa-de-vdeo-h-265-visin-nocturna-a-color-audio-bidireccional-y-compatible-con-tarjeta-microsd-de-hasta-256\/#breadcrumb"},"inLanguage":"es-MX","potentialAction":[{"@type":"ReadAction","target":["https:\/\/compuviper.mx\/tienda\/producto\/ezviz-cs-c3tn-3mp2-8mm-cs-c3tn-resolucin-2k-defensa-activa-con-luz-y-sirena-tecnologa-de-vdeo-h-265-visin-nocturna-a-color-audio-bidireccional-y-compatible-con-tarjeta-microsd-de-hasta-256\/"]}]},{"@type":"BreadcrumbList","@id":"https:\/\/compuviper.mx\/tienda\/producto\/ezviz-cs-c3tn-3mp2-8mm-cs-c3tn-resolucin-2k-defensa-activa-con-luz-y-sirena-tecnologa-de-vdeo-h-265-visin-nocturna-a-color-audio-bidireccional-y-compatible-con-tarjeta-microsd-de-hasta-256\/#breadcrumb","itemListElement":[{"@type":"ListItem","position":1,"name":"Inicio","item":"https:\/\/compuviper.mx\/tienda\/"},{"@type":"ListItem","position":2,"name":"Productos","item":"https:\/\/compuviper.mx\/tienda\/productos\/"},{"@type":"ListItem","position":3,"name":"Camaras","item":"https:\/\/compuviper.mx\/tienda\/categoria-producto\/camaras-2\/"},{"@type":"ListItem","position":4,"name":"Camara De Videovigilancia","item":"https:\/\/compuviper.mx\/tienda\/categoria-producto\/camaras-2\/camara-de-videovigilancia\/"},{"@type":"ListItem","position":5,"name":"Ezviz Cs-c3tn (3mp,2.8mm) Cs-c3tn Resoluci?n 2k, Defensa Activa Con Luz Y Sirena, Tecnolog?a De V?deo H.265, Visi?n Nocturna A Color, Audio Bidireccional Y Compatible Con Tarjeta Microsd De Hasta 256 Gb."}]},{"@type":"WebSite","@id":"https:\/\/compuviper.mx\/tienda\/#website","url":"https:\/\/compuviper.mx\/tienda\/","name":"Compuviper","description":"Proveedor de Computadoras, Laptops, Servidores, Monitores, Puntos de Venta, Teclados,   Impresoras, T\u00f3ner, C\u00e1maras de Seguridad y m\u00e1s en tu tienda en l\u00ednea","publisher":{"@id":"https:\/\/compuviper.mx\/tienda\/#organization"},"potentialAction":[{"@type":"SearchAction","target":{"@type":"EntryPoint","urlTemplate":"https:\/\/compuviper.mx\/tienda\/?s={search_term_string}"},"query-input":"required name=search_term_string"}],"inLanguage":"es-MX"},{"@type":"Organization","@id":"https:\/\/compuviper.mx\/tienda\/#organization","name":"Compuviper","url":"https:\/\/compuviper.mx\/tienda\/","logo":{"@type":"ImageObject","inLanguage":"es-MX","@id":"https:\/\/compuviper.mx\/tienda\/#\/schema\/logo\/image\/","url":"https:\/\/compuviper.mx\/tienda\/wp-content\/uploads\/2021\/08\/Logo-Compuviper-10.png","contentUrl":"https:\/\/compuviper.mx\/tienda\/wp-content\/uploads\/2021\/08\/Logo-Compuviper-10.png","width":1000,"height":500,"caption":"Compuviper"},"image":{"@id":"https:\/\/compuviper.mx\/tienda\/#\/schema\/logo\/image\/"},"sameAs":["https:\/\/www.facebook.com\/compuviper","https:\/\/www.youtube.com\/channel\/UCf73dERp9Y3cfOq7q8BhLjA?view_as=subscriber"]}]},"product_brand":"Ezviz","product_price_amount":"644","product_price_currency":"MXN","og_availability":"out of stock","product_availability":"out of stock","product_retailer_item_id":"CS-C3TN (3MP,2.8MM)","product_condition":"new"},"_links":{"self":[{"href":"https:\/\/compuviper.mx\/tienda\/wp-json\/wp\/v2\/product\/266552"}],"collection":[{"href":"https:\/\/compuviper.mx\/tienda\/wp-json\/wp\/v2\/product"}],"about":[{"href":"https:\/\/compuviper.mx\/tienda\/wp-json\/wp\/v2\/types\/product"}],"replies":[{"embeddable":true,"href":"https:\/\/compuviper.mx\/tienda\/wp-json\/wp\/v2\/comments?post=266552"}],"wp:attachment":[{"href":"https:\/\/compuviper.mx\/tienda\/wp-json\/wp\/v2\/media?parent=266552"}],"wp:term":[{"taxonomy":"product_cat","embeddable":true,"href":"https:\/\/compuviper.mx\/tienda\/wp-json\/wp\/v2\/product_cat?post=266552"},{"taxonomy":"product_tag","embeddable":true,"href":"https:\/\/compuviper.mx\/tienda\/wp-json\/wp\/v2\/product_tag?post=266552"}],"curies":[{"name":"wp","href":"https:\/\/api.w.org\/{rel}","templated":true}]}}