{"id":266348,"date":"2026-04-09T23:44:48","date_gmt":"2026-04-10T05:44:48","guid":{"rendered":"https:\/\/compuviper.mx\/tienda\/producto\/cooler-master-mlw-d36m-a18pz-r1884102110016-disipador-de-enfriamiento-liquido-ml360l-v2-negro-argb\/"},"modified":"2026-04-09T23:44:49","modified_gmt":"2026-04-10T05:44:49","slug":"cooler-master-mlw-d36m-a18pz-r1884102110016-disipador-de-enfriamiento-liquido-ml360l-v2-negro-argb","status":"publish","type":"product","link":"https:\/\/compuviper.mx\/tienda\/producto\/cooler-master-mlw-d36m-a18pz-r1884102110016-disipador-de-enfriamiento-liquido-ml360l-v2-negro-argb\/","title":{"rendered":"Cooler Master Mlw-d36m-a18pz-r1,884102110016 Disipador De Enfriamiento Liquido  Ml360l V2\/negro\/argb"},"content":{"rendered":"<table class=\"descripcion\">\n<tr>\n<td>Numero de producto mlw-d36m-a18pa-r2<\/td>\n<\/tr>\n<tr>\n<td>Color exterior negro<\/td>\n<\/tr>\n<tr>\n<td>Zocalo de cpu lga1700, lga1200, lga2066, lga2011-v3, lga2011, lga1151, lga1150, lga1155, lga1156, am5, am4, am3+, am3, am2+, am2, fm2+, fm2, fm1<\/td>\n<\/tr>\n<tr>\n<td>Material radiador aluminio<\/td>\n<\/tr>\n<tr>\n<td>Dimensiones del radiador 394 x 119,6 x 27,2 mm \/ 15,5 x 4,7 x 1,1 pulgadas<\/td>\n<\/tr>\n<tr>\n<td>Dimensiones de la bomba 79,9 x 76 x 47 mm \/ 3,1 x 3 x 1,9 pulgadas<\/td>\n<\/tr>\n<tr>\n<td>Bomba mttf  490.000 horas<\/td>\n<\/tr>\n<tr>\n<td>Nivel de ruido de la bomba 10 dba (m\u00e1x.)<\/td>\n<\/tr>\n<tr>\n<td>Conector de alimentaci\u00f3n 3 pines<\/td>\n<\/tr>\n<tr>\n<td>Voltaje nominal de la bomba 12 vdc<\/td>\n<\/tr>\n<tr>\n<td>Consumo de energia de la bomba 2.36 w<\/td>\n<\/tr>\n<tr>\n<td>Dimensiones del ventilador (l x an x al) 120 x 120 x 25 mm \/ 4,7 x 4,7 x 1 pulgadas<\/td>\n<\/tr>\n<tr>\n<td>Ventilador cantidad 3 pcs<\/td>\n<\/tr>\n<tr>\n<td>Ventilador led direccionable rgb<\/td>\n<\/tr>\n<tr>\n<td>Velocidad del ventilador 650-1800 rpm \u00b1 10%<\/td>\n<\/tr>\n<tr>\n<td>Flujo de aire del ventilador 62 cfm (m\u00e1x.)<\/td>\n<\/tr>\n<tr>\n<td>Nivel de ruido del ventilador 27 dba<\/td>\n<\/tr>\n<tr>\n<td>Presion del ventilador 2,5 mmh and #8322;o (m\u00e1x.)<\/td>\n<\/tr>\n<tr>\n<td>Tipo de cojinete de ventilador cojinete de rifle<\/td>\n<\/tr>\n<tr>\n<td>Ventilador mttf  160.000 horas<\/td>\n<\/tr>\n<tr>\n<td>Conector de alimentaci\u00f3n del ventilador de 4 pines (pwm)<\/td>\n<\/tr>\n<tr>\n<td>Voltaje nominal del ventilador 12 vdc<\/td>\n<\/tr>\n<tr>\n<td>Corriente nominal del ventilador 0.15a<\/td>\n<\/tr>\n<tr>\n<td>Corriente de seguridad del ventilador 0.37a<\/td>\n<\/tr>\n<tr>\n<td>Espacio ram n\/a<\/td>\n<\/tr>\n<tr>\n<td>Tama\u00f1o del radiador 360<\/td>\n<\/tr>\n<tr>\n<td>Serie masterliquid lite<\/td>\n<\/tr>\n<tr>\n<td>Enfriador de l\u00edquido tipo enfriador<\/td>\n<\/tr>\n<tr>\n<td>Nota compatible con amd am5 aunque el paquete no puede estresarlo.<\/td>\n<\/tr>\n<\/table>\n","protected":false},"excerpt":{"rendered":"<p>Bomba de doble camara de nueva generacion. Area de superficie ampliada en el radiador. Nuevo sickleflow 120 argb. Sellado reforzado para la prevencion antifugas<\/p>\n","protected":false},"featured_media":266349,"comment_status":"open","ping_status":"open","template":"","meta":[],"product_cat":[1612,1859],"product_tag":[1615],"acf":[],"yoast_head":"<!-- This site is optimized with the Yoast SEO plugin v21.7 - https:\/\/yoast.com\/wordpress\/plugins\/seo\/ -->\n<title>[ Cooler Master ] &#129351; Mlw-d36m-a18pz-r1,884102110016 Disipador De Enfriamiento Liquido Ml360l V2\/negro\/argb<\/title>\n<meta name=\"description\" content=\"Compra Mlw-d36m-a18pz-r1,884102110016 Disipador De Enfriamiento Liquido Ml360l V2\/negro\/argb + Env\u00edo a domicilio + Pago seguro + Garant\u00eda\" \/>\n<meta name=\"robots\" content=\"index, follow, max-snippet:-1, max-image-preview:large, max-video-preview:-1\" \/>\n<link rel=\"canonical\" href=\"https:\/\/compuviper.mx\/tienda\/producto\/cooler-master-mlw-d36m-a18pz-r1884102110016-disipador-de-enfriamiento-liquido-ml360l-v2-negro-argb\/\" \/>\n<meta property=\"og:locale\" content=\"es_MX\" \/>\n<meta property=\"og:type\" content=\"article\" \/>\n<meta property=\"og:title\" content=\"[ Cooler Master ] &#129351; Mlw-d36m-a18pz-r1,884102110016 Disipador De Enfriamiento Liquido Ml360l V2\/negro\/argb\" \/>\n<meta property=\"og:description\" content=\"Compra Mlw-d36m-a18pz-r1,884102110016 Disipador De Enfriamiento Liquido Ml360l V2\/negro\/argb + Env\u00edo a domicilio + Pago seguro + Garant\u00eda\" \/>\n<meta property=\"og:url\" content=\"https:\/\/compuviper.mx\/tienda\/producto\/cooler-master-mlw-d36m-a18pz-r1884102110016-disipador-de-enfriamiento-liquido-ml360l-v2-negro-argb\/\" \/>\n<meta property=\"og:site_name\" content=\"Compuviper\" \/>\n<meta property=\"article:publisher\" content=\"https:\/\/www.facebook.com\/compuviper\" \/>\n<meta property=\"article:modified_time\" content=\"2026-04-10T05:44:49+00:00\" \/>\n<meta property=\"og:image\" content=\"https:\/\/compuviper.mx\/tienda\/wp-content\/uploads\/2026\/02\/Disipador-de-enfriamiento-liquido-cooler-master-ml360l-v2negroargb.jpg\" \/>\n\t<meta property=\"og:image:width\" content=\"200\" \/>\n\t<meta property=\"og:image:height\" content=\"200\" \/>\n\t<meta property=\"og:image:type\" content=\"image\/jpeg\" \/>\n<meta name=\"twitter:card\" content=\"summary_large_image\" \/>\n<meta name=\"twitter:label1\" content=\"Precio\" \/>\n\t<meta name=\"twitter:data1\" content=\"&#36;1,422 &#36;1,321 con IVA\" \/>\n\t<meta name=\"twitter:label2\" content=\"Availability\" \/>\n\t<meta name=\"twitter:data2\" content=\"In stock\" \/>\n<script type=\"application\/ld+json\" class=\"yoast-schema-graph\">{\"@context\":\"https:\/\/schema.org\",\"@graph\":[{\"@type\":\"WebPage\",\"@id\":\"https:\/\/compuviper.mx\/tienda\/producto\/cooler-master-mlw-d36m-a18pz-r1884102110016-disipador-de-enfriamiento-liquido-ml360l-v2-negro-argb\/\",\"url\":\"https:\/\/compuviper.mx\/tienda\/producto\/cooler-master-mlw-d36m-a18pz-r1884102110016-disipador-de-enfriamiento-liquido-ml360l-v2-negro-argb\/\",\"name\":\"[ Cooler Master ] &#129351; Mlw-d36m-a18pz-r1,884102110016 Disipador De Enfriamiento Liquido Ml360l V2\/negro\/argb\",\"isPartOf\":{\"@id\":\"https:\/\/compuviper.mx\/tienda\/#website\"},\"datePublished\":\"2026-04-10T05:44:48+00:00\",\"dateModified\":\"2026-04-10T05:44:49+00:00\",\"description\":\"Compra Mlw-d36m-a18pz-r1,884102110016 Disipador De Enfriamiento Liquido Ml360l V2\/negro\/argb + Env\u00edo a domicilio + Pago seguro + Garant\u00eda\",\"breadcrumb\":{\"@id\":\"https:\/\/compuviper.mx\/tienda\/producto\/cooler-master-mlw-d36m-a18pz-r1884102110016-disipador-de-enfriamiento-liquido-ml360l-v2-negro-argb\/#breadcrumb\"},\"inLanguage\":\"es-MX\",\"potentialAction\":[{\"@type\":\"ReadAction\",\"target\":[\"https:\/\/compuviper.mx\/tienda\/producto\/cooler-master-mlw-d36m-a18pz-r1884102110016-disipador-de-enfriamiento-liquido-ml360l-v2-negro-argb\/\"]}]},{\"@type\":\"BreadcrumbList\",\"@id\":\"https:\/\/compuviper.mx\/tienda\/producto\/cooler-master-mlw-d36m-a18pz-r1884102110016-disipador-de-enfriamiento-liquido-ml360l-v2-negro-argb\/#breadcrumb\",\"itemListElement\":[{\"@type\":\"ListItem\",\"position\":1,\"name\":\"Inicio\",\"item\":\"https:\/\/compuviper.mx\/tienda\/\"},{\"@type\":\"ListItem\",\"position\":2,\"name\":\"Productos\",\"item\":\"https:\/\/compuviper.mx\/tienda\/productos\/\"},{\"@type\":\"ListItem\",\"position\":3,\"name\":\"Ventiladores\",\"item\":\"https:\/\/compuviper.mx\/tienda\/categoria-producto\/ventiladores\/\"},{\"@type\":\"ListItem\",\"position\":4,\"name\":\"Disipador\",\"item\":\"https:\/\/compuviper.mx\/tienda\/categoria-producto\/ventiladores\/disipador\/\"},{\"@type\":\"ListItem\",\"position\":5,\"name\":\"Cooler Master Mlw-d36m-a18pz-r1,884102110016 Disipador De Enfriamiento Liquido Ml360l V2\/negro\/argb\"}]},{\"@type\":\"WebSite\",\"@id\":\"https:\/\/compuviper.mx\/tienda\/#website\",\"url\":\"https:\/\/compuviper.mx\/tienda\/\",\"name\":\"Compuviper\",\"description\":\"Proveedor de Computadoras, Laptops, Servidores, Monitores, Puntos de Venta, Teclados,   Impresoras, T\u00f3ner, C\u00e1maras de Seguridad y m\u00e1s en tu tienda en l\u00ednea\",\"publisher\":{\"@id\":\"https:\/\/compuviper.mx\/tienda\/#organization\"},\"potentialAction\":[{\"@type\":\"SearchAction\",\"target\":{\"@type\":\"EntryPoint\",\"urlTemplate\":\"https:\/\/compuviper.mx\/tienda\/?s={search_term_string}\"},\"query-input\":\"required name=search_term_string\"}],\"inLanguage\":\"es-MX\"},{\"@type\":\"Organization\",\"@id\":\"https:\/\/compuviper.mx\/tienda\/#organization\",\"name\":\"Compuviper\",\"url\":\"https:\/\/compuviper.mx\/tienda\/\",\"logo\":{\"@type\":\"ImageObject\",\"inLanguage\":\"es-MX\",\"@id\":\"https:\/\/compuviper.mx\/tienda\/#\/schema\/logo\/image\/\",\"url\":\"https:\/\/compuviper.mx\/tienda\/wp-content\/uploads\/2021\/08\/Logo-Compuviper-10.png\",\"contentUrl\":\"https:\/\/compuviper.mx\/tienda\/wp-content\/uploads\/2021\/08\/Logo-Compuviper-10.png\",\"width\":1000,\"height\":500,\"caption\":\"Compuviper\"},\"image\":{\"@id\":\"https:\/\/compuviper.mx\/tienda\/#\/schema\/logo\/image\/\"},\"sameAs\":[\"https:\/\/www.facebook.com\/compuviper\",\"https:\/\/www.youtube.com\/channel\/UCf73dERp9Y3cfOq7q8BhLjA?view_as=subscriber\"]}]}<\/script>\n<meta property=\"product:brand\" content=\"COOLER MASTER\" \/>\n<meta property=\"product:price:amount\" content=\"1321\" \/>\n<meta property=\"product:price:currency\" content=\"MXN\" \/>\n<meta property=\"og:availability\" content=\"instock\" \/>\n<meta property=\"product:availability\" content=\"instock\" \/>\n<meta property=\"product:retailer_item_id\" content=\"MLW-D36M-A18PZ-R1,884102110016\" \/>\n<meta property=\"product:condition\" content=\"new\" \/>\n<!-- \/ Yoast SEO plugin. -->","yoast_head_json":{"title":"[ Cooler Master ] &#129351; Mlw-d36m-a18pz-r1,884102110016 Disipador De Enfriamiento Liquido Ml360l V2\/negro\/argb","description":"Compra Mlw-d36m-a18pz-r1,884102110016 Disipador De Enfriamiento Liquido Ml360l V2\/negro\/argb + Env\u00edo a domicilio + Pago seguro + Garant\u00eda","robots":{"index":"index","follow":"follow","max-snippet":"max-snippet:-1","max-image-preview":"max-image-preview:large","max-video-preview":"max-video-preview:-1"},"canonical":"https:\/\/compuviper.mx\/tienda\/producto\/cooler-master-mlw-d36m-a18pz-r1884102110016-disipador-de-enfriamiento-liquido-ml360l-v2-negro-argb\/","og_locale":"es_MX","og_type":"article","og_title":"[ Cooler Master ] &#129351; Mlw-d36m-a18pz-r1,884102110016 Disipador De Enfriamiento Liquido Ml360l V2\/negro\/argb","og_description":"Compra Mlw-d36m-a18pz-r1,884102110016 Disipador De Enfriamiento Liquido Ml360l V2\/negro\/argb + Env\u00edo a domicilio + Pago seguro + Garant\u00eda","og_url":"https:\/\/compuviper.mx\/tienda\/producto\/cooler-master-mlw-d36m-a18pz-r1884102110016-disipador-de-enfriamiento-liquido-ml360l-v2-negro-argb\/","og_site_name":"Compuviper","article_publisher":"https:\/\/www.facebook.com\/compuviper","article_modified_time":"2026-04-10T05:44:49+00:00","og_image":[{"width":200,"height":200,"url":"https:\/\/compuviper.mx\/tienda\/wp-content\/uploads\/2026\/02\/Disipador-de-enfriamiento-liquido-cooler-master-ml360l-v2negroargb.jpg","type":"image\/jpeg"}],"twitter_card":"summary_large_image","twitter_misc":{"Precio":"&#36;1,422 &#36;1,321 con IVA","Availability":"In stock"},"schema":{"@context":"https:\/\/schema.org","@graph":[{"@type":"WebPage","@id":"https:\/\/compuviper.mx\/tienda\/producto\/cooler-master-mlw-d36m-a18pz-r1884102110016-disipador-de-enfriamiento-liquido-ml360l-v2-negro-argb\/","url":"https:\/\/compuviper.mx\/tienda\/producto\/cooler-master-mlw-d36m-a18pz-r1884102110016-disipador-de-enfriamiento-liquido-ml360l-v2-negro-argb\/","name":"[ Cooler Master ] &#129351; Mlw-d36m-a18pz-r1,884102110016 Disipador De Enfriamiento Liquido Ml360l V2\/negro\/argb","isPartOf":{"@id":"https:\/\/compuviper.mx\/tienda\/#website"},"datePublished":"2026-04-10T05:44:48+00:00","dateModified":"2026-04-10T05:44:49+00:00","description":"Compra Mlw-d36m-a18pz-r1,884102110016 Disipador De Enfriamiento Liquido Ml360l V2\/negro\/argb + Env\u00edo a domicilio + Pago seguro + Garant\u00eda","breadcrumb":{"@id":"https:\/\/compuviper.mx\/tienda\/producto\/cooler-master-mlw-d36m-a18pz-r1884102110016-disipador-de-enfriamiento-liquido-ml360l-v2-negro-argb\/#breadcrumb"},"inLanguage":"es-MX","potentialAction":[{"@type":"ReadAction","target":["https:\/\/compuviper.mx\/tienda\/producto\/cooler-master-mlw-d36m-a18pz-r1884102110016-disipador-de-enfriamiento-liquido-ml360l-v2-negro-argb\/"]}]},{"@type":"BreadcrumbList","@id":"https:\/\/compuviper.mx\/tienda\/producto\/cooler-master-mlw-d36m-a18pz-r1884102110016-disipador-de-enfriamiento-liquido-ml360l-v2-negro-argb\/#breadcrumb","itemListElement":[{"@type":"ListItem","position":1,"name":"Inicio","item":"https:\/\/compuviper.mx\/tienda\/"},{"@type":"ListItem","position":2,"name":"Productos","item":"https:\/\/compuviper.mx\/tienda\/productos\/"},{"@type":"ListItem","position":3,"name":"Ventiladores","item":"https:\/\/compuviper.mx\/tienda\/categoria-producto\/ventiladores\/"},{"@type":"ListItem","position":4,"name":"Disipador","item":"https:\/\/compuviper.mx\/tienda\/categoria-producto\/ventiladores\/disipador\/"},{"@type":"ListItem","position":5,"name":"Cooler Master Mlw-d36m-a18pz-r1,884102110016 Disipador De Enfriamiento Liquido Ml360l V2\/negro\/argb"}]},{"@type":"WebSite","@id":"https:\/\/compuviper.mx\/tienda\/#website","url":"https:\/\/compuviper.mx\/tienda\/","name":"Compuviper","description":"Proveedor de Computadoras, Laptops, Servidores, Monitores, Puntos de Venta, Teclados,   Impresoras, T\u00f3ner, C\u00e1maras de Seguridad y m\u00e1s en tu tienda en l\u00ednea","publisher":{"@id":"https:\/\/compuviper.mx\/tienda\/#organization"},"potentialAction":[{"@type":"SearchAction","target":{"@type":"EntryPoint","urlTemplate":"https:\/\/compuviper.mx\/tienda\/?s={search_term_string}"},"query-input":"required name=search_term_string"}],"inLanguage":"es-MX"},{"@type":"Organization","@id":"https:\/\/compuviper.mx\/tienda\/#organization","name":"Compuviper","url":"https:\/\/compuviper.mx\/tienda\/","logo":{"@type":"ImageObject","inLanguage":"es-MX","@id":"https:\/\/compuviper.mx\/tienda\/#\/schema\/logo\/image\/","url":"https:\/\/compuviper.mx\/tienda\/wp-content\/uploads\/2021\/08\/Logo-Compuviper-10.png","contentUrl":"https:\/\/compuviper.mx\/tienda\/wp-content\/uploads\/2021\/08\/Logo-Compuviper-10.png","width":1000,"height":500,"caption":"Compuviper"},"image":{"@id":"https:\/\/compuviper.mx\/tienda\/#\/schema\/logo\/image\/"},"sameAs":["https:\/\/www.facebook.com\/compuviper","https:\/\/www.youtube.com\/channel\/UCf73dERp9Y3cfOq7q8BhLjA?view_as=subscriber"]}]},"product_brand":"COOLER MASTER","product_price_amount":"1321","product_price_currency":"MXN","og_availability":"instock","product_availability":"instock","product_retailer_item_id":"MLW-D36M-A18PZ-R1,884102110016","product_condition":"new"},"_links":{"self":[{"href":"https:\/\/compuviper.mx\/tienda\/wp-json\/wp\/v2\/product\/266348"}],"collection":[{"href":"https:\/\/compuviper.mx\/tienda\/wp-json\/wp\/v2\/product"}],"about":[{"href":"https:\/\/compuviper.mx\/tienda\/wp-json\/wp\/v2\/types\/product"}],"replies":[{"embeddable":true,"href":"https:\/\/compuviper.mx\/tienda\/wp-json\/wp\/v2\/comments?post=266348"}],"wp:featuredmedia":[{"embeddable":true,"href":"https:\/\/compuviper.mx\/tienda\/wp-json\/wp\/v2\/media\/266349"}],"wp:attachment":[{"href":"https:\/\/compuviper.mx\/tienda\/wp-json\/wp\/v2\/media?parent=266348"}],"wp:term":[{"taxonomy":"product_cat","embeddable":true,"href":"https:\/\/compuviper.mx\/tienda\/wp-json\/wp\/v2\/product_cat?post=266348"},{"taxonomy":"product_tag","embeddable":true,"href":"https:\/\/compuviper.mx\/tienda\/wp-json\/wp\/v2\/product_tag?post=266348"}],"curies":[{"name":"wp","href":"https:\/\/api.w.org\/{rel}","templated":true}]}}