{"id":266245,"date":"2026-04-01T23:21:55","date_gmt":"2026-04-02T05:21:55","guid":{"rendered":"https:\/\/compuviper.mx\/tienda\/producto\/dahua-display-dhi-pheia1-8-th-gabinete-con-mdulos-led-dahua-pitch-1-8-640mmx480mm-800-nits-de-brillo-estructura-de-aluminio-duradera-uso-interior\/"},"modified":"2026-04-01T23:21:55","modified_gmt":"2026-04-02T05:21:55","slug":"dahua-display-dhi-pheia1-8-th-gabinete-con-mdulos-led-dahua-pitch-1-8-640mmx480mm-800-nits-de-brillo-estructura-de-aluminio-duradera-uso-interior","status":"publish","type":"product","link":"https:\/\/compuviper.mx\/tienda\/producto\/dahua-display-dhi-pheia1-8-th-gabinete-con-mdulos-led-dahua-pitch-1-8-640mmx480mm-800-nits-de-brillo-estructura-de-aluminio-duradera-uso-interior\/","title":{"rendered":"Dahua Display Dhi-pheia1.8-th Gabinete Con M?dulos Led Dahua  \/pitch 1.8\/ 640mmx480mm \/ 800 Nits De Brillo\/estructura De Aluminio Duradera\/uso Interior"},"content":{"rendered":"<table class=\"descripcion\">\n<tr>\n<td>Especificaciones t\u00e9cnicas<\/td>\n<\/tr>\n<tr>\n<td>Tipo de led: smd1515<\/td>\n<\/tr>\n<tr>\n<td>Tama\u00f1o del m\u00f3dulo: 320 mm \u00d7 160 mm<\/td>\n<\/tr>\n<tr>\n<td>Tama\u00f1o del gabinete: ancho 640 mm \u00d7 alto 480 mm \u00d7 profundidad 54 mm<\/td>\n<\/tr>\n<tr>\n<td>Peso del gabinete: 6,5 kg \u00b1 0,1<\/td>\n<\/tr>\n<tr>\n<td>Material del gabinete: fundici\u00f3n a presi\u00f3n de aluminio<\/td>\n<\/tr>\n<tr>\n<td>Temperatura de funcionamiento: &#8211; 10\u00b0c~+45 and #8451;\/10 ~ 80 % de humedad relativa<\/td>\n<\/tr>\n<tr>\n<td>Clasificaci\u00f3n ip: ip30 frontal\/ip30 trasero<\/td>\n<\/tr>\n<tr>\n<td>Voltaje de entrada: ca 100 ~ 220 v (+\/-10 %)<\/td>\n<\/tr>\n<\/table>\n","protected":false},"excerpt":{"rendered":"<p>Informaci\u00f3n general. El dahua dhi-pheia1.8-th es un gabinete led pitch 1.8 ideal para instalaciones en interiores, que proporciona una experiencia visual de alta calidad. Su dise\u00f1o robusto con estructura de aluminio garantiza una durabilidad excepcional, mientras que su capacidad de mantenimiento frontal y trasero permite una f\u00e1cil accesibilidad para la instalaci\u00f3n y el servicio. Con unas dimensiones de 640&#215;480 mm, se adapta perfectamente a diferentes espacios interiores, ofreciendo un rendimiento fiable y una visualizaci\u00f3n n\u00edtida. Este modelo es ideal para centros comerciales, salas de conferencias, y otros entornos que requieren soluciones de visualizaci\u00f3n led de alta calidad. Caracter\u00edsticas principales. Dise\u00f1o: dise\u00f1o integrado tres en uno de placa de control. Mantenimiento: soporte de mantenimiento delantero\/trasero. Desmontaje: desmontaje sin herramientas de la placa hub. Admite: tecnolog\u00eda de encapsulaci\u00f3n gob (personalizable). Calibraci\u00f3n: la calibraci\u00f3n punto a punto garantiza la riqueza del color y la uniformidad del brillo.<\/p>\n","protected":false},"featured_media":0,"comment_status":"open","ping_status":"open","template":"","meta":[],"product_cat":[1485,2139],"product_tag":[2206],"acf":[],"yoast_head":"<!-- This site is optimized with the Yoast SEO plugin v21.7 - https:\/\/yoast.com\/wordpress\/plugins\/seo\/ -->\n<title>[ Dahua Display ] &#129351; Dhi-pheia1.8-th Gabinete Con M\u00f3dulos Led Dahua \/pitch 1.8\/ 640mmx480mm \/ 800 Nits De Brillo\/estructura De Aluminio Duradera\/uso Interior<\/title>\n<meta name=\"description\" content=\"Compra Dhi-pheia1.8-th Gabinete Con M\u00f3dulos Led Dahua \/pitch 1.8\/ 640mmx480mm \/ 800 Nits De Brillo\/estructura De Aluminio Duradera\/uso Interior + Env\u00edo a domicilio + Pago seguro + Garant\u00eda\" \/>\n<meta name=\"robots\" content=\"index, follow, max-snippet:-1, max-image-preview:large, max-video-preview:-1\" \/>\n<link rel=\"canonical\" href=\"https:\/\/compuviper.mx\/tienda\/producto\/dahua-display-dhi-pheia1-8-th-gabinete-con-mdulos-led-dahua-pitch-1-8-640mmx480mm-800-nits-de-brillo-estructura-de-aluminio-duradera-uso-interior\/\" \/>\n<meta property=\"og:locale\" content=\"es_MX\" \/>\n<meta property=\"og:type\" content=\"article\" \/>\n<meta property=\"og:title\" content=\"[ Dahua Display ] &#129351; Dhi-pheia1.8-th Gabinete Con M\u00f3dulos Led Dahua \/pitch 1.8\/ 640mmx480mm \/ 800 Nits De Brillo\/estructura De Aluminio Duradera\/uso Interior\" \/>\n<meta property=\"og:description\" content=\"Compra Dhi-pheia1.8-th Gabinete Con M\u00f3dulos Led Dahua \/pitch 1.8\/ 640mmx480mm \/ 800 Nits De Brillo\/estructura De Aluminio Duradera\/uso Interior + Env\u00edo a domicilio + Pago seguro + Garant\u00eda\" \/>\n<meta property=\"og:url\" content=\"https:\/\/compuviper.mx\/tienda\/producto\/dahua-display-dhi-pheia1-8-th-gabinete-con-mdulos-led-dahua-pitch-1-8-640mmx480mm-800-nits-de-brillo-estructura-de-aluminio-duradera-uso-interior\/\" \/>\n<meta property=\"og:site_name\" content=\"Compuviper\" \/>\n<meta property=\"article:publisher\" content=\"https:\/\/www.facebook.com\/compuviper\" \/>\n<meta name=\"twitter:card\" content=\"summary_large_image\" \/>\n<meta name=\"twitter:label1\" content=\"Precio\" \/>\n\t<meta name=\"twitter:data1\" content=\"&#36;14,505 con IVA\" \/>\n\t<meta name=\"twitter:label2\" content=\"Availability\" \/>\n\t<meta name=\"twitter:data2\" content=\"On backorder\" \/>\n<script type=\"application\/ld+json\" class=\"yoast-schema-graph\">{\"@context\":\"https:\/\/schema.org\",\"@graph\":[{\"@type\":\"WebPage\",\"@id\":\"https:\/\/compuviper.mx\/tienda\/producto\/dahua-display-dhi-pheia1-8-th-gabinete-con-mdulos-led-dahua-pitch-1-8-640mmx480mm-800-nits-de-brillo-estructura-de-aluminio-duradera-uso-interior\/\",\"url\":\"https:\/\/compuviper.mx\/tienda\/producto\/dahua-display-dhi-pheia1-8-th-gabinete-con-mdulos-led-dahua-pitch-1-8-640mmx480mm-800-nits-de-brillo-estructura-de-aluminio-duradera-uso-interior\/\",\"name\":\"[ Dahua Display ] &#129351; Dhi-pheia1.8-th Gabinete Con M\u00f3dulos Led Dahua \/pitch 1.8\/ 640mmx480mm \/ 800 Nits De Brillo\/estructura De Aluminio Duradera\/uso Interior\",\"isPartOf\":{\"@id\":\"https:\/\/compuviper.mx\/tienda\/#website\"},\"datePublished\":\"2026-04-02T05:21:55+00:00\",\"dateModified\":\"2026-04-02T05:21:55+00:00\",\"description\":\"Compra Dhi-pheia1.8-th Gabinete Con M\u00f3dulos Led Dahua \/pitch 1.8\/ 640mmx480mm \/ 800 Nits De Brillo\/estructura De Aluminio Duradera\/uso Interior + Env\u00edo a domicilio + Pago seguro + Garant\u00eda\",\"breadcrumb\":{\"@id\":\"https:\/\/compuviper.mx\/tienda\/producto\/dahua-display-dhi-pheia1-8-th-gabinete-con-mdulos-led-dahua-pitch-1-8-640mmx480mm-800-nits-de-brillo-estructura-de-aluminio-duradera-uso-interior\/#breadcrumb\"},\"inLanguage\":\"es-MX\",\"potentialAction\":[{\"@type\":\"ReadAction\",\"target\":[\"https:\/\/compuviper.mx\/tienda\/producto\/dahua-display-dhi-pheia1-8-th-gabinete-con-mdulos-led-dahua-pitch-1-8-640mmx480mm-800-nits-de-brillo-estructura-de-aluminio-duradera-uso-interior\/\"]}]},{\"@type\":\"BreadcrumbList\",\"@id\":\"https:\/\/compuviper.mx\/tienda\/producto\/dahua-display-dhi-pheia1-8-th-gabinete-con-mdulos-led-dahua-pitch-1-8-640mmx480mm-800-nits-de-brillo-estructura-de-aluminio-duradera-uso-interior\/#breadcrumb\",\"itemListElement\":[{\"@type\":\"ListItem\",\"position\":1,\"name\":\"Inicio\",\"item\":\"https:\/\/compuviper.mx\/tienda\/\"},{\"@type\":\"ListItem\",\"position\":2,\"name\":\"Productos\",\"item\":\"https:\/\/compuviper.mx\/tienda\/productos\/\"},{\"@type\":\"ListItem\",\"position\":3,\"name\":\"Accesorios\",\"item\":\"https:\/\/compuviper.mx\/tienda\/categoria-producto\/accesorios\/\"},{\"@type\":\"ListItem\",\"position\":4,\"name\":\"Unidad De Respaldo\",\"item\":\"https:\/\/compuviper.mx\/tienda\/categoria-producto\/accesorios\/unidad-de-respaldo-accesorios\/\"},{\"@type\":\"ListItem\",\"position\":5,\"name\":\"Dahua Display Dhi-pheia1.8-th Gabinete Con M?dulos Led Dahua \/pitch 1.8\/ 640mmx480mm \/ 800 Nits De Brillo\/estructura De Aluminio Duradera\/uso Interior\"}]},{\"@type\":\"WebSite\",\"@id\":\"https:\/\/compuviper.mx\/tienda\/#website\",\"url\":\"https:\/\/compuviper.mx\/tienda\/\",\"name\":\"Compuviper\",\"description\":\"Proveedor de Computadoras, Laptops, Servidores, Monitores, Puntos de Venta, Teclados,   Impresoras, T\u00f3ner, C\u00e1maras de Seguridad y m\u00e1s en tu tienda en l\u00ednea\",\"publisher\":{\"@id\":\"https:\/\/compuviper.mx\/tienda\/#organization\"},\"potentialAction\":[{\"@type\":\"SearchAction\",\"target\":{\"@type\":\"EntryPoint\",\"urlTemplate\":\"https:\/\/compuviper.mx\/tienda\/?s={search_term_string}\"},\"query-input\":\"required name=search_term_string\"}],\"inLanguage\":\"es-MX\"},{\"@type\":\"Organization\",\"@id\":\"https:\/\/compuviper.mx\/tienda\/#organization\",\"name\":\"Compuviper\",\"url\":\"https:\/\/compuviper.mx\/tienda\/\",\"logo\":{\"@type\":\"ImageObject\",\"inLanguage\":\"es-MX\",\"@id\":\"https:\/\/compuviper.mx\/tienda\/#\/schema\/logo\/image\/\",\"url\":\"https:\/\/compuviper.mx\/tienda\/wp-content\/uploads\/2021\/08\/Logo-Compuviper-10.png\",\"contentUrl\":\"https:\/\/compuviper.mx\/tienda\/wp-content\/uploads\/2021\/08\/Logo-Compuviper-10.png\",\"width\":1000,\"height\":500,\"caption\":\"Compuviper\"},\"image\":{\"@id\":\"https:\/\/compuviper.mx\/tienda\/#\/schema\/logo\/image\/\"},\"sameAs\":[\"https:\/\/www.facebook.com\/compuviper\",\"https:\/\/www.youtube.com\/channel\/UCf73dERp9Y3cfOq7q8BhLjA?view_as=subscriber\"]}]}<\/script>\n<meta property=\"product:brand\" content=\"Dahua Display\" \/>\n<meta property=\"product:price:amount\" content=\"14505\" \/>\n<meta property=\"product:price:currency\" content=\"MXN\" \/>\n<meta property=\"og:availability\" content=\"backorder\" \/>\n<meta property=\"product:availability\" content=\"available for order\" \/>\n<meta property=\"product:retailer_item_id\" content=\"DHI-PHEIA1.8-TH\" \/>\n<meta property=\"product:condition\" content=\"new\" \/>\n<!-- \/ Yoast SEO plugin. -->","yoast_head_json":{"title":"[ Dahua Display ] &#129351; Dhi-pheia1.8-th Gabinete Con M\u00f3dulos Led Dahua \/pitch 1.8\/ 640mmx480mm \/ 800 Nits De Brillo\/estructura De Aluminio Duradera\/uso Interior","description":"Compra Dhi-pheia1.8-th Gabinete Con M\u00f3dulos Led Dahua \/pitch 1.8\/ 640mmx480mm \/ 800 Nits De Brillo\/estructura De Aluminio Duradera\/uso Interior + Env\u00edo a domicilio + Pago seguro + Garant\u00eda","robots":{"index":"index","follow":"follow","max-snippet":"max-snippet:-1","max-image-preview":"max-image-preview:large","max-video-preview":"max-video-preview:-1"},"canonical":"https:\/\/compuviper.mx\/tienda\/producto\/dahua-display-dhi-pheia1-8-th-gabinete-con-mdulos-led-dahua-pitch-1-8-640mmx480mm-800-nits-de-brillo-estructura-de-aluminio-duradera-uso-interior\/","og_locale":"es_MX","og_type":"article","og_title":"[ Dahua Display ] &#129351; Dhi-pheia1.8-th Gabinete Con M\u00f3dulos Led Dahua \/pitch 1.8\/ 640mmx480mm \/ 800 Nits De Brillo\/estructura De Aluminio Duradera\/uso Interior","og_description":"Compra Dhi-pheia1.8-th Gabinete Con M\u00f3dulos Led Dahua \/pitch 1.8\/ 640mmx480mm \/ 800 Nits De Brillo\/estructura De Aluminio Duradera\/uso Interior + Env\u00edo a domicilio + Pago seguro + Garant\u00eda","og_url":"https:\/\/compuviper.mx\/tienda\/producto\/dahua-display-dhi-pheia1-8-th-gabinete-con-mdulos-led-dahua-pitch-1-8-640mmx480mm-800-nits-de-brillo-estructura-de-aluminio-duradera-uso-interior\/","og_site_name":"Compuviper","article_publisher":"https:\/\/www.facebook.com\/compuviper","twitter_card":"summary_large_image","twitter_misc":{"Precio":"&#36;14,505 con IVA","Availability":"On backorder"},"schema":{"@context":"https:\/\/schema.org","@graph":[{"@type":"WebPage","@id":"https:\/\/compuviper.mx\/tienda\/producto\/dahua-display-dhi-pheia1-8-th-gabinete-con-mdulos-led-dahua-pitch-1-8-640mmx480mm-800-nits-de-brillo-estructura-de-aluminio-duradera-uso-interior\/","url":"https:\/\/compuviper.mx\/tienda\/producto\/dahua-display-dhi-pheia1-8-th-gabinete-con-mdulos-led-dahua-pitch-1-8-640mmx480mm-800-nits-de-brillo-estructura-de-aluminio-duradera-uso-interior\/","name":"[ Dahua Display ] &#129351; Dhi-pheia1.8-th Gabinete Con M\u00f3dulos Led Dahua \/pitch 1.8\/ 640mmx480mm \/ 800 Nits De Brillo\/estructura De Aluminio Duradera\/uso Interior","isPartOf":{"@id":"https:\/\/compuviper.mx\/tienda\/#website"},"datePublished":"2026-04-02T05:21:55+00:00","dateModified":"2026-04-02T05:21:55+00:00","description":"Compra Dhi-pheia1.8-th Gabinete Con M\u00f3dulos Led Dahua \/pitch 1.8\/ 640mmx480mm \/ 800 Nits De Brillo\/estructura De Aluminio Duradera\/uso Interior + Env\u00edo a domicilio + Pago seguro + Garant\u00eda","breadcrumb":{"@id":"https:\/\/compuviper.mx\/tienda\/producto\/dahua-display-dhi-pheia1-8-th-gabinete-con-mdulos-led-dahua-pitch-1-8-640mmx480mm-800-nits-de-brillo-estructura-de-aluminio-duradera-uso-interior\/#breadcrumb"},"inLanguage":"es-MX","potentialAction":[{"@type":"ReadAction","target":["https:\/\/compuviper.mx\/tienda\/producto\/dahua-display-dhi-pheia1-8-th-gabinete-con-mdulos-led-dahua-pitch-1-8-640mmx480mm-800-nits-de-brillo-estructura-de-aluminio-duradera-uso-interior\/"]}]},{"@type":"BreadcrumbList","@id":"https:\/\/compuviper.mx\/tienda\/producto\/dahua-display-dhi-pheia1-8-th-gabinete-con-mdulos-led-dahua-pitch-1-8-640mmx480mm-800-nits-de-brillo-estructura-de-aluminio-duradera-uso-interior\/#breadcrumb","itemListElement":[{"@type":"ListItem","position":1,"name":"Inicio","item":"https:\/\/compuviper.mx\/tienda\/"},{"@type":"ListItem","position":2,"name":"Productos","item":"https:\/\/compuviper.mx\/tienda\/productos\/"},{"@type":"ListItem","position":3,"name":"Accesorios","item":"https:\/\/compuviper.mx\/tienda\/categoria-producto\/accesorios\/"},{"@type":"ListItem","position":4,"name":"Unidad De Respaldo","item":"https:\/\/compuviper.mx\/tienda\/categoria-producto\/accesorios\/unidad-de-respaldo-accesorios\/"},{"@type":"ListItem","position":5,"name":"Dahua Display Dhi-pheia1.8-th Gabinete Con M?dulos Led Dahua \/pitch 1.8\/ 640mmx480mm \/ 800 Nits De Brillo\/estructura De Aluminio Duradera\/uso Interior"}]},{"@type":"WebSite","@id":"https:\/\/compuviper.mx\/tienda\/#website","url":"https:\/\/compuviper.mx\/tienda\/","name":"Compuviper","description":"Proveedor de Computadoras, Laptops, Servidores, Monitores, Puntos de Venta, Teclados,   Impresoras, T\u00f3ner, C\u00e1maras de Seguridad y m\u00e1s en tu tienda en l\u00ednea","publisher":{"@id":"https:\/\/compuviper.mx\/tienda\/#organization"},"potentialAction":[{"@type":"SearchAction","target":{"@type":"EntryPoint","urlTemplate":"https:\/\/compuviper.mx\/tienda\/?s={search_term_string}"},"query-input":"required name=search_term_string"}],"inLanguage":"es-MX"},{"@type":"Organization","@id":"https:\/\/compuviper.mx\/tienda\/#organization","name":"Compuviper","url":"https:\/\/compuviper.mx\/tienda\/","logo":{"@type":"ImageObject","inLanguage":"es-MX","@id":"https:\/\/compuviper.mx\/tienda\/#\/schema\/logo\/image\/","url":"https:\/\/compuviper.mx\/tienda\/wp-content\/uploads\/2021\/08\/Logo-Compuviper-10.png","contentUrl":"https:\/\/compuviper.mx\/tienda\/wp-content\/uploads\/2021\/08\/Logo-Compuviper-10.png","width":1000,"height":500,"caption":"Compuviper"},"image":{"@id":"https:\/\/compuviper.mx\/tienda\/#\/schema\/logo\/image\/"},"sameAs":["https:\/\/www.facebook.com\/compuviper","https:\/\/www.youtube.com\/channel\/UCf73dERp9Y3cfOq7q8BhLjA?view_as=subscriber"]}]},"product_brand":"Dahua Display","product_price_amount":"14505","product_price_currency":"MXN","og_availability":"backorder","product_availability":"available for order","product_retailer_item_id":"DHI-PHEIA1.8-TH","product_condition":"new"},"_links":{"self":[{"href":"https:\/\/compuviper.mx\/tienda\/wp-json\/wp\/v2\/product\/266245"}],"collection":[{"href":"https:\/\/compuviper.mx\/tienda\/wp-json\/wp\/v2\/product"}],"about":[{"href":"https:\/\/compuviper.mx\/tienda\/wp-json\/wp\/v2\/types\/product"}],"replies":[{"embeddable":true,"href":"https:\/\/compuviper.mx\/tienda\/wp-json\/wp\/v2\/comments?post=266245"}],"wp:attachment":[{"href":"https:\/\/compuviper.mx\/tienda\/wp-json\/wp\/v2\/media?parent=266245"}],"wp:term":[{"taxonomy":"product_cat","embeddable":true,"href":"https:\/\/compuviper.mx\/tienda\/wp-json\/wp\/v2\/product_cat?post=266245"},{"taxonomy":"product_tag","embeddable":true,"href":"https:\/\/compuviper.mx\/tienda\/wp-json\/wp\/v2\/product_tag?post=266245"}],"curies":[{"name":"wp","href":"https:\/\/api.w.org\/{rel}","templated":true}]}}