{"id":266156,"date":"2026-04-10T00:04:30","date_gmt":"2026-04-10T06:04:30","guid":{"rendered":"https:\/\/compuviper.mx\/tienda\/producto\/adata-probe700b-bkcus-fuente-de-poder-xpg-probe-80-plus-bronze-700w-atx2-52-140x150x86mm-probe700b-bkcus\/"},"modified":"2026-04-10T00:04:30","modified_gmt":"2026-04-10T06:04:30","slug":"adata-probe700b-bkcus-fuente-de-poder-xpg-probe-80-plus-bronze-700w-atx2-52-140x150x86mm-probe700b-bkcus","status":"publish","type":"product","link":"https:\/\/compuviper.mx\/tienda\/producto\/adata-probe700b-bkcus-fuente-de-poder-xpg-probe-80-plus-bronze-700w-atx2-52-140x150x86mm-probe700b-bkcus\/","title":{"rendered":"Adata Probe700b-bkcus Fuente De Poder   Xpg Probe 80 Plus Bronze 700w Atx2.52 140x150x86mm (probe700b Bkcus)"},"content":{"rendered":"<table class=\"descripcion\">\n<tr>\n<td>Dimensiones (la x an x al):  140 x 150 x 86 mm<\/td>\n<\/tr>\n<tr>\n<td>Clasificaci\u00f3n 80 plus: bronze<\/td>\n<\/tr>\n<tr>\n<td>Versi\u00f3n atx: atx 2.52<\/td>\n<\/tr>\n<tr>\n<td>Protecciones: ovp \/ opp \/ scp \/ uvp \/ otp \/ sip<\/td>\n<\/tr>\n<tr>\n<td>Certificados: cb, ce, fcc, tuv, ctuvus, bsmi, ccc, nom, fcc ic, ukca,eac, rcm<\/td>\n<\/tr>\n<tr>\n<td>Pfc:   0.99 @ carga t\u00edpica<\/td>\n<\/tr>\n<tr>\n<td>Voltaje de entrada:  100-240v, 47~63hz<\/td>\n<\/tr>\n<tr>\n<td>Corriente de entrada: 9a &#8211; 10a<\/td>\n<\/tr>\n<tr>\n<td>Frecuencia de entrada:  47 &#8211; 63hz<\/td>\n<\/tr>\n<tr>\n<td>Dc output voltage:  +5v | +3,3v | +12v | -12v | +5vsb<\/td>\n<\/tr>\n<tr>\n<td>Total output: 700w: +5v: 17a, +3.3v:19a, +12v:54a, -12v:0.3a, +5vsb:2.5a 600w: +5v: 17a, +3.3v:19a, +12v:46a, -12v:0.3a, +5vsb:2.5a<\/td>\n<\/tr>\n<tr>\n<td>Excursi\u00f3n de potencia: total:700w +5v\/+3.3v:110w, +12v:648w, -12v:3.6w, +5vsb:12.5w total:600w +5v\/+3.3v:110w, +12v:552w, -12v:3.6w, +5vsb:12.5w<\/td>\n<\/tr>\n<tr>\n<td>Temperatura de operaci\u00f3n:  0-40\u00b0c<\/td>\n<\/tr>\n<tr>\n<td>Tama\u00f1o del ventilador: 120mm<\/td>\n<\/tr>\n<tr>\n<td>Rodamiento del ventilador:  ventilador con cojinete de manguito<\/td>\n<\/tr>\n<tr>\n<td>Velocidad del ventilador:  2400 \u00b1 10% rpm<\/td>\n<\/tr>\n<tr>\n<td>Mtbf:   100.000 horas @ 25\u00b0c<\/td>\n<\/tr>\n<tr>\n<td>Conector atx de 24 contactos: 1<\/td>\n<\/tr>\n<tr>\n<td>Conector eps de 8 (4+4) contactos: 2<\/td>\n<\/tr>\n<tr>\n<td>Conector molex 4 pines:2<\/td>\n<\/tr>\n<tr>\n<td>Peso : 700w:1526.6g, 600w:1480.1g<\/td>\n<\/tr>\n<tr>\n<td>Garant\u00eda: 3 a\u00f1os<\/td>\n<\/tr>\n<\/table>\n","protected":false},"excerpt":{"rendered":"<p>Con un rendimiento de hasta el 87% al 50% de carga y un ventilador de 120 mm de bajo ruido con curva inteligente, xpg probe est\u00e1 dise\u00f1ado para proporcionar una alimentaci\u00f3n estable y fiable a su sistema.<\/p>\n","protected":false},"featured_media":0,"comment_status":"open","ping_status":"open","template":"","meta":[],"product_cat":[1508,1672],"product_tag":[1539],"acf":[],"yoast_head":"<!-- This site is optimized with the Yoast SEO plugin v21.7 - https:\/\/yoast.com\/wordpress\/plugins\/seo\/ -->\n<title>[ Adata ] &#129351; Probe700b-bkcus Fuente De Poder Xpg Probe 80 Plus Bronze 700w Atx2.52 140x150x86mm (probe700b Bkcus)<\/title>\n<meta name=\"description\" content=\"Compra Probe700b-bkcus Fuente De Poder Xpg Probe 80 Plus Bronze 700w Atx2.52 140x150x86mm (probe700b Bkcus) + Env\u00edo a domicilio + Pago seguro + Garant\u00eda\" \/>\n<meta name=\"robots\" content=\"index, follow, max-snippet:-1, max-image-preview:large, max-video-preview:-1\" \/>\n<link rel=\"canonical\" href=\"https:\/\/compuviper.mx\/tienda\/producto\/adata-probe700b-bkcus-fuente-de-poder-xpg-probe-80-plus-bronze-700w-atx2-52-140x150x86mm-probe700b-bkcus\/\" \/>\n<meta property=\"og:locale\" content=\"es_MX\" \/>\n<meta property=\"og:type\" content=\"article\" \/>\n<meta property=\"og:title\" content=\"[ Adata ] &#129351; Probe700b-bkcus Fuente De Poder Xpg Probe 80 Plus Bronze 700w Atx2.52 140x150x86mm (probe700b Bkcus)\" \/>\n<meta property=\"og:description\" content=\"Compra Probe700b-bkcus Fuente De Poder Xpg Probe 80 Plus Bronze 700w Atx2.52 140x150x86mm (probe700b Bkcus) + Env\u00edo a domicilio + Pago seguro + Garant\u00eda\" \/>\n<meta property=\"og:url\" content=\"https:\/\/compuviper.mx\/tienda\/producto\/adata-probe700b-bkcus-fuente-de-poder-xpg-probe-80-plus-bronze-700w-atx2-52-140x150x86mm-probe700b-bkcus\/\" \/>\n<meta property=\"og:site_name\" content=\"Compuviper\" \/>\n<meta property=\"article:publisher\" content=\"https:\/\/www.facebook.com\/compuviper\" \/>\n<meta name=\"twitter:card\" content=\"summary_large_image\" \/>\n<meta name=\"twitter:label1\" content=\"Precio\" \/>\n\t<meta name=\"twitter:data1\" content=\"&#36;736 con IVA\" \/>\n\t<meta name=\"twitter:label2\" content=\"Availability\" \/>\n\t<meta name=\"twitter:data2\" content=\"In stock\" \/>\n<script type=\"application\/ld+json\" class=\"yoast-schema-graph\">{\"@context\":\"https:\/\/schema.org\",\"@graph\":[{\"@type\":\"WebPage\",\"@id\":\"https:\/\/compuviper.mx\/tienda\/producto\/adata-probe700b-bkcus-fuente-de-poder-xpg-probe-80-plus-bronze-700w-atx2-52-140x150x86mm-probe700b-bkcus\/\",\"url\":\"https:\/\/compuviper.mx\/tienda\/producto\/adata-probe700b-bkcus-fuente-de-poder-xpg-probe-80-plus-bronze-700w-atx2-52-140x150x86mm-probe700b-bkcus\/\",\"name\":\"[ Adata ] &#129351; Probe700b-bkcus Fuente De Poder Xpg Probe 80 Plus Bronze 700w Atx2.52 140x150x86mm (probe700b Bkcus)\",\"isPartOf\":{\"@id\":\"https:\/\/compuviper.mx\/tienda\/#website\"},\"datePublished\":\"2026-04-10T06:04:30+00:00\",\"dateModified\":\"2026-04-10T06:04:30+00:00\",\"description\":\"Compra Probe700b-bkcus Fuente De Poder Xpg Probe 80 Plus Bronze 700w Atx2.52 140x150x86mm (probe700b Bkcus) + Env\u00edo a domicilio + Pago seguro + Garant\u00eda\",\"breadcrumb\":{\"@id\":\"https:\/\/compuviper.mx\/tienda\/producto\/adata-probe700b-bkcus-fuente-de-poder-xpg-probe-80-plus-bronze-700w-atx2-52-140x150x86mm-probe700b-bkcus\/#breadcrumb\"},\"inLanguage\":\"es-MX\",\"potentialAction\":[{\"@type\":\"ReadAction\",\"target\":[\"https:\/\/compuviper.mx\/tienda\/producto\/adata-probe700b-bkcus-fuente-de-poder-xpg-probe-80-plus-bronze-700w-atx2-52-140x150x86mm-probe700b-bkcus\/\"]}]},{\"@type\":\"BreadcrumbList\",\"@id\":\"https:\/\/compuviper.mx\/tienda\/producto\/adata-probe700b-bkcus-fuente-de-poder-xpg-probe-80-plus-bronze-700w-atx2-52-140x150x86mm-probe700b-bkcus\/#breadcrumb\",\"itemListElement\":[{\"@type\":\"ListItem\",\"position\":1,\"name\":\"Inicio\",\"item\":\"https:\/\/compuviper.mx\/tienda\/\"},{\"@type\":\"ListItem\",\"position\":2,\"name\":\"Productos\",\"item\":\"https:\/\/compuviper.mx\/tienda\/productos\/\"},{\"@type\":\"ListItem\",\"position\":3,\"name\":\"Energia\",\"item\":\"https:\/\/compuviper.mx\/tienda\/categoria-producto\/energia\/\"},{\"@type\":\"ListItem\",\"position\":4,\"name\":\"Fuentes De Poder\",\"item\":\"https:\/\/compuviper.mx\/tienda\/categoria-producto\/energia\/fuentes-de-poder\/\"},{\"@type\":\"ListItem\",\"position\":5,\"name\":\"Adata Probe700b-bkcus Fuente De Poder Xpg Probe 80 Plus Bronze 700w Atx2.52 140x150x86mm (probe700b Bkcus)\"}]},{\"@type\":\"WebSite\",\"@id\":\"https:\/\/compuviper.mx\/tienda\/#website\",\"url\":\"https:\/\/compuviper.mx\/tienda\/\",\"name\":\"Compuviper\",\"description\":\"Proveedor de Computadoras, Laptops, Servidores, Monitores, Puntos de Venta, Teclados,   Impresoras, T\u00f3ner, C\u00e1maras de Seguridad y m\u00e1s en tu tienda en l\u00ednea\",\"publisher\":{\"@id\":\"https:\/\/compuviper.mx\/tienda\/#organization\"},\"potentialAction\":[{\"@type\":\"SearchAction\",\"target\":{\"@type\":\"EntryPoint\",\"urlTemplate\":\"https:\/\/compuviper.mx\/tienda\/?s={search_term_string}\"},\"query-input\":\"required name=search_term_string\"}],\"inLanguage\":\"es-MX\"},{\"@type\":\"Organization\",\"@id\":\"https:\/\/compuviper.mx\/tienda\/#organization\",\"name\":\"Compuviper\",\"url\":\"https:\/\/compuviper.mx\/tienda\/\",\"logo\":{\"@type\":\"ImageObject\",\"inLanguage\":\"es-MX\",\"@id\":\"https:\/\/compuviper.mx\/tienda\/#\/schema\/logo\/image\/\",\"url\":\"https:\/\/compuviper.mx\/tienda\/wp-content\/uploads\/2021\/08\/Logo-Compuviper-10.png\",\"contentUrl\":\"https:\/\/compuviper.mx\/tienda\/wp-content\/uploads\/2021\/08\/Logo-Compuviper-10.png\",\"width\":1000,\"height\":500,\"caption\":\"Compuviper\"},\"image\":{\"@id\":\"https:\/\/compuviper.mx\/tienda\/#\/schema\/logo\/image\/\"},\"sameAs\":[\"https:\/\/www.facebook.com\/compuviper\",\"https:\/\/www.youtube.com\/channel\/UCf73dERp9Y3cfOq7q8BhLjA?view_as=subscriber\"]}]}<\/script>\n<meta property=\"product:brand\" content=\"ADATA\" \/>\n<meta property=\"product:price:amount\" content=\"736\" \/>\n<meta property=\"product:price:currency\" content=\"MXN\" \/>\n<meta property=\"og:availability\" content=\"instock\" \/>\n<meta property=\"product:availability\" content=\"instock\" \/>\n<meta property=\"product:retailer_item_id\" content=\"PROBE700B-BKCUS\" \/>\n<meta property=\"product:condition\" content=\"new\" \/>\n<!-- \/ Yoast SEO plugin. -->","yoast_head_json":{"title":"[ Adata ] &#129351; Probe700b-bkcus Fuente De Poder Xpg Probe 80 Plus Bronze 700w Atx2.52 140x150x86mm (probe700b Bkcus)","description":"Compra Probe700b-bkcus Fuente De Poder Xpg Probe 80 Plus Bronze 700w Atx2.52 140x150x86mm (probe700b Bkcus) + Env\u00edo a domicilio + Pago seguro + Garant\u00eda","robots":{"index":"index","follow":"follow","max-snippet":"max-snippet:-1","max-image-preview":"max-image-preview:large","max-video-preview":"max-video-preview:-1"},"canonical":"https:\/\/compuviper.mx\/tienda\/producto\/adata-probe700b-bkcus-fuente-de-poder-xpg-probe-80-plus-bronze-700w-atx2-52-140x150x86mm-probe700b-bkcus\/","og_locale":"es_MX","og_type":"article","og_title":"[ Adata ] &#129351; Probe700b-bkcus Fuente De Poder Xpg Probe 80 Plus Bronze 700w Atx2.52 140x150x86mm (probe700b Bkcus)","og_description":"Compra Probe700b-bkcus Fuente De Poder Xpg Probe 80 Plus Bronze 700w Atx2.52 140x150x86mm (probe700b Bkcus) + Env\u00edo a domicilio + Pago seguro + Garant\u00eda","og_url":"https:\/\/compuviper.mx\/tienda\/producto\/adata-probe700b-bkcus-fuente-de-poder-xpg-probe-80-plus-bronze-700w-atx2-52-140x150x86mm-probe700b-bkcus\/","og_site_name":"Compuviper","article_publisher":"https:\/\/www.facebook.com\/compuviper","twitter_card":"summary_large_image","twitter_misc":{"Precio":"&#36;736 con IVA","Availability":"In stock"},"schema":{"@context":"https:\/\/schema.org","@graph":[{"@type":"WebPage","@id":"https:\/\/compuviper.mx\/tienda\/producto\/adata-probe700b-bkcus-fuente-de-poder-xpg-probe-80-plus-bronze-700w-atx2-52-140x150x86mm-probe700b-bkcus\/","url":"https:\/\/compuviper.mx\/tienda\/producto\/adata-probe700b-bkcus-fuente-de-poder-xpg-probe-80-plus-bronze-700w-atx2-52-140x150x86mm-probe700b-bkcus\/","name":"[ Adata ] &#129351; Probe700b-bkcus Fuente De Poder Xpg Probe 80 Plus Bronze 700w Atx2.52 140x150x86mm (probe700b Bkcus)","isPartOf":{"@id":"https:\/\/compuviper.mx\/tienda\/#website"},"datePublished":"2026-04-10T06:04:30+00:00","dateModified":"2026-04-10T06:04:30+00:00","description":"Compra Probe700b-bkcus Fuente De Poder Xpg Probe 80 Plus Bronze 700w Atx2.52 140x150x86mm (probe700b Bkcus) + Env\u00edo a domicilio + Pago seguro + Garant\u00eda","breadcrumb":{"@id":"https:\/\/compuviper.mx\/tienda\/producto\/adata-probe700b-bkcus-fuente-de-poder-xpg-probe-80-plus-bronze-700w-atx2-52-140x150x86mm-probe700b-bkcus\/#breadcrumb"},"inLanguage":"es-MX","potentialAction":[{"@type":"ReadAction","target":["https:\/\/compuviper.mx\/tienda\/producto\/adata-probe700b-bkcus-fuente-de-poder-xpg-probe-80-plus-bronze-700w-atx2-52-140x150x86mm-probe700b-bkcus\/"]}]},{"@type":"BreadcrumbList","@id":"https:\/\/compuviper.mx\/tienda\/producto\/adata-probe700b-bkcus-fuente-de-poder-xpg-probe-80-plus-bronze-700w-atx2-52-140x150x86mm-probe700b-bkcus\/#breadcrumb","itemListElement":[{"@type":"ListItem","position":1,"name":"Inicio","item":"https:\/\/compuviper.mx\/tienda\/"},{"@type":"ListItem","position":2,"name":"Productos","item":"https:\/\/compuviper.mx\/tienda\/productos\/"},{"@type":"ListItem","position":3,"name":"Energia","item":"https:\/\/compuviper.mx\/tienda\/categoria-producto\/energia\/"},{"@type":"ListItem","position":4,"name":"Fuentes De Poder","item":"https:\/\/compuviper.mx\/tienda\/categoria-producto\/energia\/fuentes-de-poder\/"},{"@type":"ListItem","position":5,"name":"Adata Probe700b-bkcus Fuente De Poder Xpg Probe 80 Plus Bronze 700w Atx2.52 140x150x86mm (probe700b Bkcus)"}]},{"@type":"WebSite","@id":"https:\/\/compuviper.mx\/tienda\/#website","url":"https:\/\/compuviper.mx\/tienda\/","name":"Compuviper","description":"Proveedor de Computadoras, Laptops, Servidores, Monitores, Puntos de Venta, Teclados,   Impresoras, T\u00f3ner, C\u00e1maras de Seguridad y m\u00e1s en tu tienda en l\u00ednea","publisher":{"@id":"https:\/\/compuviper.mx\/tienda\/#organization"},"potentialAction":[{"@type":"SearchAction","target":{"@type":"EntryPoint","urlTemplate":"https:\/\/compuviper.mx\/tienda\/?s={search_term_string}"},"query-input":"required name=search_term_string"}],"inLanguage":"es-MX"},{"@type":"Organization","@id":"https:\/\/compuviper.mx\/tienda\/#organization","name":"Compuviper","url":"https:\/\/compuviper.mx\/tienda\/","logo":{"@type":"ImageObject","inLanguage":"es-MX","@id":"https:\/\/compuviper.mx\/tienda\/#\/schema\/logo\/image\/","url":"https:\/\/compuviper.mx\/tienda\/wp-content\/uploads\/2021\/08\/Logo-Compuviper-10.png","contentUrl":"https:\/\/compuviper.mx\/tienda\/wp-content\/uploads\/2021\/08\/Logo-Compuviper-10.png","width":1000,"height":500,"caption":"Compuviper"},"image":{"@id":"https:\/\/compuviper.mx\/tienda\/#\/schema\/logo\/image\/"},"sameAs":["https:\/\/www.facebook.com\/compuviper","https:\/\/www.youtube.com\/channel\/UCf73dERp9Y3cfOq7q8BhLjA?view_as=subscriber"]}]},"product_brand":"ADATA","product_price_amount":"736","product_price_currency":"MXN","og_availability":"instock","product_availability":"instock","product_retailer_item_id":"PROBE700B-BKCUS","product_condition":"new"},"_links":{"self":[{"href":"https:\/\/compuviper.mx\/tienda\/wp-json\/wp\/v2\/product\/266156"}],"collection":[{"href":"https:\/\/compuviper.mx\/tienda\/wp-json\/wp\/v2\/product"}],"about":[{"href":"https:\/\/compuviper.mx\/tienda\/wp-json\/wp\/v2\/types\/product"}],"replies":[{"embeddable":true,"href":"https:\/\/compuviper.mx\/tienda\/wp-json\/wp\/v2\/comments?post=266156"}],"wp:attachment":[{"href":"https:\/\/compuviper.mx\/tienda\/wp-json\/wp\/v2\/media?parent=266156"}],"wp:term":[{"taxonomy":"product_cat","embeddable":true,"href":"https:\/\/compuviper.mx\/tienda\/wp-json\/wp\/v2\/product_cat?post=266156"},{"taxonomy":"product_tag","embeddable":true,"href":"https:\/\/compuviper.mx\/tienda\/wp-json\/wp\/v2\/product_tag?post=266156"}],"curies":[{"name":"wp","href":"https:\/\/api.w.org\/{rel}","templated":true}]}}