{"id":265985,"date":"2026-04-30T00:41:22","date_gmt":"2026-04-30T06:41:22","guid":{"rendered":"https:\/\/compuviper.mx\/tienda\/producto\/asus-oem-u2000-keyboardmouse-bk-sp-teclado-y-mouse-asus-u2000-alambrico-multimedia-optico-usb\/"},"modified":"2026-04-30T00:41:23","modified_gmt":"2026-04-30T06:41:23","slug":"asus-oem-u2000-keyboardmouse-bk-sp-teclado-y-mouse-asus-u2000-alambrico-multimedia-optico-usb","status":"publish","type":"product","link":"https:\/\/compuviper.mx\/tienda\/producto\/asus-oem-u2000-keyboardmouse-bk-sp-teclado-y-mouse-asus-u2000-alambrico-multimedia-optico-usb\/","title":{"rendered":"Asus Oem U2000 Keyboard+mouse\/bk\/sp Teclado Y Mouse Asus U2000 \/alambrico \/multimedia \/optico \/usb"},"content":{"rendered":"<table class=\"descripcion\">\n<tr>\n<td>Combo teclado u2000  mouse<\/td>\n<\/tr>\n<tr>\n<td>Connectivity  wired<\/td>\n<\/tr>\n<tr>\n<td>Cable length<\/td>\n<\/tr>\n<tr>\n<td>-mouse: 150 cm<\/td>\n<\/tr>\n<tr>\n<td>-teclado: 150 cm<\/td>\n<\/tr>\n<tr>\n<td>Tracking  ptico<\/td>\n<\/tr>\n<tr>\n<td>Os  windows\u00ae 10, windows\u00ae 8 y posterior<\/td>\n<\/tr>\n<tr>\n<td>Size full\/tkl  100<\/td>\n<\/tr>\n<tr>\n<td>Dimensions<\/td>\n<\/tr>\n<tr>\n<td>-keyboard: 460.0l150.0w30.0h mm<\/td>\n<\/tr>\n<tr>\n<td>-mouse: 115.0l60.0w35.0h mm<\/td>\n<\/tr>\n<tr>\n<td>Weight<\/td>\n<\/tr>\n<tr>\n<td>-keyboard: 585 g<\/td>\n<\/tr>\n<tr>\n<td>-mouse: 98 g<\/td>\n<\/tr>\n<tr>\n<td>Color negro<\/td>\n<\/tr>\n<tr>\n<td>Resolution 1000 dpi<\/td>\n<\/tr>\n<tr>\n<td>Interface available  usb<\/td>\n<\/tr>\n<\/table>\n","protected":false},"excerpt":{"rendered":"<p>Control y comodidad. Asus u2000 keyboard  mouse set es ideal tanto para el hogar como la oficina. Cmodo y silencioso, el teclado incorpora teclas de acceso directo a controles multimedia para el ajuste del volumen del audio y un acceso al modo de ahorro energtico. El ratn incorpora un diseo ergonmico y 1000 dpi para un mejor seguimiento. Con un estilo estilo elegante y una slida construccin este conjunto es ideal para su sistema.<\/p>\n","protected":false},"featured_media":0,"comment_status":"open","ping_status":"open","template":"","meta":[],"product_cat":[1711,1712],"product_tag":[2096],"acf":[],"yoast_head":"<!-- This site is optimized with the Yoast SEO plugin v21.7 - https:\/\/yoast.com\/wordpress\/plugins\/seo\/ -->\n<title>[ Asus Oem ] &#129351; U2000 Keyboard+mouse\/bk\/sp Teclado Y Mouse Asus U2000 \/alambrico \/multimedia \/optico \/usb<\/title>\n<meta name=\"description\" content=\"Compra U2000 Keyboard+mouse\/bk\/sp Teclado Y Mouse Asus U2000 \/alambrico \/multimedia \/optico \/usb + Env\u00edo a domicilio + Pago seguro + Garant\u00eda\" \/>\n<meta name=\"robots\" content=\"index, follow, max-snippet:-1, max-image-preview:large, max-video-preview:-1\" \/>\n<link rel=\"canonical\" href=\"https:\/\/compuviper.mx\/tienda\/producto\/asus-oem-u2000-keyboardmouse-bk-sp-teclado-y-mouse-asus-u2000-alambrico-multimedia-optico-usb\/\" \/>\n<meta property=\"og:locale\" content=\"es_MX\" \/>\n<meta property=\"og:type\" content=\"article\" \/>\n<meta property=\"og:title\" content=\"[ Asus Oem ] &#129351; U2000 Keyboard+mouse\/bk\/sp Teclado Y Mouse Asus U2000 \/alambrico \/multimedia \/optico \/usb\" \/>\n<meta property=\"og:description\" content=\"Compra U2000 Keyboard+mouse\/bk\/sp Teclado Y Mouse Asus U2000 \/alambrico \/multimedia \/optico \/usb + Env\u00edo a domicilio + Pago seguro + Garant\u00eda\" \/>\n<meta property=\"og:url\" content=\"https:\/\/compuviper.mx\/tienda\/producto\/asus-oem-u2000-keyboardmouse-bk-sp-teclado-y-mouse-asus-u2000-alambrico-multimedia-optico-usb\/\" \/>\n<meta property=\"og:site_name\" content=\"Compuviper\" \/>\n<meta property=\"article:publisher\" content=\"https:\/\/www.facebook.com\/compuviper\" \/>\n<meta property=\"article:modified_time\" content=\"2026-04-30T06:41:23+00:00\" \/>\n<meta name=\"twitter:card\" content=\"summary_large_image\" \/>\n<meta name=\"twitter:label1\" content=\"Precio\" \/>\n\t<meta name=\"twitter:data1\" content=\"&#36;284 con IVA\" \/>\n\t<meta name=\"twitter:label2\" content=\"Availability\" \/>\n\t<meta name=\"twitter:data2\" content=\"In stock\" \/>\n<script type=\"application\/ld+json\" class=\"yoast-schema-graph\">{\"@context\":\"https:\/\/schema.org\",\"@graph\":[{\"@type\":\"WebPage\",\"@id\":\"https:\/\/compuviper.mx\/tienda\/producto\/asus-oem-u2000-keyboardmouse-bk-sp-teclado-y-mouse-asus-u2000-alambrico-multimedia-optico-usb\/\",\"url\":\"https:\/\/compuviper.mx\/tienda\/producto\/asus-oem-u2000-keyboardmouse-bk-sp-teclado-y-mouse-asus-u2000-alambrico-multimedia-optico-usb\/\",\"name\":\"[ Asus Oem ] &#129351; U2000 Keyboard+mouse\/bk\/sp Teclado Y Mouse Asus U2000 \/alambrico \/multimedia \/optico \/usb\",\"isPartOf\":{\"@id\":\"https:\/\/compuviper.mx\/tienda\/#website\"},\"datePublished\":\"2026-04-30T06:41:22+00:00\",\"dateModified\":\"2026-04-30T06:41:23+00:00\",\"description\":\"Compra U2000 Keyboard+mouse\/bk\/sp Teclado Y Mouse Asus U2000 \/alambrico \/multimedia \/optico \/usb + Env\u00edo a domicilio + Pago seguro + Garant\u00eda\",\"breadcrumb\":{\"@id\":\"https:\/\/compuviper.mx\/tienda\/producto\/asus-oem-u2000-keyboardmouse-bk-sp-teclado-y-mouse-asus-u2000-alambrico-multimedia-optico-usb\/#breadcrumb\"},\"inLanguage\":\"es-MX\",\"potentialAction\":[{\"@type\":\"ReadAction\",\"target\":[\"https:\/\/compuviper.mx\/tienda\/producto\/asus-oem-u2000-keyboardmouse-bk-sp-teclado-y-mouse-asus-u2000-alambrico-multimedia-optico-usb\/\"]}]},{\"@type\":\"BreadcrumbList\",\"@id\":\"https:\/\/compuviper.mx\/tienda\/producto\/asus-oem-u2000-keyboardmouse-bk-sp-teclado-y-mouse-asus-u2000-alambrico-multimedia-optico-usb\/#breadcrumb\",\"itemListElement\":[{\"@type\":\"ListItem\",\"position\":1,\"name\":\"Inicio\",\"item\":\"https:\/\/compuviper.mx\/tienda\/\"},{\"@type\":\"ListItem\",\"position\":2,\"name\":\"Productos\",\"item\":\"https:\/\/compuviper.mx\/tienda\/productos\/\"},{\"@type\":\"ListItem\",\"position\":3,\"name\":\"Teclado Y Mouse\",\"item\":\"https:\/\/compuviper.mx\/tienda\/categoria-producto\/teclado-y-mouse\/\"},{\"@type\":\"ListItem\",\"position\":4,\"name\":\"Sin Categor\u00eda\",\"item\":\"https:\/\/compuviper.mx\/tienda\/categoria-producto\/teclado-y-mouse\/sin-categoria-teclado-y-mouse\/\"},{\"@type\":\"ListItem\",\"position\":5,\"name\":\"Asus Oem U2000 Keyboard+mouse\/bk\/sp Teclado Y Mouse Asus U2000 \/alambrico \/multimedia \/optico \/usb\"}]},{\"@type\":\"WebSite\",\"@id\":\"https:\/\/compuviper.mx\/tienda\/#website\",\"url\":\"https:\/\/compuviper.mx\/tienda\/\",\"name\":\"Compuviper\",\"description\":\"Proveedor de Computadoras, Laptops, Servidores, Monitores, Puntos de Venta, Teclados,   Impresoras, T\u00f3ner, C\u00e1maras de Seguridad y m\u00e1s en tu tienda en l\u00ednea\",\"publisher\":{\"@id\":\"https:\/\/compuviper.mx\/tienda\/#organization\"},\"potentialAction\":[{\"@type\":\"SearchAction\",\"target\":{\"@type\":\"EntryPoint\",\"urlTemplate\":\"https:\/\/compuviper.mx\/tienda\/?s={search_term_string}\"},\"query-input\":\"required name=search_term_string\"}],\"inLanguage\":\"es-MX\"},{\"@type\":\"Organization\",\"@id\":\"https:\/\/compuviper.mx\/tienda\/#organization\",\"name\":\"Compuviper\",\"url\":\"https:\/\/compuviper.mx\/tienda\/\",\"logo\":{\"@type\":\"ImageObject\",\"inLanguage\":\"es-MX\",\"@id\":\"https:\/\/compuviper.mx\/tienda\/#\/schema\/logo\/image\/\",\"url\":\"https:\/\/compuviper.mx\/tienda\/wp-content\/uploads\/2021\/08\/Logo-Compuviper-10.png\",\"contentUrl\":\"https:\/\/compuviper.mx\/tienda\/wp-content\/uploads\/2021\/08\/Logo-Compuviper-10.png\",\"width\":1000,\"height\":500,\"caption\":\"Compuviper\"},\"image\":{\"@id\":\"https:\/\/compuviper.mx\/tienda\/#\/schema\/logo\/image\/\"},\"sameAs\":[\"https:\/\/www.facebook.com\/compuviper\",\"https:\/\/www.youtube.com\/channel\/UCf73dERp9Y3cfOq7q8BhLjA?view_as=subscriber\"]}]}<\/script>\n<meta property=\"product:brand\" content=\"Asus Oem\" \/>\n<meta property=\"product:price:amount\" content=\"284\" \/>\n<meta property=\"product:price:currency\" content=\"MXN\" \/>\n<meta property=\"og:availability\" content=\"instock\" \/>\n<meta property=\"product:availability\" content=\"instock\" \/>\n<meta property=\"product:retailer_item_id\" content=\"U2000 KEYBOARD+MOUSE\/BK\/SP\" \/>\n<meta property=\"product:condition\" content=\"new\" \/>\n<!-- \/ Yoast SEO plugin. -->","yoast_head_json":{"title":"[ Asus Oem ] &#129351; U2000 Keyboard+mouse\/bk\/sp Teclado Y Mouse Asus U2000 \/alambrico \/multimedia \/optico \/usb","description":"Compra U2000 Keyboard+mouse\/bk\/sp Teclado Y Mouse Asus U2000 \/alambrico \/multimedia \/optico \/usb + Env\u00edo a domicilio + Pago seguro + Garant\u00eda","robots":{"index":"index","follow":"follow","max-snippet":"max-snippet:-1","max-image-preview":"max-image-preview:large","max-video-preview":"max-video-preview:-1"},"canonical":"https:\/\/compuviper.mx\/tienda\/producto\/asus-oem-u2000-keyboardmouse-bk-sp-teclado-y-mouse-asus-u2000-alambrico-multimedia-optico-usb\/","og_locale":"es_MX","og_type":"article","og_title":"[ Asus Oem ] &#129351; U2000 Keyboard+mouse\/bk\/sp Teclado Y Mouse Asus U2000 \/alambrico \/multimedia \/optico \/usb","og_description":"Compra U2000 Keyboard+mouse\/bk\/sp Teclado Y Mouse Asus U2000 \/alambrico \/multimedia \/optico \/usb + Env\u00edo a domicilio + Pago seguro + Garant\u00eda","og_url":"https:\/\/compuviper.mx\/tienda\/producto\/asus-oem-u2000-keyboardmouse-bk-sp-teclado-y-mouse-asus-u2000-alambrico-multimedia-optico-usb\/","og_site_name":"Compuviper","article_publisher":"https:\/\/www.facebook.com\/compuviper","article_modified_time":"2026-04-30T06:41:23+00:00","twitter_card":"summary_large_image","twitter_misc":{"Precio":"&#36;284 con IVA","Availability":"In stock"},"schema":{"@context":"https:\/\/schema.org","@graph":[{"@type":"WebPage","@id":"https:\/\/compuviper.mx\/tienda\/producto\/asus-oem-u2000-keyboardmouse-bk-sp-teclado-y-mouse-asus-u2000-alambrico-multimedia-optico-usb\/","url":"https:\/\/compuviper.mx\/tienda\/producto\/asus-oem-u2000-keyboardmouse-bk-sp-teclado-y-mouse-asus-u2000-alambrico-multimedia-optico-usb\/","name":"[ Asus Oem ] &#129351; U2000 Keyboard+mouse\/bk\/sp Teclado Y Mouse Asus U2000 \/alambrico \/multimedia \/optico \/usb","isPartOf":{"@id":"https:\/\/compuviper.mx\/tienda\/#website"},"datePublished":"2026-04-30T06:41:22+00:00","dateModified":"2026-04-30T06:41:23+00:00","description":"Compra U2000 Keyboard+mouse\/bk\/sp Teclado Y Mouse Asus U2000 \/alambrico \/multimedia \/optico \/usb + Env\u00edo a domicilio + Pago seguro + Garant\u00eda","breadcrumb":{"@id":"https:\/\/compuviper.mx\/tienda\/producto\/asus-oem-u2000-keyboardmouse-bk-sp-teclado-y-mouse-asus-u2000-alambrico-multimedia-optico-usb\/#breadcrumb"},"inLanguage":"es-MX","potentialAction":[{"@type":"ReadAction","target":["https:\/\/compuviper.mx\/tienda\/producto\/asus-oem-u2000-keyboardmouse-bk-sp-teclado-y-mouse-asus-u2000-alambrico-multimedia-optico-usb\/"]}]},{"@type":"BreadcrumbList","@id":"https:\/\/compuviper.mx\/tienda\/producto\/asus-oem-u2000-keyboardmouse-bk-sp-teclado-y-mouse-asus-u2000-alambrico-multimedia-optico-usb\/#breadcrumb","itemListElement":[{"@type":"ListItem","position":1,"name":"Inicio","item":"https:\/\/compuviper.mx\/tienda\/"},{"@type":"ListItem","position":2,"name":"Productos","item":"https:\/\/compuviper.mx\/tienda\/productos\/"},{"@type":"ListItem","position":3,"name":"Teclado Y Mouse","item":"https:\/\/compuviper.mx\/tienda\/categoria-producto\/teclado-y-mouse\/"},{"@type":"ListItem","position":4,"name":"Sin Categor\u00eda","item":"https:\/\/compuviper.mx\/tienda\/categoria-producto\/teclado-y-mouse\/sin-categoria-teclado-y-mouse\/"},{"@type":"ListItem","position":5,"name":"Asus Oem U2000 Keyboard+mouse\/bk\/sp Teclado Y Mouse Asus U2000 \/alambrico \/multimedia \/optico \/usb"}]},{"@type":"WebSite","@id":"https:\/\/compuviper.mx\/tienda\/#website","url":"https:\/\/compuviper.mx\/tienda\/","name":"Compuviper","description":"Proveedor de Computadoras, Laptops, Servidores, Monitores, Puntos de Venta, Teclados,   Impresoras, T\u00f3ner, C\u00e1maras de Seguridad y m\u00e1s en tu tienda en l\u00ednea","publisher":{"@id":"https:\/\/compuviper.mx\/tienda\/#organization"},"potentialAction":[{"@type":"SearchAction","target":{"@type":"EntryPoint","urlTemplate":"https:\/\/compuviper.mx\/tienda\/?s={search_term_string}"},"query-input":"required name=search_term_string"}],"inLanguage":"es-MX"},{"@type":"Organization","@id":"https:\/\/compuviper.mx\/tienda\/#organization","name":"Compuviper","url":"https:\/\/compuviper.mx\/tienda\/","logo":{"@type":"ImageObject","inLanguage":"es-MX","@id":"https:\/\/compuviper.mx\/tienda\/#\/schema\/logo\/image\/","url":"https:\/\/compuviper.mx\/tienda\/wp-content\/uploads\/2021\/08\/Logo-Compuviper-10.png","contentUrl":"https:\/\/compuviper.mx\/tienda\/wp-content\/uploads\/2021\/08\/Logo-Compuviper-10.png","width":1000,"height":500,"caption":"Compuviper"},"image":{"@id":"https:\/\/compuviper.mx\/tienda\/#\/schema\/logo\/image\/"},"sameAs":["https:\/\/www.facebook.com\/compuviper","https:\/\/www.youtube.com\/channel\/UCf73dERp9Y3cfOq7q8BhLjA?view_as=subscriber"]}]},"product_brand":"Asus Oem","product_price_amount":"284","product_price_currency":"MXN","og_availability":"instock","product_availability":"instock","product_retailer_item_id":"U2000 KEYBOARD+MOUSE\/BK\/SP","product_condition":"new"},"_links":{"self":[{"href":"https:\/\/compuviper.mx\/tienda\/wp-json\/wp\/v2\/product\/265985"}],"collection":[{"href":"https:\/\/compuviper.mx\/tienda\/wp-json\/wp\/v2\/product"}],"about":[{"href":"https:\/\/compuviper.mx\/tienda\/wp-json\/wp\/v2\/types\/product"}],"replies":[{"embeddable":true,"href":"https:\/\/compuviper.mx\/tienda\/wp-json\/wp\/v2\/comments?post=265985"}],"wp:attachment":[{"href":"https:\/\/compuviper.mx\/tienda\/wp-json\/wp\/v2\/media?parent=265985"}],"wp:term":[{"taxonomy":"product_cat","embeddable":true,"href":"https:\/\/compuviper.mx\/tienda\/wp-json\/wp\/v2\/product_cat?post=265985"},{"taxonomy":"product_tag","embeddable":true,"href":"https:\/\/compuviper.mx\/tienda\/wp-json\/wp\/v2\/product_tag?post=265985"}],"curies":[{"name":"wp","href":"https:\/\/api.w.org\/{rel}","templated":true}]}}