{"id":265957,"date":"2026-04-25T02:17:50","date_gmt":"2026-04-25T08:17:50","guid":{"rendered":"https:\/\/compuviper.mx\/tienda\/producto\/sharp-display-xp-e501u-w-videoproyector-laser-sharp-3-lcd-5000-lm-wuxga-cont-50000001-hdmi-hdcp-rj45-usb-a-b-1-5a-zoom-1-2x-spk16w\/"},"modified":"2026-04-25T02:17:50","modified_gmt":"2026-04-25T08:17:50","slug":"sharp-display-xp-e501u-w-videoproyector-laser-sharp-3-lcd-5000-lm-wuxga-cont-50000001-hdmi-hdcp-rj45-usb-a-b-1-5a-zoom-1-2x-spk16w","status":"publish","type":"product","link":"https:\/\/compuviper.mx\/tienda\/producto\/sharp-display-xp-e501u-w-videoproyector-laser-sharp-3-lcd-5000-lm-wuxga-cont-50000001-hdmi-hdcp-rj45-usb-a-b-1-5a-zoom-1-2x-spk16w\/","title":{"rendered":"Sharp Display Xp-e501u-w Videoproyector Laser Sharp  3 Lcd 5000 Lm Wuxga Cont 5,000,000:1 Hdmi\/hdcp, Rj45, Usb-a\/b 1.5a, Zoom 1.2x, Spk16w"},"content":{"rendered":"<table class=\"descripcion\">\n<tr>\n<td>Tecnolog\u00eda de proyecci\u00f3n 3lcd tecnolog\u00eda<\/td>\n<\/tr>\n<tr>\n<td>Resoluci\u00f3n nativa<\/td>\n<\/tr>\n<tr>\n<td>1920 x 1200 (wuxga)<\/td>\n<\/tr>\n<tr>\n<td>Relaci\u00f3n de aspecto 16:10<\/td>\n<\/tr>\n<tr>\n<td>Ratio de contraste 5000000:1<\/td>\n<\/tr>\n<tr>\n<td>Brillo 5000 lm normal \/ 5300 lm centre \/ 4000 lm modo silencioso; en cumplimiento seg\u00fan iso21118-2020<\/td>\n<\/tr>\n<tr>\n<td>L\u00e1mpara fuente de luz l\u00e1ser<\/td>\n<\/tr>\n<tr>\n<td>Vida \u00fatil de la fuente de luz [hs] 20000 1<\/td>\n<\/tr>\n<tr>\n<td>Lentes f= 1,6\u00961,76, f= 19,16\u009623,02 mm<\/td>\n<\/tr>\n<tr>\n<td>Correcci\u00f3n de la distorsi\u00f3n trapezoidal +\/- 30\u00b0 horizontal manualmente \/ +\/- 30\u00b0 vertical manualmente<\/td>\n<\/tr>\n<tr>\n<td>Factor de proyecci\u00f3n 1.37 \u0096 1.65 : 1<\/td>\n<\/tr>\n<tr>\n<td>Distancia de proyecci\u00f3n [m] 0,85 \u0096 11<\/td>\n<\/tr>\n<tr>\n<td>Tama\u00f1o de la pantalla (diagonal) [cm] \/ [pulgadas] m\u00e1ximo: 762 \/ 300; m\u00ednimo: 76,2 \/ 30<\/td>\n<\/tr>\n<tr>\n<td>Zoom manual; x1,2<\/td>\n<\/tr>\n<tr>\n<td>Ajuste de enfoque manual<\/td>\n<\/tr>\n<tr>\n<td>Resoluciones soportadas<\/td>\n<\/tr>\n<tr>\n<td>1080i\/60;<\/td>\n<\/tr>\n<tr>\n<td>1080p\/60;<\/td>\n<\/tr>\n<tr>\n<td>1280 x 800 (60);<\/td>\n<\/tr>\n<tr>\n<td>1920 x 1200 (60);<\/td>\n<\/tr>\n<tr>\n<td>3840 x 2160 (30)<\/td>\n<\/tr>\n<tr>\n<td>Conectividad<\/td>\n<\/tr>\n<tr>\n<td>Digital entrada: 2 x hdmi\u0099 soporta hdcp<\/td>\n<\/tr>\n<tr>\n<td>Audio salida: 1 x 3,5 mm mini jack est\u00e9reo (variable)<\/td>\n<\/tr>\n<tr>\n<td>Control entrada: 1 x d-sub de 9 pines (rs-232) (macho)<\/td>\n<\/tr>\n<tr>\n<td>Lan 1 x rj45<\/td>\n<\/tr>\n<tr>\n<td>Usb 1 x tipo b (para servicio); 1x type a (usb 2.0 high speed) with 1.5a power supply<\/td>\n<\/tr>\n<tr>\n<td>Mando a distancia<\/td>\n<\/tr>\n<tr>\n<td>Mando a distancia ajuste autom\u00e1tico; ajuste de la imagen; alimentaci\u00f3n (on &#8211; off); ampliaci\u00f3n digital continuada de recortes de imagen; av mute; control de modo eco; correcci\u00f3n trapezoidal; elecci\u00f3n de las fuentes de entrada; freeze; funci\u00f3n de ayuda; funci\u00f3n de congelaci\u00f3n; funci\u00f3n de formato de imagen; id set; p\u00e1gina (arriba, abajo); regulaci\u00f3n de volumen; selecci\u00f3n (arriba, abajo, izquierda, derecha); supresi\u00f3n de imagen; test de imagen; zoom digital<\/td>\n<\/tr>\n<tr>\n<td>El\u00e9ctrico<\/td>\n<\/tr>\n<tr>\n<td>Alimentaci\u00f3n 100-240 v ac; 50 &#8211; 60 hz<\/td>\n<\/tr>\n<tr>\n<td>Consumo [w] 310 normal \/ 250 modo silencioso \/ 1 modo de reposo en red \/ 0.4 modo de reposo<\/td>\n<\/tr>\n<tr>\n<td>Mec\u00e1nico<\/td>\n<\/tr>\n<tr>\n<td>Medidas (an x al x prof) [mm] 390 x 128 x 294 (sin pies ni lente)<\/td>\n<\/tr>\n<tr>\n<td>Peso [kg] 5<\/td>\n<\/tr>\n<tr>\n<td>Ruido del ventilador [db (a)] 39 \/ 29 (normal \/ modo silencioso)<\/td>\n<\/tr>\n<tr>\n<td>Versiones blanco<\/td>\n<\/tr>\n<tr>\n<td>Condiciones ambientales<\/td>\n<\/tr>\n<tr>\n<td>Temperatura ambiente de funcionamiento [\u00b0c] 5 to 45<\/td>\n<\/tr>\n<tr>\n<td>Humedad ambiental de funcionamiento [%] 20 to 80<\/td>\n<\/tr>\n<tr>\n<td>Temperatura de almacenamiento [\u00b0c] -10 to 50<\/td>\n<\/tr>\n<tr>\n<td>Humedad de almacenamiento [%] 20 to 80<\/td>\n<\/tr>\n<tr>\n<td>Ergonom\u00eda<\/td>\n<\/tr>\n<tr>\n<td>Seguridad y ergonom\u00eda ce; erp; rohs; tuev type approved<\/td>\n<\/tr>\n<tr>\n<td>Altavoces [w] 1 x 16 (mono)<\/td>\n<\/tr>\n<tr>\n<td>Funciones adicionales<\/td>\n<\/tr>\n<tr>\n<td>Caracter\u00edsticas especiales agrandar; ajuste de formato vertical; ajuste de fuente de luz; bloqueo de teclado; carbon savings meter; conector de seguridad kensington; control de navegador http; correcci\u00f3n geom\u00e9trica; crestron roomview; encendido r\u00e1pido; funci\u00f3n de ayuda; funci\u00f3n de control de id; inclinaci\u00f3n libre; logotipo del usuario, opcional; men\u00fa de pantalla en 30 idiomas; modelo de prueba; naviset administrator 2; sistema de seguridad con contrase\u00f1a; tono de aviso al cambiar de fuente; unique power saving functions; visor usb<\/td>\n<\/tr>\n<tr>\n<td>Funciones ecol\u00f3gicas<\/td>\n<\/tr>\n<tr>\n<td>Materiales ecol\u00f3gicos embalaje eco; manuales para descargar<\/td>\n<\/tr>\n<tr>\n<td>Est\u00e1ndares ecol\u00f3gicos erp compatibile; rohs compatibile<\/td>\n<\/tr>\n<tr>\n<td>Garant\u00eda<\/td>\n<\/tr>\n<tr>\n<td>Los propietarios registrados reciben una garant\u00eda limitada de cinco (5) a\u00f1os o 20,000 horas (lo que ocurra primero)<\/td>\n<\/tr>\n<tr>\n<td>Contenido<\/td>\n<\/tr>\n<tr>\n<td>Accesorios inclu\u00eddos 2x aaa batteries; cable de red (3 m); gu\u00eda de instalaci\u00f3n r\u00e1pida; mando a distancia por infrarrojo (477e); manual de usuario; proyector; sticker de seguridad<\/td>\n<\/tr>\n<\/table>\n","protected":false},"excerpt":{"rendered":"<p>El e501u de sharp es muy atractivo para los usuaros que piensan en la rentabilidad y requieran una fiabilidad profesional, por su rendimiento de proyecci\u00f3n sin igual a un coste total de propiedad tan bajo que impresiona. Gracias al brillo de 5.000 l\u00famenes y a la reproducci\u00f3n crom\u00e1tica v\u00edvida de la tecnolog\u00eda 3lcd, este proyector l\u00e1ser wuxga compacto es poderoso y pesa tan solo 5 kg. El e501u fue dise\u00f1ado para ser vers\u00e1til, as\u00ed ofrece opciones flexibles para su instalaci\u00f3n y una larga vida \u00fatil. Por eso este proyector es una elecci\u00f3n natural para las salas de clases, instalaciones de capacitaci\u00f3n y salas de reuniones. Combina un alto rendimiento, con mantenimiento bajo, y una rentabilidad excepcional, es la opci\u00f3n inteligente para cualquier instalaci\u00f3n dentro de su budget. Beneficios. Instalaci\u00f3n profesional y flexible \u0096 las caracter\u00edsticas de una proyecci\u00f3n vers\u00e1til permiten una ubicaci\u00f3n simple del proyector, facilita la instalaci\u00f3n y ahorrar\u00e1 as\u00ed costes potenciales de montaje. Disfrute de un coste total de propiedad m\u00e1s bajo \u0096 m\u00e1xima fiabilidad, operaci\u00f3n sin mantenimiento, bajo consumo de energ\u00eda y hasta 20000 horas de vida \u00fatil de la fuente de luz l\u00e1ser, resultan en un coste total de propiedad mucho m\u00e1s bajo. Grupo de riesgo 2 \u0096 ya que bajo las normas de conformidad del grupo de riesgo 2, no se necesitan medidas de seguridad prescritas. Gesti\u00f3n de ahorro del dispositivo \u0096 ahorre esfuerzos al administrar todos los dispositivos conectados de nec desde un lugar central utilizando la herramienta software naviset administrator 2.<\/p>\n","protected":false},"featured_media":0,"comment_status":"open","ping_status":"open","template":"","meta":[],"product_cat":[1843,1844],"product_tag":[2237],"acf":[],"yoast_head":"<!-- This site is optimized with the Yoast SEO plugin v21.7 - https:\/\/yoast.com\/wordpress\/plugins\/seo\/ -->\n<title>[ Sharp Display ] &#129351; Xp-e501u-w Videoproyector Laser Sharp 3 Lcd 5000 Lm Wuxga Cont 5,000,000:1 Hdmi\/hdcp, Rj45, Usb-a\/b 1.5a, Zoom 1.2x, Spk16w<\/title>\n<meta name=\"description\" content=\"Compra Xp-e501u-w Videoproyector Laser Sharp 3 Lcd 5000 Lm Wuxga Cont 5,000,000:1 Hdmi\/hdcp, Rj45, Usb-a\/b 1.5a, Zoom 1.2x, Spk16w + Env\u00edo a domicilio + Pago seguro + Garant\u00eda\" \/>\n<meta name=\"robots\" content=\"index, follow, max-snippet:-1, max-image-preview:large, max-video-preview:-1\" \/>\n<link rel=\"canonical\" href=\"https:\/\/compuviper.mx\/tienda\/producto\/sharp-display-xp-e501u-w-videoproyector-laser-sharp-3-lcd-5000-lm-wuxga-cont-50000001-hdmi-hdcp-rj45-usb-a-b-1-5a-zoom-1-2x-spk16w\/\" \/>\n<meta property=\"og:locale\" content=\"es_MX\" \/>\n<meta property=\"og:type\" content=\"article\" \/>\n<meta property=\"og:title\" content=\"[ Sharp Display ] &#129351; Xp-e501u-w Videoproyector Laser Sharp 3 Lcd 5000 Lm Wuxga Cont 5,000,000:1 Hdmi\/hdcp, Rj45, Usb-a\/b 1.5a, Zoom 1.2x, Spk16w\" \/>\n<meta property=\"og:description\" content=\"Compra Xp-e501u-w Videoproyector Laser Sharp 3 Lcd 5000 Lm Wuxga Cont 5,000,000:1 Hdmi\/hdcp, Rj45, Usb-a\/b 1.5a, Zoom 1.2x, Spk16w + Env\u00edo a domicilio + Pago seguro + Garant\u00eda\" \/>\n<meta property=\"og:url\" content=\"https:\/\/compuviper.mx\/tienda\/producto\/sharp-display-xp-e501u-w-videoproyector-laser-sharp-3-lcd-5000-lm-wuxga-cont-50000001-hdmi-hdcp-rj45-usb-a-b-1-5a-zoom-1-2x-spk16w\/\" \/>\n<meta property=\"og:site_name\" content=\"Compuviper\" \/>\n<meta property=\"article:publisher\" content=\"https:\/\/www.facebook.com\/compuviper\" \/>\n<meta name=\"twitter:card\" content=\"summary_large_image\" \/>\n<meta name=\"twitter:label1\" content=\"Precio\" \/>\n\t<meta name=\"twitter:data1\" content=\"&#36;32,311 &#36;28,434 con IVA\" \/>\n\t<meta name=\"twitter:label2\" content=\"Availability\" \/>\n\t<meta name=\"twitter:data2\" content=\"Out of stock\" \/>\n<script type=\"application\/ld+json\" class=\"yoast-schema-graph\">{\"@context\":\"https:\/\/schema.org\",\"@graph\":[{\"@type\":\"WebPage\",\"@id\":\"https:\/\/compuviper.mx\/tienda\/producto\/sharp-display-xp-e501u-w-videoproyector-laser-sharp-3-lcd-5000-lm-wuxga-cont-50000001-hdmi-hdcp-rj45-usb-a-b-1-5a-zoom-1-2x-spk16w\/\",\"url\":\"https:\/\/compuviper.mx\/tienda\/producto\/sharp-display-xp-e501u-w-videoproyector-laser-sharp-3-lcd-5000-lm-wuxga-cont-50000001-hdmi-hdcp-rj45-usb-a-b-1-5a-zoom-1-2x-spk16w\/\",\"name\":\"[ Sharp Display ] &#129351; Xp-e501u-w Videoproyector Laser Sharp 3 Lcd 5000 Lm Wuxga Cont 5,000,000:1 Hdmi\/hdcp, Rj45, Usb-a\/b 1.5a, Zoom 1.2x, Spk16w\",\"isPartOf\":{\"@id\":\"https:\/\/compuviper.mx\/tienda\/#website\"},\"datePublished\":\"2026-04-25T08:17:50+00:00\",\"dateModified\":\"2026-04-25T08:17:50+00:00\",\"description\":\"Compra Xp-e501u-w Videoproyector Laser Sharp 3 Lcd 5000 Lm Wuxga Cont 5,000,000:1 Hdmi\/hdcp, Rj45, Usb-a\/b 1.5a, Zoom 1.2x, Spk16w + Env\u00edo a domicilio + Pago seguro + Garant\u00eda\",\"breadcrumb\":{\"@id\":\"https:\/\/compuviper.mx\/tienda\/producto\/sharp-display-xp-e501u-w-videoproyector-laser-sharp-3-lcd-5000-lm-wuxga-cont-50000001-hdmi-hdcp-rj45-usb-a-b-1-5a-zoom-1-2x-spk16w\/#breadcrumb\"},\"inLanguage\":\"es-MX\",\"potentialAction\":[{\"@type\":\"ReadAction\",\"target\":[\"https:\/\/compuviper.mx\/tienda\/producto\/sharp-display-xp-e501u-w-videoproyector-laser-sharp-3-lcd-5000-lm-wuxga-cont-50000001-hdmi-hdcp-rj45-usb-a-b-1-5a-zoom-1-2x-spk16w\/\"]}]},{\"@type\":\"BreadcrumbList\",\"@id\":\"https:\/\/compuviper.mx\/tienda\/producto\/sharp-display-xp-e501u-w-videoproyector-laser-sharp-3-lcd-5000-lm-wuxga-cont-50000001-hdmi-hdcp-rj45-usb-a-b-1-5a-zoom-1-2x-spk16w\/#breadcrumb\",\"itemListElement\":[{\"@type\":\"ListItem\",\"position\":1,\"name\":\"Inicio\",\"item\":\"https:\/\/compuviper.mx\/tienda\/\"},{\"@type\":\"ListItem\",\"position\":2,\"name\":\"Productos\",\"item\":\"https:\/\/compuviper.mx\/tienda\/productos\/\"},{\"@type\":\"ListItem\",\"position\":3,\"name\":\"Videoproyector\",\"item\":\"https:\/\/compuviper.mx\/tienda\/categoria-producto\/videoproyector\/\"},{\"@type\":\"ListItem\",\"position\":4,\"name\":\"Basico\",\"item\":\"https:\/\/compuviper.mx\/tienda\/categoria-producto\/videoproyector\/basico-videoproyector\/\"},{\"@type\":\"ListItem\",\"position\":5,\"name\":\"Sharp Display Xp-e501u-w Videoproyector Laser Sharp 3 Lcd 5000 Lm Wuxga Cont 5,000,000:1 Hdmi\/hdcp, Rj45, Usb-a\/b 1.5a, Zoom 1.2x, Spk16w\"}]},{\"@type\":\"WebSite\",\"@id\":\"https:\/\/compuviper.mx\/tienda\/#website\",\"url\":\"https:\/\/compuviper.mx\/tienda\/\",\"name\":\"Compuviper\",\"description\":\"Proveedor de Computadoras, Laptops, Servidores, Monitores, Puntos de Venta, Teclados,   Impresoras, T\u00f3ner, C\u00e1maras de Seguridad y m\u00e1s en tu tienda en l\u00ednea\",\"publisher\":{\"@id\":\"https:\/\/compuviper.mx\/tienda\/#organization\"},\"potentialAction\":[{\"@type\":\"SearchAction\",\"target\":{\"@type\":\"EntryPoint\",\"urlTemplate\":\"https:\/\/compuviper.mx\/tienda\/?s={search_term_string}\"},\"query-input\":\"required name=search_term_string\"}],\"inLanguage\":\"es-MX\"},{\"@type\":\"Organization\",\"@id\":\"https:\/\/compuviper.mx\/tienda\/#organization\",\"name\":\"Compuviper\",\"url\":\"https:\/\/compuviper.mx\/tienda\/\",\"logo\":{\"@type\":\"ImageObject\",\"inLanguage\":\"es-MX\",\"@id\":\"https:\/\/compuviper.mx\/tienda\/#\/schema\/logo\/image\/\",\"url\":\"https:\/\/compuviper.mx\/tienda\/wp-content\/uploads\/2021\/08\/Logo-Compuviper-10.png\",\"contentUrl\":\"https:\/\/compuviper.mx\/tienda\/wp-content\/uploads\/2021\/08\/Logo-Compuviper-10.png\",\"width\":1000,\"height\":500,\"caption\":\"Compuviper\"},\"image\":{\"@id\":\"https:\/\/compuviper.mx\/tienda\/#\/schema\/logo\/image\/\"},\"sameAs\":[\"https:\/\/www.facebook.com\/compuviper\",\"https:\/\/www.youtube.com\/channel\/UCf73dERp9Y3cfOq7q8BhLjA?view_as=subscriber\"]}]}<\/script>\n<meta property=\"product:brand\" content=\"Sharp Display\" \/>\n<meta property=\"product:price:amount\" content=\"28434\" \/>\n<meta property=\"product:price:currency\" content=\"MXN\" \/>\n<meta property=\"og:availability\" content=\"out of stock\" \/>\n<meta property=\"product:availability\" content=\"out of stock\" \/>\n<meta property=\"product:retailer_item_id\" content=\"XP-E501U-W\" \/>\n<meta property=\"product:condition\" content=\"new\" \/>\n<!-- \/ Yoast SEO plugin. -->","yoast_head_json":{"title":"[ Sharp Display ] &#129351; Xp-e501u-w Videoproyector Laser Sharp 3 Lcd 5000 Lm Wuxga Cont 5,000,000:1 Hdmi\/hdcp, Rj45, Usb-a\/b 1.5a, Zoom 1.2x, Spk16w","description":"Compra Xp-e501u-w Videoproyector Laser Sharp 3 Lcd 5000 Lm Wuxga Cont 5,000,000:1 Hdmi\/hdcp, Rj45, Usb-a\/b 1.5a, Zoom 1.2x, Spk16w + Env\u00edo a domicilio + Pago seguro + Garant\u00eda","robots":{"index":"index","follow":"follow","max-snippet":"max-snippet:-1","max-image-preview":"max-image-preview:large","max-video-preview":"max-video-preview:-1"},"canonical":"https:\/\/compuviper.mx\/tienda\/producto\/sharp-display-xp-e501u-w-videoproyector-laser-sharp-3-lcd-5000-lm-wuxga-cont-50000001-hdmi-hdcp-rj45-usb-a-b-1-5a-zoom-1-2x-spk16w\/","og_locale":"es_MX","og_type":"article","og_title":"[ Sharp Display ] &#129351; Xp-e501u-w Videoproyector Laser Sharp 3 Lcd 5000 Lm Wuxga Cont 5,000,000:1 Hdmi\/hdcp, Rj45, Usb-a\/b 1.5a, Zoom 1.2x, Spk16w","og_description":"Compra Xp-e501u-w Videoproyector Laser Sharp 3 Lcd 5000 Lm Wuxga Cont 5,000,000:1 Hdmi\/hdcp, Rj45, Usb-a\/b 1.5a, Zoom 1.2x, Spk16w + Env\u00edo a domicilio + Pago seguro + Garant\u00eda","og_url":"https:\/\/compuviper.mx\/tienda\/producto\/sharp-display-xp-e501u-w-videoproyector-laser-sharp-3-lcd-5000-lm-wuxga-cont-50000001-hdmi-hdcp-rj45-usb-a-b-1-5a-zoom-1-2x-spk16w\/","og_site_name":"Compuviper","article_publisher":"https:\/\/www.facebook.com\/compuviper","twitter_card":"summary_large_image","twitter_misc":{"Precio":"&#36;32,311 &#36;28,434 con IVA","Availability":"Out of stock"},"schema":{"@context":"https:\/\/schema.org","@graph":[{"@type":"WebPage","@id":"https:\/\/compuviper.mx\/tienda\/producto\/sharp-display-xp-e501u-w-videoproyector-laser-sharp-3-lcd-5000-lm-wuxga-cont-50000001-hdmi-hdcp-rj45-usb-a-b-1-5a-zoom-1-2x-spk16w\/","url":"https:\/\/compuviper.mx\/tienda\/producto\/sharp-display-xp-e501u-w-videoproyector-laser-sharp-3-lcd-5000-lm-wuxga-cont-50000001-hdmi-hdcp-rj45-usb-a-b-1-5a-zoom-1-2x-spk16w\/","name":"[ Sharp Display ] &#129351; Xp-e501u-w Videoproyector Laser Sharp 3 Lcd 5000 Lm Wuxga Cont 5,000,000:1 Hdmi\/hdcp, Rj45, Usb-a\/b 1.5a, Zoom 1.2x, Spk16w","isPartOf":{"@id":"https:\/\/compuviper.mx\/tienda\/#website"},"datePublished":"2026-04-25T08:17:50+00:00","dateModified":"2026-04-25T08:17:50+00:00","description":"Compra Xp-e501u-w Videoproyector Laser Sharp 3 Lcd 5000 Lm Wuxga Cont 5,000,000:1 Hdmi\/hdcp, Rj45, Usb-a\/b 1.5a, Zoom 1.2x, Spk16w + Env\u00edo a domicilio + Pago seguro + Garant\u00eda","breadcrumb":{"@id":"https:\/\/compuviper.mx\/tienda\/producto\/sharp-display-xp-e501u-w-videoproyector-laser-sharp-3-lcd-5000-lm-wuxga-cont-50000001-hdmi-hdcp-rj45-usb-a-b-1-5a-zoom-1-2x-spk16w\/#breadcrumb"},"inLanguage":"es-MX","potentialAction":[{"@type":"ReadAction","target":["https:\/\/compuviper.mx\/tienda\/producto\/sharp-display-xp-e501u-w-videoproyector-laser-sharp-3-lcd-5000-lm-wuxga-cont-50000001-hdmi-hdcp-rj45-usb-a-b-1-5a-zoom-1-2x-spk16w\/"]}]},{"@type":"BreadcrumbList","@id":"https:\/\/compuviper.mx\/tienda\/producto\/sharp-display-xp-e501u-w-videoproyector-laser-sharp-3-lcd-5000-lm-wuxga-cont-50000001-hdmi-hdcp-rj45-usb-a-b-1-5a-zoom-1-2x-spk16w\/#breadcrumb","itemListElement":[{"@type":"ListItem","position":1,"name":"Inicio","item":"https:\/\/compuviper.mx\/tienda\/"},{"@type":"ListItem","position":2,"name":"Productos","item":"https:\/\/compuviper.mx\/tienda\/productos\/"},{"@type":"ListItem","position":3,"name":"Videoproyector","item":"https:\/\/compuviper.mx\/tienda\/categoria-producto\/videoproyector\/"},{"@type":"ListItem","position":4,"name":"Basico","item":"https:\/\/compuviper.mx\/tienda\/categoria-producto\/videoproyector\/basico-videoproyector\/"},{"@type":"ListItem","position":5,"name":"Sharp Display Xp-e501u-w Videoproyector Laser Sharp 3 Lcd 5000 Lm Wuxga Cont 5,000,000:1 Hdmi\/hdcp, Rj45, Usb-a\/b 1.5a, Zoom 1.2x, Spk16w"}]},{"@type":"WebSite","@id":"https:\/\/compuviper.mx\/tienda\/#website","url":"https:\/\/compuviper.mx\/tienda\/","name":"Compuviper","description":"Proveedor de Computadoras, Laptops, Servidores, Monitores, Puntos de Venta, Teclados,   Impresoras, T\u00f3ner, C\u00e1maras de Seguridad y m\u00e1s en tu tienda en l\u00ednea","publisher":{"@id":"https:\/\/compuviper.mx\/tienda\/#organization"},"potentialAction":[{"@type":"SearchAction","target":{"@type":"EntryPoint","urlTemplate":"https:\/\/compuviper.mx\/tienda\/?s={search_term_string}"},"query-input":"required name=search_term_string"}],"inLanguage":"es-MX"},{"@type":"Organization","@id":"https:\/\/compuviper.mx\/tienda\/#organization","name":"Compuviper","url":"https:\/\/compuviper.mx\/tienda\/","logo":{"@type":"ImageObject","inLanguage":"es-MX","@id":"https:\/\/compuviper.mx\/tienda\/#\/schema\/logo\/image\/","url":"https:\/\/compuviper.mx\/tienda\/wp-content\/uploads\/2021\/08\/Logo-Compuviper-10.png","contentUrl":"https:\/\/compuviper.mx\/tienda\/wp-content\/uploads\/2021\/08\/Logo-Compuviper-10.png","width":1000,"height":500,"caption":"Compuviper"},"image":{"@id":"https:\/\/compuviper.mx\/tienda\/#\/schema\/logo\/image\/"},"sameAs":["https:\/\/www.facebook.com\/compuviper","https:\/\/www.youtube.com\/channel\/UCf73dERp9Y3cfOq7q8BhLjA?view_as=subscriber"]}]},"product_brand":"Sharp Display","product_price_amount":"28434","product_price_currency":"MXN","og_availability":"out of stock","product_availability":"out of stock","product_retailer_item_id":"XP-E501U-W","product_condition":"new"},"_links":{"self":[{"href":"https:\/\/compuviper.mx\/tienda\/wp-json\/wp\/v2\/product\/265957"}],"collection":[{"href":"https:\/\/compuviper.mx\/tienda\/wp-json\/wp\/v2\/product"}],"about":[{"href":"https:\/\/compuviper.mx\/tienda\/wp-json\/wp\/v2\/types\/product"}],"replies":[{"embeddable":true,"href":"https:\/\/compuviper.mx\/tienda\/wp-json\/wp\/v2\/comments?post=265957"}],"wp:attachment":[{"href":"https:\/\/compuviper.mx\/tienda\/wp-json\/wp\/v2\/media?parent=265957"}],"wp:term":[{"taxonomy":"product_cat","embeddable":true,"href":"https:\/\/compuviper.mx\/tienda\/wp-json\/wp\/v2\/product_cat?post=265957"},{"taxonomy":"product_tag","embeddable":true,"href":"https:\/\/compuviper.mx\/tienda\/wp-json\/wp\/v2\/product_tag?post=265957"}],"curies":[{"name":"wp","href":"https:\/\/api.w.org\/{rel}","templated":true}]}}