{"id":265926,"date":"2026-04-17T23:23:09","date_gmt":"2026-04-18T05:23:09","guid":{"rendered":"https:\/\/compuviper.mx\/tienda\/producto\/intellinet-716253-gabinete-gabinete-19-pro-line-con-extractores-de-aire-42u\/"},"modified":"2026-04-17T23:23:09","modified_gmt":"2026-04-18T05:23:09","slug":"intellinet-716253-gabinete-gabinete-19-pro-line-con-extractores-de-aire-42u","status":"publish","type":"product","link":"https:\/\/compuviper.mx\/tienda\/producto\/intellinet-716253-gabinete-gabinete-19-pro-line-con-extractores-de-aire-42u\/","title":{"rendered":"Intellinet 716253 Gabinete\/\/\/gabinete 19 Pro Line Con Extractores De Aire, 42u"},"content":{"rendered":"<table class=\"descripcion\">\n<tr>\n<td>Gabinete de red seguro y adaptable al piso para equipos de red, servidores, telecomunicaciones y audio y video<\/td>\n<\/tr>\n<tr>\n<td>Se enva completamente ensamblado para una instalacin r\u00e1pida<\/td>\n<\/tr>\n<tr>\n<td>Profundidad de instalacin til: ajustable de 150 a 500 mm 5.91 a 19.69 pulg.<\/td>\n<\/tr>\n<tr>\n<td>Capacidad m\u00e1xima de carga est\u00e1tica de 800 kg 1760 lb sobre niveladores; 320 kg 700 lb cuando est\u00e1 sobre las ruedas<\/td>\n<\/tr>\n<tr>\n<td>Unidad de ventilacin con dos ventiladores instalada en el techo con disipacin de calor eficiente para una amplia temperatura de funcionamiento de hasta 65 \u00b0c 149 \u00b0f<\/td>\n<\/tr>\n<tr>\n<td>Construccin slida de acero spcc laminado en fro de alta calidad con revestimiento de polvo antiest\u00e1tico<\/td>\n<\/tr>\n<tr>\n<td>Incluye nueve charolas ventiladas de 2u de 380 mm de profundidad y 10 kg de capacidad de carga cada una, se pueden extraer<\/td>\n<\/tr>\n<tr>\n<td>Se incluyen nueve p\u00e1neles ciegos ventilados de 2u extrables para cubrir las posiciones no utilizadas en el gabinete<\/td>\n<\/tr>\n<tr>\n<td>Proteccin de grado ip20<\/td>\n<\/tr>\n<tr>\n<td>Aberturas preperforadas en la parte superior e inferior para la entrada de cables<\/td>\n<\/tr>\n<tr>\n<td>Niveladores preinstalados para mayor estabilidad y ruedas de alta resistencia incluidas para movilidad<\/td>\n<\/tr>\n<tr>\n<td>Kits de toma de tierra para la puerta delantera y posterior incluidos para proteger los equipos de sobrecargas elctricas externas<\/td>\n<\/tr>\n<tr>\n<td>Puerta frontal reversible de cristal templado que puede abrirse desde el lado izquierdo o derecho m\u00e1s de 180\u00b0; puerta posterior reversible de acero<\/td>\n<\/tr>\n<tr>\n<td>Cerradura de manija giratoria con cierre multipunto en la puerta delantera y cierre cilndrico de un punto en la puerta posterior; se incluyen dos llaves para cada puerta<\/td>\n<\/tr>\n<tr>\n<td>P\u00e1neles laterales extrables para facilitar el acceso al cableado y los componentes<\/td>\n<\/tr>\n<tr>\n<td>Incluye cuarenta tornillos 10-32 para montaje de equipos o accesorios de 19<\/td>\n<\/tr>\n<tr>\n<td>Postes verticales con orificios de montaje roscados  10-32<\/td>\n<\/tr>\n<tr>\n<td>Unidades enumeradas de altura para un mejor montaje en rack<\/td>\n<\/tr>\n<tr>\n<td>Cumple con iec 60297 \/ eia 310; compatible con todos los modelos est\u00e1ndar de 19 pulg. \/ equipo de montaje en rack de 482.6 mm<\/td>\n<\/tr>\n<tr>\n<td>Tres aos de garanta consulte el tiempo de garanta en su ciudad o pas<\/td>\n<\/tr>\n<\/table>\n","protected":false},"excerpt":{"rendered":"<p>Vers\u00e1til y seguro armario de red de 19 pulgadas con muchos accesorios incluidoseste gabinete de red de 42u de pie proporciona un alojamiento seguro y conveniente para su equipo de ti y servidores. Sus pares de rieles verticales frontales y traseros son ajustables de 5.91 in. 150 mm a 19.69 in. 500 mm y ofrecen orificios de montaje roscados 10-32. Cada espacio de rack est\u00e1 numerado para una f\u00e1cil referencia. El robusto y duradero armario, construido con acero laminado en fro spcc de alta calidad con recubrimiento en polvo antist\u00e1tico, tiene una capacidad de carga de hasta 1760 lbs. 800 kg. Su condicin de envo completamente ensamblada le ahorra la molestia de montarlo.Ventiladores preinstalados para un enfriamiento segurola unidad de ventilacin de dos ventiladores proporciona un enfriamiento confiable y una circulacin de aire ideal en el gabinete para mejorar el rendimiento y prolongar la vida de sus valiosos componentes de red. Viene preinstalada en el techo del gabinete, donde ayuda a disipar el calor daino.Estantes, paneles ciegos, kits de conexin a tierra, ruedas, pies de soporte, 40 tornillos 10-32 y ventiladores de enfriamiento incluidosel contenido de nuestro paquete no termina con el rack y los ventiladores. En los nueve estantes incluidos, puede colocar equipos que no son montables en rack. Nueve paneles ciegos ventilados cubren el espacio no utilizado en el gabinete. Cuatro ruedas ofrecen facilidad de movilidad alrededor de su oficina o sala de servidores. Una vez que el armario est en su lugar, puede estabilizarlo utilizando los pies de nivelacin integrados. Para montar su equipo de 19, ni siquiera necesita comprar material de montaje porque tambin se incluyen 40 tornillos 10-32.Proteccin segurapara brindarle total visibilidad de su equipo mientras est\u00e1 asegurado, este rack cuenta con una puerta frontal de vidrio templado. Puede montarse a la izquierda o a la derecha para abrirse segn sea necesario, al igual que la puerta trasera de acero. Los paneles laterales removibles con pestillos le permiten acceder f\u00e1cilmente a su cableado y componentes. Se incluyen dos llaves para cada puerta<\/p>\n","protected":false},"featured_media":0,"comment_status":"open","ping_status":"open","template":"","meta":[],"product_cat":[1493,1494],"product_tag":[1489],"acf":[],"yoast_head":"<!-- This site is optimized with the Yoast SEO plugin v21.7 - https:\/\/yoast.com\/wordpress\/plugins\/seo\/ -->\n<title>[ Intellinet ] &#129351; 716253 Gabinete\/\/\/gabinete 19 Pro Line Con Extractores De Aire, 42u<\/title>\n<meta name=\"description\" content=\"Compra 716253 Gabinete\/\/\/gabinete 19 Pro Line Con Extractores De Aire, 42u + Env\u00edo a domicilio + Pago seguro + Garant\u00eda\" \/>\n<meta name=\"robots\" content=\"index, follow, max-snippet:-1, max-image-preview:large, max-video-preview:-1\" \/>\n<link rel=\"canonical\" href=\"https:\/\/compuviper.mx\/tienda\/producto\/intellinet-716253-gabinete-gabinete-19-pro-line-con-extractores-de-aire-42u\/\" \/>\n<meta property=\"og:locale\" content=\"es_MX\" \/>\n<meta property=\"og:type\" content=\"article\" \/>\n<meta property=\"og:title\" content=\"[ Intellinet ] &#129351; 716253 Gabinete\/\/\/gabinete 19 Pro Line Con Extractores De Aire, 42u\" \/>\n<meta property=\"og:description\" content=\"Compra 716253 Gabinete\/\/\/gabinete 19 Pro Line Con Extractores De Aire, 42u + Env\u00edo a domicilio + Pago seguro + Garant\u00eda\" \/>\n<meta property=\"og:url\" content=\"https:\/\/compuviper.mx\/tienda\/producto\/intellinet-716253-gabinete-gabinete-19-pro-line-con-extractores-de-aire-42u\/\" \/>\n<meta property=\"og:site_name\" content=\"Compuviper\" \/>\n<meta property=\"article:publisher\" content=\"https:\/\/www.facebook.com\/compuviper\" \/>\n<meta name=\"twitter:card\" content=\"summary_large_image\" \/>\n<meta name=\"twitter:label1\" content=\"Precio\" \/>\n\t<meta name=\"twitter:data1\" content=\"&#36;17,556 con IVA\" \/>\n\t<meta name=\"twitter:label2\" content=\"Availability\" \/>\n\t<meta name=\"twitter:data2\" content=\"On backorder\" \/>\n<script type=\"application\/ld+json\" class=\"yoast-schema-graph\">{\"@context\":\"https:\/\/schema.org\",\"@graph\":[{\"@type\":\"WebPage\",\"@id\":\"https:\/\/compuviper.mx\/tienda\/producto\/intellinet-716253-gabinete-gabinete-19-pro-line-con-extractores-de-aire-42u\/\",\"url\":\"https:\/\/compuviper.mx\/tienda\/producto\/intellinet-716253-gabinete-gabinete-19-pro-line-con-extractores-de-aire-42u\/\",\"name\":\"[ Intellinet ] &#129351; 716253 Gabinete\/\/\/gabinete 19 Pro Line Con Extractores De Aire, 42u\",\"isPartOf\":{\"@id\":\"https:\/\/compuviper.mx\/tienda\/#website\"},\"datePublished\":\"2026-04-18T05:23:09+00:00\",\"dateModified\":\"2026-04-18T05:23:09+00:00\",\"description\":\"Compra 716253 Gabinete\/\/\/gabinete 19 Pro Line Con Extractores De Aire, 42u + Env\u00edo a domicilio + Pago seguro + Garant\u00eda\",\"breadcrumb\":{\"@id\":\"https:\/\/compuviper.mx\/tienda\/producto\/intellinet-716253-gabinete-gabinete-19-pro-line-con-extractores-de-aire-42u\/#breadcrumb\"},\"inLanguage\":\"es-MX\",\"potentialAction\":[{\"@type\":\"ReadAction\",\"target\":[\"https:\/\/compuviper.mx\/tienda\/producto\/intellinet-716253-gabinete-gabinete-19-pro-line-con-extractores-de-aire-42u\/\"]}]},{\"@type\":\"BreadcrumbList\",\"@id\":\"https:\/\/compuviper.mx\/tienda\/producto\/intellinet-716253-gabinete-gabinete-19-pro-line-con-extractores-de-aire-42u\/#breadcrumb\",\"itemListElement\":[{\"@type\":\"ListItem\",\"position\":1,\"name\":\"Inicio\",\"item\":\"https:\/\/compuviper.mx\/tienda\/\"},{\"@type\":\"ListItem\",\"position\":2,\"name\":\"Productos\",\"item\":\"https:\/\/compuviper.mx\/tienda\/productos\/\"},{\"@type\":\"ListItem\",\"position\":3,\"name\":\"Gabinete De Rack\",\"item\":\"https:\/\/compuviper.mx\/tienda\/categoria-producto\/gabinete-de-rack\/\"},{\"@type\":\"ListItem\",\"position\":4,\"name\":\"Sin Categor\u00eda\",\"item\":\"https:\/\/compuviper.mx\/tienda\/categoria-producto\/gabinete-de-rack\/sin-categoria-gabinete-de-rack\/\"},{\"@type\":\"ListItem\",\"position\":5,\"name\":\"Intellinet 716253 Gabinete\/\/\/gabinete 19 Pro Line Con Extractores De Aire, 42u\"}]},{\"@type\":\"WebSite\",\"@id\":\"https:\/\/compuviper.mx\/tienda\/#website\",\"url\":\"https:\/\/compuviper.mx\/tienda\/\",\"name\":\"Compuviper\",\"description\":\"Proveedor de Computadoras, Laptops, Servidores, Monitores, Puntos de Venta, Teclados,   Impresoras, T\u00f3ner, C\u00e1maras de Seguridad y m\u00e1s en tu tienda en l\u00ednea\",\"publisher\":{\"@id\":\"https:\/\/compuviper.mx\/tienda\/#organization\"},\"potentialAction\":[{\"@type\":\"SearchAction\",\"target\":{\"@type\":\"EntryPoint\",\"urlTemplate\":\"https:\/\/compuviper.mx\/tienda\/?s={search_term_string}\"},\"query-input\":\"required name=search_term_string\"}],\"inLanguage\":\"es-MX\"},{\"@type\":\"Organization\",\"@id\":\"https:\/\/compuviper.mx\/tienda\/#organization\",\"name\":\"Compuviper\",\"url\":\"https:\/\/compuviper.mx\/tienda\/\",\"logo\":{\"@type\":\"ImageObject\",\"inLanguage\":\"es-MX\",\"@id\":\"https:\/\/compuviper.mx\/tienda\/#\/schema\/logo\/image\/\",\"url\":\"https:\/\/compuviper.mx\/tienda\/wp-content\/uploads\/2021\/08\/Logo-Compuviper-10.png\",\"contentUrl\":\"https:\/\/compuviper.mx\/tienda\/wp-content\/uploads\/2021\/08\/Logo-Compuviper-10.png\",\"width\":1000,\"height\":500,\"caption\":\"Compuviper\"},\"image\":{\"@id\":\"https:\/\/compuviper.mx\/tienda\/#\/schema\/logo\/image\/\"},\"sameAs\":[\"https:\/\/www.facebook.com\/compuviper\",\"https:\/\/www.youtube.com\/channel\/UCf73dERp9Y3cfOq7q8BhLjA?view_as=subscriber\"]}]}<\/script>\n<meta property=\"product:brand\" content=\"INTELLINET\" \/>\n<meta property=\"product:price:amount\" content=\"17556\" \/>\n<meta property=\"product:price:currency\" content=\"MXN\" \/>\n<meta property=\"og:availability\" content=\"backorder\" \/>\n<meta property=\"product:availability\" content=\"available for order\" \/>\n<meta property=\"product:retailer_item_id\" content=\"716253\" \/>\n<meta property=\"product:condition\" content=\"new\" \/>\n<!-- \/ Yoast SEO plugin. -->","yoast_head_json":{"title":"[ Intellinet ] &#129351; 716253 Gabinete\/\/\/gabinete 19 Pro Line Con Extractores De Aire, 42u","description":"Compra 716253 Gabinete\/\/\/gabinete 19 Pro Line Con Extractores De Aire, 42u + Env\u00edo a domicilio + Pago seguro + Garant\u00eda","robots":{"index":"index","follow":"follow","max-snippet":"max-snippet:-1","max-image-preview":"max-image-preview:large","max-video-preview":"max-video-preview:-1"},"canonical":"https:\/\/compuviper.mx\/tienda\/producto\/intellinet-716253-gabinete-gabinete-19-pro-line-con-extractores-de-aire-42u\/","og_locale":"es_MX","og_type":"article","og_title":"[ Intellinet ] &#129351; 716253 Gabinete\/\/\/gabinete 19 Pro Line Con Extractores De Aire, 42u","og_description":"Compra 716253 Gabinete\/\/\/gabinete 19 Pro Line Con Extractores De Aire, 42u + Env\u00edo a domicilio + Pago seguro + Garant\u00eda","og_url":"https:\/\/compuviper.mx\/tienda\/producto\/intellinet-716253-gabinete-gabinete-19-pro-line-con-extractores-de-aire-42u\/","og_site_name":"Compuviper","article_publisher":"https:\/\/www.facebook.com\/compuviper","twitter_card":"summary_large_image","twitter_misc":{"Precio":"&#36;17,556 con IVA","Availability":"On backorder"},"schema":{"@context":"https:\/\/schema.org","@graph":[{"@type":"WebPage","@id":"https:\/\/compuviper.mx\/tienda\/producto\/intellinet-716253-gabinete-gabinete-19-pro-line-con-extractores-de-aire-42u\/","url":"https:\/\/compuviper.mx\/tienda\/producto\/intellinet-716253-gabinete-gabinete-19-pro-line-con-extractores-de-aire-42u\/","name":"[ Intellinet ] &#129351; 716253 Gabinete\/\/\/gabinete 19 Pro Line Con Extractores De Aire, 42u","isPartOf":{"@id":"https:\/\/compuviper.mx\/tienda\/#website"},"datePublished":"2026-04-18T05:23:09+00:00","dateModified":"2026-04-18T05:23:09+00:00","description":"Compra 716253 Gabinete\/\/\/gabinete 19 Pro Line Con Extractores De Aire, 42u + Env\u00edo a domicilio + Pago seguro + Garant\u00eda","breadcrumb":{"@id":"https:\/\/compuviper.mx\/tienda\/producto\/intellinet-716253-gabinete-gabinete-19-pro-line-con-extractores-de-aire-42u\/#breadcrumb"},"inLanguage":"es-MX","potentialAction":[{"@type":"ReadAction","target":["https:\/\/compuviper.mx\/tienda\/producto\/intellinet-716253-gabinete-gabinete-19-pro-line-con-extractores-de-aire-42u\/"]}]},{"@type":"BreadcrumbList","@id":"https:\/\/compuviper.mx\/tienda\/producto\/intellinet-716253-gabinete-gabinete-19-pro-line-con-extractores-de-aire-42u\/#breadcrumb","itemListElement":[{"@type":"ListItem","position":1,"name":"Inicio","item":"https:\/\/compuviper.mx\/tienda\/"},{"@type":"ListItem","position":2,"name":"Productos","item":"https:\/\/compuviper.mx\/tienda\/productos\/"},{"@type":"ListItem","position":3,"name":"Gabinete De Rack","item":"https:\/\/compuviper.mx\/tienda\/categoria-producto\/gabinete-de-rack\/"},{"@type":"ListItem","position":4,"name":"Sin Categor\u00eda","item":"https:\/\/compuviper.mx\/tienda\/categoria-producto\/gabinete-de-rack\/sin-categoria-gabinete-de-rack\/"},{"@type":"ListItem","position":5,"name":"Intellinet 716253 Gabinete\/\/\/gabinete 19 Pro Line Con Extractores De Aire, 42u"}]},{"@type":"WebSite","@id":"https:\/\/compuviper.mx\/tienda\/#website","url":"https:\/\/compuviper.mx\/tienda\/","name":"Compuviper","description":"Proveedor de Computadoras, Laptops, Servidores, Monitores, Puntos de Venta, Teclados,   Impresoras, T\u00f3ner, C\u00e1maras de Seguridad y m\u00e1s en tu tienda en l\u00ednea","publisher":{"@id":"https:\/\/compuviper.mx\/tienda\/#organization"},"potentialAction":[{"@type":"SearchAction","target":{"@type":"EntryPoint","urlTemplate":"https:\/\/compuviper.mx\/tienda\/?s={search_term_string}"},"query-input":"required name=search_term_string"}],"inLanguage":"es-MX"},{"@type":"Organization","@id":"https:\/\/compuviper.mx\/tienda\/#organization","name":"Compuviper","url":"https:\/\/compuviper.mx\/tienda\/","logo":{"@type":"ImageObject","inLanguage":"es-MX","@id":"https:\/\/compuviper.mx\/tienda\/#\/schema\/logo\/image\/","url":"https:\/\/compuviper.mx\/tienda\/wp-content\/uploads\/2021\/08\/Logo-Compuviper-10.png","contentUrl":"https:\/\/compuviper.mx\/tienda\/wp-content\/uploads\/2021\/08\/Logo-Compuviper-10.png","width":1000,"height":500,"caption":"Compuviper"},"image":{"@id":"https:\/\/compuviper.mx\/tienda\/#\/schema\/logo\/image\/"},"sameAs":["https:\/\/www.facebook.com\/compuviper","https:\/\/www.youtube.com\/channel\/UCf73dERp9Y3cfOq7q8BhLjA?view_as=subscriber"]}]},"product_brand":"INTELLINET","product_price_amount":"17556","product_price_currency":"MXN","og_availability":"backorder","product_availability":"available for order","product_retailer_item_id":"716253","product_condition":"new"},"_links":{"self":[{"href":"https:\/\/compuviper.mx\/tienda\/wp-json\/wp\/v2\/product\/265926"}],"collection":[{"href":"https:\/\/compuviper.mx\/tienda\/wp-json\/wp\/v2\/product"}],"about":[{"href":"https:\/\/compuviper.mx\/tienda\/wp-json\/wp\/v2\/types\/product"}],"replies":[{"embeddable":true,"href":"https:\/\/compuviper.mx\/tienda\/wp-json\/wp\/v2\/comments?post=265926"}],"wp:attachment":[{"href":"https:\/\/compuviper.mx\/tienda\/wp-json\/wp\/v2\/media?parent=265926"}],"wp:term":[{"taxonomy":"product_cat","embeddable":true,"href":"https:\/\/compuviper.mx\/tienda\/wp-json\/wp\/v2\/product_cat?post=265926"},{"taxonomy":"product_tag","embeddable":true,"href":"https:\/\/compuviper.mx\/tienda\/wp-json\/wp\/v2\/product_tag?post=265926"}],"curies":[{"name":"wp","href":"https:\/\/api.w.org\/{rel}","templated":true}]}}