{"id":265713,"date":"2026-04-16T00:48:23","date_gmt":"2026-04-16T06:48:23","guid":{"rendered":"https:\/\/compuviper.mx\/tienda\/producto\/gigabyte-h610m-k-v2-tarjeta-madre-socket-intel-1700-2x-ddr5-hdmi-dp-pcie-x-16-micro-atx-gama-basica\/"},"modified":"2026-04-16T00:48:23","modified_gmt":"2026-04-16T06:48:23","slug":"gigabyte-h610m-k-v2-tarjeta-madre-socket-intel-1700-2x-ddr5-hdmi-dp-pcie-x-16-micro-atx-gama-basica","status":"publish","type":"product","link":"https:\/\/compuviper.mx\/tienda\/producto\/gigabyte-h610m-k-v2-tarjeta-madre-socket-intel-1700-2x-ddr5-hdmi-dp-pcie-x-16-micro-atx-gama-basica\/","title":{"rendered":"Gigabyte H610m K V2 Tarjeta Madre   \/ Socket Intel 1700 \/ 2x Ddr5 \/ Hdmi \/ Dp \/ Pcie X 16 \/ Micro Atx \/ Gama Basica"},"content":{"rendered":"<table class=\"descripcion\">\n<tr>\n<td>Procesador<\/td>\n<\/tr>\n<tr>\n<td>Z\u00f3calo lga1700: compatible con procesadores intel\u00ae core\u0099, pentium\u00ae gold y celeron\u00ae de 14.\u00aa, 13.\u00aa y 12.\u00aa generaci\u00f3n.<\/td>\n<\/tr>\n<tr>\n<td>* consulte la lista de cpu compatibles para obtener m\u00e1s informaci\u00f3n.<\/td>\n<\/tr>\n<tr>\n<td>La cach\u00e9 l3 var\u00eda seg\u00fan la cpu .<\/td>\n<\/tr>\n<tr>\n<td>Conjunto de chips<\/td>\n<\/tr>\n<tr>\n<td>Chipset intel\u00ae h610 express<\/td>\n<\/tr>\n<tr>\n<td>Memoria<\/td>\n<\/tr>\n<tr>\n<td>Procesadores intel\u00ae core\u0099 i9\/i7 de 14.\u00aa y 13.\u00aa generaci\u00f3n :<\/td>\n<\/tr>\n<tr>\n<td>&#8211; compatibilidad con m\u00f3dulos de memoria ddr5 de 5600\/5200\/4800\/4400 mt\/s procesadores intel\u00ae core\u0099 i5\/i3<\/td>\n<\/tr>\n<tr>\n<td>De 13.\u00aa generaci\u00f3n y intel\u00ae core\u0099, pentium\u00ae gold y celeron\u00ae de 12.\u00aa generaci\u00f3n : &#8211; compatibilidad con m\u00f3dulos de memoria ddr5 de 4800\/4400 mt\/s 2 z\u00f3calos dimm ddr5 que admiten hasta 128 gb (capacidad de dimm individual de 64 gb) de memoria del sistema arquitectura de memoria de doble canal compatibilidad con m\u00f3dulos de memoria dimm 1rx8\/2rx8 sin b\u00fafer ecc (funcionan en modo no ecc) compatibilidad con m\u00f3dulos de memoria dimm 1rx8\/2rx8\/1rx16 sin b\u00fafer ecc compatibilidad con m\u00f3dulos de memoria extreme memory profile (xmp) (la configuraci\u00f3n de la cpu y la memoria puede afectar a los tipos de memoria admitidos, (velocidad de datos y n\u00famero de m\u00f3dulos dram; consulte la lista de soporte de memoria en el sitio web de gigabyte para obtener m\u00e1s informaci\u00f3n).<\/td>\n<\/tr>\n<tr>\n<td>Gr\u00e1ficos integrados<\/td>\n<\/tr>\n<tr>\n<td>Procesador de gr\u00e1ficos integrado: compatibilidad con gr\u00e1ficos intel\u00ae hd:<\/td>\n<\/tr>\n<tr>\n<td>&#8211; 1 puerto hdmi, que admite una resoluci\u00f3n m\u00e1xima de 4096 x 2160 a 60 hz<\/td>\n<\/tr>\n<tr>\n<td>* soporte para la versi\u00f3n hdmi 2.1 y hdcp 2.3.<\/td>\n<\/tr>\n<tr>\n<td>** soporte para puertos compatibles con hdmi 2.1 tmds nativos.<\/td>\n<\/tr>\n<tr>\n<td>&#8211; 1 x displayport, compatible con una resoluci\u00f3n m\u00e1xima de 4096&#215;2304 a 60 hz<\/td>\n<\/tr>\n<tr>\n<td>* soporte para la versi\u00f3n displayport 1.2 y hdcp 2.3<\/td>\n<\/tr>\n<tr>\n<td>(las especificaciones gr\u00e1ficas pueden variar seg\u00fan la compatibilidad de la cpu).<\/td>\n<\/tr>\n<tr>\n<td>Audio<\/td>\n<\/tr>\n<tr>\n<td>Codec de audio realtek\u00ae audio de alta definici\u00f3n de 2\/4\/ 5.1 \/7.1 canales<\/td>\n<\/tr>\n<tr>\n<td>* puede cambiar la funcionalidad de un conector de audio mediante el software de audio. para configurar el audio de 7.1 canales, acceda a la configuraci\u00f3n de audio del software.<\/td>\n<\/tr>\n<tr>\n<td>Y<\/td>\n<\/tr>\n<tr>\n<td>Chip lan realtek\u00ae gbe (1 gbps\/100 gbps\/10 mbps)<\/td>\n<\/tr>\n<tr>\n<td>Puertos de expansi\u00f3n<\/td>\n<\/tr>\n<tr>\n<td>Cpu:<\/td>\n<\/tr>\n<tr>\n<td>&#8211; 1 ranura pci express x16, compatible con pcie 4.0 y funcionando a x16<\/td>\n<\/tr>\n<tr>\n<td>Chipset:<\/td>\n<\/tr>\n<tr>\n<td>&#8211; 1 ranura pci express x1, compatible con pcie 3.0 y funcionando a x1<\/td>\n<\/tr>\n<tr>\n<td>Interfaz de almacenamiento<\/td>\n<\/tr>\n<tr>\n<td>Chipset:<\/td>\n<\/tr>\n<tr>\n<td>&#8211; 1 x conector m.2 (socket 3, clave m, tipo 2280\/2260 pcie 3.0 x4\/x2 ssd compatible)<\/td>\n<\/tr>\n<tr>\n<td>&#8211; 2 x conectores sata 6gb\/s<\/td>\n<\/tr>\n<tr>\n<td>Usb<\/td>\n<\/tr>\n<tr>\n<td>Chipset:<\/td>\n<\/tr>\n<tr>\n<td>&#8211; 4 puertos usb 3.2 gen 1 (2 puertos en el panel posterior, 2 puertos disponibles a trav\u00e9s del encabezado usb interno)<\/td>\n<\/tr>\n<tr>\n<td>&#8211; 6 puertos usb 2.0\/1.1 (4 puertos en el panel posterior, 2 puertos disponibles a trav\u00e9s del encabezado usb interno)<\/td>\n<\/tr>\n<tr>\n<td>Conectores internos de e\/s<\/td>\n<\/tr>\n<tr>\n<td>1 conector de alimentaci\u00f3n principal atx de 24 pines<\/td>\n<\/tr>\n<tr>\n<td>1 conector de alimentaci\u00f3n atx de 12 v y 8 pines<\/td>\n<\/tr>\n<tr>\n<td>1 encabezado de ventilador de cpu<\/td>\n<\/tr>\n<tr>\n<td>1 encabezado de ventilador del sistema<\/td>\n<\/tr>\n<tr>\n<td>1 conector m.2 socket 3<\/td>\n<\/tr>\n<tr>\n<td>2 conectores sata de 6 gb\/s<\/td>\n<\/tr>\n<tr>\n<td>1 encabezado de panel frontal 1<\/td>\n<\/tr>\n<tr>\n<td>Encabezado de audio del panel frontal<\/td>\n<\/tr>\n<tr>\n<td>1 encabezado usb 3.2 gen 1<\/td>\n<\/tr>\n<tr>\n<td>1 encabezado usb 2.0\/1.1<\/td>\n<\/tr>\n<tr>\n<td>1 encabezado de m\u00f3dulo de plataforma segura (solo para el m\u00f3dulo gc-tpm2.0 spi\/gc-tpm2.0 spi 2.0 \/ gc-tpm2.0 spi v2)<\/td>\n<\/tr>\n<tr>\n<td>1 puente clear cmos<\/td>\n<\/tr>\n<tr>\n<td>Conectores del panel trasero<\/td>\n<\/tr>\n<tr>\n<td>1 puerto hdmi<\/td>\n<\/tr>\n<tr>\n<td>1 displayport<\/td>\n<\/tr>\n<tr>\n<td>2 puertos usb 3.2 gen 1<\/td>\n<\/tr>\n<tr>\n<td>4 puertos usb 2.0\/1.1<\/td>\n<\/tr>\n<tr>\n<td>1 puerto rj-45<\/td>\n<\/tr>\n<tr>\n<td>3 conectores de audio<\/td>\n<\/tr>\n<tr>\n<td>Controlador de e\/s<\/td>\n<\/tr>\n<tr>\n<td>Chip controlador de e\/ s ite\u00ae<\/td>\n<\/tr>\n<tr>\n<td>Monitorizaci\u00f3n h\/w<\/td>\n<\/tr>\n<tr>\n<td>Detecci\u00f3n de voltaje<\/td>\n<\/tr>\n<tr>\n<td>Detecci\u00f3n de temperatura<\/td>\n<\/tr>\n<tr>\n<td>Detecci\u00f3n de velocidad del ventilador<\/td>\n<\/tr>\n<tr>\n<td>Detecci\u00f3n del caudal de refrigeraci\u00f3n por agua<\/td>\n<\/tr>\n<tr>\n<td>Advertencia de falla del ventilador<\/td>\n<\/tr>\n<tr>\n<td>Control de velocidad del ventilador<\/td>\n<\/tr>\n<tr>\n<td>* la compatibilidad de la funci\u00f3n de control de velocidad del ventilador depender\u00e1 del ventilador que instale.<\/td>\n<\/tr>\n<tr>\n<td>Bios<\/td>\n<\/tr>\n<tr>\n<td>1 x 128 mbit flash<\/td>\n<\/tr>\n<tr>\n<td>Uso de ami uefi bios<\/td>\n<\/tr>\n<tr>\n<td>Pnp 1.0a, dmi 2.7, wfm 2.0, sm bios 2.7, acpi 5.0 con licencia<\/td>\n<\/tr>\n<tr>\n<td>Caracter\u00edsticas \u00fanicas<\/td>\n<\/tr>\n<tr>\n<td>Soporte para el centro de aplicaciones<\/td>\n<\/tr>\n<tr>\n<td>* las aplicaciones disponibles en el centro de aplicaciones pueden variar seg\u00fan el modelo de la placa base. las funciones compatibles con cada aplicaci\u00f3n tambi\u00e9n pueden variar seg\u00fan las especificaciones de la placa base.<\/td>\n<\/tr>\n<tr>\n<td>&#8211; @bios<\/td>\n<\/tr>\n<tr>\n<td>&#8211; easytune<\/td>\n<\/tr>\n<tr>\n<td>&#8211; copia de seguridad inteligente<\/td>\n<\/tr>\n<tr>\n<td>&#8211;<\/td>\n<\/tr>\n<tr>\n<td>Soporte del visor de informaci\u00f3n del sistema para q-flash<\/td>\n<\/tr>\n<tr>\n<td>Software incluido<\/td>\n<\/tr>\n<tr>\n<td>Software de gesti\u00f3n de ancho de banda lan norton \u00ae internet security (versi\u00f3n oem)<\/td>\n<\/tr>\n<tr>\n<td>Sistema operativo<\/td>\n<\/tr>\n<tr>\n<td>Compatibilidad con windows 11 de 64 bits<\/td>\n<\/tr>\n<tr>\n<td>Compatibilidad con windows 10 de 64 bits<\/td>\n<\/tr>\n<tr>\n<td>Dise\u00f1o<\/td>\n<\/tr>\n<tr>\n<td>Factor de forma micro atx; 22,6 cm x 18,5 cm<\/td>\n<\/tr>\n<\/table>\n","protected":false},"excerpt":{"rendered":"<p>Dise\u00f1o pcie 4.0, m.2 gen3 x4, lan gbe, resistencia antiazufre, ventilador inteligente 6. Admite procesadores intel \u00ae core\u0099 14.\u00ba, 13.\u00ba y 12.?. Ddr5 de doble canal sin ecc y sin b\u00fafer, 2 dimm. Lan gbe con gesti\u00f3n de ancho de banda. Nvme pcie 3.0 x4 m.2. Condensadores de audio de alta calidad y protecci\u00f3n contra el ruido de audio. Smart fan 6 cuenta con m\u00faltiples sensores de temperatura y cabezales de ventilador h\u00edbridos con funci\u00f3n fan stop. Gigabyte app center, uso sencillo y f\u00e1cil. Dise\u00f1o de resistencias antiazufre<\/p>\n","protected":false},"featured_media":265714,"comment_status":"open","ping_status":"open","template":"","meta":[],"product_cat":[2239,1727],"product_tag":[1732],"acf":[],"yoast_head":"<!-- This site is optimized with the Yoast SEO plugin v21.7 - https:\/\/yoast.com\/wordpress\/plugins\/seo\/ -->\n<title>[ Gigabyte ] &#129351; H610m K V2 Tarjeta Madre \/ Socket Intel 1700 \/ 2x Ddr5 \/ Hdmi \/ Dp \/ Pcie X 16 \/ Micro Atx \/ Gama Basica<\/title>\n<meta name=\"description\" content=\"Compra H610m K V2 Tarjeta Madre \/ Socket Intel 1700 \/ 2x Ddr5 \/ Hdmi \/ Dp \/ Pcie X 16 \/ Micro Atx \/ Gama Basica + Env\u00edo a domicilio + Pago seguro + Garant\u00eda\" \/>\n<meta name=\"robots\" content=\"index, follow, max-snippet:-1, max-image-preview:large, max-video-preview:-1\" \/>\n<link rel=\"canonical\" href=\"https:\/\/compuviper.mx\/tienda\/producto\/gigabyte-h610m-k-v2-tarjeta-madre-socket-intel-1700-2x-ddr5-hdmi-dp-pcie-x-16-micro-atx-gama-basica\/\" \/>\n<meta property=\"og:locale\" content=\"es_MX\" \/>\n<meta property=\"og:type\" content=\"article\" \/>\n<meta property=\"og:title\" content=\"[ Gigabyte ] &#129351; H610m K V2 Tarjeta Madre \/ Socket Intel 1700 \/ 2x Ddr5 \/ Hdmi \/ Dp \/ Pcie X 16 \/ Micro Atx \/ Gama Basica\" \/>\n<meta property=\"og:description\" content=\"Compra H610m K V2 Tarjeta Madre \/ Socket Intel 1700 \/ 2x Ddr5 \/ Hdmi \/ Dp \/ Pcie X 16 \/ Micro Atx \/ Gama Basica + Env\u00edo a domicilio + Pago seguro + Garant\u00eda\" \/>\n<meta property=\"og:url\" content=\"https:\/\/compuviper.mx\/tienda\/producto\/gigabyte-h610m-k-v2-tarjeta-madre-socket-intel-1700-2x-ddr5-hdmi-dp-pcie-x-16-micro-atx-gama-basica\/\" \/>\n<meta property=\"og:site_name\" content=\"Compuviper\" \/>\n<meta property=\"article:publisher\" content=\"https:\/\/www.facebook.com\/compuviper\" \/>\n<meta property=\"og:image\" content=\"https:\/\/compuviper.mx\/tienda\/wp-content\/uploads\/2026\/01\/Tarjeta-madre-gigabyte-h610m-k-v2-socket-intel-1700-2x-ddr5-hdmi-dp-pcie-x-16-micro-atx-gama-basica.jpg\" \/>\n\t<meta property=\"og:image:width\" content=\"200\" \/>\n\t<meta property=\"og:image:height\" content=\"200\" \/>\n\t<meta property=\"og:image:type\" content=\"image\/jpeg\" \/>\n<meta name=\"twitter:card\" content=\"summary_large_image\" \/>\n<meta name=\"twitter:label1\" content=\"Precio\" \/>\n\t<meta name=\"twitter:data1\" content=\"&#36;1,232 &#36;1,158 con IVA\" \/>\n\t<meta name=\"twitter:label2\" content=\"Availability\" \/>\n\t<meta name=\"twitter:data2\" content=\"In stock\" \/>\n<script type=\"application\/ld+json\" class=\"yoast-schema-graph\">{\"@context\":\"https:\/\/schema.org\",\"@graph\":[{\"@type\":\"WebPage\",\"@id\":\"https:\/\/compuviper.mx\/tienda\/producto\/gigabyte-h610m-k-v2-tarjeta-madre-socket-intel-1700-2x-ddr5-hdmi-dp-pcie-x-16-micro-atx-gama-basica\/\",\"url\":\"https:\/\/compuviper.mx\/tienda\/producto\/gigabyte-h610m-k-v2-tarjeta-madre-socket-intel-1700-2x-ddr5-hdmi-dp-pcie-x-16-micro-atx-gama-basica\/\",\"name\":\"[ Gigabyte ] &#129351; H610m K V2 Tarjeta Madre \/ Socket Intel 1700 \/ 2x Ddr5 \/ Hdmi \/ Dp \/ Pcie X 16 \/ Micro Atx \/ Gama Basica\",\"isPartOf\":{\"@id\":\"https:\/\/compuviper.mx\/tienda\/#website\"},\"datePublished\":\"2026-04-16T06:48:23+00:00\",\"dateModified\":\"2026-04-16T06:48:23+00:00\",\"description\":\"Compra H610m K V2 Tarjeta Madre \/ Socket Intel 1700 \/ 2x Ddr5 \/ Hdmi \/ Dp \/ Pcie X 16 \/ Micro Atx \/ Gama Basica + Env\u00edo a domicilio + Pago seguro + Garant\u00eda\",\"breadcrumb\":{\"@id\":\"https:\/\/compuviper.mx\/tienda\/producto\/gigabyte-h610m-k-v2-tarjeta-madre-socket-intel-1700-2x-ddr5-hdmi-dp-pcie-x-16-micro-atx-gama-basica\/#breadcrumb\"},\"inLanguage\":\"es-MX\",\"potentialAction\":[{\"@type\":\"ReadAction\",\"target\":[\"https:\/\/compuviper.mx\/tienda\/producto\/gigabyte-h610m-k-v2-tarjeta-madre-socket-intel-1700-2x-ddr5-hdmi-dp-pcie-x-16-micro-atx-gama-basica\/\"]}]},{\"@type\":\"BreadcrumbList\",\"@id\":\"https:\/\/compuviper.mx\/tienda\/producto\/gigabyte-h610m-k-v2-tarjeta-madre-socket-intel-1700-2x-ddr5-hdmi-dp-pcie-x-16-micro-atx-gama-basica\/#breadcrumb\",\"itemListElement\":[{\"@type\":\"ListItem\",\"position\":1,\"name\":\"Inicio\",\"item\":\"https:\/\/compuviper.mx\/tienda\/\"},{\"@type\":\"ListItem\",\"position\":2,\"name\":\"Productos\",\"item\":\"https:\/\/compuviper.mx\/tienda\/productos\/\"},{\"@type\":\"ListItem\",\"position\":3,\"name\":\"Tarjeta Madre\",\"item\":\"https:\/\/compuviper.mx\/tienda\/categoria-producto\/tarjeta-madre\/\"},{\"@type\":\"ListItem\",\"position\":4,\"name\":\"Socket 1700\",\"item\":\"https:\/\/compuviper.mx\/tienda\/categoria-producto\/tarjeta-madre\/socket-1700\/\"},{\"@type\":\"ListItem\",\"position\":5,\"name\":\"Gigabyte H610m K V2 Tarjeta Madre \/ Socket Intel 1700 \/ 2x Ddr5 \/ Hdmi \/ Dp \/ Pcie X 16 \/ Micro Atx \/ Gama Basica\"}]},{\"@type\":\"WebSite\",\"@id\":\"https:\/\/compuviper.mx\/tienda\/#website\",\"url\":\"https:\/\/compuviper.mx\/tienda\/\",\"name\":\"Compuviper\",\"description\":\"Proveedor de Computadoras, Laptops, Servidores, Monitores, Puntos de Venta, Teclados,   Impresoras, T\u00f3ner, C\u00e1maras de Seguridad y m\u00e1s en tu tienda en l\u00ednea\",\"publisher\":{\"@id\":\"https:\/\/compuviper.mx\/tienda\/#organization\"},\"potentialAction\":[{\"@type\":\"SearchAction\",\"target\":{\"@type\":\"EntryPoint\",\"urlTemplate\":\"https:\/\/compuviper.mx\/tienda\/?s={search_term_string}\"},\"query-input\":\"required name=search_term_string\"}],\"inLanguage\":\"es-MX\"},{\"@type\":\"Organization\",\"@id\":\"https:\/\/compuviper.mx\/tienda\/#organization\",\"name\":\"Compuviper\",\"url\":\"https:\/\/compuviper.mx\/tienda\/\",\"logo\":{\"@type\":\"ImageObject\",\"inLanguage\":\"es-MX\",\"@id\":\"https:\/\/compuviper.mx\/tienda\/#\/schema\/logo\/image\/\",\"url\":\"https:\/\/compuviper.mx\/tienda\/wp-content\/uploads\/2021\/08\/Logo-Compuviper-10.png\",\"contentUrl\":\"https:\/\/compuviper.mx\/tienda\/wp-content\/uploads\/2021\/08\/Logo-Compuviper-10.png\",\"width\":1000,\"height\":500,\"caption\":\"Compuviper\"},\"image\":{\"@id\":\"https:\/\/compuviper.mx\/tienda\/#\/schema\/logo\/image\/\"},\"sameAs\":[\"https:\/\/www.facebook.com\/compuviper\",\"https:\/\/www.youtube.com\/channel\/UCf73dERp9Y3cfOq7q8BhLjA?view_as=subscriber\"]}]}<\/script>\n<meta property=\"product:brand\" content=\"GIGABYTE\" \/>\n<meta property=\"product:price:amount\" content=\"1158\" \/>\n<meta property=\"product:price:currency\" content=\"MXN\" \/>\n<meta property=\"og:availability\" content=\"instock\" \/>\n<meta property=\"product:availability\" content=\"instock\" \/>\n<meta property=\"product:retailer_item_id\" content=\"H610M K V2\" \/>\n<meta property=\"product:condition\" content=\"new\" \/>\n<!-- \/ Yoast SEO plugin. -->","yoast_head_json":{"title":"[ Gigabyte ] &#129351; H610m K V2 Tarjeta Madre \/ Socket Intel 1700 \/ 2x Ddr5 \/ Hdmi \/ Dp \/ Pcie X 16 \/ Micro Atx \/ Gama Basica","description":"Compra H610m K V2 Tarjeta Madre \/ Socket Intel 1700 \/ 2x Ddr5 \/ Hdmi \/ Dp \/ Pcie X 16 \/ Micro Atx \/ Gama Basica + Env\u00edo a domicilio + Pago seguro + Garant\u00eda","robots":{"index":"index","follow":"follow","max-snippet":"max-snippet:-1","max-image-preview":"max-image-preview:large","max-video-preview":"max-video-preview:-1"},"canonical":"https:\/\/compuviper.mx\/tienda\/producto\/gigabyte-h610m-k-v2-tarjeta-madre-socket-intel-1700-2x-ddr5-hdmi-dp-pcie-x-16-micro-atx-gama-basica\/","og_locale":"es_MX","og_type":"article","og_title":"[ Gigabyte ] &#129351; H610m K V2 Tarjeta Madre \/ Socket Intel 1700 \/ 2x Ddr5 \/ Hdmi \/ Dp \/ Pcie X 16 \/ Micro Atx \/ Gama Basica","og_description":"Compra H610m K V2 Tarjeta Madre \/ Socket Intel 1700 \/ 2x Ddr5 \/ Hdmi \/ Dp \/ Pcie X 16 \/ Micro Atx \/ Gama Basica + Env\u00edo a domicilio + Pago seguro + Garant\u00eda","og_url":"https:\/\/compuviper.mx\/tienda\/producto\/gigabyte-h610m-k-v2-tarjeta-madre-socket-intel-1700-2x-ddr5-hdmi-dp-pcie-x-16-micro-atx-gama-basica\/","og_site_name":"Compuviper","article_publisher":"https:\/\/www.facebook.com\/compuviper","og_image":[{"width":200,"height":200,"url":"https:\/\/compuviper.mx\/tienda\/wp-content\/uploads\/2026\/01\/Tarjeta-madre-gigabyte-h610m-k-v2-socket-intel-1700-2x-ddr5-hdmi-dp-pcie-x-16-micro-atx-gama-basica.jpg","type":"image\/jpeg"}],"twitter_card":"summary_large_image","twitter_misc":{"Precio":"&#36;1,232 &#36;1,158 con IVA","Availability":"In stock"},"schema":{"@context":"https:\/\/schema.org","@graph":[{"@type":"WebPage","@id":"https:\/\/compuviper.mx\/tienda\/producto\/gigabyte-h610m-k-v2-tarjeta-madre-socket-intel-1700-2x-ddr5-hdmi-dp-pcie-x-16-micro-atx-gama-basica\/","url":"https:\/\/compuviper.mx\/tienda\/producto\/gigabyte-h610m-k-v2-tarjeta-madre-socket-intel-1700-2x-ddr5-hdmi-dp-pcie-x-16-micro-atx-gama-basica\/","name":"[ Gigabyte ] &#129351; H610m K V2 Tarjeta Madre \/ Socket Intel 1700 \/ 2x Ddr5 \/ Hdmi \/ Dp \/ Pcie X 16 \/ Micro Atx \/ Gama Basica","isPartOf":{"@id":"https:\/\/compuviper.mx\/tienda\/#website"},"datePublished":"2026-04-16T06:48:23+00:00","dateModified":"2026-04-16T06:48:23+00:00","description":"Compra H610m K V2 Tarjeta Madre \/ Socket Intel 1700 \/ 2x Ddr5 \/ Hdmi \/ Dp \/ Pcie X 16 \/ Micro Atx \/ Gama Basica + Env\u00edo a domicilio + Pago seguro + Garant\u00eda","breadcrumb":{"@id":"https:\/\/compuviper.mx\/tienda\/producto\/gigabyte-h610m-k-v2-tarjeta-madre-socket-intel-1700-2x-ddr5-hdmi-dp-pcie-x-16-micro-atx-gama-basica\/#breadcrumb"},"inLanguage":"es-MX","potentialAction":[{"@type":"ReadAction","target":["https:\/\/compuviper.mx\/tienda\/producto\/gigabyte-h610m-k-v2-tarjeta-madre-socket-intel-1700-2x-ddr5-hdmi-dp-pcie-x-16-micro-atx-gama-basica\/"]}]},{"@type":"BreadcrumbList","@id":"https:\/\/compuviper.mx\/tienda\/producto\/gigabyte-h610m-k-v2-tarjeta-madre-socket-intel-1700-2x-ddr5-hdmi-dp-pcie-x-16-micro-atx-gama-basica\/#breadcrumb","itemListElement":[{"@type":"ListItem","position":1,"name":"Inicio","item":"https:\/\/compuviper.mx\/tienda\/"},{"@type":"ListItem","position":2,"name":"Productos","item":"https:\/\/compuviper.mx\/tienda\/productos\/"},{"@type":"ListItem","position":3,"name":"Tarjeta Madre","item":"https:\/\/compuviper.mx\/tienda\/categoria-producto\/tarjeta-madre\/"},{"@type":"ListItem","position":4,"name":"Socket 1700","item":"https:\/\/compuviper.mx\/tienda\/categoria-producto\/tarjeta-madre\/socket-1700\/"},{"@type":"ListItem","position":5,"name":"Gigabyte H610m K V2 Tarjeta Madre \/ Socket Intel 1700 \/ 2x Ddr5 \/ Hdmi \/ Dp \/ Pcie X 16 \/ Micro Atx \/ Gama Basica"}]},{"@type":"WebSite","@id":"https:\/\/compuviper.mx\/tienda\/#website","url":"https:\/\/compuviper.mx\/tienda\/","name":"Compuviper","description":"Proveedor de Computadoras, Laptops, Servidores, Monitores, Puntos de Venta, Teclados,   Impresoras, T\u00f3ner, C\u00e1maras de Seguridad y m\u00e1s en tu tienda en l\u00ednea","publisher":{"@id":"https:\/\/compuviper.mx\/tienda\/#organization"},"potentialAction":[{"@type":"SearchAction","target":{"@type":"EntryPoint","urlTemplate":"https:\/\/compuviper.mx\/tienda\/?s={search_term_string}"},"query-input":"required name=search_term_string"}],"inLanguage":"es-MX"},{"@type":"Organization","@id":"https:\/\/compuviper.mx\/tienda\/#organization","name":"Compuviper","url":"https:\/\/compuviper.mx\/tienda\/","logo":{"@type":"ImageObject","inLanguage":"es-MX","@id":"https:\/\/compuviper.mx\/tienda\/#\/schema\/logo\/image\/","url":"https:\/\/compuviper.mx\/tienda\/wp-content\/uploads\/2021\/08\/Logo-Compuviper-10.png","contentUrl":"https:\/\/compuviper.mx\/tienda\/wp-content\/uploads\/2021\/08\/Logo-Compuviper-10.png","width":1000,"height":500,"caption":"Compuviper"},"image":{"@id":"https:\/\/compuviper.mx\/tienda\/#\/schema\/logo\/image\/"},"sameAs":["https:\/\/www.facebook.com\/compuviper","https:\/\/www.youtube.com\/channel\/UCf73dERp9Y3cfOq7q8BhLjA?view_as=subscriber"]}]},"product_brand":"GIGABYTE","product_price_amount":"1158","product_price_currency":"MXN","og_availability":"instock","product_availability":"instock","product_retailer_item_id":"H610M K V2","product_condition":"new"},"_links":{"self":[{"href":"https:\/\/compuviper.mx\/tienda\/wp-json\/wp\/v2\/product\/265713"}],"collection":[{"href":"https:\/\/compuviper.mx\/tienda\/wp-json\/wp\/v2\/product"}],"about":[{"href":"https:\/\/compuviper.mx\/tienda\/wp-json\/wp\/v2\/types\/product"}],"replies":[{"embeddable":true,"href":"https:\/\/compuviper.mx\/tienda\/wp-json\/wp\/v2\/comments?post=265713"}],"wp:featuredmedia":[{"embeddable":true,"href":"https:\/\/compuviper.mx\/tienda\/wp-json\/wp\/v2\/media\/265714"}],"wp:attachment":[{"href":"https:\/\/compuviper.mx\/tienda\/wp-json\/wp\/v2\/media?parent=265713"}],"wp:term":[{"taxonomy":"product_cat","embeddable":true,"href":"https:\/\/compuviper.mx\/tienda\/wp-json\/wp\/v2\/product_cat?post=265713"},{"taxonomy":"product_tag","embeddable":true,"href":"https:\/\/compuviper.mx\/tienda\/wp-json\/wp\/v2\/product_tag?post=265713"}],"curies":[{"name":"wp","href":"https:\/\/api.w.org\/{rel}","templated":true}]}}