{"id":265669,"date":"2026-04-23T00:19:02","date_gmt":"2026-04-23T06:19:02","guid":{"rendered":"https:\/\/compuviper.mx\/tienda\/producto\/dahua-dh-hac-hdbw1801ean-camara-analoga-hac-hdbw1801ean-domo-antivandalica-4k-8-megapixeles-lente-de-2-8mm-106-grados-de-apertura-metalica-super-adapt-wdr-real-de-120-db-ir-de-40-metros-ip\/"},"modified":"2026-04-23T00:19:02","modified_gmt":"2026-04-23T06:19:02","slug":"dahua-dh-hac-hdbw1801ean-camara-analoga-hac-hdbw1801ean-domo-antivandalica-4k-8-megapixeles-lente-de-2-8mm-106-grados-de-apertura-metalica-super-adapt-wdr-real-de-120-db-ir-de-40-metros-ip","status":"publish","type":"product","link":"https:\/\/compuviper.mx\/tienda\/producto\/dahua-dh-hac-hdbw1801ean-camara-analoga-hac-hdbw1801ean-domo-antivandalica-4k-8-megapixeles-lente-de-2-8mm-106-grados-de-apertura-metalica-super-adapt-wdr-real-de-120-db-ir-de-40-metros-ip\/","title":{"rendered":"Dahua Dh-hac-hdbw1801ean Camara Analoga\/ \/ Hac-hdbw1801ean\/ Domo Antivandalica 4k\/ 8 Megapixeles\/ Lente De 2.8mm\/ 106 Grados De Apertura\/ Metalica\/ Super Adapt\/ Wdr Real De 120 Db\/ Ir De 40 Metros\/ Ip67\/ Ik10"},"content":{"rendered":"<table class=\"descripcion\">\n<tr>\n<td>Especificaciones tecnicas<\/td>\n<\/tr>\n<tr>\n<td>* 8 mp<\/td>\n<\/tr>\n<tr>\n<td>* cmos 4k<\/td>\n<\/tr>\n<tr>\n<td>* max. resolucion 3840 (h) x 2160 (v)<\/td>\n<\/tr>\n<tr>\n<td>* sistema de escaneo progresivo<\/td>\n<\/tr>\n<tr>\n<td>* velocidad de obturacion electronica: pal: 1\/25 s\u00961\/100000 s ntsc: 1\/30 s\u00961\/100000 s<\/td>\n<\/tr>\n<tr>\n<td>* min. iluminacion: 0,01 lux a f2,0 (color, 30 ire) 0,001 lux a f2,0 (b\/n, 30 ire) 0 lux (iluminador encendido)<\/td>\n<\/tr>\n<tr>\n<td>* relacion senal\/ruido:  65 db<\/td>\n<\/tr>\n<tr>\n<td>Caracteristicas principales<\/td>\n<\/tr>\n<tr>\n<td>\u00b7 max. 15 fps a 4k.<\/td>\n<\/tr>\n<tr>\n<td>\u00b7 wdr real de 120 db, 3d nr.<\/td>\n<\/tr>\n<tr>\n<td>\u00b7 iluminacion ir inteligente.<\/td>\n<\/tr>\n<tr>\n<td>\u00b7 distancia de iluminacion de 40 m.<\/td>\n<\/tr>\n<tr>\n<td>\u00b7 lente fija de 3,6 mm (2,8 mm opcional).<\/td>\n<\/tr>\n<tr>\n<td>\u00b7 cvi\/cvbs\/ahd\/tvi conmutable.<\/td>\n<\/tr>\n<tr>\n<td>\u00b7 ip67, ik10, 12 v cc.<\/td>\n<\/tr>\n<\/table>\n","protected":false},"excerpt":{"rendered":"<p>Informacion general. La serie lite es una excelente opcion para los consumidores que buscan productos de monitoreo de alta calidad a un precio razonable. Su bajo costo y alto rendimiento lo hacen ideal para areas residenciales y soluciones para pymes. Esta serie esta equipada con una amplia gama de tecnologias, como full-color y starlight, brindando diversas soluciones para diferentes escenarios. Amplio rango dinamico. Con su avanzada tecnologia de amplio rango dinamico (wdr), la camara captura imagenes muy detalladas y produce grabaciones de alta definicion en condiciones de iluminacion de alto contraste y en escenas con luz de fondo o sombras. 3 dnr avanzado. La tecnologia avanzada 3dnr de dahua reduce el ruido de la imagen con poco o ningun impacto en la nitidez de la imagen, especialmente en condiciones de poca luz. Detecta el ruido y compara los cuadros secuenciales para reducir el ruido de manera efectiva. Tambien hace un uso eficiente del ancho de banda, ahorrando espacio de almacenamiento. Proteccion (ip67, ik10, amplio voltaje) ip67: la camara supero una serie de rigurosas pruebas de polvo e inmersion. Su carcasa es a prueba de polvo e impermeable, y puede funcionar. Ip67: la camara supero una serie de rigurosas pruebas de polvo e inmersion. Su carcasa es a prueba de polvo e impermeable, y puede funcionar normalmente mientras se sumerge en agua a 1 m de profundidad durante un maximo de 30 minutos. Ik10: la caja puede soportar hasta 5 golpes de un martillo de 5 kg cayendo desde una altura de 40 cm (la energia del impacto es de 20 j). Amplio voltaje: la camara tiene una tolerancia de voltaje de entrada de \u00b130 % (para algunas fuentes de alimentacion) y un amplio rango de voltaje, lo que la hace adecuada para una variedad de escenarios al aire libre. 4 senales sobre 1 cable coaxial. La tecnologia hdcvi admite 4 senales (video, audio*, datos y alimentacion) que se transmiten simultaneamente a traves de un cable coaxial. La transmision de datos bidireccional permite que la camara hdcvi interactue con el xvr para realizar diversas acciones, como enviar senales de control y activar alarmas. La tecnologia hdcvi tambien es compatible con poc, lo que hace que la camara sea facil y rapida de instalar. Iluminacion ir inteligente. Con su iluminacion ir, la camara proporciona un rendimiento optimo en condiciones de poca luz, asegurando la uniformidad en el brillo de las imagenes en blanco y negro. A traves de su tecnologia ir inteligente, la camara tambien compensa la distancia de los objetivos ajustando la intensidad de sus led ir, evitando la sobre exposicion de las imagenes a medida que los objetivos se acercan a la camara<\/p>\n","protected":false},"featured_media":0,"comment_status":"open","ping_status":"open","template":"","meta":[],"product_cat":[1608,1681],"product_tag":[1555],"acf":[],"yoast_head":"<!-- This site is optimized with the Yoast SEO plugin v21.7 - https:\/\/yoast.com\/wordpress\/plugins\/seo\/ -->\n<title>[ Dahua ] &#129351; Dh-hac-hdbw1801ean Camara Analoga\/ \/ Hac-hdbw1801ean\/ Domo Antivandalica 4k\/ 8 Megapixeles\/ Lente De 2.8mm\/ 106 Grados De Apertura\/ Metalica\/ Super Adapt\/ Wdr Real De 120 Db\/ Ir De 40 Metros\/ Ip67\/ Ik10<\/title>\n<meta name=\"description\" content=\"Compra Dh-hac-hdbw1801ean Camara Analoga\/ \/ Hac-hdbw1801ean\/ Domo Antivandalica 4k\/ 8 Megapixeles\/ Lente De 2.8mm\/ 106 Grados De Apertura\/ Metalica\/ Super Adapt\/ Wdr Real De 120 Db\/ Ir De 40 Metros\/ Ip67\/ Ik10 + Env\u00edo a domicilio + Pago seguro + Garant\u00eda\" \/>\n<meta name=\"robots\" content=\"index, follow, max-snippet:-1, max-image-preview:large, max-video-preview:-1\" \/>\n<link rel=\"canonical\" href=\"https:\/\/compuviper.mx\/tienda\/producto\/dahua-dh-hac-hdbw1801ean-camara-analoga-hac-hdbw1801ean-domo-antivandalica-4k-8-megapixeles-lente-de-2-8mm-106-grados-de-apertura-metalica-super-adapt-wdr-real-de-120-db-ir-de-40-metros-ip\/\" \/>\n<meta property=\"og:locale\" content=\"es_MX\" \/>\n<meta property=\"og:type\" content=\"article\" \/>\n<meta property=\"og:title\" content=\"[ Dahua ] &#129351; Dh-hac-hdbw1801ean Camara Analoga\/ \/ Hac-hdbw1801ean\/ Domo Antivandalica 4k\/ 8 Megapixeles\/ Lente De 2.8mm\/ 106 Grados De Apertura\/ Metalica\/ Super Adapt\/ Wdr Real De 120 Db\/ Ir De 40 Metros\/ Ip67\/ Ik10\" \/>\n<meta property=\"og:description\" content=\"Compra Dh-hac-hdbw1801ean Camara Analoga\/ \/ Hac-hdbw1801ean\/ Domo Antivandalica 4k\/ 8 Megapixeles\/ Lente De 2.8mm\/ 106 Grados De Apertura\/ Metalica\/ Super Adapt\/ Wdr Real De 120 Db\/ Ir De 40 Metros\/ Ip67\/ Ik10 + Env\u00edo a domicilio + Pago seguro + Garant\u00eda\" \/>\n<meta property=\"og:url\" content=\"https:\/\/compuviper.mx\/tienda\/producto\/dahua-dh-hac-hdbw1801ean-camara-analoga-hac-hdbw1801ean-domo-antivandalica-4k-8-megapixeles-lente-de-2-8mm-106-grados-de-apertura-metalica-super-adapt-wdr-real-de-120-db-ir-de-40-metros-ip\/\" \/>\n<meta property=\"og:site_name\" content=\"Compuviper\" \/>\n<meta property=\"article:publisher\" content=\"https:\/\/www.facebook.com\/compuviper\" \/>\n<meta name=\"twitter:card\" content=\"summary_large_image\" \/>\n<meta name=\"twitter:label1\" content=\"Precio\" \/>\n\t<meta name=\"twitter:data1\" content=\"&#36;933 con IVA\" \/>\n\t<meta name=\"twitter:label2\" content=\"Availability\" \/>\n\t<meta name=\"twitter:data2\" content=\"Out of stock\" \/>\n<script type=\"application\/ld+json\" class=\"yoast-schema-graph\">{\"@context\":\"https:\/\/schema.org\",\"@graph\":[{\"@type\":\"WebPage\",\"@id\":\"https:\/\/compuviper.mx\/tienda\/producto\/dahua-dh-hac-hdbw1801ean-camara-analoga-hac-hdbw1801ean-domo-antivandalica-4k-8-megapixeles-lente-de-2-8mm-106-grados-de-apertura-metalica-super-adapt-wdr-real-de-120-db-ir-de-40-metros-ip\/\",\"url\":\"https:\/\/compuviper.mx\/tienda\/producto\/dahua-dh-hac-hdbw1801ean-camara-analoga-hac-hdbw1801ean-domo-antivandalica-4k-8-megapixeles-lente-de-2-8mm-106-grados-de-apertura-metalica-super-adapt-wdr-real-de-120-db-ir-de-40-metros-ip\/\",\"name\":\"[ Dahua ] &#129351; Dh-hac-hdbw1801ean Camara Analoga\/ \/ Hac-hdbw1801ean\/ Domo Antivandalica 4k\/ 8 Megapixeles\/ Lente De 2.8mm\/ 106 Grados De Apertura\/ Metalica\/ Super Adapt\/ Wdr Real De 120 Db\/ Ir De 40 Metros\/ Ip67\/ Ik10\",\"isPartOf\":{\"@id\":\"https:\/\/compuviper.mx\/tienda\/#website\"},\"datePublished\":\"2026-04-23T06:19:02+00:00\",\"dateModified\":\"2026-04-23T06:19:02+00:00\",\"description\":\"Compra Dh-hac-hdbw1801ean Camara Analoga\/ \/ Hac-hdbw1801ean\/ Domo Antivandalica 4k\/ 8 Megapixeles\/ Lente De 2.8mm\/ 106 Grados De Apertura\/ Metalica\/ Super Adapt\/ Wdr Real De 120 Db\/ Ir De 40 Metros\/ Ip67\/ Ik10 + Env\u00edo a domicilio + Pago seguro + Garant\u00eda\",\"breadcrumb\":{\"@id\":\"https:\/\/compuviper.mx\/tienda\/producto\/dahua-dh-hac-hdbw1801ean-camara-analoga-hac-hdbw1801ean-domo-antivandalica-4k-8-megapixeles-lente-de-2-8mm-106-grados-de-apertura-metalica-super-adapt-wdr-real-de-120-db-ir-de-40-metros-ip\/#breadcrumb\"},\"inLanguage\":\"es-MX\",\"potentialAction\":[{\"@type\":\"ReadAction\",\"target\":[\"https:\/\/compuviper.mx\/tienda\/producto\/dahua-dh-hac-hdbw1801ean-camara-analoga-hac-hdbw1801ean-domo-antivandalica-4k-8-megapixeles-lente-de-2-8mm-106-grados-de-apertura-metalica-super-adapt-wdr-real-de-120-db-ir-de-40-metros-ip\/\"]}]},{\"@type\":\"BreadcrumbList\",\"@id\":\"https:\/\/compuviper.mx\/tienda\/producto\/dahua-dh-hac-hdbw1801ean-camara-analoga-hac-hdbw1801ean-domo-antivandalica-4k-8-megapixeles-lente-de-2-8mm-106-grados-de-apertura-metalica-super-adapt-wdr-real-de-120-db-ir-de-40-metros-ip\/#breadcrumb\",\"itemListElement\":[{\"@type\":\"ListItem\",\"position\":1,\"name\":\"Inicio\",\"item\":\"https:\/\/compuviper.mx\/tienda\/\"},{\"@type\":\"ListItem\",\"position\":2,\"name\":\"Productos\",\"item\":\"https:\/\/compuviper.mx\/tienda\/productos\/\"},{\"@type\":\"ListItem\",\"position\":3,\"name\":\"Camaras\",\"item\":\"https:\/\/compuviper.mx\/tienda\/categoria-producto\/camaras-2\/\"},{\"@type\":\"ListItem\",\"position\":4,\"name\":\"Camara De Videovigilancia\",\"item\":\"https:\/\/compuviper.mx\/tienda\/categoria-producto\/camaras-2\/camara-de-videovigilancia\/\"},{\"@type\":\"ListItem\",\"position\":5,\"name\":\"Dahua Dh-hac-hdbw1801ean Camara Analoga\/ \/ Hac-hdbw1801ean\/ Domo Antivandalica 4k\/ 8 Megapixeles\/ Lente De 2.8mm\/ 106 Grados De Apertura\/ Metalica\/ Super Adapt\/ Wdr Real De 120 Db\/ Ir De 40 Metros\/ Ip67\/ Ik10\"}]},{\"@type\":\"WebSite\",\"@id\":\"https:\/\/compuviper.mx\/tienda\/#website\",\"url\":\"https:\/\/compuviper.mx\/tienda\/\",\"name\":\"Compuviper\",\"description\":\"Proveedor de Computadoras, Laptops, Servidores, Monitores, Puntos de Venta, Teclados,   Impresoras, T\u00f3ner, C\u00e1maras de Seguridad y m\u00e1s en tu tienda en l\u00ednea\",\"publisher\":{\"@id\":\"https:\/\/compuviper.mx\/tienda\/#organization\"},\"potentialAction\":[{\"@type\":\"SearchAction\",\"target\":{\"@type\":\"EntryPoint\",\"urlTemplate\":\"https:\/\/compuviper.mx\/tienda\/?s={search_term_string}\"},\"query-input\":\"required name=search_term_string\"}],\"inLanguage\":\"es-MX\"},{\"@type\":\"Organization\",\"@id\":\"https:\/\/compuviper.mx\/tienda\/#organization\",\"name\":\"Compuviper\",\"url\":\"https:\/\/compuviper.mx\/tienda\/\",\"logo\":{\"@type\":\"ImageObject\",\"inLanguage\":\"es-MX\",\"@id\":\"https:\/\/compuviper.mx\/tienda\/#\/schema\/logo\/image\/\",\"url\":\"https:\/\/compuviper.mx\/tienda\/wp-content\/uploads\/2021\/08\/Logo-Compuviper-10.png\",\"contentUrl\":\"https:\/\/compuviper.mx\/tienda\/wp-content\/uploads\/2021\/08\/Logo-Compuviper-10.png\",\"width\":1000,\"height\":500,\"caption\":\"Compuviper\"},\"image\":{\"@id\":\"https:\/\/compuviper.mx\/tienda\/#\/schema\/logo\/image\/\"},\"sameAs\":[\"https:\/\/www.facebook.com\/compuviper\",\"https:\/\/www.youtube.com\/channel\/UCf73dERp9Y3cfOq7q8BhLjA?view_as=subscriber\"]}]}<\/script>\n<meta property=\"product:brand\" content=\"DAHUA\" \/>\n<meta property=\"product:price:amount\" content=\"933\" \/>\n<meta property=\"product:price:currency\" content=\"MXN\" \/>\n<meta property=\"og:availability\" content=\"out of stock\" \/>\n<meta property=\"product:availability\" content=\"out of stock\" \/>\n<meta property=\"product:retailer_item_id\" content=\"DH-HAC-HDBW1801EAN\" \/>\n<meta property=\"product:condition\" content=\"new\" \/>\n<!-- \/ Yoast SEO plugin. -->","yoast_head_json":{"title":"[ Dahua ] &#129351; Dh-hac-hdbw1801ean Camara Analoga\/ \/ Hac-hdbw1801ean\/ Domo Antivandalica 4k\/ 8 Megapixeles\/ Lente De 2.8mm\/ 106 Grados De Apertura\/ Metalica\/ Super Adapt\/ Wdr Real De 120 Db\/ Ir De 40 Metros\/ Ip67\/ Ik10","description":"Compra Dh-hac-hdbw1801ean Camara Analoga\/ \/ Hac-hdbw1801ean\/ Domo Antivandalica 4k\/ 8 Megapixeles\/ Lente De 2.8mm\/ 106 Grados De Apertura\/ Metalica\/ Super Adapt\/ Wdr Real De 120 Db\/ Ir De 40 Metros\/ Ip67\/ Ik10 + Env\u00edo a domicilio + Pago seguro + Garant\u00eda","robots":{"index":"index","follow":"follow","max-snippet":"max-snippet:-1","max-image-preview":"max-image-preview:large","max-video-preview":"max-video-preview:-1"},"canonical":"https:\/\/compuviper.mx\/tienda\/producto\/dahua-dh-hac-hdbw1801ean-camara-analoga-hac-hdbw1801ean-domo-antivandalica-4k-8-megapixeles-lente-de-2-8mm-106-grados-de-apertura-metalica-super-adapt-wdr-real-de-120-db-ir-de-40-metros-ip\/","og_locale":"es_MX","og_type":"article","og_title":"[ Dahua ] &#129351; Dh-hac-hdbw1801ean Camara Analoga\/ \/ Hac-hdbw1801ean\/ Domo Antivandalica 4k\/ 8 Megapixeles\/ Lente De 2.8mm\/ 106 Grados De Apertura\/ Metalica\/ Super Adapt\/ Wdr Real De 120 Db\/ Ir De 40 Metros\/ Ip67\/ Ik10","og_description":"Compra Dh-hac-hdbw1801ean Camara Analoga\/ \/ Hac-hdbw1801ean\/ Domo Antivandalica 4k\/ 8 Megapixeles\/ Lente De 2.8mm\/ 106 Grados De Apertura\/ Metalica\/ Super Adapt\/ Wdr Real De 120 Db\/ Ir De 40 Metros\/ Ip67\/ Ik10 + Env\u00edo a domicilio + Pago seguro + Garant\u00eda","og_url":"https:\/\/compuviper.mx\/tienda\/producto\/dahua-dh-hac-hdbw1801ean-camara-analoga-hac-hdbw1801ean-domo-antivandalica-4k-8-megapixeles-lente-de-2-8mm-106-grados-de-apertura-metalica-super-adapt-wdr-real-de-120-db-ir-de-40-metros-ip\/","og_site_name":"Compuviper","article_publisher":"https:\/\/www.facebook.com\/compuviper","twitter_card":"summary_large_image","twitter_misc":{"Precio":"&#36;933 con IVA","Availability":"Out of stock"},"schema":{"@context":"https:\/\/schema.org","@graph":[{"@type":"WebPage","@id":"https:\/\/compuviper.mx\/tienda\/producto\/dahua-dh-hac-hdbw1801ean-camara-analoga-hac-hdbw1801ean-domo-antivandalica-4k-8-megapixeles-lente-de-2-8mm-106-grados-de-apertura-metalica-super-adapt-wdr-real-de-120-db-ir-de-40-metros-ip\/","url":"https:\/\/compuviper.mx\/tienda\/producto\/dahua-dh-hac-hdbw1801ean-camara-analoga-hac-hdbw1801ean-domo-antivandalica-4k-8-megapixeles-lente-de-2-8mm-106-grados-de-apertura-metalica-super-adapt-wdr-real-de-120-db-ir-de-40-metros-ip\/","name":"[ Dahua ] &#129351; Dh-hac-hdbw1801ean Camara Analoga\/ \/ Hac-hdbw1801ean\/ Domo Antivandalica 4k\/ 8 Megapixeles\/ Lente De 2.8mm\/ 106 Grados De Apertura\/ Metalica\/ Super Adapt\/ Wdr Real De 120 Db\/ Ir De 40 Metros\/ Ip67\/ Ik10","isPartOf":{"@id":"https:\/\/compuviper.mx\/tienda\/#website"},"datePublished":"2026-04-23T06:19:02+00:00","dateModified":"2026-04-23T06:19:02+00:00","description":"Compra Dh-hac-hdbw1801ean Camara Analoga\/ \/ Hac-hdbw1801ean\/ Domo Antivandalica 4k\/ 8 Megapixeles\/ Lente De 2.8mm\/ 106 Grados De Apertura\/ Metalica\/ Super Adapt\/ Wdr Real De 120 Db\/ Ir De 40 Metros\/ Ip67\/ Ik10 + Env\u00edo a domicilio + Pago seguro + Garant\u00eda","breadcrumb":{"@id":"https:\/\/compuviper.mx\/tienda\/producto\/dahua-dh-hac-hdbw1801ean-camara-analoga-hac-hdbw1801ean-domo-antivandalica-4k-8-megapixeles-lente-de-2-8mm-106-grados-de-apertura-metalica-super-adapt-wdr-real-de-120-db-ir-de-40-metros-ip\/#breadcrumb"},"inLanguage":"es-MX","potentialAction":[{"@type":"ReadAction","target":["https:\/\/compuviper.mx\/tienda\/producto\/dahua-dh-hac-hdbw1801ean-camara-analoga-hac-hdbw1801ean-domo-antivandalica-4k-8-megapixeles-lente-de-2-8mm-106-grados-de-apertura-metalica-super-adapt-wdr-real-de-120-db-ir-de-40-metros-ip\/"]}]},{"@type":"BreadcrumbList","@id":"https:\/\/compuviper.mx\/tienda\/producto\/dahua-dh-hac-hdbw1801ean-camara-analoga-hac-hdbw1801ean-domo-antivandalica-4k-8-megapixeles-lente-de-2-8mm-106-grados-de-apertura-metalica-super-adapt-wdr-real-de-120-db-ir-de-40-metros-ip\/#breadcrumb","itemListElement":[{"@type":"ListItem","position":1,"name":"Inicio","item":"https:\/\/compuviper.mx\/tienda\/"},{"@type":"ListItem","position":2,"name":"Productos","item":"https:\/\/compuviper.mx\/tienda\/productos\/"},{"@type":"ListItem","position":3,"name":"Camaras","item":"https:\/\/compuviper.mx\/tienda\/categoria-producto\/camaras-2\/"},{"@type":"ListItem","position":4,"name":"Camara De Videovigilancia","item":"https:\/\/compuviper.mx\/tienda\/categoria-producto\/camaras-2\/camara-de-videovigilancia\/"},{"@type":"ListItem","position":5,"name":"Dahua Dh-hac-hdbw1801ean Camara Analoga\/ \/ Hac-hdbw1801ean\/ Domo Antivandalica 4k\/ 8 Megapixeles\/ Lente De 2.8mm\/ 106 Grados De Apertura\/ Metalica\/ Super Adapt\/ Wdr Real De 120 Db\/ Ir De 40 Metros\/ Ip67\/ Ik10"}]},{"@type":"WebSite","@id":"https:\/\/compuviper.mx\/tienda\/#website","url":"https:\/\/compuviper.mx\/tienda\/","name":"Compuviper","description":"Proveedor de Computadoras, Laptops, Servidores, Monitores, Puntos de Venta, Teclados,   Impresoras, T\u00f3ner, C\u00e1maras de Seguridad y m\u00e1s en tu tienda en l\u00ednea","publisher":{"@id":"https:\/\/compuviper.mx\/tienda\/#organization"},"potentialAction":[{"@type":"SearchAction","target":{"@type":"EntryPoint","urlTemplate":"https:\/\/compuviper.mx\/tienda\/?s={search_term_string}"},"query-input":"required name=search_term_string"}],"inLanguage":"es-MX"},{"@type":"Organization","@id":"https:\/\/compuviper.mx\/tienda\/#organization","name":"Compuviper","url":"https:\/\/compuviper.mx\/tienda\/","logo":{"@type":"ImageObject","inLanguage":"es-MX","@id":"https:\/\/compuviper.mx\/tienda\/#\/schema\/logo\/image\/","url":"https:\/\/compuviper.mx\/tienda\/wp-content\/uploads\/2021\/08\/Logo-Compuviper-10.png","contentUrl":"https:\/\/compuviper.mx\/tienda\/wp-content\/uploads\/2021\/08\/Logo-Compuviper-10.png","width":1000,"height":500,"caption":"Compuviper"},"image":{"@id":"https:\/\/compuviper.mx\/tienda\/#\/schema\/logo\/image\/"},"sameAs":["https:\/\/www.facebook.com\/compuviper","https:\/\/www.youtube.com\/channel\/UCf73dERp9Y3cfOq7q8BhLjA?view_as=subscriber"]}]},"product_brand":"DAHUA","product_price_amount":"933","product_price_currency":"MXN","og_availability":"out of stock","product_availability":"out of stock","product_retailer_item_id":"DH-HAC-HDBW1801EAN","product_condition":"new"},"_links":{"self":[{"href":"https:\/\/compuviper.mx\/tienda\/wp-json\/wp\/v2\/product\/265669"}],"collection":[{"href":"https:\/\/compuviper.mx\/tienda\/wp-json\/wp\/v2\/product"}],"about":[{"href":"https:\/\/compuviper.mx\/tienda\/wp-json\/wp\/v2\/types\/product"}],"replies":[{"embeddable":true,"href":"https:\/\/compuviper.mx\/tienda\/wp-json\/wp\/v2\/comments?post=265669"}],"wp:attachment":[{"href":"https:\/\/compuviper.mx\/tienda\/wp-json\/wp\/v2\/media?parent=265669"}],"wp:term":[{"taxonomy":"product_cat","embeddable":true,"href":"https:\/\/compuviper.mx\/tienda\/wp-json\/wp\/v2\/product_cat?post=265669"},{"taxonomy":"product_tag","embeddable":true,"href":"https:\/\/compuviper.mx\/tienda\/wp-json\/wp\/v2\/product_tag?post=265669"}],"curies":[{"name":"wp","href":"https:\/\/api.w.org\/{rel}","templated":true}]}}